[INFO] fetching crate wolfram-library-link 0.6.1...
[INFO] testing wolfram-library-link-0.6.1 against 1.100.0-beta.1+cargoflags=--release for beta-release-1.100-2
[INFO] extracting crate wolfram-library-link 0.6.1 into /workspace/builds/worker-0-tc2/source
[INFO] started tweaking crates.io crate wolfram-library-link 0.6.1
[INFO] removed 0 missing examples
[INFO] finished tweaking crates.io crate wolfram-library-link 0.6.1
[INFO] tweaked toml for crates.io crate wolfram-library-link 0.6.1 written to /workspace/builds/worker-0-tc2/source/Cargo.toml
[INFO] validating manifest of crates.io crate wolfram-library-link 0.6.1 on toolchain 1.100.0-beta.1
[INFO] running `Command { std: CARGO_HOME="/workspace/cargo-home" RUSTUP_HOME="/workspace/rustup-home" "/workspace/cargo-home/bin/cargo" "+1.100.0-beta.1" "metadata" "--manifest-path" "Cargo.toml" "--no-deps", kill_on_drop: false }`
[INFO] crate crates.io crate wolfram-library-link 0.6.1 already has a lockfile, it will not be regenerated
[INFO] running `Command { std: CARGO_HOME="/workspace/cargo-home" RUSTUP_HOME="/workspace/rustup-home" "/workspace/cargo-home/bin/cargo" "+1.100.0-beta.1" "fetch" "--manifest-path" "Cargo.toml", kill_on_drop: false }`
[INFO] running `Command { std: "docker" "create" "-v" "/var/lib/crater-agent-workspace/builds/worker-0-tc2/source:/opt/rustwide/workdir:ro,Z" "-v" "/var/lib/crater-agent-workspace/builds/worker-0-tc2/target:/opt/rustwide/target:rw,Z" "-v" "/var/lib/crater-agent-workspace/cargo-home:/opt/rustwide/cargo-home:ro,Z" "-v" "/var/lib/crater-agent-workspace/rustup-home:/opt/rustwide/rustup-home:ro,Z" "-m" "1610612736" "--network" "none" "ghcr.io/rust-lang/crates-build-env/linux@sha256:77db811e55d90add9212f6832c23229e3de5f1c1f9905e8cb07319ea15df73ac" "sleep" "infinity", kill_on_drop: false }`
[INFO] [stdout] 0f0183ee02e4c33b11d1810217f978544fb507372c75d7c2dd963404ecbe7194
[INFO] running `Command { std: "docker" "start" "0f0183ee02e4c33b11d1810217f978544fb507372c75d7c2dd963404ecbe7194", kill_on_drop: false }`
[INFO] running `Command { std: "docker" "inspect" "0f0183ee02e4c33b11d1810217f978544fb507372c75d7c2dd963404ecbe7194", kill_on_drop: false }`
[INFO] running `Command { std: "docker" "exec" "-e" "SOURCE_DIR=/opt/rustwide/workdir" "-e" "CARGO_HOME=/opt/rustwide/cargo-home" "-e" "RUSTUP_HOME=/opt/rustwide/rustup-home" "-e" "CARGO_TARGET_DIR=/opt/rustwide/target" "-w" "/opt/rustwide/workdir" "--user" "0:0" "0f0183ee02e4c33b11d1810217f978544fb507372c75d7c2dd963404ecbe7194" "/opt/rustwide/cargo-home/bin/cargo" "+1.100.0-beta.1" "metadata" "--no-deps" "--format-version=1", kill_on_drop: false }`
[INFO] running `Command { std: "docker" "inspect" "0f0183ee02e4c33b11d1810217f978544fb507372c75d7c2dd963404ecbe7194", kill_on_drop: false }`
[INFO] running `Command { std: "docker" "exec" "-e" "SOURCE_DIR=/opt/rustwide/workdir" "-e" "CARGO_HOME=/opt/rustwide/cargo-home" "-e" "RUSTUP_HOME=/opt/rustwide/rustup-home" "-e" "CARGO_TARGET_DIR=/opt/rustwide/target" "-e" "CARGO_INCREMENTAL=0" "-e" "RUST_BACKTRACE=full" "-e" "RUSTFLAGS=--cap-lints=warn" "-e" "RUSTDOCFLAGS=--cap-lints=warn" "-w" "/opt/rustwide/workdir" "--user" "0:0" "0f0183ee02e4c33b11d1810217f978544fb507372c75d7c2dd963404ecbe7194" "/opt/rustwide/cargo-home/bin/cargo" "+1.100.0-beta.1" "build" "--frozen" "--message-format=json" "--release", kill_on_drop: false }`
[INFO] [stderr]    Compiling syn v2.0.118
[INFO] [stderr]    Compiling memchr v2.8.2
[INFO] [stderr]    Compiling regex-syntax v0.8.11
[INFO] [stderr]    Compiling toml_parser v1.1.2+spec-1.1.0
[INFO] [stderr]    Compiling syn v1.0.109
[INFO] [stderr]    Compiling log v0.4.33
[INFO] [stderr]    Compiling wolfram-app-discovery v0.6.0
[INFO] [stderr]    Compiling is-terminal v0.4.17
[INFO] [stderr]    Compiling humantime v2.3.0
[INFO] [stderr]    Compiling cc v1.2.65
[INFO] [stderr]    Compiling flate2 v1.1.9
[INFO] [stderr]    Compiling aho-corasick v1.1.4
[INFO] [stderr]    Compiling toml_edit v0.25.12+spec-1.1.0
[INFO] [stderr]    Compiling ordered-float v3.9.2
[INFO] [stderr]    Compiling process_path v0.1.4
[INFO] [stderr]    Compiling rustc-demangle v0.1.27
[INFO] [stderr]    Compiling regex-automata v0.4.14
[INFO] [stderr]    Compiling proc-macro-crate v3.5.0
[INFO] [stderr]    Compiling link-cplusplus v1.0.12
[INFO] [stderr]    Compiling object v0.37.3
[INFO] [stderr]    Compiling num_enum_derive v0.7.6
[INFO] [stderr]    Compiling ref-cast-impl v1.0.25
[INFO] [stderr]    Compiling ghost v0.1.21
[INFO] [stderr]    Compiling ref-cast v1.0.25
[INFO] [stderr]    Compiling num_enum v0.7.6
[INFO] [stderr]    Compiling wolfram-serialize-macros v0.6.0
[INFO] [stderr]    Compiling ctor v0.1.26
[INFO] [stderr]    Compiling wolfram-export-macros v0.6.1
[INFO] [stderr]    Compiling regex v1.12.4
[INFO] [stderr]    Compiling inventory v0.2.3
[INFO] [stderr]    Compiling env_logger v0.10.2
[INFO] [stderr]    Compiling wolfram-serialize v0.6.0
[INFO] [stderr]    Compiling wstp-sys v0.6.0
[INFO] [stderr]    Compiling wolfram-library-link-sys v0.6.0
[INFO] [stderr] error: failed to run custom build command for `wstp-sys v0.6.0`
[INFO] [stderr] note: To improve backtraces for build dependencies, set the CARGO_PROFILE_RELEASE_BUILD_OVERRIDE_DEBUG=true environment variable to enable debug information generation.
[INFO] [stderr] 
[INFO] [stderr] Caused by:
[INFO] [stderr]   process didn't exit successfully: `/opt/rustwide/target/release/build/wstp-sys/84840846389909cc/out/build_script_build` (exit status: 101)
[INFO] [stderr]   --- stdout
[INFO] [stderr]   cargo:rerun-if-env-changed=RUST_WOLFRAM_LOCATION
[INFO] [stderr]   cargo:rerun-if-env-changed=WOLFRAM_APP_DIRECTORY
[INFO] [stderr]   cargo:rerun-if-env-changed=WSTP_COMPILER_ADDITIONS_DIRECTORY
[INFO] [stderr]   cargo:rerun-if-env-changed=WSTP_COMPILER_ADDITIONS
[INFO] [stderr] 
[INFO] [stderr]   --- stderr
[INFO] [stderr]   warning: error looking for Wolfram apps in '/usr/local/Wolfram': No such file or directory (os error 2)
[INFO] [stderr]   warning: error looking for Wolfram apps in '/opt/Wolfram': No such file or directory (os error 2)
[INFO] [stderr] 
[INFO] [stderr]   thread 'main' (574) panicked at /opt/rustwide/cargo-home/registry/src/index.crates.io-1949cf8c6b5b557f/wstp-sys-0.6.0/build.rs:263:10:
[INFO] [stderr]   unable to get WSTP static library path: Error(Undiscoverable { resource: "WSTP CompilerAdditions directory", environment_variable: Some("WSTP_COMPILER_ADDITIONS_DIRECTORY") })
[INFO] [stderr]   stack backtrace:
[INFO] [stderr]      0:     0x55b57bae0701 - <<std[617be2ca0a6fd877]::sys::backtrace::BacktraceLock>::print::DisplayBacktrace as core[a373ad73a504971]::fmt::Display>::fmt
[INFO] [stderr]      1:     0x55b57baf48fa - core[a373ad73a504971]::fmt::write
[INFO] [stderr]      2:     0x55b57bae53cc - <std[617be2ca0a6fd877]::sys::stdio::unix::Stderr as core[a373ad73a504971]::io::write::Write>::write_fmt
[INFO] [stderr]      3:     0x55b57bac2396 - std[617be2ca0a6fd877]::panicking::default_hook::{closure#0}
[INFO] [stderr]      4:     0x55b57badb801 - std[617be2ca0a6fd877]::panicking::default_hook
[INFO] [stderr]      5:     0x55b57badb9bb - std[617be2ca0a6fd877]::panicking::panic_with_hook
[INFO] [stderr]      6:     0x55b57bac2442 - std[617be2ca0a6fd877]::panicking::panic_handler::{closure#0}
[INFO] [stderr]      7:     0x55b57babafa9 - std[617be2ca0a6fd877]::sys::backtrace::__rust_end_short_backtrace::<std[617be2ca0a6fd877]::panicking::panic_handler::{closure#0}, !>
[INFO] [stderr]      8:     0x55b57bac2c2d - __rustc[ea4f61d10b84890b]::rust_begin_unwind
[INFO] [stderr]      9:     0x55b57baf511c - core[a373ad73a504971]::panicking::panic_fmt
[INFO] [stderr]     10:     0x55b57baf4ef2 - core[a373ad73a504971]::result::unwrap_failed
[INFO] [stderr]     11:     0x55b57b8afb3f - <core[a373ad73a504971]::result::Result<wolfram_app_discovery[dcf7528be3629f45]::build_scripts::Discovery, wolfram_app_discovery[dcf7528be3629f45]::Error>>::expect
[INFO] [stderr]     12:     0x55b57b8aed77 - build_script_build[47f15d34cbbfd346]::target_wstp_static_library_path
[INFO] [stderr]     13:     0x55b57b8ad2b2 - build_script_build[47f15d34cbbfd346]::link_to_wstp
[INFO] [stderr]     14:     0x55b57b8af234 - build_script_build[47f15d34cbbfd346]::main
[INFO] [stderr]     15:     0x55b57b8b0be3 - <fn() as core[a373ad73a504971]::ops::function::FnOnce<()>>::call_once
[INFO] [stderr]     16:     0x55b57b8ac8ee - std[617be2ca0a6fd877]::sys::backtrace::__rust_begin_short_backtrace::<fn(), ()>
[INFO] [stderr]     17:     0x55b57b8acd99 - std[617be2ca0a6fd877]::rt::lang_start::<()>::{closure#0}
[INFO] [stderr]     18:     0x55b57badab78 - std[617be2ca0a6fd877]::rt::lang_start_internal
[INFO] [stderr]     19:     0x55b57b8ac791 - std[617be2ca0a6fd877]::rt::lang_start::<()>
[INFO] [stderr]     20:     0x55b57b8b0c35 - main
[INFO] [stderr]     21:     0x77907c5ca601 - <unknown>
[INFO] [stderr]     22:     0x77907c5ca718 - __libc_start_main
[INFO] [stderr]     23:     0x55b57b8ac3b5 - _start
[INFO] [stderr]     24:                0x0 - <unknown>
[INFO] [stderr] warning: build failed, waiting for other jobs to finish...
[INFO] running `Command { std: "docker" "inspect" "0f0183ee02e4c33b11d1810217f978544fb507372c75d7c2dd963404ecbe7194", kill_on_drop: false }`
[INFO] running `Command { std: "docker" "rm" "-f" "0f0183ee02e4c33b11d1810217f978544fb507372c75d7c2dd963404ecbe7194", kill_on_drop: false }`
[INFO] [stdout] 0f0183ee02e4c33b11d1810217f978544fb507372c75d7c2dd963404ecbe7194
