[INFO] fetching crate wol-libvirt-gateway 0.1.0...
[INFO] testing wol-libvirt-gateway-0.1.0 against 1.100.0-beta.1+cargoflags=--release for beta-release-1.100-2
[INFO] extracting crate wol-libvirt-gateway 0.1.0 into /workspace/builds/worker-6-tc2/source
[INFO] started tweaking crates.io crate wol-libvirt-gateway 0.1.0
[INFO] finished tweaking crates.io crate wol-libvirt-gateway 0.1.0
[INFO] tweaked toml for crates.io crate wol-libvirt-gateway 0.1.0 written to /workspace/builds/worker-6-tc2/source/Cargo.toml
[INFO] validating manifest of crates.io crate wol-libvirt-gateway 0.1.0 on toolchain 1.100.0-beta.1
[INFO] running `Command { std: CARGO_HOME="/workspace/cargo-home" RUSTUP_HOME="/workspace/rustup-home" "/workspace/cargo-home/bin/cargo" "+1.100.0-beta.1" "metadata" "--manifest-path" "Cargo.toml" "--no-deps", kill_on_drop: false }`
[INFO] crate crates.io crate wol-libvirt-gateway 0.1.0 already has a lockfile, it will not be regenerated
[INFO] running `Command { std: CARGO_HOME="/workspace/cargo-home" RUSTUP_HOME="/workspace/rustup-home" "/workspace/cargo-home/bin/cargo" "+1.100.0-beta.1" "fetch" "--manifest-path" "Cargo.toml", kill_on_drop: false }`
[INFO] [stderr] warning: `package.homepage` is redundant with `package.repository`
[INFO] [stderr]   --> Cargo.toml:63:12
[INFO] [stderr]    |
[INFO] [stderr] 63 | homepage = "https://github.com/brunoproduit/wol-libvirt-gateway"
[INFO] [stderr]    |            ^^^^^^^^^^^^^^^^^^^^^^^^^^^^^^^^^^^^^^^^^^^^^^^^^^^^^
[INFO] [stderr] ...
[INFO] [stderr] 68 | repository = "https://github.com/brunoproduit/wol-libvirt-gateway"
[INFO] [stderr]    |              -----------------------------------------------------
[INFO] [stderr]    |
[INFO] [stderr]    = note: `cargo::redundant_homepage` is set to `warn` by default
[INFO] [stderr] help: consider removing `package.homepage`
[INFO] [stderr] warning: `wol-libvirt-gateway` (manifest) generated 1 warning
[INFO] running `Command { std: "docker" "create" "-v" "/var/lib/crater-agent-workspace/builds/worker-6-tc2/source:/opt/rustwide/workdir:ro,Z" "-v" "/var/lib/crater-agent-workspace/builds/worker-6-tc2/target:/opt/rustwide/target:rw,Z" "-v" "/var/lib/crater-agent-workspace/cargo-home:/opt/rustwide/cargo-home:ro,Z" "-v" "/var/lib/crater-agent-workspace/rustup-home:/opt/rustwide/rustup-home:ro,Z" "-m" "1610612736" "--network" "none" "ghcr.io/rust-lang/crates-build-env/linux@sha256:77db811e55d90add9212f6832c23229e3de5f1c1f9905e8cb07319ea15df73ac" "sleep" "infinity", kill_on_drop: false }`
[INFO] [stdout] 356cbe5f2d0b8e5a7931323a674acca80fad09ad3260e0211b773656f35faf76
[INFO] running `Command { std: "docker" "start" "356cbe5f2d0b8e5a7931323a674acca80fad09ad3260e0211b773656f35faf76", kill_on_drop: false }`
[INFO] running `Command { std: "docker" "inspect" "356cbe5f2d0b8e5a7931323a674acca80fad09ad3260e0211b773656f35faf76", kill_on_drop: false }`
[INFO] running `Command { std: "docker" "exec" "-e" "SOURCE_DIR=/opt/rustwide/workdir" "-e" "CARGO_HOME=/opt/rustwide/cargo-home" "-e" "RUSTUP_HOME=/opt/rustwide/rustup-home" "-e" "CARGO_TARGET_DIR=/opt/rustwide/target" "-w" "/opt/rustwide/workdir" "--user" "0:0" "356cbe5f2d0b8e5a7931323a674acca80fad09ad3260e0211b773656f35faf76" "/opt/rustwide/cargo-home/bin/cargo" "+1.100.0-beta.1" "metadata" "--no-deps" "--format-version=1", kill_on_drop: false }`
[INFO] running `Command { std: "docker" "inspect" "356cbe5f2d0b8e5a7931323a674acca80fad09ad3260e0211b773656f35faf76", kill_on_drop: false }`
[INFO] running `Command { std: "docker" "exec" "-e" "SOURCE_DIR=/opt/rustwide/workdir" "-e" "CARGO_HOME=/opt/rustwide/cargo-home" "-e" "RUSTUP_HOME=/opt/rustwide/rustup-home" "-e" "CARGO_TARGET_DIR=/opt/rustwide/target" "-e" "CARGO_INCREMENTAL=0" "-e" "RUST_BACKTRACE=full" "-e" "RUSTFLAGS=--cap-lints=warn" "-e" "RUSTDOCFLAGS=--cap-lints=warn" "-w" "/opt/rustwide/workdir" "--user" "0:0" "356cbe5f2d0b8e5a7931323a674acca80fad09ad3260e0211b773656f35faf76" "/opt/rustwide/cargo-home/bin/cargo" "+1.100.0-beta.1" "build" "--frozen" "--message-format=json" "--release", kill_on_drop: false }`
[INFO] [stderr] warning: `package.homepage` is redundant with `package.repository`
[INFO] [stderr]   --> Cargo.toml:63:12
[INFO] [stderr]    |
[INFO] [stderr] 63 | homepage = "https://github.com/brunoproduit/wol-libvirt-gateway"
[INFO] [stderr]    |            ^^^^^^^^^^^^^^^^^^^^^^^^^^^^^^^^^^^^^^^^^^^^^^^^^^^^^
[INFO] [stderr] ...
[INFO] [stderr] 68 | repository = "https://github.com/brunoproduit/wol-libvirt-gateway"
[INFO] [stderr]    |              -----------------------------------------------------
[INFO] [stderr]    |
[INFO] [stderr]    = note: `cargo::redundant_homepage` is set to `warn` by default
[INFO] [stderr] help: consider removing `package.homepage`
[INFO] [stderr] warning: `wol-libvirt-gateway` (manifest) generated 1 warning
[INFO] [stderr]    Compiling proc-macro2 v1.0.95
[INFO] [stderr]    Compiling unicode-ident v1.0.18
[INFO] [stderr]    Compiling libc v0.2.172
[INFO] [stderr]    Compiling pkg-config v0.3.32
[INFO] [stderr]    Compiling anstyle v1.0.10
[INFO] [stderr]    Compiling serde v1.0.219
[INFO] [stderr]    Compiling utf8parse v0.2.2
[INFO] [stderr]    Compiling log v0.4.27
[INFO] [stderr]    Compiling anstyle-query v1.1.2
[INFO] [stderr]    Compiling colorchoice v1.0.3
[INFO] [stderr]    Compiling clap_lex v0.7.4
[INFO] [stderr]    Compiling heck v0.5.0
[INFO] [stderr]    Compiling is_terminal_polyfill v1.70.1
[INFO] [stderr]    Compiling xml-rs v0.8.26
[INFO] [stderr]    Compiling pin-project-lite v0.2.16
[INFO] [stderr]    Compiling uuid v1.16.0
[INFO] [stderr]    Compiling anstyle-parse v0.2.6
[INFO] [stderr]    Compiling jiff v0.2.13
[INFO] [stderr]    Compiling env_filter v0.1.3
[INFO] [stderr]    Compiling clap_builder v4.5.38
[INFO] [stderr]    Compiling anstream v0.6.18
[INFO] [stderr]    Compiling virt-sys v0.3.0
[INFO] [stderr]    Compiling quote v1.0.40
[INFO] [stderr]    Compiling syn v2.0.101
[INFO] [stderr]    Compiling mio v1.0.4
[INFO] [stderr]    Compiling socket2 v0.5.9
[INFO] [stderr]    Compiling virt v0.4.2
[INFO] [stderr]    Compiling serde_derive v1.0.219
[INFO] [stderr]    Compiling thiserror-impl v1.0.69
[INFO] [stderr]    Compiling tokio-macros v2.5.0
[INFO] [stderr]    Compiling clap_derive v4.5.32
[INFO] [stderr]    Compiling tokio v1.45.0
[INFO] [stderr]    Compiling thiserror v1.0.69
[INFO] [stderr]    Compiling env_logger v0.11.8
[INFO] [stderr]    Compiling clap v4.5.38
[INFO] [stderr]    Compiling serde-xml-rs v0.8.1
[INFO] [stderr]    Compiling wol-libvirt-gateway v0.1.0 (/opt/rustwide/workdir)
[INFO] [stdout] error: linking with `cc` failed: exit status: 1
[INFO] [stdout]   |
[INFO] [stdout]   = note:  "cc" "-m64" "/opt/rustwide/target/release/build/wol-libvirt-gateway/4a1bc1bc8fa3e83e/out/rustcVxnD9r/symbols.o" "<17 object files omitted>" "-Wl,--as-needed" "-Wl,-Bstatic" "/opt/rustwide/target/release/build/env_logger/2e349eaa0a9c493f/out/libenv_logger-2e349eaa0a9c493f.rlib" "/opt/rustwide/target/release/build/anstream/a36f6eed3e15a6a4/out/libanstream-a36f6eed3e15a6a4.rlib" "/opt/rustwide/target/release/build/anstyle-query/e5119e0ffcc33888/out/libanstyle_query-e5119e0ffcc33888.rlib" "/opt/rustwide/target/release/build/is_terminal_polyfill/b73ba43195072384/out/libis_terminal_polyfill-b73ba43195072384.rlib" "/opt/rustwide/target/release/build/colorchoice/af8f89a4102b8c70/out/libcolorchoice-af8f89a4102b8c70.rlib" "/opt/rustwide/target/release/build/anstyle-parse/fe75c18ca222b86c/out/libanstyle_parse-fe75c18ca222b86c.rlib" "/opt/rustwide/target/release/build/utf8parse/fd39fdebeec71100/out/libutf8parse-fd39fdebeec71100.rlib" "/opt/rustwide/target/release/build/jiff/652c905a5621975b/out/libjiff-652c905a5621975b.rlib" "/opt/rustwide/target/release/build/env_filter/b41cbe6a68ce1aa1/out/libenv_filter-b41cbe6a68ce1aa1.rlib" "/opt/rustwide/target/release/build/serde-xml-rs/c8a11e7f5593a18a/out/libserde_xml_rs-c8a11e7f5593a18a.rlib" "/opt/rustwide/target/release/build/thiserror/aceef5cd91ee2bc7/out/libthiserror-aceef5cd91ee2bc7.rlib" "/opt/rustwide/target/release/build/xml-rs/3c1cd1086cdd6d43/out/libxml-3c1cd1086cdd6d43.rlib" "/opt/rustwide/target/release/build/tokio/44562c4ec9b0985f/out/libtokio-44562c4ec9b0985f.rlib" "/opt/rustwide/target/release/build/socket2/e246d7b411823ad1/out/libsocket2-e246d7b411823ad1.rlib" "/opt/rustwide/target/release/build/mio/b9bb6c4ec98ec239/out/libmio-b9bb6c4ec98ec239.rlib" "/opt/rustwide/target/release/build/pin-project-lite/a042d89c9815bfb5/out/libpin_project_lite-a042d89c9815bfb5.rlib" "/opt/rustwide/target/release/build/virt/f531a1b347f0db32/out/libvirt-f531a1b347f0db32.rlib" "/opt/rustwide/target/release/build/virt-sys/746951027cbbaf6a/out/libvirt_sys-746951027cbbaf6a.rlib" "/opt/rustwide/target/release/build/libc/497dc2e61057816d/out/liblibc-497dc2e61057816d.rlib" "/opt/rustwide/target/release/build/uuid/7aad1768cee66a8f/out/libuuid-7aad1768cee66a8f.rlib" "/opt/rustwide/target/release/build/serde/10fbc4ca25146a00/out/libserde-10fbc4ca25146a00.rlib" "/opt/rustwide/target/release/build/log/1c4a7889fe856591/out/liblog-1c4a7889fe856591.rlib" "/opt/rustwide/target/release/build/clap/b0674abb9e1e3e2b/out/libclap-b0674abb9e1e3e2b.rlib" "/opt/rustwide/target/release/build/clap_builder/c5a61be94752f207/out/libclap_builder-c5a61be94752f207.rlib" "/opt/rustwide/target/release/build/clap_lex/0c7bf81b6a2ddeb7/out/libclap_lex-0c7bf81b6a2ddeb7.rlib" "/opt/rustwide/target/release/build/anstyle/66032ee646ec795a/out/libanstyle-66032ee646ec795a.rlib" "<sysroot>/lib/rustlib/x86_64-unknown-linux-gnu/lib/{libstd-*,libpanic_unwind-*,libobject-*,libmemchr-*,libaddr2line-*,libgimli-*,libcfg_if-*,librustc_demangle-*,libstd_detect-*,libhashbrown-*,librustc_std_workspace_alloc-*,libminiz_oxide-*,libadler2-*,libunwind-*,liblibc-*,librustc_std_workspace_core-*,liballoc-*,libcore-*,libcompiler_builtins-*}.rlib" "-Wl,-Bdynamic" "-lgcc_s" "-lutil" "-lrt" "-lpthread" "-lm" "-ldl" "-lc" "-L" "/opt/rustwide/target/release/build/wol-libvirt-gateway/4a1bc1bc8fa3e83e/out/rustcVxnD9r/raw-dylibs" "-B<sysroot>/lib/rustlib/x86_64-unknown-linux-gnu/bin/gcc-ld" "-fuse-ld=lld" "-Wl,--eh-frame-hdr" "-Wl,-z,noexecstack" "-L" "<sysroot>/lib/rustlib/x86_64-unknown-linux-gnu/lib" "-o" "/opt/rustwide/target/release/build/wol-libvirt-gateway/4a1bc1bc8fa3e83e/out/wol_libvirt_gateway" "-Wl,--gc-sections" "-pie" "-Wl,-z,relro,-z,now" "-Wl,-O1" "-Wl,--strip-debug" "-nodefaultlibs"
[INFO] [stdout]   = note: some arguments are omitted. use `--verbose` to show all linker arguments
[INFO] [stdout]   = note: rust-lld: error: undefined symbol: virDomainGetXMLDesc
[INFO] [stdout]           >>> referenced by virt.789b0b500f32e2a4-cgu.0
[INFO] [stdout]           >>>               virt-f531a1b347f0db32.virt.789b0b500f32e2a4-cgu.0.rcgu.o:(<virt::domain::Domain>::get_xml_desc) in archive /opt/rustwide/target/release/build/virt/f531a1b347f0db32/out/libvirt-f531a1b347f0db32.rlib
[INFO] [stdout]           
[INFO] [stdout]           rust-lld: error: undefined symbol: virDomainLookupByUUID
[INFO] [stdout]           >>> referenced by virt.789b0b500f32e2a4-cgu.0
[INFO] [stdout]           >>>               virt-f531a1b347f0db32.virt.789b0b500f32e2a4-cgu.0.rcgu.o:(<virt::domain::Domain>::lookup_by_uuid) in archive /opt/rustwide/target/release/build/virt/f531a1b347f0db32/out/libvirt-f531a1b347f0db32.rlib
[INFO] [stdout]           
[INFO] [stdout]           rust-lld: error: undefined symbol: virGetLastError
[INFO] [stdout]           >>> referenced by virt.789b0b500f32e2a4-cgu.1
[INFO] [stdout]           >>>               virt-f531a1b347f0db32.virt.789b0b500f32e2a4-cgu.1.rcgu.o:(<virt::error::Error>::last_error) in archive /opt/rustwide/target/release/build/virt/f531a1b347f0db32/out/libvirt-f531a1b347f0db32.rlib
[INFO] [stdout]           
[INFO] [stdout]           rust-lld: error: undefined symbol: virDomainCreate
[INFO] [stdout]           >>> referenced by virt.789b0b500f32e2a4-cgu.0
[INFO] [stdout]           >>>               virt-f531a1b347f0db32.virt.789b0b500f32e2a4-cgu.0.rcgu.o:(<virt::domain::Domain>::create) in archive /opt/rustwide/target/release/build/virt/f531a1b347f0db32/out/libvirt-f531a1b347f0db32.rlib
[INFO] [stdout]           
[INFO] [stdout]           rust-lld: error: undefined symbol: virDomainResume
[INFO] [stdout]           >>> referenced by virt.789b0b500f32e2a4-cgu.0
[INFO] [stdout]           >>>               virt-f531a1b347f0db32.virt.789b0b500f32e2a4-cgu.0.rcgu.o:(<virt::domain::Domain>::resume) in archive /opt/rustwide/target/release/build/virt/f531a1b347f0db32/out/libvirt-f531a1b347f0db32.rlib
[INFO] [stdout]           
[INFO] [stdout]           rust-lld: error: undefined symbol: virDomainGetName
[INFO] [stdout]           >>> referenced by virt.789b0b500f32e2a4-cgu.0
[INFO] [stdout]           >>>               virt-f531a1b347f0db32.virt.789b0b500f32e2a4-cgu.0.rcgu.o:(<virt::domain::Domain>::get_name) in archive /opt/rustwide/target/release/build/virt/f531a1b347f0db32/out/libvirt-f531a1b347f0db32.rlib
[INFO] [stdout]           
[INFO] [stdout]           rust-lld: error: undefined symbol: virDomainGetUUID
[INFO] [stdout]           >>> referenced by virt.789b0b500f32e2a4-cgu.0
[INFO] [stdout]           >>>               virt-f531a1b347f0db32.virt.789b0b500f32e2a4-cgu.0.rcgu.o:(<virt::domain::Domain>::get_uuid) in archive /opt/rustwide/target/release/build/virt/f531a1b347f0db32/out/libvirt-f531a1b347f0db32.rlib
[INFO] [stdout]           
[INFO] [stdout]           rust-lld: error: undefined symbol: virDomainGetState
[INFO] [stdout]           >>> referenced by virt.789b0b500f32e2a4-cgu.0
[INFO] [stdout]           >>>               virt-f531a1b347f0db32.virt.789b0b500f32e2a4-cgu.0.rcgu.o:(<virt::domain::Domain>::get_state) in archive /opt/rustwide/target/release/build/virt/f531a1b347f0db32/out/libvirt-f531a1b347f0db32.rlib
[INFO] [stdout]           
[INFO] [stdout]           rust-lld: error: undefined symbol: virDomainFree
[INFO] [stdout]           >>> referenced by virt.789b0b500f32e2a4-cgu.0
[INFO] [stdout]           >>>               virt-f531a1b347f0db32.virt.789b0b500f32e2a4-cgu.0.rcgu.o:(<virt::domain::Domain as core::ops::drop::Drop>::drop) in archive /opt/rustwide/target/release/build/virt/f531a1b347f0db32/out/libvirt-f531a1b347f0db32.rlib
[INFO] [stdout]           >>> referenced by virt.789b0b500f32e2a4-cgu.3
[INFO] [stdout]           >>>               virt-f531a1b347f0db32.virt.789b0b500f32e2a4-cgu.3.rcgu.o:(<alloc::vec::Vec<virt::domain::Domain> as core::ops::drop::Drop>::drop) in archive /opt/rustwide/target/release/build/virt/f531a1b347f0db32/out/libvirt-f531a1b347f0db32.rlib
[INFO] [stdout]           
[INFO] [stdout]           rust-lld: error: undefined symbol: virConnectGetHostname
[INFO] [stdout]           >>> referenced by virt.789b0b500f32e2a4-cgu.2
[INFO] [stdout]           >>>               virt-f531a1b347f0db32.virt.789b0b500f32e2a4-cgu.2.rcgu.o:(<virt::connect::Connect>::get_hostname) in archive /opt/rustwide/target/release/build/virt/f531a1b347f0db32/out/libvirt-f531a1b347f0db32.rlib
[INFO] [stdout]           
[INFO] [stdout]           rust-lld: error: undefined symbol: virConnectListAllDomains
[INFO] [stdout]           >>> referenced by virt.789b0b500f32e2a4-cgu.2
[INFO] [stdout]           >>>               virt-f531a1b347f0db32.virt.789b0b500f32e2a4-cgu.2.rcgu.o:(<virt::connect::Connect>::list_all_domains) in archive /opt/rustwide/target/release/build/virt/f531a1b347f0db32/out/libvirt-f531a1b347f0db32.rlib
[INFO] [stdout]           
[INFO] [stdout]           rust-lld: error: undefined symbol: virConnectOpen
[INFO] [stdout]           >>> referenced by virt.789b0b500f32e2a4-cgu.2
[INFO] [stdout]           >>>               virt-f531a1b347f0db32.virt.789b0b500f32e2a4-cgu.2.rcgu.o:(<virt::connect::Connect>::open) in archive /opt/rustwide/target/release/build/virt/f531a1b347f0db32/out/libvirt-f531a1b347f0db32.rlib
[INFO] [stdout]           >>> referenced by virt.789b0b500f32e2a4-cgu.2
[INFO] [stdout]           >>>               virt-f531a1b347f0db32.virt.789b0b500f32e2a4-cgu.2.rcgu.o:(<virt::connect::Connect>::open) in archive /opt/rustwide/target/release/build/virt/f531a1b347f0db32/out/libvirt-f531a1b347f0db32.rlib
[INFO] [stdout]           collect2: error: ld returned 1 exit status
[INFO] [stdout]           
[INFO] [stdout] 
[INFO] [stdout] 
[INFO] [stderr] error: could not compile `wol-libvirt-gateway` (bin "wol-libvirt-gateway") due to 1 previous error
[INFO] running `Command { std: "docker" "inspect" "356cbe5f2d0b8e5a7931323a674acca80fad09ad3260e0211b773656f35faf76", kill_on_drop: false }`
[INFO] running `Command { std: "docker" "rm" "-f" "356cbe5f2d0b8e5a7931323a674acca80fad09ad3260e0211b773656f35faf76", kill_on_drop: false }`
[INFO] [stdout] 356cbe5f2d0b8e5a7931323a674acca80fad09ad3260e0211b773656f35faf76
