[INFO] fetching crate wluma 4.4.0...
[INFO] testing wluma-4.4.0 against 1.99.0-beta.8+cargoflags=--release for beta-release-1.100-2
[INFO] extracting crate wluma 4.4.0 into /workspace/builds/worker-7-tc1/source
[INFO] started tweaking crates.io crate wluma 4.4.0
[INFO] finished tweaking crates.io crate wluma 4.4.0
[INFO] tweaked toml for crates.io crate wluma 4.4.0 written to /workspace/builds/worker-7-tc1/source/Cargo.toml
[INFO] validating manifest of crates.io crate wluma 4.4.0 on toolchain 1.99.0-beta.8
[INFO] running `Command { std: CARGO_HOME="/workspace/cargo-home" RUSTUP_HOME="/workspace/rustup-home" "/workspace/cargo-home/bin/cargo" "+1.99.0-beta.8" "metadata" "--manifest-path" "Cargo.toml" "--no-deps", kill_on_drop: false }`
[INFO] crate crates.io crate wluma 4.4.0 already has a lockfile, it will not be regenerated
[INFO] running `Command { std: CARGO_HOME="/workspace/cargo-home" RUSTUP_HOME="/workspace/rustup-home" "/workspace/cargo-home/bin/cargo" "+1.99.0-beta.8" "fetch" "--manifest-path" "Cargo.toml", kill_on_drop: false }`
[INFO] [stderr]     Updating crates.io index
[INFO] [stderr]  Downloading crates ...
[INFO] [stderr]   Downloaded xml-rs v0.8.19
[INFO] [stderr]   Downloaded wayland-protocols v0.29.5
[INFO] [stderr]   Downloaded xdg v2.5.2
[INFO] [stderr]   Downloaded wayland-client v0.29.5
[INFO] [stderr]   Downloaded edid v0.3.0
[INFO] [stderr]   Downloaded socket2 v0.5.6
[INFO] [stderr]   Downloaded ddc v0.2.2
[INFO] [stderr]   Downloaded thiserror-impl v1.0.58
[INFO] [stderr]   Downloaded predicates-tree v1.0.9
[INFO] [stderr]   Downloaded fragile v2.0.0
[INFO] [stderr]   Downloaded mccs v0.1.3
[INFO] [stderr]   Downloaded widestring v1.0.2
[INFO] [stderr]   Downloaded ddc-macos v0.2.1
[INFO] [stderr]   Downloaded resize-slice v0.1.3
[INFO] [stderr]   Downloaded clang-sys v1.7.0
[INFO] [stderr]   Downloaded ryu v1.0.17
[INFO] [stderr]   Downloaded serde_derive v1.0.197
[INFO] [stderr]   Downloaded core-graphics v0.23.1
[INFO] [stderr]   Downloaded serde v1.0.197
[INFO] [stderr]   Downloaded winapi-util v0.1.6
[INFO] [stderr]   Downloaded predicates v2.1.5
[INFO] [stderr]   Downloaded cc v1.0.90
[INFO] [stderr]   Downloaded ddc-winapi v0.2.1
[INFO] [stderr]   Downloaded mccs-db v0.1.3
[INFO] [stderr]   Downloaded thiserror v1.0.58
[INFO] [stderr]   Downloaded toml v0.7.8
[INFO] [stderr]   Downloaded mockall_derive v0.11.4
[INFO] [stderr]   Downloaded mccs-caps v0.1.3
[INFO] [stderr]   Downloaded uninitialized v0.0.2
[INFO] [stderr]   Downloaded anyhow v1.0.81
[INFO] [stderr]   Downloaded chrono v0.4.37
[INFO] [stderr]   Downloaded libc v0.2.154
[INFO] [stderr]   Downloaded regex v1.10.4
[INFO] [stderr]   Downloaded regex-automata v0.4.6
[INFO] [stderr]   Downloaded ddc-hi v0.4.1
[INFO] [stderr]   Downloaded udev v0.2.0
[INFO] [stderr]   Downloaded dbus v0.9.7
[INFO] [stderr]   Downloaded v4l v0.14.0
[INFO] [stderr]   Downloaded v4l-sys v0.3.0
[INFO] [stderr]   Downloaded termtree v0.4.1
[INFO] [stderr]   Downloaded downcast-rs v1.2.0
[INFO] [stderr]   Downloaded i2c-linux v0.1.2
[INFO] [stderr]   Downloaded toml_datetime v0.6.5
[INFO] [stderr]   Downloaded serde_yaml v0.7.5
[INFO] [stderr]   Downloaded syn v2.0.57
[INFO] [stderr]   Downloaded mockall v0.11.4
[INFO] [stderr]   Downloaded tokio v1.37.0
[INFO] [stderr]   Downloaded i2c v0.1.0
[INFO] [stderr]   Downloaded libdbus-sys v0.2.5
[INFO] [stderr]   Downloaded prettyplease v0.2.17
[INFO] [stderr]   Downloaded regex-syntax v0.8.3
[INFO] [stderr]   Downloaded nvapi v0.1.4
[INFO] [stderr]   Downloaded ddc-i2c v0.2.2
[INFO] [stderr]   Downloaded i2c-linux-sys v0.2.1
[INFO] [stderr]   Downloaded ash v0.37.3+1.3.251
[INFO] [stderr]   Downloaded bindgen v0.65.1
[INFO] [stderr]   Downloaded bumpalo v3.15.4
[INFO] [stderr]   Downloaded rustix v0.38.32
[INFO] [stderr]   Downloaded glob v0.3.1
[INFO] [stderr]   Downloaded predicates-core v1.0.6
[INFO] [stderr]   Downloaded serde_spanned v0.6.5
[INFO] [stderr]   Downloaded nvapi-sys v0.1.3
[INFO] running `Command { std: "docker" "create" "-v" "/var/lib/crater-agent-workspace/builds/worker-7-tc1/source:/opt/rustwide/workdir:ro,Z" "-v" "/var/lib/crater-agent-workspace/builds/worker-7-tc1/target:/opt/rustwide/target:rw,Z" "-v" "/var/lib/crater-agent-workspace/cargo-home:/opt/rustwide/cargo-home:ro,Z" "-v" "/var/lib/crater-agent-workspace/rustup-home:/opt/rustwide/rustup-home:ro,Z" "-m" "1610612736" "--network" "none" "ghcr.io/rust-lang/crates-build-env/linux@sha256:77db811e55d90add9212f6832c23229e3de5f1c1f9905e8cb07319ea15df73ac" "sleep" "infinity", kill_on_drop: false }`
[INFO] [stdout] 6731553b9b681c90527c6cf0d1a13489e6e7e9ec5abff614443a8c4280c6dea2
[INFO] running `Command { std: "docker" "start" "6731553b9b681c90527c6cf0d1a13489e6e7e9ec5abff614443a8c4280c6dea2", kill_on_drop: false }`
[INFO] running `Command { std: "docker" "inspect" "6731553b9b681c90527c6cf0d1a13489e6e7e9ec5abff614443a8c4280c6dea2", kill_on_drop: false }`
[INFO] running `Command { std: "docker" "exec" "-e" "SOURCE_DIR=/opt/rustwide/workdir" "-e" "CARGO_HOME=/opt/rustwide/cargo-home" "-e" "RUSTUP_HOME=/opt/rustwide/rustup-home" "-e" "CARGO_TARGET_DIR=/opt/rustwide/target" "-w" "/opt/rustwide/workdir" "--user" "0:0" "6731553b9b681c90527c6cf0d1a13489e6e7e9ec5abff614443a8c4280c6dea2" "/opt/rustwide/cargo-home/bin/cargo" "+1.99.0-beta.8" "metadata" "--no-deps" "--format-version=1", kill_on_drop: false }`
[INFO] running `Command { std: "docker" "inspect" "6731553b9b681c90527c6cf0d1a13489e6e7e9ec5abff614443a8c4280c6dea2", kill_on_drop: false }`
[INFO] running `Command { std: "docker" "exec" "-e" "SOURCE_DIR=/opt/rustwide/workdir" "-e" "CARGO_HOME=/opt/rustwide/cargo-home" "-e" "RUSTUP_HOME=/opt/rustwide/rustup-home" "-e" "CARGO_TARGET_DIR=/opt/rustwide/target" "-e" "CARGO_INCREMENTAL=0" "-e" "RUST_BACKTRACE=full" "-e" "RUSTFLAGS=--cap-lints=warn" "-e" "RUSTDOCFLAGS=--cap-lints=warn" "-w" "/opt/rustwide/workdir" "--user" "0:0" "6731553b9b681c90527c6cf0d1a13489e6e7e9ec5abff614443a8c4280c6dea2" "/opt/rustwide/cargo-home/bin/cargo" "+1.99.0-beta.8" "build" "--frozen" "--message-format=json" "--release", kill_on_drop: false }`
[INFO] [stderr]    Compiling proc-macro2 v1.0.79
[INFO] [stderr]    Compiling libc v0.2.154
[INFO] [stderr]    Compiling autocfg v1.2.0
[INFO] [stderr]    Compiling serde v1.0.197
[INFO] [stderr]    Compiling glob v0.3.1
[INFO] [stderr]    Compiling rustix v0.38.32
[INFO] [stderr]    Compiling prettyplease v0.2.17
[INFO] [stderr]    Compiling linux-raw-sys v0.4.13
[INFO] [stderr]    Compiling cfg-if v1.0.0
[INFO] [stderr]    Compiling bitflags v2.5.0
[INFO] [stderr]    Compiling xml-rs v0.8.19
[INFO] [stderr]    Compiling memchr v2.7.2
[INFO] [stderr]    Compiling regex-syntax v0.8.3
[INFO] [stderr]    Compiling libudev-sys v0.1.4
[INFO] [stderr]    Compiling home v0.5.9
[INFO] [stderr]    Compiling libloading v0.8.3
[INFO] [stderr]    Compiling either v1.10.0
[INFO] [stderr]    Compiling void v1.0.2
[INFO] [stderr]    Compiling bindgen v0.65.1
[INFO] [stderr]    Compiling uninitialized v0.0.2
[INFO] [stderr]    Compiling mccs v0.1.3
[INFO] [stderr]    Compiling wayland-sys v0.29.5
[INFO] [stderr]    Compiling bitflags v1.3.2
[INFO] [stderr]    Compiling peeking_take_while v0.1.2
[INFO] [stderr]    Compiling rustc-hash v1.1.0
[INFO] [stderr]    Compiling lazycell v1.3.0
[INFO] [stderr]    Compiling clang-sys v1.7.0
[INFO] [stderr]    Compiling log v0.4.21
[INFO] [stderr]    Compiling lazy_static v1.4.0
[INFO] [stderr]    Compiling indexmap v2.2.6
[INFO] [stderr]    Compiling memoffset v0.6.5
[INFO] [stderr]    Compiling dlib v0.5.2
[INFO] [stderr]    Compiling resize-slice v0.1.3
[INFO] [stderr]    Compiling num-traits v0.2.18
[INFO] [stderr]    Compiling i2c v0.1.0
[INFO] [stderr]    Compiling libdbus-sys v0.2.5
[INFO] [stderr]    Compiling dtoa v0.4.8
[INFO] [stderr]    Compiling anyhow v1.0.81
[INFO] [stderr]    Compiling nom v7.1.3
[INFO] [stderr]    Compiling ddc v0.2.2
[INFO] [stderr]    Compiling pin-project-lite v0.2.14
[INFO] [stderr]    Compiling winnow v0.5.40
[INFO] [stderr]    Compiling ash v0.37.3+1.3.251
[INFO] [stderr]    Compiling ddc-hi v0.4.1
[INFO] [stderr]    Compiling downcast-rs v1.2.0
[INFO] [stderr]    Compiling quote v1.0.35
[INFO] [stderr]    Compiling syn v2.0.57
[INFO] [stderr]    Compiling wayland-scanner v0.29.5
[INFO] [stderr]    Compiling aho-corasick v1.1.3
[INFO] [stderr]    Compiling humantime v2.1.0
[INFO] [stderr]    Compiling ryu v1.0.17
[INFO] [stderr]    Compiling regex-automata v0.4.6
[INFO] [stderr]    Compiling itoa v1.0.11
[INFO] [stderr]    Compiling xdg v2.5.2
[INFO] [stderr]    Compiling chrono v0.4.37
[INFO] [stderr]    Compiling memchr v1.0.2
[INFO] [stderr]    Compiling nom v3.2.1
[INFO] [stderr]    Compiling udev v0.2.0
[INFO] [stderr]    Compiling i2c-linux-sys v0.2.1
[INFO] [stderr]    Compiling nix v0.24.3
[INFO] [stderr]    Compiling which v4.4.2
[INFO] [stderr]    Compiling wayland-client v0.29.5
[INFO] [stderr]    Compiling wayland-protocols v0.29.5
[INFO] [stderr]    Compiling i2c-linux v0.1.2
[INFO] [stderr]    Compiling mio v0.8.11
[INFO] [stderr]    Compiling socket2 v0.5.6
[INFO] [stderr]    Compiling ddc-i2c v0.2.2
[INFO] [stderr]    Compiling atty v0.2.14
[INFO] [stderr]    Compiling inotify-sys v0.1.5
[INFO] [stderr]    Compiling dbus v0.9.7
[INFO] [stderr]    Compiling cexpr v0.6.0
[INFO] [stderr]    Compiling regex v1.10.4
[INFO] [stderr]    Compiling tokio v1.37.0
[INFO] [stderr]    Compiling edid v0.3.0
[INFO] [stderr]    Compiling mccs-caps v0.1.3
[INFO] [stderr]    Compiling wayland-commons v0.29.5
[INFO] [stderr]    Compiling inotify v0.10.2
[INFO] [stderr]    Compiling serde_derive v1.0.197
[INFO] [stderr]    Compiling env_logger v0.9.3
[INFO] [stderr]    Compiling v4l-sys v0.3.0
[INFO] [stderr] error: failed to run custom build command for `v4l-sys v0.3.0`
[INFO] [stderr] note: To improve backtraces for build dependencies, set the CARGO_PROFILE_RELEASE_BUILD_OVERRIDE_DEBUG=true environment variable to enable debug information generation.
[INFO] [stderr] 
[INFO] [stderr] Caused by:
[INFO] [stderr]   process didn't exit successfully: `/opt/rustwide/target/release/build/v4l-sys-2f53addfe158128d/build-script-build` (exit status: 101)
[INFO] [stderr]   --- stdout
[INFO] [stderr]   cargo:rustc-link-lib=v4l1
[INFO] [stderr]   cargo:rustc-link-lib=v4l2
[INFO] [stderr]   cargo:rustc-link-lib=v4lconvert
[INFO] [stderr] 
[INFO] [stderr]   --- stderr
[INFO] [stderr]   wrapper.h:1:10: fatal error: 'libv4l1.h' file not found
[INFO] [stderr] 
[INFO] [stderr]   thread 'main' (6142) panicked at /opt/rustwide/cargo-home/registry/src/index.crates.io-1949cf8c6b5b557f/v4l-sys-0.3.0/build.rs:14:10:
[INFO] [stderr]   Failed to generate bindings: ClangDiagnostic("wrapper.h:1:10: fatal error: 'libv4l1.h' file not found\n")
[INFO] [stderr]   stack backtrace:
[INFO] [stderr]      0:     0x60065e07c761 - <<std[70759c8f55707aa4]::sys::backtrace::BacktraceLock>::print::DisplayBacktrace as core[df12db4294e9bfd3]::fmt::Display>::fmt
[INFO] [stderr]      1:     0x60065e0928aa - core[df12db4294e9bfd3]::fmt::write
[INFO] [stderr]      2:     0x60065e08186c - <std[70759c8f55707aa4]::sys::stdio::unix::Stderr as core[df12db4294e9bfd3]::io::write::Write>::write_fmt
[INFO] [stderr]      3:     0x60065e05c0b6 - std[70759c8f55707aa4]::panicking::default_hook::{closure#0}
[INFO] [stderr]      4:     0x60065e0770f1 - std[70759c8f55707aa4]::panicking::default_hook
[INFO] [stderr]      5:     0x60065e07741b - std[70759c8f55707aa4]::panicking::panic_with_hook
[INFO] [stderr]      6:     0x60065e05c162 - std[70759c8f55707aa4]::panicking::panic_handler::{closure#0}
[INFO] [stderr]      7:     0x60065e054cf9 - std[70759c8f55707aa4]::sys::backtrace::__rust_end_short_backtrace::<std[70759c8f55707aa4]::panicking::panic_handler::{closure#0}, !>
[INFO] [stderr]      8:     0x60065e05c97d - __rustc[8fa7c3cbc660c2b3]::rust_begin_unwind
[INFO] [stderr]      9:     0x60065e0930cc - core[df12db4294e9bfd3]::panicking::panic_fmt
[INFO] [stderr]     10:     0x60065e092ea2 - core[df12db4294e9bfd3]::result::unwrap_failed
[INFO] [stderr]     11:     0x60065dbf674b - <core[df12db4294e9bfd3]::result::Result<bindgen[bf1c1e7f7ef28025]::Bindings, bindgen[bf1c1e7f7ef28025]::BindgenError>>::expect
[INFO] [stderr]     12:     0x60065dbf649d - build_script_build[1d59801fb9e359ce]::main
[INFO] [stderr]     13:     0x60065dbf74b3 - <fn() as core[df12db4294e9bfd3]::ops::function::FnOnce<()>>::call_once
[INFO] [stderr]     14:     0x60065dbf627e - std[70759c8f55707aa4]::sys::backtrace::__rust_begin_short_backtrace::<fn(), ()>
[INFO] [stderr]     15:     0x60065dbf6379 - std[70759c8f55707aa4]::rt::lang_start::<()>::{closure#0}
[INFO] [stderr]     16:     0x60065e0761e9 - std[70759c8f55707aa4]::rt::lang_start_internal
[INFO] [stderr]     17:     0x60065dbf60d1 - std[70759c8f55707aa4]::rt::lang_start::<()>
[INFO] [stderr]     18:     0x60065dbf7705 - main
[INFO] [stderr]     19:     0x7062e7338601 - <unknown>
[INFO] [stderr]     20:     0x7062e7338718 - __libc_start_main
[INFO] [stderr]     21:     0x60065dbf5c45 - _start
[INFO] [stderr]     22:                0x0 - <unknown>
[INFO] [stderr] warning: build failed, waiting for other jobs to finish...
[INFO] running `Command { std: "docker" "inspect" "6731553b9b681c90527c6cf0d1a13489e6e7e9ec5abff614443a8c4280c6dea2", kill_on_drop: false }`
[INFO] running `Command { std: "docker" "rm" "-f" "6731553b9b681c90527c6cf0d1a13489e6e7e9ec5abff614443a8c4280c6dea2", kill_on_drop: false }`
[INFO] [stdout] 6731553b9b681c90527c6cf0d1a13489e6e7e9ec5abff614443a8c4280c6dea2
