[INFO] fetching crate wkhtmltopdf 0.4.0...
[INFO] testing wkhtmltopdf-0.4.0 against 1.99.0-beta.8+cargoflags=--release for beta-release-1.100-2
[INFO] extracting crate wkhtmltopdf 0.4.0 into /workspace/builds/worker-4-tc1/source
[INFO] started tweaking crates.io crate wkhtmltopdf 0.4.0
[INFO] finished tweaking crates.io crate wkhtmltopdf 0.4.0
[INFO] tweaked toml for crates.io crate wkhtmltopdf 0.4.0 written to /workspace/builds/worker-4-tc1/source/Cargo.toml
[INFO] validating manifest of crates.io crate wkhtmltopdf 0.4.0 on toolchain 1.99.0-beta.8
[INFO] running `Command { std: CARGO_HOME="/workspace/cargo-home" RUSTUP_HOME="/workspace/rustup-home" "/workspace/cargo-home/bin/cargo" "+1.99.0-beta.8" "metadata" "--manifest-path" "Cargo.toml" "--no-deps", kill_on_drop: false }`
[INFO] crate crates.io crate wkhtmltopdf 0.4.0 already has a lockfile, it will not be regenerated
[INFO] running `Command { std: CARGO_HOME="/workspace/cargo-home" RUSTUP_HOME="/workspace/rustup-home" "/workspace/cargo-home/bin/cargo" "+1.99.0-beta.8" "fetch" "--manifest-path" "Cargo.toml", kill_on_drop: false }`
[INFO] [stderr]     Updating crates.io index
[INFO] [stderr]  Downloading crates ...
[INFO] [stderr]   Downloaded wkhtmltox-sys v0.1.2
[INFO] [stderr]   Downloaded hermit-abi v0.1.13
[INFO] running `Command { std: "docker" "create" "-v" "/var/lib/crater-agent-workspace/builds/worker-4-tc1/source:/opt/rustwide/workdir:ro,Z" "-v" "/var/lib/crater-agent-workspace/builds/worker-4-tc1/target:/opt/rustwide/target:rw,Z" "-v" "/var/lib/crater-agent-workspace/cargo-home:/opt/rustwide/cargo-home:ro,Z" "-v" "/var/lib/crater-agent-workspace/rustup-home:/opt/rustwide/rustup-home:ro,Z" "-m" "1610612736" "--network" "none" "ghcr.io/rust-lang/crates-build-env/linux@sha256:77db811e55d90add9212f6832c23229e3de5f1c1f9905e8cb07319ea15df73ac" "sleep" "infinity", kill_on_drop: false }`
[INFO] [stdout] b6c92b558cb78a50692f4c1e6ff90285769f7fd0e9d0f82cade1ee645b714676
[INFO] running `Command { std: "docker" "start" "b6c92b558cb78a50692f4c1e6ff90285769f7fd0e9d0f82cade1ee645b714676", kill_on_drop: false }`
[INFO] running `Command { std: "docker" "inspect" "b6c92b558cb78a50692f4c1e6ff90285769f7fd0e9d0f82cade1ee645b714676", kill_on_drop: false }`
[INFO] running `Command { std: "docker" "exec" "-e" "SOURCE_DIR=/opt/rustwide/workdir" "-e" "CARGO_HOME=/opt/rustwide/cargo-home" "-e" "RUSTUP_HOME=/opt/rustwide/rustup-home" "-e" "CARGO_TARGET_DIR=/opt/rustwide/target" "-w" "/opt/rustwide/workdir" "--user" "0:0" "b6c92b558cb78a50692f4c1e6ff90285769f7fd0e9d0f82cade1ee645b714676" "/opt/rustwide/cargo-home/bin/cargo" "+1.99.0-beta.8" "metadata" "--no-deps" "--format-version=1", kill_on_drop: false }`
[INFO] running `Command { std: "docker" "inspect" "b6c92b558cb78a50692f4c1e6ff90285769f7fd0e9d0f82cade1ee645b714676", kill_on_drop: false }`
[INFO] running `Command { std: "docker" "exec" "-e" "SOURCE_DIR=/opt/rustwide/workdir" "-e" "CARGO_HOME=/opt/rustwide/cargo-home" "-e" "RUSTUP_HOME=/opt/rustwide/rustup-home" "-e" "CARGO_TARGET_DIR=/opt/rustwide/target" "-e" "CARGO_INCREMENTAL=0" "-e" "RUST_BACKTRACE=full" "-e" "RUSTFLAGS=--cap-lints=warn" "-e" "RUSTDOCFLAGS=--cap-lints=warn" "-w" "/opt/rustwide/workdir" "--user" "0:0" "b6c92b558cb78a50692f4c1e6ff90285769f7fd0e9d0f82cade1ee645b714676" "/opt/rustwide/cargo-home/bin/cargo" "+1.99.0-beta.8" "build" "--frozen" "--message-format=json" "--release", kill_on_drop: false }`
[INFO] [stderr]    Compiling smallvec v1.4.0
[INFO] [stderr]    Compiling wkhtmltox-sys v0.1.2
[INFO] [stderr]    Compiling thread-id v3.3.0
[INFO] [stderr]    Compiling unicode-normalization v0.1.12
[INFO] [stderr]    Compiling idna v0.2.0
[INFO] [stderr]    Compiling url v2.1.1
[INFO] [stderr]    Compiling wkhtmltopdf v0.4.0 (/opt/rustwide/workdir)
[INFO] [stdout] warning: trailing semicolon in macro used in expression position
[INFO] [stdout]    --> src/image/lowlevel.rs:272:13
[INFO] [stdout]     |
[INFO] [stdout] 272 |             warn!("Failed to deinitialize wkhtmltoimage")
[INFO] [stdout]     |             ^^^^^^^^^^^^^^^^^^^^^^^^^^^^^^^^^^^^^^^^^^^^^
[INFO] [stdout]     |
[INFO] [stdout]     = note: macro invocations at the end of a block are treated as expressions
[INFO] [stdout]     = note: to ignore the value produced by the macro, add a semicolon after the invocation of `warn`
[INFO] [stdout]     = warning: this was previously accepted by the compiler but is being phased out; it will become a hard error in a future release!
[INFO] [stdout]     = note: for more information, see issue #79813 <https://github.com/rust-lang/rust/issues/79813>
[INFO] [stdout]     = note: `#[warn(semicolon_in_expressions_from_non_local_macros)]` (part of `#[warn(future_incompatible)]`) on by default
[INFO] [stdout]     = note: this warning originates in the macro `warn` (in Nightly builds, run with -Z macro-backtrace for more info)
[INFO] [stdout] 
[INFO] [stdout] 
[INFO] [stdout] warning: trailing semicolon in macro used in expression position
[INFO] [stdout]    --> src/pdf/lowlevel.rs:383:13
[INFO] [stdout]     |
[INFO] [stdout] 383 |             warn!("Failed to deinitialize wkhtmltopdf")
[INFO] [stdout]     |             ^^^^^^^^^^^^^^^^^^^^^^^^^^^^^^^^^^^^^^^^^^^
[INFO] [stdout]     |
[INFO] [stdout]     = note: macro invocations at the end of a block are treated as expressions
[INFO] [stdout]     = note: to ignore the value produced by the macro, add a semicolon after the invocation of `warn`
[INFO] [stdout]     = warning: this was previously accepted by the compiler but is being phased out; it will become a hard error in a future release!
[INFO] [stdout]     = note: for more information, see issue #79813 <https://github.com/rust-lang/rust/issues/79813>
[INFO] [stdout]     = note: this warning originates in the macro `warn` (in Nightly builds, run with -Z macro-backtrace for more info)
[INFO] [stdout] 
[INFO] [stdout] 
[INFO] [stdout] warning: ambiguous glob re-exports
[INFO] [stdout]  --> src/lib.rs:5:9
[INFO] [stdout]   |
[INFO] [stdout] 5 | pub use image::*;
[INFO] [stdout]   |         ^^^^^^^^ the name `lowlevel` in the type namespace is first re-exported here
[INFO] [stdout] 6 | pub use pdf::*;
[INFO] [stdout]   |         ------ but the name `lowlevel` in the type namespace is also re-exported here
[INFO] [stdout]   |
[INFO] [stdout]   = note: `#[warn(ambiguous_glob_reexports)]` on by default
[INFO] [stdout] 
[INFO] [stdout] 
[INFO] [stderr]     Finished `release` profile [optimized] target(s) in 3.45s
[INFO] running `Command { std: "docker" "inspect" "b6c92b558cb78a50692f4c1e6ff90285769f7fd0e9d0f82cade1ee645b714676", kill_on_drop: false }`
[INFO] running `Command { std: "docker" "exec" "-e" "SOURCE_DIR=/opt/rustwide/workdir" "-e" "CARGO_HOME=/opt/rustwide/cargo-home" "-e" "RUSTUP_HOME=/opt/rustwide/rustup-home" "-e" "CARGO_TARGET_DIR=/opt/rustwide/target" "-e" "CARGO_INCREMENTAL=0" "-e" "RUST_BACKTRACE=full" "-e" "RUSTFLAGS=--cap-lints=warn" "-e" "RUSTDOCFLAGS=--cap-lints=warn" "-w" "/opt/rustwide/workdir" "--user" "0:0" "b6c92b558cb78a50692f4c1e6ff90285769f7fd0e9d0f82cade1ee645b714676" "/opt/rustwide/cargo-home/bin/cargo" "+1.99.0-beta.8" "test" "--frozen" "--no-run" "--message-format=json" "--release", kill_on_drop: false }`
[INFO] [stderr]    Compiling memchr v2.3.3
[INFO] [stderr]    Compiling regex-syntax v0.6.18
[INFO] [stderr]    Compiling termcolor v1.1.0
[INFO] [stderr]    Compiling thread_local v1.0.1
[INFO] [stderr]    Compiling humantime v1.3.0
[INFO] [stdout] warning: trailing semicolon in macro used in expression position
[INFO] [stdout]    --> src/image/lowlevel.rs:272:13
[INFO] [stdout]     |
[INFO] [stdout] 272 |             warn!("Failed to deinitialize wkhtmltoimage")
[INFO] [stdout]     |             ^^^^^^^^^^^^^^^^^^^^^^^^^^^^^^^^^^^^^^^^^^^^^
[INFO] [stdout]     |
[INFO] [stdout]     = note: macro invocations at the end of a block are treated as expressions
[INFO] [stdout]     = note: to ignore the value produced by the macro, add a semicolon after the invocation of `warn`
[INFO] [stdout]     = warning: this was previously accepted by the compiler but is being phased out; it will become a hard error in a future release!
[INFO] [stdout]     = note: for more information, see issue #79813 <https://github.com/rust-lang/rust/issues/79813>
[INFO] [stdout]     = note: `#[warn(semicolon_in_expressions_from_non_local_macros)]` (part of `#[warn(future_incompatible)]`) on by default
[INFO] [stdout]     = note: this warning originates in the macro `warn` (in Nightly builds, run with -Z macro-backtrace for more info)
[INFO] [stdout] 
[INFO] [stdout] 
[INFO] [stdout] warning: trailing semicolon in macro used in expression position
[INFO] [stdout]    --> src/pdf/lowlevel.rs:383:13
[INFO] [stdout]     |
[INFO] [stdout] 383 |             warn!("Failed to deinitialize wkhtmltopdf")
[INFO] [stdout]     |             ^^^^^^^^^^^^^^^^^^^^^^^^^^^^^^^^^^^^^^^^^^^
[INFO] [stdout]     |
[INFO] [stdout]     = note: macro invocations at the end of a block are treated as expressions
[INFO] [stdout]     = note: to ignore the value produced by the macro, add a semicolon after the invocation of `warn`
[INFO] [stdout]     = warning: this was previously accepted by the compiler but is being phased out; it will become a hard error in a future release!
[INFO] [stdout]     = note: for more information, see issue #79813 <https://github.com/rust-lang/rust/issues/79813>
[INFO] [stdout]     = note: this warning originates in the macro `warn` (in Nightly builds, run with -Z macro-backtrace for more info)
[INFO] [stdout] 
[INFO] [stdout] 
[INFO] [stdout] warning: ambiguous glob re-exports
[INFO] [stdout]  --> src/lib.rs:5:9
[INFO] [stdout]   |
[INFO] [stdout] 5 | pub use image::*;
[INFO] [stdout]   |         ^^^^^^^^ the name `lowlevel` in the type namespace is first re-exported here
[INFO] [stdout] 6 | pub use pdf::*;
[INFO] [stdout]   |         ------ but the name `lowlevel` in the type namespace is also re-exported here
[INFO] [stdout]   |
[INFO] [stdout]   = note: `#[warn(ambiguous_glob_reexports)]` on by default
[INFO] [stdout] 
[INFO] [stdout] 
[INFO] [stderr]    Compiling aho-corasick v0.7.10
[INFO] [stderr]    Compiling regex v1.3.9
[INFO] [stderr]    Compiling env_logger v0.7.1
[INFO] [stderr]    Compiling wkhtmltopdf v0.4.0 (/opt/rustwide/workdir)
[INFO] [stdout] error: linking with `cc` failed: exit status: 1
[INFO] [stdout]   |
[INFO] [stdout]   = note:  "cc" "-m64" "/opt/rustwide/target/release/examples/rustcMhd8VO/symbols.o" "<2 object files omitted>" "-Wl,--as-needed" "-Wl,-Bstatic" "/opt/rustwide/target/release/deps/{libenv_logger-51f6d002d1616613,libtermcolor-35499457d21a37a4,libatty-95cdc01aee33db6e,libhumantime-720be27ca3ba0ac0,libregex-532bddc2442a3089,libthread_local-9456af524bef5229,libregex_syntax-f4a7da1f79a337dd,libaho_corasick-03cf1c8073c7e4d0,libmemchr-2dc6a10438cbed54,libwkhtmltopdf-627c99cd90e9e3d8,libthread_id-f25a3a78d63a0121,liblibc-92f879392149a566,liburl-613e1caf18c45a6b,libpercent_encoding-cbf7f86b9de6ccaf,libidna-18bf725240f9a5a1,libunicode_normalization-973c882c8e0ae128,libsmallvec-ae0aecfa1121d6a5,libunicode_bidi-5253decadf0e1310,libmatches-5095c5589db37e6f,libwkhtmltox_sys-07ee760a293cf031,liblog-d08bb5cac237ae71,libcfg_if-6ffcd2bb3ed34b7c,liblazy_static-480433dca0d17907,libquick_error-f34ab17b55e6e8f9}.rlib" "<sysroot>/lib/rustlib/x86_64-unknown-linux-gnu/lib/{libstd-*,libpanic_unwind-*,libobject-*,libmemchr-*,libaddr2line-*,libgimli-*,libcfg_if-*,librustc_demangle-*,libstd_detect-*,libhashbrown-*,librustc_std_workspace_alloc-*,libminiz_oxide-*,libadler2-*,libunwind-*,liblibc-*,librustc_std_workspace_core-*,liballoc-*,libcore-*,libcompiler_builtins-*}.rlib" "-Wl,-Bdynamic" "-lutil" "-ldl" "-lutil" "-lwkhtmltox" "-lgcc_s" "-lutil" "-lrt" "-lpthread" "-lm" "-ldl" "-lc" "-L" "/opt/rustwide/target/release/examples/rustcMhd8VO/raw-dylibs" "-B<sysroot>/lib/rustlib/x86_64-unknown-linux-gnu/bin/gcc-ld" "-fuse-ld=lld" "-Wl,--eh-frame-hdr" "-Wl,-z,noexecstack" "-L" "<sysroot>/lib/rustlib/x86_64-unknown-linux-gnu/lib" "-o" "/opt/rustwide/target/release/examples/image-5bff30d212cb3fc3" "-Wl,--gc-sections" "-pie" "-Wl,-z,relro,-z,now" "-Wl,-O1" "-Wl,--strip-debug" "-nodefaultlibs"
[INFO] [stdout]   = note: some arguments are omitted. use `--verbose` to show all linker arguments
[INFO] [stdout]   = note: rust-lld: error: unable to find library -lwkhtmltox
[INFO] [stdout]           collect2: error: ld returned 1 exit status
[INFO] [stdout]           
[INFO] [stdout] 
[INFO] [stdout] 
[INFO] [stderr] error: could not compile `wkhtmltopdf` (example "image") due to 1 previous error
[INFO] [stderr] warning: build failed, waiting for other jobs to finish...
[INFO] [stdout] warning: trailing semicolon in macro used in expression position
[INFO] [stdout]    --> src/image/lowlevel.rs:272:13
[INFO] [stdout]     |
[INFO] [stdout] 272 |             warn!("Failed to deinitialize wkhtmltoimage")
[INFO] [stdout]     |             ^^^^^^^^^^^^^^^^^^^^^^^^^^^^^^^^^^^^^^^^^^^^^
[INFO] [stdout]     |
[INFO] [stdout]     = note: macro invocations at the end of a block are treated as expressions
[INFO] [stdout]     = note: to ignore the value produced by the macro, add a semicolon after the invocation of `warn`
[INFO] [stdout]     = warning: this was previously accepted by the compiler but is being phased out; it will become a hard error in a future release!
[INFO] [stdout]     = note: for more information, see issue #79813 <https://github.com/rust-lang/rust/issues/79813>
[INFO] [stdout]     = note: `#[warn(semicolon_in_expressions_from_non_local_macros)]` (part of `#[warn(future_incompatible)]`) on by default
[INFO] [stdout]     = note: this warning originates in the macro `warn` (in Nightly builds, run with -Z macro-backtrace for more info)
[INFO] [stdout] 
[INFO] [stdout] 
[INFO] [stdout] warning: trailing semicolon in macro used in expression position
[INFO] [stdout]    --> src/pdf/lowlevel.rs:383:13
[INFO] [stdout]     |
[INFO] [stdout] 383 |             warn!("Failed to deinitialize wkhtmltopdf")
[INFO] [stdout]     |             ^^^^^^^^^^^^^^^^^^^^^^^^^^^^^^^^^^^^^^^^^^^
[INFO] [stdout]     |
[INFO] [stdout]     = note: macro invocations at the end of a block are treated as expressions
[INFO] [stdout]     = note: to ignore the value produced by the macro, add a semicolon after the invocation of `warn`
[INFO] [stdout]     = warning: this was previously accepted by the compiler but is being phased out; it will become a hard error in a future release!
[INFO] [stdout]     = note: for more information, see issue #79813 <https://github.com/rust-lang/rust/issues/79813>
[INFO] [stdout]     = note: this warning originates in the macro `warn` (in Nightly builds, run with -Z macro-backtrace for more info)
[INFO] [stdout] 
[INFO] [stdout] 
[INFO] [stdout] warning: ambiguous glob re-exports
[INFO] [stdout]  --> src/lib.rs:5:9
[INFO] [stdout]   |
[INFO] [stdout] 5 | pub use image::*;
[INFO] [stdout]   |         ^^^^^^^^ the name `lowlevel` in the type namespace is first re-exported here
[INFO] [stdout] 6 | pub use pdf::*;
[INFO] [stdout]   |         ------ but the name `lowlevel` in the type namespace is also re-exported here
[INFO] [stdout]   |
[INFO] [stdout]   = note: `#[warn(ambiguous_glob_reexports)]` on by default
[INFO] [stdout] 
[INFO] [stdout] 
[INFO] [stdout] error: linking with `cc` failed: exit status: 1
[INFO] [stdout]   |
[INFO] [stdout]   = note:  "cc" "-m64" "/opt/rustwide/target/release/examples/rustcAwGZ0U/symbols.o" "<2 object files omitted>" "-Wl,--as-needed" "-Wl,-Bstatic" "/opt/rustwide/target/release/deps/{libwkhtmltopdf-627c99cd90e9e3d8,libthread_id-f25a3a78d63a0121,liburl-613e1caf18c45a6b,libpercent_encoding-cbf7f86b9de6ccaf,libidna-18bf725240f9a5a1,libunicode_normalization-973c882c8e0ae128,libsmallvec-ae0aecfa1121d6a5,libunicode_bidi-5253decadf0e1310,libmatches-5095c5589db37e6f,libwkhtmltox_sys-07ee760a293cf031,libenv_logger-51f6d002d1616613,libtermcolor-35499457d21a37a4,libatty-95cdc01aee33db6e,liblibc-92f879392149a566,libhumantime-720be27ca3ba0ac0,libquick_error-f34ab17b55e6e8f9,liblog-d08bb5cac237ae71,libcfg_if-6ffcd2bb3ed34b7c,libregex-532bddc2442a3089,libthread_local-9456af524bef5229,liblazy_static-480433dca0d17907,libregex_syntax-f4a7da1f79a337dd,libaho_corasick-03cf1c8073c7e4d0,libmemchr-2dc6a10438cbed54}.rlib" "<sysroot>/lib/rustlib/x86_64-unknown-linux-gnu/lib/{libstd-*,libpanic_unwind-*,libobject-*,libmemchr-*,libaddr2line-*,libgimli-*,libcfg_if-*,librustc_demangle-*,libstd_detect-*,libhashbrown-*,librustc_std_workspace_alloc-*,libminiz_oxide-*,libadler2-*,libunwind-*,liblibc-*,librustc_std_workspace_core-*,liballoc-*,libcore-*,libcompiler_builtins-*}.rlib" "-Wl,-Bdynamic" "-lwkhtmltox" "-lutil" "-ldl" "-lutil" "-lgcc_s" "-lutil" "-lrt" "-lpthread" "-lm" "-ldl" "-lc" "-L" "/opt/rustwide/target/release/examples/rustcAwGZ0U/raw-dylibs" "-B<sysroot>/lib/rustlib/x86_64-unknown-linux-gnu/bin/gcc-ld" "-fuse-ld=lld" "-Wl,--eh-frame-hdr" "-Wl,-z,noexecstack" "-L" "<sysroot>/lib/rustlib/x86_64-unknown-linux-gnu/lib" "-o" "/opt/rustwide/target/release/examples/lowlevel-783f373edcd48280" "-Wl,--gc-sections" "-pie" "-Wl,-z,relro,-z,now" "-Wl,-O1" "-Wl,--strip-debug" "-nodefaultlibs"
[INFO] [stdout]   = note: some arguments are omitted. use `--verbose` to show all linker arguments
[INFO] [stdout]   = note: rust-lld: error: unable to find library -lwkhtmltox
[INFO] [stdout]           collect2: error: ld returned 1 exit status
[INFO] [stdout]           
[INFO] [stdout] 
[INFO] [stdout] 
[INFO] [stderr] error: could not compile `wkhtmltopdf` (example "lowlevel") due to 1 previous error
[INFO] [stdout] error: linking with `cc` failed: exit status: 1
[INFO] [stdout]   |
[INFO] [stdout]   = note:  "cc" "-m64" "/opt/rustwide/target/release/examples/rustcXkDcdF/symbols.o" "<2 object files omitted>" "-Wl,--as-needed" "-Wl,-Bstatic" "/opt/rustwide/target/release/deps/{libwkhtmltopdf-627c99cd90e9e3d8,libthread_id-f25a3a78d63a0121,liburl-613e1caf18c45a6b,libpercent_encoding-cbf7f86b9de6ccaf,libidna-18bf725240f9a5a1,libunicode_normalization-973c882c8e0ae128,libsmallvec-ae0aecfa1121d6a5,libunicode_bidi-5253decadf0e1310,libmatches-5095c5589db37e6f,libwkhtmltox_sys-07ee760a293cf031,libenv_logger-51f6d002d1616613,libtermcolor-35499457d21a37a4,libatty-95cdc01aee33db6e,liblibc-92f879392149a566,libhumantime-720be27ca3ba0ac0,libquick_error-f34ab17b55e6e8f9,liblog-d08bb5cac237ae71,libcfg_if-6ffcd2bb3ed34b7c,libregex-532bddc2442a3089,libthread_local-9456af524bef5229,liblazy_static-480433dca0d17907,libregex_syntax-f4a7da1f79a337dd,libaho_corasick-03cf1c8073c7e4d0,libmemchr-2dc6a10438cbed54}.rlib" "<sysroot>/lib/rustlib/x86_64-unknown-linux-gnu/lib/{libstd-*,libpanic_unwind-*,libobject-*,libmemchr-*,libaddr2line-*,libgimli-*,libcfg_if-*,librustc_demangle-*,libstd_detect-*,libhashbrown-*,librustc_std_workspace_alloc-*,libminiz_oxide-*,libadler2-*,libunwind-*,liblibc-*,librustc_std_workspace_core-*,liballoc-*,libcore-*,libcompiler_builtins-*}.rlib" "-Wl,-Bdynamic" "-lwkhtmltox" "-lutil" "-ldl" "-lutil" "-lgcc_s" "-lutil" "-lrt" "-lpthread" "-lm" "-ldl" "-lc" "-L" "/opt/rustwide/target/release/examples/rustcXkDcdF/raw-dylibs" "-B<sysroot>/lib/rustlib/x86_64-unknown-linux-gnu/bin/gcc-ld" "-fuse-ld=lld" "-Wl,--eh-frame-hdr" "-Wl,-z,noexecstack" "-L" "<sysroot>/lib/rustlib/x86_64-unknown-linux-gnu/lib" "-o" "/opt/rustwide/target/release/examples/pdf-8a0a05fd0904a19a" "-Wl,--gc-sections" "-pie" "-Wl,-z,relro,-z,now" "-Wl,-O1" "-Wl,--strip-debug" "-nodefaultlibs"
[INFO] [stdout]   = note: some arguments are omitted. use `--verbose` to show all linker arguments
[INFO] [stdout]   = note: rust-lld: error: unable to find library -lwkhtmltox
[INFO] [stdout]           collect2: error: ld returned 1 exit status
[INFO] [stdout]           
[INFO] [stdout] 
[INFO] [stdout] 
[INFO] [stderr] error: could not compile `wkhtmltopdf` (example "pdf") due to 1 previous error
[INFO] [stdout] error: linking with `cc` failed: exit status: 1
[INFO] [stdout]   |
[INFO] [stdout]   = note:  "cc" "-m64" "/opt/rustwide/target/release/deps/rustcjUCBzs/symbols.o" "<10 object files omitted>" "-Wl,--as-needed" "-Wl,-Bstatic" "/opt/rustwide/target/release/deps/{libenv_logger-51f6d002d1616613,libtermcolor-35499457d21a37a4,libatty-95cdc01aee33db6e,libhumantime-720be27ca3ba0ac0,libregex-532bddc2442a3089,libthread_local-9456af524bef5229,libregex_syntax-f4a7da1f79a337dd,libaho_corasick-03cf1c8073c7e4d0,libmemchr-2dc6a10438cbed54,libthread_id-f25a3a78d63a0121,liblibc-92f879392149a566}.rlib" "<sysroot>/lib/rustlib/x86_64-unknown-linux-gnu/lib/{libtest-*,libgetopts-*,librustc_std_workspace_std-*}.rlib" "/opt/rustwide/target/release/deps/{liburl-613e1caf18c45a6b,libpercent_encoding-cbf7f86b9de6ccaf,libidna-18bf725240f9a5a1,libunicode_normalization-973c882c8e0ae128,libsmallvec-ae0aecfa1121d6a5,libunicode_bidi-5253decadf0e1310,libmatches-5095c5589db37e6f,libwkhtmltox_sys-07ee760a293cf031,liblog-d08bb5cac237ae71,libcfg_if-6ffcd2bb3ed34b7c,liblazy_static-480433dca0d17907,libquick_error-f34ab17b55e6e8f9}.rlib" "<sysroot>/lib/rustlib/x86_64-unknown-linux-gnu/lib/{libstd-*,libpanic_unwind-*,libobject-*,libmemchr-*,libaddr2line-*,libgimli-*,libcfg_if-*,librustc_demangle-*,libstd_detect-*,libhashbrown-*,librustc_std_workspace_alloc-*,libminiz_oxide-*,libadler2-*,libunwind-*,liblibc-*,librustc_std_workspace_core-*,liballoc-*,libcore-*,libcompiler_builtins-*}.rlib" "-Wl,-Bdynamic" "-lutil" "-ldl" "-lutil" "-lwkhtmltox" "-lgcc_s" "-lutil" "-lrt" "-lpthread" "-lm" "-ldl" "-lc" "-L" "/opt/rustwide/target/release/deps/rustcjUCBzs/raw-dylibs" "-B<sysroot>/lib/rustlib/x86_64-unknown-linux-gnu/bin/gcc-ld" "-fuse-ld=lld" "-Wl,--eh-frame-hdr" "-Wl,-z,noexecstack" "-L" "<sysroot>/lib/rustlib/x86_64-unknown-linux-gnu/lib" "-o" "/opt/rustwide/target/release/deps/wkhtmltopdf-8d1f3ba8675a0a34" "-Wl,--gc-sections" "-pie" "-Wl,-z,relro,-z,now" "-Wl,-O1" "-Wl,--strip-debug" "-nodefaultlibs"
[INFO] [stdout]   = note: some arguments are omitted. use `--verbose` to show all linker arguments
[INFO] [stdout]   = note: rust-lld: error: unable to find library -lwkhtmltox
[INFO] [stdout]           collect2: error: ld returned 1 exit status
[INFO] [stdout]           
[INFO] [stdout] 
[INFO] [stdout] 
[INFO] [stderr] error: could not compile `wkhtmltopdf` (lib test) due to 1 previous error; 3 warnings emitted
[INFO] running `Command { std: "docker" "inspect" "b6c92b558cb78a50692f4c1e6ff90285769f7fd0e9d0f82cade1ee645b714676", kill_on_drop: false }`
[INFO] running `Command { std: "docker" "rm" "-f" "b6c92b558cb78a50692f4c1e6ff90285769f7fd0e9d0f82cade1ee645b714676", kill_on_drop: false }`
[INFO] [stdout] b6c92b558cb78a50692f4c1e6ff90285769f7fd0e9d0f82cade1ee645b714676
