[INFO] fetching crate wizdraw 2.2.0...
[INFO] testing wizdraw-2.2.0 against 1.99.0-beta.8+cargoflags=--release for beta-release-1.100-2
[INFO] extracting crate wizdraw 2.2.0 into /workspace/builds/worker-0-tc1/source
[INFO] started tweaking crates.io crate wizdraw 2.2.0
[INFO] removed 0 missing examples
[INFO] finished tweaking crates.io crate wizdraw 2.2.0
[INFO] tweaked toml for crates.io crate wizdraw 2.2.0 written to /workspace/builds/worker-0-tc1/source/Cargo.toml
[INFO] validating manifest of crates.io crate wizdraw 2.2.0 on toolchain 1.99.0-beta.8
[INFO] running `Command { std: CARGO_HOME="/workspace/cargo-home" RUSTUP_HOME="/workspace/rustup-home" "/workspace/cargo-home/bin/cargo" "+1.99.0-beta.8" "metadata" "--manifest-path" "Cargo.toml" "--no-deps", kill_on_drop: false }`
[INFO] crate crates.io crate wizdraw 2.2.0 already has a lockfile, it will not be regenerated
[INFO] running `Command { std: CARGO_HOME="/workspace/cargo-home" RUSTUP_HOME="/workspace/rustup-home" "/workspace/cargo-home/bin/cargo" "+1.99.0-beta.8" "fetch" "--manifest-path" "Cargo.toml", kill_on_drop: false }`
[INFO] [stderr]     Updating crates.io index
[INFO] [stderr]  Downloading crates ...
[INFO] [stderr]   Downloaded rgb v0.8.37
[INFO] [stderr]   Downloaded autocfg v1.3.0
[INFO] [stderr]   Downloaded semver v1.0.23
[INFO] [stderr]   Downloaded libm v0.2.8
[INFO] [stderr]   Downloaded fdeflate v0.3.4
[INFO] [stderr]   Downloaded wasm-bindgen-shared v0.2.92
[INFO] [stderr]   Downloaded wasm-bindgen-macro v0.2.92
[INFO] [stderr]   Downloaded libloading v0.8.6
[INFO] [stderr]   Downloaded khronos-egl v6.0.0
[INFO] [stderr]   Downloaded wasm-bindgen-macro-support v0.2.92
[INFO] [stderr]   Downloaded wasm-bindgen-backend v0.2.92
[INFO] [stderr]   Downloaded vek v0.17.0
[INFO] [stderr]   Downloaded bytemuck v1.16.0
[INFO] [stderr]   Downloaded crc32fast v1.4.2
[INFO] [stderr]   Downloaded proc-macro2 v1.0.83
[INFO] [stderr]   Downloaded once_cell v1.19.0
[INFO] [stderr]   Downloaded log v0.4.21
[INFO] [stderr]   Downloaded miniz_oxide v0.7.3
[INFO] [stderr]   Downloaded slotmap v1.0.7
[INFO] [stderr]   Downloaded bumpalo v3.16.0
[INFO] [stderr]   Downloaded js-sys v0.3.69
[INFO] [stderr]   Downloaded flate2 v1.0.30
[INFO] [stderr]   Downloaded png v0.17.13
[INFO] [stderr]   Downloaded glow v0.16.0
[INFO] [stderr]   Downloaded wasm-bindgen v0.2.92
[INFO] [stderr]   Downloaded syn v2.0.66
[INFO] [stderr]   Downloaded web-sys v0.3.69
[INFO] running `Command { std: "docker" "create" "-v" "/var/lib/crater-agent-workspace/builds/worker-0-tc1/source:/opt/rustwide/workdir:ro,Z" "-v" "/var/lib/crater-agent-workspace/builds/worker-0-tc1/target:/opt/rustwide/target:rw,Z" "-v" "/var/lib/crater-agent-workspace/cargo-home:/opt/rustwide/cargo-home:ro,Z" "-v" "/var/lib/crater-agent-workspace/rustup-home:/opt/rustwide/rustup-home:ro,Z" "-m" "1610612736" "--network" "none" "ghcr.io/rust-lang/crates-build-env/linux@sha256:77db811e55d90add9212f6832c23229e3de5f1c1f9905e8cb07319ea15df73ac" "sleep" "infinity", kill_on_drop: false }`
[INFO] [stdout] 80f4f58d1c004685f076b8974f637896c047abacce312e92132ffcf18d49e6f1
[INFO] running `Command { std: "docker" "start" "80f4f58d1c004685f076b8974f637896c047abacce312e92132ffcf18d49e6f1", kill_on_drop: false }`
[INFO] running `Command { std: "docker" "inspect" "80f4f58d1c004685f076b8974f637896c047abacce312e92132ffcf18d49e6f1", kill_on_drop: false }`
[INFO] running `Command { std: "docker" "exec" "-e" "SOURCE_DIR=/opt/rustwide/workdir" "-e" "CARGO_HOME=/opt/rustwide/cargo-home" "-e" "RUSTUP_HOME=/opt/rustwide/rustup-home" "-e" "CARGO_TARGET_DIR=/opt/rustwide/target" "-w" "/opt/rustwide/workdir" "--user" "0:0" "80f4f58d1c004685f076b8974f637896c047abacce312e92132ffcf18d49e6f1" "/opt/rustwide/cargo-home/bin/cargo" "+1.99.0-beta.8" "metadata" "--no-deps" "--format-version=1", kill_on_drop: false }`
[INFO] running `Command { std: "docker" "inspect" "80f4f58d1c004685f076b8974f637896c047abacce312e92132ffcf18d49e6f1", kill_on_drop: false }`
[INFO] running `Command { std: "docker" "exec" "-e" "SOURCE_DIR=/opt/rustwide/workdir" "-e" "CARGO_HOME=/opt/rustwide/cargo-home" "-e" "RUSTUP_HOME=/opt/rustwide/rustup-home" "-e" "CARGO_TARGET_DIR=/opt/rustwide/target" "-e" "CARGO_INCREMENTAL=0" "-e" "RUST_BACKTRACE=full" "-e" "RUSTFLAGS=--cap-lints=warn" "-e" "RUSTDOCFLAGS=--cap-lints=warn" "-w" "/opt/rustwide/workdir" "--user" "0:0" "80f4f58d1c004685f076b8974f637896c047abacce312e92132ffcf18d49e6f1" "/opt/rustwide/cargo-home/bin/cargo" "+1.99.0-beta.8" "build" "--frozen" "--message-format=json" "--release", kill_on_drop: false }`
[INFO] [stderr]    Compiling autocfg v1.3.0
[INFO] [stderr]    Compiling semver v1.0.23
[INFO] [stderr]    Compiling libm v0.2.8
[INFO] [stderr]    Compiling bytemuck v1.16.0
[INFO] [stderr]    Compiling rgb v0.8.37
[INFO] [stderr]    Compiling num-traits v0.2.19
[INFO] [stderr]    Compiling rustc_version v0.4.0
[INFO] [stderr]    Compiling vek v0.17.0
[INFO] [stderr]    Compiling approx v0.5.1
[INFO] [stderr]    Compiling num-integer v0.1.46
[INFO] [stderr]    Compiling wizdraw v2.2.0 (/opt/rustwide/workdir)
[INFO] [stderr]     Finished `release` profile [optimized] target(s) in 9.38s
[INFO] running `Command { std: "docker" "inspect" "80f4f58d1c004685f076b8974f637896c047abacce312e92132ffcf18d49e6f1", kill_on_drop: false }`
[INFO] running `Command { std: "docker" "exec" "-e" "SOURCE_DIR=/opt/rustwide/workdir" "-e" "CARGO_HOME=/opt/rustwide/cargo-home" "-e" "RUSTUP_HOME=/opt/rustwide/rustup-home" "-e" "CARGO_TARGET_DIR=/opt/rustwide/target" "-e" "CARGO_INCREMENTAL=0" "-e" "RUST_BACKTRACE=full" "-e" "RUSTFLAGS=--cap-lints=warn" "-e" "RUSTDOCFLAGS=--cap-lints=warn" "-w" "/opt/rustwide/workdir" "--user" "0:0" "80f4f58d1c004685f076b8974f637896c047abacce312e92132ffcf18d49e6f1" "/opt/rustwide/cargo-home/bin/cargo" "+1.99.0-beta.8" "test" "--frozen" "--no-run" "--message-format=json" "--release", kill_on_drop: false }`
[INFO] [stderr]    Compiling cfg-if v1.0.0
[INFO] [stderr]    Compiling simd-adler32 v0.3.7
[INFO] [stderr]    Compiling adler v1.0.2
[INFO] [stderr]    Compiling libc v0.2.171
[INFO] [stderr]    Compiling khronos-egl v6.0.0
[INFO] [stderr]    Compiling crc32fast v1.4.2
[INFO] [stderr]    Compiling libloading v0.8.6
[INFO] [stderr]    Compiling miniz_oxide v0.7.3
[INFO] [stderr]    Compiling fdeflate v0.3.4
[INFO] [stderr]    Compiling flate2 v1.0.30
[INFO] [stderr]    Compiling png v0.17.13
[INFO] [stderr]    Compiling wizdraw v2.2.0 (/opt/rustwide/workdir)
[INFO] [stdout] error: couldn't read `examples/../../misc/grid.png`: No such file or directory (os error 2)
[INFO] [stdout]  --> examples/_benchmark.rs:6:33
[INFO] [stdout]   |
[INFO] [stdout] 6 | const GRID_PNG: &'static [u8] = include_bytes!("../../misc/grid.png");
[INFO] [stdout]   |                                 ^^^^^^^^^^^^^^^^^^^^^^^^^^^^^^^^^^^^^
[INFO] [stdout] 
[INFO] [stdout] 
[INFO] [stdout] error: couldn't read `examples/../../misc/grid.png`: No such file or directory (os error 2)
[INFO] [stdout]  --> examples/_benchmark.rs:6:33
[INFO] [stdout]   |
[INFO] [stdout] 6 | const GRID_PNG: &'static [u8] = include_bytes!("../../misc/grid.png");
[INFO] [stdout]   |                                 ^^^^^^^^^^^^^^^^^^^^^^^^^^^^^^^^^^^^^
[INFO] [stdout] 
[INFO] [stdout] 
[INFO] [stdout] error[E0601]: `main` function not found in crate `_benchmark`
[INFO] [stdout]   --> examples/_benchmark.rs:68:2
[INFO] [stdout]    |
[INFO] [stdout] 68 | }
[INFO] [stdout]    |  ^ consider adding a `main` function to `examples/_benchmark.rs`
[INFO] [stdout] 
[INFO] [stdout] 
[INFO] [stdout] error: couldn't read `examples/../../misc/grid.png`: No such file or directory (os error 2)
[INFO] [stdout]  --> examples/_benchmark.rs:6:33
[INFO] [stdout]   |
[INFO] [stdout] 6 | const GRID_PNG: &'static [u8] = include_bytes!("../../misc/grid.png");
[INFO] [stdout]   |                                 ^^^^^^^^^^^^^^^^^^^^^^^^^^^^^^^^^^^^^
[INFO] [stdout] 
[INFO] [stdout] 
[INFO] [stdout] For more information about this error, try `rustc --explain E0601`.
[INFO] [stdout] 
[INFO] [stderr] error: could not compile `wizdraw` (example "_benchmark") due to 2 previous errors
[INFO] [stderr] warning: build failed, waiting for other jobs to finish...
[INFO] [stderr] error: could not compile `wizdraw` (example "cpu") due to 1 previous error
[INFO] [stdout] error[E0433]: cannot find `gles2` in `wizdraw`
[INFO] [stdout]   --> examples/egl-gles2.rs:53:31
[INFO] [stdout]    |
[INFO] [stdout] 53 |     let mut canvas = wizdraw::gles2::Canvas::init(gl, w as _, h as _).unwrap();
[INFO] [stdout]    |                               ^^^^^ could not find `gles2` in `wizdraw`
[INFO] [stdout]    |
[INFO] [stdout] note: found an item that was configured out
[INFO] [stdout]   --> src/lib.rs:32:9
[INFO] [stdout]    |
[INFO] [stdout] 31 | #[cfg(feature = "gles2")]
[INFO] [stdout]    |       ----------------- the item is gated behind the `gles2` feature
[INFO] [stdout] 32 | pub mod gles2;
[INFO] [stdout]    |         ^^^^^
[INFO] [stdout] 
[INFO] [stdout] 
[INFO] [stdout] error[E0433]: cannot find module or crate `glow` in this scope
[INFO] [stdout]   --> examples/egl-gles2.rs:45:9
[INFO] [stdout]    |
[INFO] [stdout] 45 |         glow::Context::from_loader_function(|s| {
[INFO] [stdout]    |         ^^^^ use of unresolved module or unlinked crate `glow`
[INFO] [stdout]    |
[INFO] [stdout]    = help: if you wanted to use a crate named `glow`, use `cargo add glow` to add it to your `Cargo.toml`
[INFO] [stdout] help: consider importing this struct
[INFO] [stdout]    |
[INFO] [stdout]  1 + use std::task::Context;
[INFO] [stdout]    |
[INFO] [stdout] help: if you import `Context`, refer to it directly
[INFO] [stdout]    |
[INFO] [stdout] 45 -         glow::Context::from_loader_function(|s| {
[INFO] [stdout] 45 +         Context::from_loader_function(|s| {
[INFO] [stdout]    |
[INFO] [stdout] 
[INFO] [stdout] 
[INFO] [stdout] For more information about this error, try `rustc --explain E0433`.
[INFO] [stdout] 
[INFO] [stderr] error: could not compile `wizdraw` (example "egl-gles2") due to 3 previous errors
[INFO] running `Command { std: "docker" "inspect" "80f4f58d1c004685f076b8974f637896c047abacce312e92132ffcf18d49e6f1", kill_on_drop: false }`
[INFO] running `Command { std: "docker" "rm" "-f" "80f4f58d1c004685f076b8974f637896c047abacce312e92132ffcf18d49e6f1", kill_on_drop: false }`
[INFO] [stdout] 80f4f58d1c004685f076b8974f637896c047abacce312e92132ffcf18d49e6f1
