[INFO] fetching crate wireshift-fs 0.1.2...
[INFO] testing wireshift-fs-0.1.2 against 1.99.0-beta.8+cargoflags=--release for beta-release-1.100-2
[INFO] extracting crate wireshift-fs 0.1.2 into /workspace/builds/worker-2-tc1/source
[INFO] started tweaking crates.io crate wireshift-fs 0.1.2
[INFO] removed 0 missing tests
[INFO] finished tweaking crates.io crate wireshift-fs 0.1.2
[INFO] tweaked toml for crates.io crate wireshift-fs 0.1.2 written to /workspace/builds/worker-2-tc1/source/Cargo.toml
[INFO] validating manifest of crates.io crate wireshift-fs 0.1.2 on toolchain 1.99.0-beta.8
[INFO] running `Command { std: CARGO_HOME="/workspace/cargo-home" RUSTUP_HOME="/workspace/rustup-home" "/workspace/cargo-home/bin/cargo" "+1.99.0-beta.8" "metadata" "--manifest-path" "Cargo.toml" "--no-deps", kill_on_drop: false }`
[INFO] crate crates.io crate wireshift-fs 0.1.2 already has a lockfile, it will not be regenerated
[INFO] running `Command { std: CARGO_HOME="/workspace/cargo-home" RUSTUP_HOME="/workspace/rustup-home" "/workspace/cargo-home/bin/cargo" "+1.99.0-beta.8" "fetch" "--manifest-path" "Cargo.toml", kill_on_drop: false }`
[INFO] [stderr]     Blocking waiting for file lock on package cache
[INFO] [stderr]     Blocking waiting for file lock on package cache
[INFO] running `Command { std: "docker" "create" "-v" "/var/lib/crater-agent-workspace/builds/worker-2-tc1/source:/opt/rustwide/workdir:ro,Z" "-v" "/var/lib/crater-agent-workspace/builds/worker-2-tc1/target:/opt/rustwide/target:rw,Z" "-v" "/var/lib/crater-agent-workspace/cargo-home:/opt/rustwide/cargo-home:ro,Z" "-v" "/var/lib/crater-agent-workspace/rustup-home:/opt/rustwide/rustup-home:ro,Z" "-m" "1610612736" "--network" "none" "ghcr.io/rust-lang/crates-build-env/linux@sha256:77db811e55d90add9212f6832c23229e3de5f1c1f9905e8cb07319ea15df73ac" "sleep" "infinity", kill_on_drop: false }`
[INFO] [stdout] d8a970d33ead550c5b480b60a3e8060cfe2e87927cd374a057fc6d0c49cdbbc5
[INFO] running `Command { std: "docker" "start" "d8a970d33ead550c5b480b60a3e8060cfe2e87927cd374a057fc6d0c49cdbbc5", kill_on_drop: false }`
[INFO] running `Command { std: "docker" "inspect" "d8a970d33ead550c5b480b60a3e8060cfe2e87927cd374a057fc6d0c49cdbbc5", kill_on_drop: false }`
[INFO] running `Command { std: "docker" "exec" "-e" "SOURCE_DIR=/opt/rustwide/workdir" "-e" "CARGO_HOME=/opt/rustwide/cargo-home" "-e" "RUSTUP_HOME=/opt/rustwide/rustup-home" "-e" "CARGO_TARGET_DIR=/opt/rustwide/target" "-w" "/opt/rustwide/workdir" "--user" "0:0" "d8a970d33ead550c5b480b60a3e8060cfe2e87927cd374a057fc6d0c49cdbbc5" "/opt/rustwide/cargo-home/bin/cargo" "+1.99.0-beta.8" "metadata" "--no-deps" "--format-version=1", kill_on_drop: false }`
[INFO] running `Command { std: "docker" "inspect" "d8a970d33ead550c5b480b60a3e8060cfe2e87927cd374a057fc6d0c49cdbbc5", kill_on_drop: false }`
[INFO] running `Command { std: "docker" "exec" "-e" "SOURCE_DIR=/opt/rustwide/workdir" "-e" "CARGO_HOME=/opt/rustwide/cargo-home" "-e" "RUSTUP_HOME=/opt/rustwide/rustup-home" "-e" "CARGO_TARGET_DIR=/opt/rustwide/target" "-e" "CARGO_INCREMENTAL=0" "-e" "RUST_BACKTRACE=full" "-e" "RUSTFLAGS=--cap-lints=warn" "-e" "RUSTDOCFLAGS=--cap-lints=warn" "-w" "/opt/rustwide/workdir" "--user" "0:0" "d8a970d33ead550c5b480b60a3e8060cfe2e87927cd374a057fc6d0c49cdbbc5" "/opt/rustwide/cargo-home/bin/cargo" "+1.99.0-beta.8" "build" "--frozen" "--message-format=json" "--release", kill_on_drop: false }`
[INFO] [stderr]    Compiling tracing v0.1.44
[INFO] [stderr]    Compiling crossbeam-queue v0.3.12
[INFO] [stderr]    Compiling wireshift-core v0.1.2
[INFO] [stderr]    Compiling wireshift-fs v0.1.2 (/opt/rustwide/workdir)
[INFO] [stderr]     Finished `release` profile [optimized] target(s) in 2.62s
[INFO] running `Command { std: "docker" "inspect" "d8a970d33ead550c5b480b60a3e8060cfe2e87927cd374a057fc6d0c49cdbbc5", kill_on_drop: false }`
[INFO] running `Command { std: "docker" "exec" "-e" "SOURCE_DIR=/opt/rustwide/workdir" "-e" "CARGO_HOME=/opt/rustwide/cargo-home" "-e" "RUSTUP_HOME=/opt/rustwide/rustup-home" "-e" "CARGO_TARGET_DIR=/opt/rustwide/target" "-e" "CARGO_INCREMENTAL=0" "-e" "RUST_BACKTRACE=full" "-e" "RUSTFLAGS=--cap-lints=warn" "-e" "RUSTDOCFLAGS=--cap-lints=warn" "-w" "/opt/rustwide/workdir" "--user" "0:0" "d8a970d33ead550c5b480b60a3e8060cfe2e87927cd374a057fc6d0c49cdbbc5" "/opt/rustwide/cargo-home/bin/cargo" "+1.99.0-beta.8" "test" "--frozen" "--no-run" "--message-format=json" "--release", kill_on_drop: false }`
[INFO] [stderr]    Compiling bit-vec v0.8.0
[INFO] [stderr]    Compiling unarray v0.1.4
[INFO] [stderr]    Compiling rand_core v0.9.5
[INFO] [stderr]    Compiling ppv-lite86 v0.2.21
[INFO] [stderr]    Compiling rusty-fork v0.3.1
[INFO] [stderr]    Compiling rand_xorshift v0.4.0
[INFO] [stderr]    Compiling rand v0.9.4
[INFO] [stderr]    Compiling bit-set v0.8.0
[INFO] [stderr]    Compiling rand_chacha v0.9.0
[INFO] [stderr]    Compiling proptest v1.9.0
[INFO] [stderr]    Compiling wireshift-fs v0.1.2 (/opt/rustwide/workdir)
[INFO] [stdout] error[E0432]: unresolved import `wireshift`
[INFO] [stdout]  --> tests/test_depth_concurrent.rs:9:5
[INFO] [stdout]   |
[INFO] [stdout] 9 | use wireshift::{Ring, RingConfig, BackendPreference};
[INFO] [stdout]   |     ^^^^^^^^^ use of unresolved module or unlinked crate `wireshift`
[INFO] [stdout]   |
[INFO] [stdout] help: there is a crate or module with a similar name
[INFO] [stdout]   |
[INFO] [stdout] 9 | use wireshift_fs::{Ring, RingConfig, BackendPreference};
[INFO] [stdout]   |              +++
[INFO] [stdout] 
[INFO] [stdout] 
[INFO] [stdout] warning: unused import: `ChainReadClose`
[INFO] [stdout]  --> tests/test_depth_concurrent.rs:8:46
[INFO] [stdout]   |
[INFO] [stdout] 8 | use wireshift_fs::ops::{OpenAt, Read, Write, ChainReadClose};
[INFO] [stdout]   |                                              ^^^^^^^^^^^^^^
[INFO] [stdout]   |
[INFO] [stdout]   = note: `#[warn(unused_imports)]` (part of `#[warn(unused)]`) on by default
[INFO] [stdout] 
[INFO] [stdout] 
[INFO] [stdout] warning: method call on a diverging inference variable
[INFO] [stdout]   --> tests/test_depth_concurrent.rs:37:38
[INFO] [stdout]    |
[INFO] [stdout] 37 |                 let result = request.wait(None);
[INFO] [stdout]    |                                      ^^^^
[INFO] [stdout]    |
[INFO] [stdout]    = help: consider providing a type annotation
[INFO] [stdout]    = warning: this was previously accepted by the compiler but is being phased out; it will become a hard error in a future release!
[INFO] [stdout]    = note: for more information, see issue #156047 <https://github.com/rust-lang/rust/issues/156047>
[INFO] [stdout]    = note: `#[warn(method_call_on_diverging_infer_var)]` (part of `#[warn(future_incompatible)]`) on by default
[INFO] [stdout] 
[INFO] [stdout] 
[INFO] [stdout] error[E0432]: unresolved import `wireshift`
[INFO] [stdout]  --> tests/unit/test_depth_deep_testing.rs:7:5
[INFO] [stdout]   |
[INFO] [stdout] 7 | use wireshift::{BackendPreference, Ring, RingConfig};
[INFO] [stdout]   |     ^^^^^^^^^ use of unresolved module or unlinked crate `wireshift`
[INFO] [stdout]   |
[INFO] [stdout] help: there is a crate or module with a similar name
[INFO] [stdout]   |
[INFO] [stdout] 7 | use wireshift_fs::{BackendPreference, Ring, RingConfig};
[INFO] [stdout]   |              +++
[INFO] [stdout] 
[INFO] [stdout] 
[INFO] [stdout] error[E0433]: cannot find module or crate `wireshift` in this scope
[INFO] [stdout]   --> tests/unit/fs.rs:11:5
[INFO] [stdout]    |
[INFO] [stdout] 11 | use wireshift::ops::{ChainReadClose, ChainedRead, Fsync, OpenAt, OpenFlags, Read, ReadVectored, Statx, Write, WriteVectored};
[INFO] [stdout]    |     ^^^^^^^^^ use of unresolved module or unlinked crate `wireshift`
[INFO] [stdout]    |
[INFO] [stdout] help: there is a crate or module with a similar name
[INFO] [stdout]    |
[INFO] [stdout] 11 | use wireshift_fs::ops::{ChainReadClose, ChainedRead, Fsync, OpenAt, OpenFlags, Read, ReadVectored, Statx, Write, WriteVectored};
[INFO] [stdout]    |              +++
[INFO] [stdout] 
[INFO] [stdout] 
[INFO] [stdout] error[E0432]: unresolved import `wireshift`
[INFO] [stdout]   --> tests/unit/fs.rs:10:5
[INFO] [stdout]    |
[INFO] [stdout] 10 | use wireshift::mmap_populate;
[INFO] [stdout]    |     ^^^^^^^^^ use of unresolved module or unlinked crate `wireshift`
[INFO] [stdout]    |
[INFO] [stdout] help: there is a crate or module with a similar name
[INFO] [stdout]    |
[INFO] [stdout] 10 | use wireshift_fs::mmap_populate;
[INFO] [stdout]    |              +++
[INFO] [stdout] 
[INFO] [stdout] 
[INFO] [stdout] error[E0432]: unresolved import `wireshift`
[INFO] [stdout]   --> tests/unit/fs.rs:12:5
[INFO] [stdout]    |
[INFO] [stdout] 12 | use wireshift::{BackendPreference, BufferPool, Ring, RingConfig};
[INFO] [stdout]    |     ^^^^^^^^^ use of unresolved module or unlinked crate `wireshift`
[INFO] [stdout]    |
[INFO] [stdout] help: there is a crate or module with a similar name
[INFO] [stdout]    |
[INFO] [stdout] 12 | use wireshift_fs::{BackendPreference, BufferPool, Ring, RingConfig};
[INFO] [stdout]    |              +++
[INFO] [stdout] 
[INFO] [stdout] 
[INFO] [stdout] error[E0433]: cannot find module or crate `wireshift` in this scope
[INFO] [stdout]  --> tests/filtered_read_gpu_staging.rs:8:5
[INFO] [stdout]   |
[INFO] [stdout] 8 | use wireshift::ops::{AlignedBuffer, FilteredReadRequest, GpuStagedReadOp, ReadRange};
[INFO] [stdout]   |     ^^^^^^^^^ use of unresolved module or unlinked crate `wireshift`
[INFO] [stdout]   |
[INFO] [stdout] help: there is a crate or module with a similar name
[INFO] [stdout]   |
[INFO] [stdout] 8 | use wireshift_fs::ops::{AlignedBuffer, FilteredReadRequest, GpuStagedReadOp, ReadRange};
[INFO] [stdout]   |              +++
[INFO] [stdout] 
[INFO] [stdout] 
[INFO] [stdout] error[E0432]: unresolved import `faultkit`
[INFO] [stdout]  --> tests/test_depth_fault_injection.rs:5:5
[INFO] [stdout]   |
[INFO] [stdout] 5 | use faultkit::{inject_scoped, Fault};
[INFO] [stdout]   |     ^^^^^^^^ use of unresolved module or unlinked crate `faultkit`
[INFO] [stdout]   |
[INFO] [stdout]   = help: if you wanted to use a crate named `faultkit`, use `cargo add faultkit` to add it to your `Cargo.toml`
[INFO] [stdout] 
[INFO] [stdout] 
[INFO] [stdout] error[E0432]: unresolved import `wireshift`
[INFO] [stdout]  --> tests/test_depth_fault_injection.rs:7:5
[INFO] [stdout]   |
[INFO] [stdout] 7 | use wireshift::{Ring, RingConfig, BackendPreference};
[INFO] [stdout]   |     ^^^^^^^^^ use of unresolved module or unlinked crate `wireshift`
[INFO] [stdout]   |
[INFO] [stdout] help: there is a crate or module with a similar name
[INFO] [stdout]   |
[INFO] [stdout] 7 | use wireshift_fs::{Ring, RingConfig, BackendPreference};
[INFO] [stdout]   |              +++
[INFO] [stdout] 
[INFO] [stdout] 
[INFO] [stdout] warning: method call on a diverging inference variable
[INFO] [stdout]   --> tests/test_depth_fault_injection.rs:54:31
[INFO] [stdout]    |
[INFO] [stdout] 54 |             let res = request.wait(None);
[INFO] [stdout]    |                               ^^^^
[INFO] [stdout]    |
[INFO] [stdout]    = help: consider providing a type annotation
[INFO] [stdout]    = warning: this was previously accepted by the compiler but is being phased out; it will become a hard error in a future release!
[INFO] [stdout]    = note: for more information, see issue #156047 <https://github.com/rust-lang/rust/issues/156047>
[INFO] [stdout]    = note: `#[warn(method_call_on_diverging_infer_var)]` (part of `#[warn(future_incompatible)]`) on by default
[INFO] [stdout] 
[INFO] [stdout] 
[INFO] [stdout] error[E0432]: unresolved import `wireshift`
[INFO] [stdout]  --> tests/filtered_read_gpu_staging.rs:9:5
[INFO] [stdout]   |
[INFO] [stdout] 9 | use wireshift::{BackendPreference, Result, Ring, RingConfig};
[INFO] [stdout]   |     ^^^^^^^^^ use of unresolved module or unlinked crate `wireshift`
[INFO] [stdout]   |
[INFO] [stdout] help: there is a crate or module with a similar name
[INFO] [stdout]   |
[INFO] [stdout] 9 | use wireshift_fs::{BackendPreference, Result, Ring, RingConfig};
[INFO] [stdout]   |              +++
[INFO] [stdout] 
[INFO] [stdout] 
[INFO] [stdout] Some errors have detailed explanations: E0432, E0433.
[INFO] [stdout] 
[INFO] [stdout] error[E0599]: no method named `wait` found for type `!` in the current scope
[INFO] [stdout]   --> tests/test_depth_fault_injection.rs:54:31
[INFO] [stdout]    |
[INFO] [stdout] 54 |             let res = request.wait(None);
[INFO] [stdout]    |                               ^^^^ method not found in `!`
[INFO] [stdout] 
[INFO] [stdout] 
[INFO] [stdout] warning: method call on a diverging inference variable
[INFO] [stdout]   --> tests/test_depth_fault_injection.rs:93:31
[INFO] [stdout]    |
[INFO] [stdout] 93 |             let res = request.wait(None);
[INFO] [stdout]    |                               ^^^^
[INFO] [stdout]    |
[INFO] [stdout]    = help: consider providing a type annotation
[INFO] [stdout]    = warning: this was previously accepted by the compiler but is being phased out; it will become a hard error in a future release!
[INFO] [stdout]    = note: for more information, see issue #156047 <https://github.com/rust-lang/rust/issues/156047>
[INFO] [stdout] 
[INFO] [stdout] 
[INFO] [stdout] For more information about an error, try `rustc --explain E0432`.
[INFO] [stdout] 
[INFO] [stdout] error[E0599]: no method named `wait` found for type `!` in the current scope
[INFO] [stdout]   --> tests/test_depth_fault_injection.rs:93:31
[INFO] [stdout]    |
[INFO] [stdout] 93 |             let res = request.wait(None);
[INFO] [stdout]    |                               ^^^^ method not found in `!`
[INFO] [stdout] 
[INFO] [stdout] 
[INFO] [stdout] error[E0599]: no method named `wait` found for type `!` in the current scope
[INFO] [stdout]   --> tests/test_depth_concurrent.rs:37:38
[INFO] [stdout]    |
[INFO] [stdout] 37 |                 let result = request.wait(None);
[INFO] [stdout]    |                                      ^^^^ method not found in `!`
[INFO] [stdout] 
[INFO] [stdout] 
[INFO] [stdout] warning: method call on a diverging inference variable
[INFO] [stdout]    --> tests/test_depth_fault_injection.rs:133:26
[INFO] [stdout]     |
[INFO] [stdout] 133 |     let result = request.wait(None);
[INFO] [stdout]     |                          ^^^^
[INFO] [stdout]     |
[INFO] [stdout]     = help: consider providing a type annotation
[INFO] [stdout]     = warning: this was previously accepted by the compiler but is being phased out; it will become a hard error in a future release!
[INFO] [stdout]     = note: for more information, see issue #156047 <https://github.com/rust-lang/rust/issues/156047>
[INFO] [stdout] 
[INFO] [stdout] 
[INFO] [stdout] For more information about this error, try `rustc --explain E0432`.
[INFO] [stdout] 
[INFO] [stderr] error: could not compile `wireshift-fs` (test "unit_test_depth_deep_testing") due to 1 previous error
[INFO] [stdout] error[E0599]: no method named `wait` found for type `!` in the current scope
[INFO] [stdout]    --> tests/test_depth_fault_injection.rs:133:26
[INFO] [stdout]     |
[INFO] [stdout] 133 |     let result = request.wait(None);
[INFO] [stdout]     |                          ^^^^ method not found in `!`
[INFO] [stdout] 
[INFO] [stdout] 
[INFO] [stderr] warning: build failed, waiting for other jobs to finish...
[INFO] [stdout] warning: method call on a diverging inference variable
[INFO] [stdout]    --> tests/test_depth_fault_injection.rs:168:26
[INFO] [stdout]     |
[INFO] [stdout] 168 |     let result = request.wait(None);
[INFO] [stdout]     |                          ^^^^
[INFO] [stdout]     |
[INFO] [stdout]     = help: consider providing a type annotation
[INFO] [stdout]     = warning: this was previously accepted by the compiler but is being phased out; it will become a hard error in a future release!
[INFO] [stdout]     = note: for more information, see issue #156047 <https://github.com/rust-lang/rust/issues/156047>
[INFO] [stdout] 
[INFO] [stdout] 
[INFO] [stderr] error: could not compile `wireshift-fs` (test "unit_fs") due to 3 previous errors
[INFO] [stdout] error[E0599]: no method named `wait` found for type `!` in the current scope
[INFO] [stdout]    --> tests/test_depth_fault_injection.rs:168:26
[INFO] [stdout]     |
[INFO] [stdout] 168 |     let result = request.wait(None);
[INFO] [stdout]     |                          ^^^^ method not found in `!`
[INFO] [stdout] 
[INFO] [stdout] 
[INFO] [stdout] warning: method call on a diverging inference variable
[INFO] [stdout]   --> tests/test_depth_concurrent.rs:91:38
[INFO] [stdout]    |
[INFO] [stdout] 91 |                 let result = request.wait(None);
[INFO] [stdout]    |                                      ^^^^
[INFO] [stdout]    |
[INFO] [stdout]    = help: consider providing a type annotation
[INFO] [stdout]    = warning: this was previously accepted by the compiler but is being phased out; it will become a hard error in a future release!
[INFO] [stdout]    = note: for more information, see issue #156047 <https://github.com/rust-lang/rust/issues/156047>
[INFO] [stdout] 
[INFO] [stdout] 
[INFO] [stdout] Some errors have detailed explanations: E0432, E0599.
[INFO] [stdout] 
[INFO] [stdout] warning: missing documentation for the crate
[INFO] [stdout]    --> tests/adversarial/break_it.rs:1:1
[INFO] [stdout]     |
[INFO] [stdout]   1 | / use std::sync::Arc;
[INFO] [stdout]   2 | | use std::thread;
[INFO] [stdout]   3 | | use tempfile::NamedTempFile;
[INFO] [stdout]   4 | | use wireshift_core::buffer::BufferPool;
[INFO] [stdout] ...   |
[INFO] [stdout] 436 | | }
[INFO] [stdout]     | |_^
[INFO] [stdout]     |
[INFO] [stdout]     = note: requested on the command line with `-W missing-docs`
[INFO] [stdout] 
[INFO] [stdout] 
[INFO] [stdout] For more information about an error, try `rustc --explain E0432`.
[INFO] [stdout] 
[INFO] [stderr] error: could not compile `wireshift-fs` (test "test_depth_fault_injection") due to 6 previous errors; 8 warnings emitted
[INFO] [stdout] error[E0599]: no method named `wait` found for type `!` in the current scope
[INFO] [stdout]   --> tests/test_depth_concurrent.rs:91:38
[INFO] [stdout]    |
[INFO] [stdout] 91 |                 let result = request.wait(None);
[INFO] [stdout]    |                                      ^^^^ method not found in `!`
[INFO] [stdout] 
[INFO] [stdout] 
[INFO] [stdout] warning: method call on a diverging inference variable
[INFO] [stdout]    --> tests/test_depth_concurrent.rs:147:38
[INFO] [stdout]     |
[INFO] [stdout] 147 |                 let result = request.wait(None);
[INFO] [stdout]     |                                      ^^^^
[INFO] [stdout]     |
[INFO] [stdout]     = help: consider providing a type annotation
[INFO] [stdout]     = warning: this was previously accepted by the compiler but is being phased out; it will become a hard error in a future release!
[INFO] [stdout]     = note: for more information, see issue #156047 <https://github.com/rust-lang/rust/issues/156047>
[INFO] [stdout] 
[INFO] [stdout] 
[INFO] [stdout] error[E0599]: no method named `wait` found for type `!` in the current scope
[INFO] [stdout]    --> tests/test_depth_concurrent.rs:147:38
[INFO] [stdout]     |
[INFO] [stdout] 147 |                 let result = request.wait(None);
[INFO] [stdout]     |                                      ^^^^ method not found in `!`
[INFO] [stdout] 
[INFO] [stdout] 
[INFO] [stdout] Some errors have detailed explanations: E0432, E0599.
[INFO] [stdout] 
[INFO] [stdout] For more information about an error, try `rustc --explain E0432`.
[INFO] [stdout] 
[INFO] [stdout] Some errors have detailed explanations: E0432, E0433.
[INFO] [stdout] 
[INFO] [stdout] For more information about an error, try `rustc --explain E0432`.
[INFO] [stdout] 
[INFO] [stderr] error: could not compile `wireshift-fs` (test "filtered_read_gpu_staging") due to 2 previous errors
[INFO] [stderr] error: could not compile `wireshift-fs` (test "test_depth_concurrent") due to 4 previous errors; 7 warnings emitted
[INFO] [stdout] warning: missing documentation for the crate
[INFO] [stdout]    --> tests/break_it.rs:1:1
[INFO] [stdout]     |
[INFO] [stdout]   1 | / use wireshift_core::buffer::{BufferPool};
[INFO] [stdout]   2 | | use wireshift_core::op::{CompletionPayload, Op, OpDescriptor};
[INFO] [stdout]   3 | | use wireshift_fs::ops::*;
[INFO] [stdout]   4 | | use std::sync::Arc;
[INFO] [stdout] ...   |
[INFO] [stdout] 375 | | }
[INFO] [stdout]     | |_^
[INFO] [stdout]     |
[INFO] [stdout]     = note: requested on the command line with `-W missing-docs`
[INFO] [stdout] 
[INFO] [stdout] 
[INFO] [stdout] error[E0433]: cannot find module or crate `wireshift` in this scope
[INFO] [stdout]  --> tests/unit/filtered_read_gpu_staging.rs:8:5
[INFO] [stdout]   |
[INFO] [stdout] 8 | use wireshift::ops::{AlignedBuffer, FilteredReadRequest, GpuStagedReadOp, ReadRange};
[INFO] [stdout]   |     ^^^^^^^^^ use of unresolved module or unlinked crate `wireshift`
[INFO] [stdout]   |
[INFO] [stdout] help: there is a crate or module with a similar name
[INFO] [stdout]   |
[INFO] [stdout] 8 | use wireshift_fs::ops::{AlignedBuffer, FilteredReadRequest, GpuStagedReadOp, ReadRange};
[INFO] [stdout]   |              +++
[INFO] [stdout] 
[INFO] [stdout] 
[INFO] [stdout] error[E0432]: unresolved import `wireshift`
[INFO] [stdout]  --> tests/unit/filtered_read_gpu_staging.rs:9:5
[INFO] [stdout]   |
[INFO] [stdout] 9 | use wireshift::{BackendPreference, Result, Ring, RingConfig};
[INFO] [stdout]   |     ^^^^^^^^^ use of unresolved module or unlinked crate `wireshift`
[INFO] [stdout]   |
[INFO] [stdout] help: there is a crate or module with a similar name
[INFO] [stdout]   |
[INFO] [stdout] 9 | use wireshift_fs::{BackendPreference, Result, Ring, RingConfig};
[INFO] [stdout]   |              +++
[INFO] [stdout] 
[INFO] [stdout] 
[INFO] [stdout] error[E0433]: cannot find module or crate `wireshift` in this scope
[INFO] [stdout]   --> tests/unit/fs.rs:11:5
[INFO] [stdout]    |
[INFO] [stdout] 11 | use wireshift::ops::{ChainReadClose, ChainedRead, Fsync, OpenAt, OpenFlags, Read, ReadVectored, Statx, Write, WriteVectored};
[INFO] [stdout]    |     ^^^^^^^^^ use of unresolved module or unlinked crate `wireshift`
[INFO] [stdout]    |
[INFO] [stdout] help: there is a crate or module with a similar name
[INFO] [stdout]    |
[INFO] [stdout] 11 | use wireshift_fs::ops::{ChainReadClose, ChainedRead, Fsync, OpenAt, OpenFlags, Read, ReadVectored, Statx, Write, WriteVectored};
[INFO] [stdout]    |              +++
[INFO] [stdout] 
[INFO] [stdout] 
[INFO] [stdout] error[E0432]: unresolved import `wireshift`
[INFO] [stdout]   --> tests/unit/fs.rs:10:5
[INFO] [stdout]    |
[INFO] [stdout] 10 | use wireshift::mmap_populate;
[INFO] [stdout]    |     ^^^^^^^^^ use of unresolved module or unlinked crate `wireshift`
[INFO] [stdout]    |
[INFO] [stdout] help: there is a crate or module with a similar name
[INFO] [stdout]    |
[INFO] [stdout] 10 | use wireshift_fs::mmap_populate;
[INFO] [stdout]    |              +++
[INFO] [stdout] 
[INFO] [stdout] 
[INFO] [stdout] error[E0433]: cannot find module or crate `wireshift` in this scope
[INFO] [stdout]  --> tests/unit/short_read.rs:4:5
[INFO] [stdout]   |
[INFO] [stdout] 4 | use wireshift::{ops::Read, Ring, RingConfig};
[INFO] [stdout]   |     ^^^^^^^^^ use of unresolved module or unlinked crate `wireshift`
[INFO] [stdout]   |
[INFO] [stdout] help: there is a crate or module with a similar name
[INFO] [stdout]   |
[INFO] [stdout] 4 | use wireshift_fs::{ops::Read, Ring, RingConfig};
[INFO] [stdout]   |              +++
[INFO] [stdout] 
[INFO] [stdout] 
[INFO] [stdout] error[E0432]: unresolved import `wireshift`
[INFO] [stdout]   --> tests/unit/fs.rs:12:5
[INFO] [stdout]    |
[INFO] [stdout] 12 | use wireshift::{BackendPreference, BufferPool, Ring, RingConfig};
[INFO] [stdout]    |     ^^^^^^^^^ use of unresolved module or unlinked crate `wireshift`
[INFO] [stdout]    |
[INFO] [stdout] help: there is a crate or module with a similar name
[INFO] [stdout]    |
[INFO] [stdout] 12 | use wireshift_fs::{BackendPreference, BufferPool, Ring, RingConfig};
[INFO] [stdout]    |              +++
[INFO] [stdout] 
[INFO] [stdout] 
[INFO] [stdout] error[E0432]: unresolved import `wireshift`
[INFO] [stdout]  --> tests/unit/short_read.rs:4:5
[INFO] [stdout]   |
[INFO] [stdout] 4 | use wireshift::{ops::Read, Ring, RingConfig};
[INFO] [stdout]   |     ^^^^^^^^^ use of unresolved module or unlinked crate `wireshift`
[INFO] [stdout]   |
[INFO] [stdout] help: there is a crate or module with a similar name
[INFO] [stdout]   |
[INFO] [stdout] 4 | use wireshift_fs::{ops::Read, Ring, RingConfig};
[INFO] [stdout]   |              +++
[INFO] [stdout] 
[INFO] [stdout] 
[INFO] [stdout] error[E0432]: unresolved import `wireshift`
[INFO] [stdout]  --> tests/unit/test_depth_concurrent.rs:8:5
[INFO] [stdout]   |
[INFO] [stdout] 8 | use wireshift::{BackendPreference, Ring, RingConfig};
[INFO] [stdout]   |     ^^^^^^^^^ use of unresolved module or unlinked crate `wireshift`
[INFO] [stdout]   |
[INFO] [stdout] help: there is a crate or module with a similar name
[INFO] [stdout]   |
[INFO] [stdout] 8 | use wireshift_fs::{BackendPreference, Ring, RingConfig};
[INFO] [stdout]   |              +++
[INFO] [stdout] 
[INFO] [stdout] 
[INFO] [stdout] error[E0432]: unresolved import `faultkit`
[INFO] [stdout]  --> tests/unit/test_depth_fault_injection.rs:3:5
[INFO] [stdout]   |
[INFO] [stdout] 3 | use faultkit::{inject_scoped, Fault};
[INFO] [stdout]   |     ^^^^^^^^ use of unresolved module or unlinked crate `faultkit`
[INFO] [stdout]   |
[INFO] [stdout]   = help: if you wanted to use a crate named `faultkit`, use `cargo add faultkit` to add it to your `Cargo.toml`
[INFO] [stdout] 
[INFO] [stdout] 
[INFO] [stdout] error[E0432]: unresolved import `wireshift`
[INFO] [stdout]  --> tests/unit/test_depth_fault_injection.rs:6:5
[INFO] [stdout]   |
[INFO] [stdout] 6 | use wireshift::{BackendPreference, Ring, RingConfig};
[INFO] [stdout]   |     ^^^^^^^^^ use of unresolved module or unlinked crate `wireshift`
[INFO] [stdout]   |
[INFO] [stdout] help: there is a crate or module with a similar name
[INFO] [stdout]   |
[INFO] [stdout] 6 | use wireshift_fs::{BackendPreference, Ring, RingConfig};
[INFO] [stdout]   |              +++
[INFO] [stdout] 
[INFO] [stdout] 
[INFO] [stdout] warning: method call on a diverging inference variable
[INFO] [stdout]   --> tests/unit/test_depth_concurrent.rs:37:38
[INFO] [stdout]    |
[INFO] [stdout] 37 |                 let result = request.wait(None);
[INFO] [stdout]    |                                      ^^^^
[INFO] [stdout]    |
[INFO] [stdout]    = help: consider providing a type annotation
[INFO] [stdout]    = warning: this was previously accepted by the compiler but is being phased out; it will become a hard error in a future release!
[INFO] [stdout]    = note: for more information, see issue #156047 <https://github.com/rust-lang/rust/issues/156047>
[INFO] [stdout]    = note: `#[warn(method_call_on_diverging_infer_var)]` (part of `#[warn(future_incompatible)]`) on by default
[INFO] [stdout] 
[INFO] [stdout] 
[INFO] [stdout] error[E0599]: no method named `wait` found for type `!` in the current scope
[INFO] [stdout]   --> tests/unit/test_depth_concurrent.rs:37:38
[INFO] [stdout]    |
[INFO] [stdout] 37 |                 let result = request.wait(None);
[INFO] [stdout]    |                                      ^^^^ method not found in `!`
[INFO] [stdout] 
[INFO] [stdout] 
[INFO] [stdout] warning: method call on a diverging inference variable
[INFO] [stdout]   --> tests/unit/test_depth_concurrent.rs:91:38
[INFO] [stdout]    |
[INFO] [stdout] 91 |                 let result = request.wait(None);
[INFO] [stdout]    |                                      ^^^^
[INFO] [stdout]    |
[INFO] [stdout]    = help: consider providing a type annotation
[INFO] [stdout]    = warning: this was previously accepted by the compiler but is being phased out; it will become a hard error in a future release!
[INFO] [stdout]    = note: for more information, see issue #156047 <https://github.com/rust-lang/rust/issues/156047>
[INFO] [stdout] 
[INFO] [stdout] 
[INFO] [stdout] error[E0599]: no method named `wait` found for type `!` in the current scope
[INFO] [stdout]   --> tests/unit/test_depth_concurrent.rs:91:38
[INFO] [stdout]    |
[INFO] [stdout] 91 |                 let result = request.wait(None);
[INFO] [stdout]    |                                      ^^^^ method not found in `!`
[INFO] [stdout] 
[INFO] [stdout] 
[INFO] [stdout] warning: method call on a diverging inference variable
[INFO] [stdout]    --> tests/unit/test_depth_concurrent.rs:153:38
[INFO] [stdout]     |
[INFO] [stdout] 153 |                 let result = request.wait(None);
[INFO] [stdout]     |                                      ^^^^
[INFO] [stdout]     |
[INFO] [stdout]     = help: consider providing a type annotation
[INFO] [stdout]     = warning: this was previously accepted by the compiler but is being phased out; it will become a hard error in a future release!
[INFO] [stdout]     = note: for more information, see issue #156047 <https://github.com/rust-lang/rust/issues/156047>
[INFO] [stdout] 
[INFO] [stdout] 
[INFO] [stdout] error[E0599]: no method named `wait` found for type `!` in the current scope
[INFO] [stdout]    --> tests/unit/test_depth_concurrent.rs:153:38
[INFO] [stdout]     |
[INFO] [stdout] 153 |                 let result = request.wait(None);
[INFO] [stdout]     |                                      ^^^^ method not found in `!`
[INFO] [stdout] 
[INFO] [stdout] 
[INFO] [stdout] warning: method call on a diverging inference variable
[INFO] [stdout]   --> tests/unit/test_depth_fault_injection.rs:54:31
[INFO] [stdout]    |
[INFO] [stdout] 54 |             let res = request.wait(None);
[INFO] [stdout]    |                               ^^^^
[INFO] [stdout]    |
[INFO] [stdout]    = help: consider providing a type annotation
[INFO] [stdout]    = warning: this was previously accepted by the compiler but is being phased out; it will become a hard error in a future release!
[INFO] [stdout]    = note: for more information, see issue #156047 <https://github.com/rust-lang/rust/issues/156047>
[INFO] [stdout] 
[INFO] [stdout] 
[INFO] [stdout] error[E0599]: no method named `wait` found for type `!` in the current scope
[INFO] [stdout]   --> tests/unit/test_depth_fault_injection.rs:54:31
[INFO] [stdout]    |
[INFO] [stdout] 54 |             let res = request.wait(None);
[INFO] [stdout]    |                               ^^^^ method not found in `!`
[INFO] [stdout] 
[INFO] [stdout] 
[INFO] [stdout] warning: method call on a diverging inference variable
[INFO] [stdout]   --> tests/unit/test_depth_fault_injection.rs:99:31
[INFO] [stdout]    |
[INFO] [stdout] 99 |             let res = request.wait(None);
[INFO] [stdout]    |                               ^^^^
[INFO] [stdout]    |
[INFO] [stdout]    = help: consider providing a type annotation
[INFO] [stdout]    = warning: this was previously accepted by the compiler but is being phased out; it will become a hard error in a future release!
[INFO] [stdout]    = note: for more information, see issue #156047 <https://github.com/rust-lang/rust/issues/156047>
[INFO] [stdout] 
[INFO] [stdout] 
[INFO] [stdout] error[E0599]: no method named `wait` found for type `!` in the current scope
[INFO] [stdout]   --> tests/unit/test_depth_fault_injection.rs:99:31
[INFO] [stdout]    |
[INFO] [stdout] 99 |             let res = request.wait(None);
[INFO] [stdout]    |                               ^^^^ method not found in `!`
[INFO] [stdout] 
[INFO] [stdout] 
[INFO] [stdout] warning: method call on a diverging inference variable
[INFO] [stdout]    --> tests/unit/test_depth_fault_injection.rs:141:26
[INFO] [stdout]     |
[INFO] [stdout] 141 |     let result = request.wait(None);
[INFO] [stdout]     |                          ^^^^
[INFO] [stdout]     |
[INFO] [stdout]     = help: consider providing a type annotation
[INFO] [stdout]     = warning: this was previously accepted by the compiler but is being phased out; it will become a hard error in a future release!
[INFO] [stdout]     = note: for more information, see issue #156047 <https://github.com/rust-lang/rust/issues/156047>
[INFO] [stdout] 
[INFO] [stdout] 
[INFO] [stdout] error[E0599]: no method named `wait` found for type `!` in the current scope
[INFO] [stdout]    --> tests/unit/test_depth_fault_injection.rs:141:26
[INFO] [stdout]     |
[INFO] [stdout] 141 |     let result = request.wait(None);
[INFO] [stdout]     |                          ^^^^ method not found in `!`
[INFO] [stdout] 
[INFO] [stdout] 
[INFO] [stdout] warning: method call on a diverging inference variable
[INFO] [stdout]    --> tests/unit/test_depth_fault_injection.rs:180:26
[INFO] [stdout]     |
[INFO] [stdout] 180 |     let result = request.wait(None);
[INFO] [stdout]     |                          ^^^^
[INFO] [stdout]     |
[INFO] [stdout]     = help: consider providing a type annotation
[INFO] [stdout]     = warning: this was previously accepted by the compiler but is being phased out; it will become a hard error in a future release!
[INFO] [stdout]     = note: for more information, see issue #156047 <https://github.com/rust-lang/rust/issues/156047>
[INFO] [stdout] 
[INFO] [stdout] 
[INFO] [stdout] error[E0599]: no method named `wait` found for type `!` in the current scope
[INFO] [stdout]    --> tests/unit/test_depth_fault_injection.rs:180:26
[INFO] [stdout]     |
[INFO] [stdout] 180 |     let result = request.wait(None);
[INFO] [stdout]     |                          ^^^^ method not found in `!`
[INFO] [stdout] 
[INFO] [stdout] 
[INFO] [stdout] Some errors have detailed explanations: E0432, E0433, E0599.
[INFO] [stdout] 
[INFO] [stdout] For more information about an error, try `rustc --explain E0432`.
[INFO] [stdout] 
[INFO] [stderr] error: could not compile `wireshift-fs` (test "unit") due to 17 previous errors; 14 warnings emitted
[INFO] running `Command { std: "docker" "inspect" "d8a970d33ead550c5b480b60a3e8060cfe2e87927cd374a057fc6d0c49cdbbc5", kill_on_drop: false }`
[INFO] running `Command { std: "docker" "rm" "-f" "d8a970d33ead550c5b480b60a3e8060cfe2e87927cd374a057fc6d0c49cdbbc5", kill_on_drop: false }`
[INFO] [stdout] d8a970d33ead550c5b480b60a3e8060cfe2e87927cd374a057fc6d0c49cdbbc5
