[INFO] fetching crate wiremux-auth 0.11.1...
[INFO] testing wiremux-auth-0.11.1 against 1.100.0-beta.1+cargoflags=--release for beta-release-1.100-2
[INFO] extracting crate wiremux-auth 0.11.1 into /workspace/builds/worker-6-tc2/source
[INFO] started tweaking crates.io crate wiremux-auth 0.11.1
[INFO] removed 0 missing tests
[INFO] finished tweaking crates.io crate wiremux-auth 0.11.1
[INFO] tweaked toml for crates.io crate wiremux-auth 0.11.1 written to /workspace/builds/worker-6-tc2/source/Cargo.toml
[INFO] validating manifest of crates.io crate wiremux-auth 0.11.1 on toolchain 1.100.0-beta.1
[INFO] running `Command { std: CARGO_HOME="/workspace/cargo-home" RUSTUP_HOME="/workspace/rustup-home" "/workspace/cargo-home/bin/cargo" "+1.100.0-beta.1" "metadata" "--manifest-path" "Cargo.toml" "--no-deps", kill_on_drop: false }`
[INFO] crate crates.io crate wiremux-auth 0.11.1 already has a lockfile, it will not be regenerated
[INFO] running `Command { std: CARGO_HOME="/workspace/cargo-home" RUSTUP_HOME="/workspace/rustup-home" "/workspace/cargo-home/bin/cargo" "+1.100.0-beta.1" "fetch" "--manifest-path" "Cargo.toml", kill_on_drop: false }`
[INFO] running `Command { std: "docker" "create" "-v" "/var/lib/crater-agent-workspace/builds/worker-6-tc2/source:/opt/rustwide/workdir:ro,Z" "-v" "/var/lib/crater-agent-workspace/builds/worker-6-tc2/target:/opt/rustwide/target:rw,Z" "-v" "/var/lib/crater-agent-workspace/cargo-home:/opt/rustwide/cargo-home:ro,Z" "-v" "/var/lib/crater-agent-workspace/rustup-home:/opt/rustwide/rustup-home:ro,Z" "-m" "1610612736" "--network" "none" "ghcr.io/rust-lang/crates-build-env/linux@sha256:77db811e55d90add9212f6832c23229e3de5f1c1f9905e8cb07319ea15df73ac" "sleep" "infinity", kill_on_drop: false }`
[INFO] [stdout] b8d404540086300b208baac57cbee0eb95b49f04b085b018902277fb149799c3
[INFO] running `Command { std: "docker" "start" "b8d404540086300b208baac57cbee0eb95b49f04b085b018902277fb149799c3", kill_on_drop: false }`
[INFO] running `Command { std: "docker" "inspect" "b8d404540086300b208baac57cbee0eb95b49f04b085b018902277fb149799c3", kill_on_drop: false }`
[INFO] running `Command { std: "docker" "exec" "-e" "SOURCE_DIR=/opt/rustwide/workdir" "-e" "CARGO_HOME=/opt/rustwide/cargo-home" "-e" "RUSTUP_HOME=/opt/rustwide/rustup-home" "-e" "CARGO_TARGET_DIR=/opt/rustwide/target" "-w" "/opt/rustwide/workdir" "--user" "0:0" "b8d404540086300b208baac57cbee0eb95b49f04b085b018902277fb149799c3" "/opt/rustwide/cargo-home/bin/cargo" "+1.100.0-beta.1" "metadata" "--no-deps" "--format-version=1", kill_on_drop: false }`
[INFO] running `Command { std: "docker" "inspect" "b8d404540086300b208baac57cbee0eb95b49f04b085b018902277fb149799c3", kill_on_drop: false }`
[INFO] running `Command { std: "docker" "exec" "-e" "SOURCE_DIR=/opt/rustwide/workdir" "-e" "CARGO_HOME=/opt/rustwide/cargo-home" "-e" "RUSTUP_HOME=/opt/rustwide/rustup-home" "-e" "CARGO_TARGET_DIR=/opt/rustwide/target" "-e" "CARGO_INCREMENTAL=0" "-e" "RUST_BACKTRACE=full" "-e" "RUSTFLAGS=--cap-lints=warn" "-e" "RUSTDOCFLAGS=--cap-lints=warn" "-w" "/opt/rustwide/workdir" "--user" "0:0" "b8d404540086300b208baac57cbee0eb95b49f04b085b018902277fb149799c3" "/opt/rustwide/cargo-home/bin/cargo" "+1.100.0-beta.1" "build" "--frozen" "--message-format=json" "--release", kill_on_drop: false }`
[INFO] [stderr]    Compiling syn v2.0.119
[INFO] [stderr]    Compiling syn v3.0.5
[INFO] [stderr]    Compiling aws-lc-rs v1.18.1
[INFO] [stderr]    Compiling smallvec v1.16.0
[INFO] [stderr]    Compiling untrusted v0.7.1
[INFO] [stderr]    Compiling mio v1.2.3
[INFO] [stderr]    Compiling socket2 v0.6.5
[INFO] [stderr]    Compiling slab v0.4.12
[INFO] [stderr]    Compiling rustls v0.23.45
[INFO] [stderr]    Compiling cc v1.4.5
[INFO] [stderr]    Compiling num-traits v0.2.19
[INFO] [stderr]    Compiling futures-task v0.3.34
[INFO] [stderr]    Compiling want v0.3.2
[INFO] [stderr]    Compiling cmov v0.5.4
[INFO] [stderr]    Compiling block-buffer v0.12.1
[INFO] [stderr]    Compiling crypto-common v0.2.2
[INFO] [stderr]    Compiling time v0.3.55
[INFO] [stderr]    Compiling serde_json v1.0.154
[INFO] [stderr]    Compiling futures-util v0.3.34
[INFO] [stderr]    Compiling rustix v1.1.4
[INFO] [stderr]    Compiling pem v3.0.6
[INFO] [stderr]    Compiling toml_parser v1.1.5+spec-1.1.0
[INFO] [stderr]    Compiling serde_spanned v1.1.2
[INFO] [stderr]    Compiling toml_datetime v1.1.2+spec-1.1.0
[INFO] [stderr]    Compiling ctutils v0.4.2
[INFO] [stderr]    Compiling getrandom v0.4.3
[INFO] [stderr]    Compiling tokio v1.53.2
[INFO] [stderr]    Compiling toml v1.1.8+spec-1.1.0
[INFO] [stderr]    Compiling num-integer v0.1.47
[INFO] [stderr]    Compiling digest v0.11.3
[INFO] [stderr]    Compiling cmake v0.1.58
[INFO] [stderr]    Compiling sha2 v0.11.1
[INFO] [stderr]    Compiling hmac v0.13.0
[INFO] [stderr]    Compiling num-bigint v0.4.8
[INFO] [stderr]    Compiling aws-lc-sys v0.45.0
[INFO] [stderr]    Compiling fs4 v1.1.0
[INFO] [stderr]    Compiling zerovec-derive v0.11.6
[INFO] [stderr]    Compiling displaydoc v0.2.7
[INFO] [stderr]    Compiling serde_derive v1.0.229
[INFO] [stderr]    Compiling thiserror-impl v2.0.21
[INFO] [stderr]    Compiling thiserror v2.0.21
[INFO] [stderr]    Compiling simple_asn1 v0.6.4
[INFO] [stderr]    Compiling synstructure v0.13.2
[INFO] [stderr]    Compiling hyper v1.12.0
[INFO] [stderr]    Compiling tower v0.5.3
[INFO] [stderr]    Compiling serde v1.0.229
[INFO] [stderr]    Compiling zerofrom-derive v0.1.7
[INFO] [stderr]    Compiling yoke-derive v0.8.2
[INFO] [stderr]    Compiling zeroize_derive v1.5.0
[INFO] [stderr]    Compiling tracing-attributes v0.1.31
[INFO] [stderr]    Compiling zeroize v1.9.0
[INFO] [stderr]    Compiling rustls-pki-types v1.15.1
[INFO] [stderr]    Compiling serde_urlencoded v0.7.1
[INFO] [stderr]    Compiling zerofrom v0.1.8
[INFO] [stderr]    Compiling yoke v0.8.3
[INFO] [stderr]    Compiling zerovec v0.11.8
[INFO] [stderr]    Compiling zerotrie v0.2.5
[INFO] [stderr]    Compiling tracing v0.1.44
[INFO] [stderr]    Compiling rustls-native-certs v0.8.4
[INFO] [stderr]    Compiling hyper-util v0.1.21
[INFO] [stderr]    Compiling tinystr v0.8.4
[INFO] [stderr]    Compiling potential_utf v0.1.6
[INFO] [stderr]    Compiling icu_collections v2.3.0
[INFO] [stderr]    Compiling icu_locale_core v2.3.0
[INFO] [stderr]    Compiling icu_provider v2.3.1
[INFO] [stderr]    Compiling icu_properties v2.3.0
[INFO] [stderr]    Compiling icu_normalizer v2.3.0
[INFO] [stderr]    Compiling idna_adapter v1.2.2
[INFO] [stderr]    Compiling idna v1.1.0
[INFO] [stderr]    Compiling url v2.5.8
[INFO] [stderr]    Compiling tower-http v0.6.11
[INFO] [stderr]    Compiling rustls-webpki v0.103.15
[INFO] [stderr]    Compiling jsonwebtoken v11.1.0
[INFO] [stderr]    Compiling tokio-rustls v0.26.5
[INFO] [stderr]    Compiling rustls-platform-verifier v0.7.0
[INFO] [stderr]    Compiling hyper-rustls v0.27.9
[INFO] [stderr]    Compiling reqwest v0.13.5
[INFO] [stderr]    Compiling wiremux-auth v0.11.1 (/opt/rustwide/workdir)
[INFO] [stderr]     Finished `release` profile [optimized] target(s) in 2m 14s
[INFO] running `Command { std: "docker" "inspect" "b8d404540086300b208baac57cbee0eb95b49f04b085b018902277fb149799c3", kill_on_drop: false }`
[INFO] running `Command { std: "docker" "exec" "-e" "SOURCE_DIR=/opt/rustwide/workdir" "-e" "CARGO_HOME=/opt/rustwide/cargo-home" "-e" "RUSTUP_HOME=/opt/rustwide/rustup-home" "-e" "CARGO_TARGET_DIR=/opt/rustwide/target" "-e" "CARGO_INCREMENTAL=0" "-e" "RUST_BACKTRACE=full" "-e" "RUSTFLAGS=--cap-lints=warn" "-e" "RUSTDOCFLAGS=--cap-lints=warn" "-w" "/opt/rustwide/workdir" "--user" "0:0" "b8d404540086300b208baac57cbee0eb95b49f04b085b018902277fb149799c3" "/opt/rustwide/cargo-home/bin/cargo" "+1.100.0-beta.1" "test" "--frozen" "--no-run" "--message-format=json" "--release", kill_on_drop: false }`
[INFO] [stderr]    Compiling syn v3.0.5
[INFO] [stderr]    Compiling tempfile v3.27.0
[INFO] [stderr]    Compiling zerovec-derive v0.11.6
[INFO] [stderr]    Compiling displaydoc v0.2.7
[INFO] [stderr]    Compiling tokio-macros v2.7.2
[INFO] [stderr]    Compiling serde_derive v1.0.229
[INFO] [stderr]    Compiling thiserror-impl v2.0.21
[INFO] [stderr]    Compiling zerotrie v0.2.5
[INFO] [stderr]    Compiling tokio v1.53.2
[INFO] [stderr]    Compiling thiserror v2.0.21
[INFO] [stderr]    Compiling simple_asn1 v0.6.4
[INFO] [stderr]    Compiling zerovec v0.11.8
[INFO] [stderr]    Compiling tinystr v0.8.4
[INFO] [stderr]    Compiling potential_utf v0.1.6
[INFO] [stderr]    Compiling icu_collections v2.3.0
[INFO] [stderr]    Compiling icu_locale_core v2.3.0
[INFO] [stderr]    Compiling serde v1.0.229
[INFO] [stderr]    Compiling icu_provider v2.3.1
[INFO] [stderr]    Compiling icu_properties v2.3.0
[INFO] [stderr]    Compiling icu_normalizer v2.3.0
[INFO] [stderr]    Compiling serde_urlencoded v0.7.1
[INFO] [stderr]    Compiling jsonwebtoken v11.1.0
[INFO] [stderr]    Compiling idna_adapter v1.2.2
[INFO] [stderr]    Compiling idna v1.1.0
[INFO] [stderr]    Compiling url v2.5.8
[INFO] [stderr]    Compiling hyper v1.12.0
[INFO] [stderr]    Compiling tower v0.5.3
[INFO] [stderr]    Compiling tokio-rustls v0.26.5
[INFO] [stderr]    Compiling tower-http v0.6.11
[INFO] [stderr]    Compiling hyper-util v0.1.21
[INFO] [stderr]    Compiling hyper-rustls v0.27.9
[INFO] [stderr]    Compiling reqwest v0.13.5
[INFO] [stderr]    Compiling wiremux-auth v0.11.1 (/opt/rustwide/workdir)
[INFO] [stdout] error[E0432]: unresolved import `crate::IsolatedHome`
[INFO] [stdout]    --> src/providers/gcp.rs:651:21
[INFO] [stdout]     |
[INFO] [stdout] 651 |         use crate::{IsolatedHome, parse_profile_str, provider_from_profile};
[INFO] [stdout]     |                     ^^^^^^^^^^^^ no `IsolatedHome` in the root
[INFO] [stdout]     |
[INFO] [stdout]     = help: consider importing this struct instead:
[INFO] [stdout]             crate::isolated_home::IsolatedHome
[INFO] [stdout] note: found an item that was configured out
[INFO] [stdout]    --> src/lib.rs:66:25
[INFO] [stdout]     |
[INFO] [stdout]  65 | #[cfg(feature = "test-util")]
[INFO] [stdout]     |       --------------------- the item is gated behind the `test-util` feature
[INFO] [stdout]  66 | pub use isolated_home::{IsolatedHome, PlantCredentials};
[INFO] [stdout]     |                         ^^^^^^^^^^^^
[INFO] [stdout] help: a similar name exists in the module
[INFO] [stdout]     |
[INFO] [stdout] 651 -         use crate::{IsolatedHome, parse_profile_str, provider_from_profile};
[INFO] [stdout] 651 +         use crate::{isolated_home, parse_profile_str, provider_from_profile};
[INFO] [stdout]     |
[INFO] [stdout] 
[INFO] [stdout] 
[INFO] [stdout] error[E0432]: unresolved import `crate::IsolatedHome`
[INFO] [stdout]    --> src/providers/gcp.rs:704:21
[INFO] [stdout]     |
[INFO] [stdout] 704 |         use crate::{IsolatedHome, parse_profile_str, provider_from_profile};
[INFO] [stdout]     |                     ^^^^^^^^^^^^ no `IsolatedHome` in the root
[INFO] [stdout]     |
[INFO] [stdout]     = help: consider importing this struct instead:
[INFO] [stdout]             crate::isolated_home::IsolatedHome
[INFO] [stdout] note: found an item that was configured out
[INFO] [stdout]    --> src/lib.rs:66:25
[INFO] [stdout]     |
[INFO] [stdout]  65 | #[cfg(feature = "test-util")]
[INFO] [stdout]     |       --------------------- the item is gated behind the `test-util` feature
[INFO] [stdout]  66 | pub use isolated_home::{IsolatedHome, PlantCredentials};
[INFO] [stdout]     |                         ^^^^^^^^^^^^
[INFO] [stdout] help: a similar name exists in the module
[INFO] [stdout]     |
[INFO] [stdout] 704 -         use crate::{IsolatedHome, parse_profile_str, provider_from_profile};
[INFO] [stdout] 704 +         use crate::{isolated_home, parse_profile_str, provider_from_profile};
[INFO] [stdout]     |
[INFO] [stdout] 
[INFO] [stdout] 
[INFO] [stdout] error[E0432]: unresolved import `crate::IsolatedHome`
[INFO] [stdout]    --> src/providers/gcp.rs:735:21
[INFO] [stdout]     |
[INFO] [stdout] 735 |         use crate::{IsolatedHome, parse_profile_str, provider_from_profile};
[INFO] [stdout]     |                     ^^^^^^^^^^^^ no `IsolatedHome` in the root
[INFO] [stdout]     |
[INFO] [stdout]     = help: consider importing this struct instead:
[INFO] [stdout]             crate::isolated_home::IsolatedHome
[INFO] [stdout] note: found an item that was configured out
[INFO] [stdout]    --> src/lib.rs:66:25
[INFO] [stdout]     |
[INFO] [stdout]  65 | #[cfg(feature = "test-util")]
[INFO] [stdout]     |       --------------------- the item is gated behind the `test-util` feature
[INFO] [stdout]  66 | pub use isolated_home::{IsolatedHome, PlantCredentials};
[INFO] [stdout]     |                         ^^^^^^^^^^^^
[INFO] [stdout] help: a similar name exists in the module
[INFO] [stdout]     |
[INFO] [stdout] 735 -         use crate::{IsolatedHome, parse_profile_str, provider_from_profile};
[INFO] [stdout] 735 +         use crate::{isolated_home, parse_profile_str, provider_from_profile};
[INFO] [stdout]     |
[INFO] [stdout] 
[INFO] [stdout] 
[INFO] [stdout] error[E0432]: unresolved import `wiremux_auth::IsolatedHome`
[INFO] [stdout]   --> tests/profile_schema.rs:8:5
[INFO] [stdout]    |
[INFO] [stdout]  8 |     IsolatedHome, LoadOptions, ProfileError, ResolvedProfile, load_profile, load_profile_from_cli,
[INFO] [stdout]    |     ^^^^^^^^^^^^ no `IsolatedHome` in the root
[INFO] [stdout]    |
[INFO] [stdout] note: found an item that was configured out
[INFO] [stdout]   --> src/lib.rs:66:25
[INFO] [stdout]    |
[INFO] [stdout] 65 | #[cfg(feature = "test-util")]
[INFO] [stdout]    |       --------------------- the item is gated behind the `test-util` feature
[INFO] [stdout] 66 | pub use isolated_home::{IsolatedHome, PlantCredentials};
[INFO] [stdout]    |                         ^^^^^^^^^^^^
[INFO] [stdout] 
[INFO] [stdout] 
[INFO] [stdout] error[E0432]: unresolved imports `wiremux_auth::IsolatedHome`, `wiremux_auth::PlantCredentials`
[INFO] [stdout]   --> tests/overlay.rs:10:18
[INFO] [stdout]    |
[INFO] [stdout] 10 |     CredsFormat, IsolatedHome, ListMerge, LoadOptions, PlantCredentials, ProfileError,
[INFO] [stdout]    |                  ^^^^^^^^^^^^                          ^^^^^^^^^^^^^^^^ no `PlantCredentials` in the root
[INFO] [stdout]    |                  |
[INFO] [stdout]    |                  no `IsolatedHome` in the root
[INFO] [stdout]    |
[INFO] [stdout] note: found an item that was configured out
[INFO] [stdout]   --> src/lib.rs:66:25
[INFO] [stdout]    |
[INFO] [stdout] 65 | #[cfg(feature = "test-util")]
[INFO] [stdout]    |       --------------------- the item is gated behind the `test-util` feature
[INFO] [stdout] 66 | pub use isolated_home::{IsolatedHome, PlantCredentials};
[INFO] [stdout]    |                         ^^^^^^^^^^^^
[INFO] [stdout] note: found an item that was configured out
[INFO] [stdout]   --> src/lib.rs:66:39
[INFO] [stdout]    |
[INFO] [stdout] 65 | #[cfg(feature = "test-util")]
[INFO] [stdout]    |       --------------------- the item is gated behind the `test-util` feature
[INFO] [stdout] 66 | pub use isolated_home::{IsolatedHome, PlantCredentials};
[INFO] [stdout]    |                                       ^^^^^^^^^^^^^^^^
[INFO] [stdout] help: a similar name exists in the module
[INFO] [stdout]    |
[INFO] [stdout] 10 -     CredsFormat, IsolatedHome, ListMerge, LoadOptions, PlantCredentials, ProfileError,
[INFO] [stdout] 10 +     CredsFormat, IsolatedHome, ListMerge, LoadOptions, AwsCredentials, ProfileError,
[INFO] [stdout]    |
[INFO] [stdout] 
[INFO] [stdout] 
[INFO] [stdout] For more information about this error, try `rustc --explain E0432`.
[INFO] [stdout] 
[INFO] [stderr] error: could not compile `wiremux-auth` (test "profile_schema") due to 1 previous error
[INFO] [stderr] warning: build failed, waiting for other jobs to finish...
[INFO] [stdout] error[E0432]: unresolved import `wiremux_auth::IsolatedHome`
[INFO] [stdout]   --> tests/token_provider.rs:9:34
[INFO] [stdout]    |
[INFO] [stdout]  9 |     AnyTokenProvider, AuthError, IsolatedHome, StaticToken, TokenProvider, parse_profile_str,
[INFO] [stdout]    |                                  ^^^^^^^^^^^^ no `IsolatedHome` in the root
[INFO] [stdout]    |
[INFO] [stdout] note: found an item that was configured out
[INFO] [stdout]   --> src/lib.rs:66:25
[INFO] [stdout]    |
[INFO] [stdout] 65 | #[cfg(feature = "test-util")]
[INFO] [stdout]    |       --------------------- the item is gated behind the `test-util` feature
[INFO] [stdout] 66 | pub use isolated_home::{IsolatedHome, PlantCredentials};
[INFO] [stdout]    |                         ^^^^^^^^^^^^
[INFO] [stdout] 
[INFO] [stdout] 
[INFO] [stdout] For more information about this error, try `rustc --explain E0432`.
[INFO] [stdout] 
[INFO] [stderr] error: could not compile `wiremux-auth` (test "overlay") due to 1 previous error
[INFO] [stdout] error[E0432]: unresolved imports `wiremux_auth::IsolatedHome`, `wiremux_auth::PlantCredentials`
[INFO] [stdout]   --> tests/shipped_presets.rs:10:84
[INFO] [stdout]    |
[INFO] [stdout] 10 |     AuthScheme, GROK_CHAT_PROXY_CLIENT_IDENTIFIER, GROK_CHAT_PROXY_CLIENT_VERSION, IsolatedHome,
[INFO] [stdout]    |                                                                                    ^^^^^^^^^^^^ no `IsolatedHome` in the root
[INFO] [stdout] 11 |     LoadOptions, Login, PlantCredentials, ProfileError, TokenProvider, TokenRequestFormat,
[INFO] [stdout]    |                         ^^^^^^^^^^^^^^^^ no `PlantCredentials` in the root
[INFO] [stdout]    |
[INFO] [stdout] note: found an item that was configured out
[INFO] [stdout]   --> src/lib.rs:66:25
[INFO] [stdout]    |
[INFO] [stdout] 65 | #[cfg(feature = "test-util")]
[INFO] [stdout]    |       --------------------- the item is gated behind the `test-util` feature
[INFO] [stdout] 66 | pub use isolated_home::{IsolatedHome, PlantCredentials};
[INFO] [stdout]    |                         ^^^^^^^^^^^^
[INFO] [stdout] note: found an item that was configured out
[INFO] [stdout]   --> src/lib.rs:66:39
[INFO] [stdout]    |
[INFO] [stdout] 65 | #[cfg(feature = "test-util")]
[INFO] [stdout]    |       --------------------- the item is gated behind the `test-util` feature
[INFO] [stdout] 66 | pub use isolated_home::{IsolatedHome, PlantCredentials};
[INFO] [stdout]    |                                       ^^^^^^^^^^^^^^^^
[INFO] [stdout] help: a similar name exists in the module
[INFO] [stdout]    |
[INFO] [stdout] 11 -     LoadOptions, Login, PlantCredentials, ProfileError, TokenProvider, TokenRequestFormat,
[INFO] [stdout] 11 +     LoadOptions, Login, AwsCredentials, ProfileError, TokenProvider, TokenRequestFormat,
[INFO] [stdout]    |
[INFO] [stdout] 
[INFO] [stdout] 
[INFO] [stdout] For more information about this error, try `rustc --explain E0432`.
[INFO] [stdout] 
[INFO] [stderr] error: could not compile `wiremux-auth` (lib test) due to 3 previous errors
[INFO] [stdout] For more information about this error, try `rustc --explain E0432`.
[INFO] [stdout] 
[INFO] [stderr] error: could not compile `wiremux-auth` (test "token_provider") due to 1 previous error
[INFO] [stdout] For more information about this error, try `rustc --explain E0432`.
[INFO] [stdout] 
[INFO] [stderr] error: could not compile `wiremux-auth` (test "shipped_presets") due to 1 previous error
[INFO] running `Command { std: "docker" "inspect" "b8d404540086300b208baac57cbee0eb95b49f04b085b018902277fb149799c3", kill_on_drop: false }`
[INFO] running `Command { std: "docker" "rm" "-f" "b8d404540086300b208baac57cbee0eb95b49f04b085b018902277fb149799c3", kill_on_drop: false }`
[INFO] [stdout] b8d404540086300b208baac57cbee0eb95b49f04b085b018902277fb149799c3
