[INFO] fetching crate windows-thread-ambient-sys 0.2.3...
[INFO] testing windows-thread-ambient-sys-0.2.3 against 1.99.0-beta.8+cargoflags=--release for beta-release-1.100-2
[INFO] extracting crate windows-thread-ambient-sys 0.2.3 into /workspace/builds/worker-2-tc1/source
[INFO] started tweaking crates.io crate windows-thread-ambient-sys 0.2.3
[INFO] removed 0 missing tests
[INFO] finished tweaking crates.io crate windows-thread-ambient-sys 0.2.3
[INFO] tweaked toml for crates.io crate windows-thread-ambient-sys 0.2.3 written to /workspace/builds/worker-2-tc1/source/Cargo.toml
[INFO] validating manifest of crates.io crate windows-thread-ambient-sys 0.2.3 on toolchain 1.99.0-beta.8
[INFO] running `Command { std: CARGO_HOME="/workspace/cargo-home" RUSTUP_HOME="/workspace/rustup-home" "/workspace/cargo-home/bin/cargo" "+1.99.0-beta.8" "metadata" "--manifest-path" "Cargo.toml" "--no-deps", kill_on_drop: false }`
[INFO] crate crates.io crate windows-thread-ambient-sys 0.2.3 already has a lockfile, it will not be regenerated
[INFO] running `Command { std: CARGO_HOME="/workspace/cargo-home" RUSTUP_HOME="/workspace/rustup-home" "/workspace/cargo-home/bin/cargo" "+1.99.0-beta.8" "fetch" "--manifest-path" "Cargo.toml", kill_on_drop: false }`
[INFO] [stderr]     Updating crates.io index
[INFO] [stderr]  Downloading crates ...
[INFO] [stderr]   Downloaded win-time-sys v0.1.0
[INFO] [stderr]   Downloaded win-sync-sys v0.0.2
[INFO] [stderr]   Downloaded windows-overlapped-io-sys v0.2.0
[INFO] [stderr]   Downloaded windows-impersonation-token-sys v0.1.1
[INFO] [stderr]   Downloaded io-buffers v0.1.0
[INFO] [stderr]   Downloaded windows-threadpool-sys v0.2.1
[INFO] running `Command { std: "docker" "create" "-v" "/var/lib/crater-agent-workspace/builds/worker-2-tc1/source:/opt/rustwide/workdir:ro,Z" "-v" "/var/lib/crater-agent-workspace/builds/worker-2-tc1/target:/opt/rustwide/target:rw,Z" "-v" "/var/lib/crater-agent-workspace/cargo-home:/opt/rustwide/cargo-home:ro,Z" "-v" "/var/lib/crater-agent-workspace/rustup-home:/opt/rustwide/rustup-home:ro,Z" "-m" "1610612736" "--network" "none" "ghcr.io/rust-lang/crates-build-env/linux@sha256:77db811e55d90add9212f6832c23229e3de5f1c1f9905e8cb07319ea15df73ac" "sleep" "infinity", kill_on_drop: false }`
[INFO] [stdout] 6328939e3bbbbdf828cac3e4706ab9425a910272cea47bb9e0b98015bd7fdcea
[INFO] running `Command { std: "docker" "start" "6328939e3bbbbdf828cac3e4706ab9425a910272cea47bb9e0b98015bd7fdcea", kill_on_drop: false }`
[INFO] running `Command { std: "docker" "inspect" "6328939e3bbbbdf828cac3e4706ab9425a910272cea47bb9e0b98015bd7fdcea", kill_on_drop: false }`
[INFO] running `Command { std: "docker" "exec" "-e" "SOURCE_DIR=/opt/rustwide/workdir" "-e" "CARGO_HOME=/opt/rustwide/cargo-home" "-e" "RUSTUP_HOME=/opt/rustwide/rustup-home" "-e" "CARGO_TARGET_DIR=/opt/rustwide/target" "-w" "/opt/rustwide/workdir" "--user" "0:0" "6328939e3bbbbdf828cac3e4706ab9425a910272cea47bb9e0b98015bd7fdcea" "/opt/rustwide/cargo-home/bin/cargo" "+1.99.0-beta.8" "metadata" "--no-deps" "--format-version=1", kill_on_drop: false }`
[INFO] running `Command { std: "docker" "inspect" "6328939e3bbbbdf828cac3e4706ab9425a910272cea47bb9e0b98015bd7fdcea", kill_on_drop: false }`
[INFO] running `Command { std: "docker" "exec" "-e" "SOURCE_DIR=/opt/rustwide/workdir" "-e" "CARGO_HOME=/opt/rustwide/cargo-home" "-e" "RUSTUP_HOME=/opt/rustwide/rustup-home" "-e" "CARGO_TARGET_DIR=/opt/rustwide/target" "-e" "CARGO_INCREMENTAL=0" "-e" "RUST_BACKTRACE=full" "-e" "RUSTFLAGS=--cap-lints=warn" "-e" "RUSTDOCFLAGS=--cap-lints=warn" "-w" "/opt/rustwide/workdir" "--user" "0:0" "6328939e3bbbbdf828cac3e4706ab9425a910272cea47bb9e0b98015bd7fdcea" "/opt/rustwide/cargo-home/bin/cargo" "+1.99.0-beta.8" "build" "--frozen" "--message-format=json" "--release", kill_on_drop: false }`
[INFO] [stderr]    Compiling windows-link v0.2.1
[INFO] [stderr]    Compiling windows-sys v0.61.2
[INFO] [stderr]    Compiling windows-impersonation-token-sys v0.1.1
[INFO] [stderr]    Compiling windows-thread-ambient-sys v0.2.3 (/opt/rustwide/workdir)
[INFO] [stderr]     Finished `release` profile [optimized] target(s) in 2.04s
[INFO] running `Command { std: "docker" "inspect" "6328939e3bbbbdf828cac3e4706ab9425a910272cea47bb9e0b98015bd7fdcea", kill_on_drop: false }`
[INFO] running `Command { std: "docker" "exec" "-e" "SOURCE_DIR=/opt/rustwide/workdir" "-e" "CARGO_HOME=/opt/rustwide/cargo-home" "-e" "RUSTUP_HOME=/opt/rustwide/rustup-home" "-e" "CARGO_TARGET_DIR=/opt/rustwide/target" "-e" "CARGO_INCREMENTAL=0" "-e" "RUST_BACKTRACE=full" "-e" "RUSTFLAGS=--cap-lints=warn" "-e" "RUSTDOCFLAGS=--cap-lints=warn" "-w" "/opt/rustwide/workdir" "--user" "0:0" "6328939e3bbbbdf828cac3e4706ab9425a910272cea47bb9e0b98015bd7fdcea" "/opt/rustwide/cargo-home/bin/cargo" "+1.99.0-beta.8" "test" "--frozen" "--no-run" "--message-format=json" "--release", kill_on_drop: false }`
[INFO] [stderr]    Compiling windows-sys v0.61.2
[INFO] [stderr]    Compiling io-buffers v0.1.0
[INFO] [stderr]    Compiling windows-impersonation-token-sys v0.1.1
[INFO] [stderr]    Compiling windows-overlapped-io-sys v0.2.0
[INFO] [stderr]    Compiling win-time-sys v0.1.0
[INFO] [stderr]    Compiling win-sync-sys v0.0.2
[INFO] [stderr]    Compiling windows-threadpool-sys v0.2.1
[INFO] [stderr]    Compiling windows-thread-ambient-sys v0.2.3 (/opt/rustwide/workdir)
[INFO] [stdout] error[E0432]: unresolved import `windows_thread_ambient_sys::declared`
[INFO] [stdout]   --> tests/thread_pool.rs:23:33
[INFO] [stdout]    |
[INFO] [stdout] 23 | use windows_thread_ambient_sys::declared::MemoryPriority;
[INFO] [stdout]    |                                 ^^^^^^^^ could not find `declared` in `windows_thread_ambient_sys`
[INFO] [stdout] 
[INFO] [stdout] 
[INFO] [stdout] error[E0432]: unresolved imports `windows_thread_ambient_sys::AmbientState`, `windows_thread_ambient_sys::CaptureSet`, `windows_thread_ambient_sys::Declared`, `windows_thread_ambient_sys::ThreadErrorMode`
[INFO] [stdout]   --> tests/thread_pool.rs:24:34
[INFO] [stdout]    |
[INFO] [stdout] 24 | use windows_thread_ambient_sys::{AmbientState, CaptureSet, Declared, ThreadErrorMode};
[INFO] [stdout]    |                                  ^^^^^^^^^^^^  ^^^^^^^^^^  ^^^^^^^^  ^^^^^^^^^^^^^^^ no `ThreadErrorMode` in the root
[INFO] [stdout]    |                                  |             |           |
[INFO] [stdout]    |                                  |             |           no `Declared` in the root
[INFO] [stdout]    |                                  |             no `CaptureSet` in the root
[INFO] [stdout]    |                                  no `AmbientState` in the root
[INFO] [stdout] 
[INFO] [stdout] 
[INFO] [stdout] error[E0432]: unresolved import `windows_threadpool_sys::work`
[INFO] [stdout]    --> tests/thread_pool.rs:25:29
[INFO] [stdout]     |
[INFO] [stdout]  25 | use windows_threadpool_sys::work::ThreadpoolWork;
[INFO] [stdout]     |                             ^^^^ could not find `work` in `windows_threadpool_sys`
[INFO] [stdout]     |
[INFO] [stdout] note: found an item that was configured out
[INFO] [stdout]    --> /opt/rustwide/cargo-home/registry/src/index.crates.io-1949cf8c6b5b557f/windows-threadpool-sys-0.2.1/src/lib.rs:257:9
[INFO] [stdout]     |
[INFO] [stdout] 256 | #[cfg(windows)]
[INFO] [stdout]     |       ------- the item is gated here
[INFO] [stdout] 257 | pub mod work;
[INFO] [stdout]     |         ^^^^
[INFO] [stdout] 
[INFO] [stdout] 
[INFO] [stdout] For more information about this error, try `rustc --explain E0432`.
[INFO] [stdout] 
[INFO] [stderr] error: could not compile `windows-thread-ambient-sys` (test "thread_pool") due to 3 previous errors
[INFO] running `Command { std: "docker" "inspect" "6328939e3bbbbdf828cac3e4706ab9425a910272cea47bb9e0b98015bd7fdcea", kill_on_drop: false }`
[INFO] running `Command { std: "docker" "rm" "-f" "6328939e3bbbbdf828cac3e4706ab9425a910272cea47bb9e0b98015bd7fdcea", kill_on_drop: false }`
[INFO] [stdout] 6328939e3bbbbdf828cac3e4706ab9425a910272cea47bb9e0b98015bd7fdcea
