[INFO] fetching crate windows-namespace-request-sys 0.3.0...
[INFO] testing windows-namespace-request-sys-0.3.0 against 1.99.0-beta.8+cargoflags=--release for beta-release-1.100-2
[INFO] extracting crate windows-namespace-request-sys 0.3.0 into /workspace/builds/worker-3-tc1/source
[INFO] started tweaking crates.io crate windows-namespace-request-sys 0.3.0
[INFO] removed 0 missing tests
[INFO] finished tweaking crates.io crate windows-namespace-request-sys 0.3.0
[INFO] tweaked toml for crates.io crate windows-namespace-request-sys 0.3.0 written to /workspace/builds/worker-3-tc1/source/Cargo.toml
[INFO] validating manifest of crates.io crate windows-namespace-request-sys 0.3.0 on toolchain 1.99.0-beta.8
[INFO] running `Command { std: CARGO_HOME="/workspace/cargo-home" RUSTUP_HOME="/workspace/rustup-home" "/workspace/cargo-home/bin/cargo" "+1.99.0-beta.8" "metadata" "--manifest-path" "Cargo.toml" "--no-deps", kill_on_drop: false }`
[INFO] crate crates.io crate windows-namespace-request-sys 0.3.0 already has a lockfile, it will not be regenerated
[INFO] running `Command { std: CARGO_HOME="/workspace/cargo-home" RUSTUP_HOME="/workspace/rustup-home" "/workspace/cargo-home/bin/cargo" "+1.99.0-beta.8" "fetch" "--manifest-path" "Cargo.toml", kill_on_drop: false }`
[INFO] [stderr]     Updating crates.io index
[INFO] [stderr]  Downloading crates ...
[INFO] [stderr]   Downloaded io-buffers v0.1.0
[INFO] [stderr]   Downloaded windows-impersonation-token-sys v0.1.1
[INFO] [stderr]   Downloaded wtf-string v0.1.0
[INFO] [stderr]   Downloaded windows-thread-ambient-sys v0.2.3
[INFO] running `Command { std: "docker" "create" "-v" "/var/lib/crater-agent-workspace/builds/worker-3-tc1/source:/opt/rustwide/workdir:ro,Z" "-v" "/var/lib/crater-agent-workspace/builds/worker-3-tc1/target:/opt/rustwide/target:rw,Z" "-v" "/var/lib/crater-agent-workspace/cargo-home:/opt/rustwide/cargo-home:ro,Z" "-v" "/var/lib/crater-agent-workspace/rustup-home:/opt/rustwide/rustup-home:ro,Z" "-m" "1610612736" "--network" "none" "ghcr.io/rust-lang/crates-build-env/linux@sha256:77db811e55d90add9212f6832c23229e3de5f1c1f9905e8cb07319ea15df73ac" "sleep" "infinity", kill_on_drop: false }`
[INFO] [stdout] 26cfdcfc9b7d4d36231d19d5e55c69d458b72bffbf0ea6d9431fb6a5b2aa3b68
[INFO] running `Command { std: "docker" "start" "26cfdcfc9b7d4d36231d19d5e55c69d458b72bffbf0ea6d9431fb6a5b2aa3b68", kill_on_drop: false }`
[INFO] running `Command { std: "docker" "inspect" "26cfdcfc9b7d4d36231d19d5e55c69d458b72bffbf0ea6d9431fb6a5b2aa3b68", kill_on_drop: false }`
[INFO] running `Command { std: "docker" "exec" "-e" "SOURCE_DIR=/opt/rustwide/workdir" "-e" "CARGO_HOME=/opt/rustwide/cargo-home" "-e" "RUSTUP_HOME=/opt/rustwide/rustup-home" "-e" "CARGO_TARGET_DIR=/opt/rustwide/target" "-w" "/opt/rustwide/workdir" "--user" "0:0" "26cfdcfc9b7d4d36231d19d5e55c69d458b72bffbf0ea6d9431fb6a5b2aa3b68" "/opt/rustwide/cargo-home/bin/cargo" "+1.99.0-beta.8" "metadata" "--no-deps" "--format-version=1", kill_on_drop: false }`
[INFO] running `Command { std: "docker" "inspect" "26cfdcfc9b7d4d36231d19d5e55c69d458b72bffbf0ea6d9431fb6a5b2aa3b68", kill_on_drop: false }`
[INFO] running `Command { std: "docker" "exec" "-e" "SOURCE_DIR=/opt/rustwide/workdir" "-e" "CARGO_HOME=/opt/rustwide/cargo-home" "-e" "RUSTUP_HOME=/opt/rustwide/rustup-home" "-e" "CARGO_TARGET_DIR=/opt/rustwide/target" "-e" "CARGO_INCREMENTAL=0" "-e" "RUST_BACKTRACE=full" "-e" "RUSTFLAGS=--cap-lints=warn" "-e" "RUSTDOCFLAGS=--cap-lints=warn" "-w" "/opt/rustwide/workdir" "--user" "0:0" "26cfdcfc9b7d4d36231d19d5e55c69d458b72bffbf0ea6d9431fb6a5b2aa3b68" "/opt/rustwide/cargo-home/bin/cargo" "+1.99.0-beta.8" "build" "--frozen" "--message-format=json" "--release", kill_on_drop: false }`
[INFO] [stderr]    Compiling windows-link v0.2.1
[INFO] [stderr]    Compiling wtf-string v0.1.0
[INFO] [stderr]    Compiling io-buffers v0.1.0
[INFO] [stderr]    Compiling windows-sys v0.61.2
[INFO] [stderr]    Compiling windows-namespace-request-sys v0.3.0 (/opt/rustwide/workdir)
[INFO] [stderr]     Finished `release` profile [optimized] target(s) in 2.09s
[INFO] running `Command { std: "docker" "inspect" "26cfdcfc9b7d4d36231d19d5e55c69d458b72bffbf0ea6d9431fb6a5b2aa3b68", kill_on_drop: false }`
[INFO] running `Command { std: "docker" "exec" "-e" "SOURCE_DIR=/opt/rustwide/workdir" "-e" "CARGO_HOME=/opt/rustwide/cargo-home" "-e" "RUSTUP_HOME=/opt/rustwide/rustup-home" "-e" "CARGO_TARGET_DIR=/opt/rustwide/target" "-e" "CARGO_INCREMENTAL=0" "-e" "RUST_BACKTRACE=full" "-e" "RUSTFLAGS=--cap-lints=warn" "-e" "RUSTDOCFLAGS=--cap-lints=warn" "-w" "/opt/rustwide/workdir" "--user" "0:0" "26cfdcfc9b7d4d36231d19d5e55c69d458b72bffbf0ea6d9431fb6a5b2aa3b68" "/opt/rustwide/cargo-home/bin/cargo" "+1.99.0-beta.8" "test" "--frozen" "--no-run" "--message-format=json" "--release", kill_on_drop: false }`
[INFO] [stderr]    Compiling windows-sys v0.61.2
[INFO] [stderr]    Compiling windows-impersonation-token-sys v0.1.1
[INFO] [stderr]    Compiling windows-namespace-request-sys v0.3.0 (/opt/rustwide/workdir)
[INFO] [stderr]    Compiling windows-thread-ambient-sys v0.2.3
[INFO] [stdout] error[E0433]: cannot find `windows` in `os`
[INFO] [stdout]  --> tests/acceptance/support.rs:6:14
[INFO] [stdout]   |
[INFO] [stdout] 6 | use std::os::windows::fs::OpenOptionsExt;
[INFO] [stdout]   |              ^^^^^^^ could not find `windows` in `os`
[INFO] [stdout] 
[INFO] [stdout] 
[INFO] [stdout] error[E0433]: cannot find `windows` in `os`
[INFO] [stdout]  --> tests/handle_entries/support.rs:6:14
[INFO] [stdout]   |
[INFO] [stdout] 6 | use std::os::windows::fs::OpenOptionsExt;
[INFO] [stdout]   |              ^^^^^^^ could not find `windows` in `os`
[INFO] [stdout] 
[INFO] [stdout] 
[INFO] [stdout] error[E0432]: unresolved import `windows_namespace_request_sys::ResolveFullPath`
[INFO] [stdout]   --> tests/unc_current_directory.rs:24:5
[INFO] [stdout]    |
[INFO] [stdout] 24 | use windows_namespace_request_sys::ResolveFullPath;
[INFO] [stdout]    |     ^^^^^^^^^^^^^^^^^^^^^^^^^^^^^^^---------------
[INFO] [stdout]    |                                    |
[INFO] [stdout]    |                                    no `ResolveFullPath` in the root
[INFO] [stdout] 
[INFO] [stdout] 
[INFO] [stdout] error[E0433]: cannot find `windows` in `os`
[INFO] [stdout]  --> tests/handle_entries/support.rs:7:14
[INFO] [stdout]   |
[INFO] [stdout] 7 | use std::os::windows::io::AsRawHandle;
[INFO] [stdout]   |              ^^^^^^^ could not find `windows` in `os`
[INFO] [stdout] 
[INFO] [stdout] 
[INFO] [stdout] error[E0433]: cannot find `windows` in `os`
[INFO] [stdout]   --> tests/acceptance/operations.rs:14:14
[INFO] [stdout]    |
[INFO] [stdout] 14 | use std::os::windows::io::AsHandle;
[INFO] [stdout]    |              ^^^^^^^ could not find `windows` in `os`
[INFO] [stdout] 
[INFO] [stdout] 
[INFO] [stdout] error[E0432]: unresolved imports `windows_namespace_request_sys::OpenFile`, `windows_namespace_request_sys::PreparedPath`, `windows_namespace_request_sys::prepare`
[INFO] [stdout]  --> tests/acceptance/support.rs:9:37
[INFO] [stdout]   |
[INFO] [stdout] 9 | use windows_namespace_request_sys::{OpenFile, PreparedPath, prepare};
[INFO] [stdout]   |                                     ^^^^^^^^  ^^^^^^^^^^^^  ^^^^^^^ no `prepare` in the root
[INFO] [stdout]   |                                     |         |
[INFO] [stdout]   |                                     |         no `PreparedPath` in the root
[INFO] [stdout]   |                                     no `OpenFile` in the root
[INFO] [stdout] 
[INFO] [stdout] 
[INFO] [stdout] error[E0432]: unresolved import `windows_namespace_request_sys::close`
[INFO] [stdout]   --> tests/acceptance/operations.rs:16:36
[INFO] [stdout]    |
[INFO] [stdout] 16 | use windows_namespace_request_sys::close::CloseRequest;
[INFO] [stdout]    |                                    ^^^^^ could not find `close` in `windows_namespace_request_sys`
[INFO] [stdout] 
[INFO] [stdout] 
[INFO] [stdout] error[E0432]: unresolved import `windows_namespace_request_sys::file_info`
[INFO] [stdout]   --> tests/acceptance/operations.rs:17:36
[INFO] [stdout]    |
[INFO] [stdout] 17 | use windows_namespace_request_sys::file_info::QueryFileInformationByHandle;
[INFO] [stdout]    |                                    ^^^^^^^^^ could not find `file_info` in `windows_namespace_request_sys`
[INFO] [stdout] 
[INFO] [stdout] 
[INFO] [stdout] error[E0432]: unresolved import `windows_namespace_request_sys::final_path`
[INFO] [stdout]   --> tests/acceptance/operations.rs:18:36
[INFO] [stdout]    |
[INFO] [stdout] 18 | use windows_namespace_request_sys::final_path::{FinalPathFlags, QueryFinalPath};
[INFO] [stdout]    |                                    ^^^^^^^^^^ could not find `final_path` in `windows_namespace_request_sys`
[INFO] [stdout] 
[INFO] [stdout] 
[INFO] [stdout] error[E0432]: unresolved import `windows_namespace_request_sys::full_path`
[INFO] [stdout]   --> tests/acceptance/operations.rs:19:36
[INFO] [stdout]    |
[INFO] [stdout] 19 | use windows_namespace_request_sys::full_path::ResolveFullPath;
[INFO] [stdout]    |                                    ^^^^^^^^^ could not find `full_path` in `windows_namespace_request_sys`
[INFO] [stdout] 
[INFO] [stdout] 
[INFO] [stdout] error[E0432]: unresolved import `windows_namespace_request_sys::open_by_id`
[INFO] [stdout]   --> tests/acceptance/operations.rs:20:36
[INFO] [stdout]    |
[INFO] [stdout] 20 | use windows_namespace_request_sys::open_by_id::{FileIdentifier, OpenFileByIdentifier};
[INFO] [stdout]    |                                    ^^^^^^^^^^ could not find `open_by_id` in `windows_namespace_request_sys`
[INFO] [stdout] 
[INFO] [stdout] 
[INFO] [stdout] error[E0432]: unresolved import `windows_namespace_request_sys::query`
[INFO] [stdout]   --> tests/acceptance/operations.rs:21:36
[INFO] [stdout]    |
[INFO] [stdout] 21 | use windows_namespace_request_sys::query::{FileInformationClass, QueryFileInformation};
[INFO] [stdout]    |                                    ^^^^^ could not find `query` in `windows_namespace_request_sys`
[INFO] [stdout] 
[INFO] [stdout] 
[INFO] [stdout] error[E0432]: unresolved import `windows_namespace_request_sys::volume`
[INFO] [stdout]   --> tests/acceptance/operations.rs:22:36
[INFO] [stdout]    |
[INFO] [stdout] 22 | use windows_namespace_request_sys::volume::QueryVolumeInformation;
[INFO] [stdout]    |                                    ^^^^^^ could not find `volume` in `windows_namespace_request_sys`
[INFO] [stdout] 
[INFO] [stdout] 
[INFO] [stdout] error[E0432]: unresolved import `windows_namespace_request_sys::watch`
[INFO] [stdout]   --> tests/acceptance/operations.rs:23:36
[INFO] [stdout]    |
[INFO] [stdout] 23 | use windows_namespace_request_sys::watch::{NotifyFilter, WatchDirectory};
[INFO] [stdout]    |                                    ^^^^^ could not find `watch` in `windows_namespace_request_sys`
[INFO] [stdout] 
[INFO] [stdout] 
[INFO] [stdout] error[E0433]: cannot find `windows` in `os`
[INFO] [stdout]   --> tests/acceptance/scenarios.rs:20:14
[INFO] [stdout]    |
[INFO] [stdout] 20 | use std::os::windows::io::AsHandle;
[INFO] [stdout]    |              ^^^^^^^ could not find `windows` in `os`
[INFO] [stdout] 
[INFO] [stdout] 
[INFO] [stdout] error[E0432]: unresolved imports `windows_namespace_request_sys::CapturedHandle`, `windows_namespace_request_sys::OpenFile`
[INFO] [stdout]   --> tests/acceptance/operations.rs:24:37
[INFO] [stdout]    |
[INFO] [stdout] 24 | use windows_namespace_request_sys::{CapturedHandle, OpenFile};
[INFO] [stdout]    |                                     ^^^^^^^^^^^^^^  ^^^^^^^^ no `OpenFile` in the root
[INFO] [stdout]    |                                     |
[INFO] [stdout]    |                                     no `CapturedHandle` in the root
[INFO] [stdout] 
[INFO] [stdout] 
[INFO] [stdout] error[E0432]: unresolved import `windows_namespace_request_sys::close`
[INFO] [stdout]   --> tests/acceptance/scenarios.rs:23:36
[INFO] [stdout]    |
[INFO] [stdout] 23 | use windows_namespace_request_sys::close::CloseRequest;
[INFO] [stdout]    |                                    ^^^^^ could not find `close` in `windows_namespace_request_sys`
[INFO] [stdout] 
[INFO] [stdout] 
[INFO] [stdout] error[E0432]: unresolved import `windows_namespace_request_sys::file_info`
[INFO] [stdout]   --> tests/acceptance/scenarios.rs:24:36
[INFO] [stdout]    |
[INFO] [stdout] 24 | use windows_namespace_request_sys::file_info::QueryFileInformationByHandle;
[INFO] [stdout]    |                                    ^^^^^^^^^ could not find `file_info` in `windows_namespace_request_sys`
[INFO] [stdout] 
[INFO] [stdout] 
[INFO] [stdout] error[E0432]: unresolved import `windows_namespace_request_sys::final_path`
[INFO] [stdout]   --> tests/acceptance/scenarios.rs:25:36
[INFO] [stdout]    |
[INFO] [stdout] 25 | use windows_namespace_request_sys::final_path::QueryFinalPath;
[INFO] [stdout]    |                                    ^^^^^^^^^^ could not find `final_path` in `windows_namespace_request_sys`
[INFO] [stdout] 
[INFO] [stdout] 
[INFO] [stdout] error[E0432]: unresolved import `windows_namespace_request_sys::open_by_id`
[INFO] [stdout]   --> tests/acceptance/scenarios.rs:26:36
[INFO] [stdout]    |
[INFO] [stdout] 26 | use windows_namespace_request_sys::open_by_id::{FileIdentifier, OpenFileByIdentifier};
[INFO] [stdout]    |                                    ^^^^^^^^^^ could not find `open_by_id` in `windows_namespace_request_sys`
[INFO] [stdout] 
[INFO] [stdout] 
[INFO] [stdout] error[E0432]: unresolved import `windows_namespace_request_sys::query`
[INFO] [stdout]   --> tests/acceptance/scenarios.rs:27:36
[INFO] [stdout]    |
[INFO] [stdout] 27 | use windows_namespace_request_sys::query::{FileInformationClass, QueryFileInformation};
[INFO] [stdout]    |                                    ^^^^^ could not find `query` in `windows_namespace_request_sys`
[INFO] [stdout] 
[INFO] [stdout] 
[INFO] [stdout] error[E0432]: unresolved imports `windows_namespace_request_sys::CapturedHandle`, `windows_namespace_request_sys::Request`
[INFO] [stdout]   --> tests/acceptance/scenarios.rs:28:37
[INFO] [stdout]    |
[INFO] [stdout] 28 | use windows_namespace_request_sys::{CapturedHandle, Request};
[INFO] [stdout]    |                                     ^^^^^^^^^^^^^^  ^^^^^^^ no `Request` in the root
[INFO] [stdout]    |                                     |
[INFO] [stdout]    |                                     no `CapturedHandle` in the root
[INFO] [stdout] 
[INFO] [stdout] 
[INFO] [stdout] error[E0432]: unresolved imports `windows_thread_ambient_sys::AmbientState`, `windows_thread_ambient_sys::CaptureSet`
[INFO] [stdout]   --> tests/acceptance/scenarios.rs:30:34
[INFO] [stdout]    |
[INFO] [stdout] 30 | use windows_thread_ambient_sys::{AmbientState, CaptureSet};
[INFO] [stdout]    |                                  ^^^^^^^^^^^^  ^^^^^^^^^^ no `CaptureSet` in the root
[INFO] [stdout]    |                                  |
[INFO] [stdout]    |                                  no `AmbientState` in the root
[INFO] [stdout] 
[INFO] [stdout] 
[INFO] [stdout] error[E0433]: cannot find `windows` in `os`
[INFO] [stdout]   --> tests/handle_entries/composition.rs:10:14
[INFO] [stdout]    |
[INFO] [stdout] 10 | use std::os::windows::io::AsHandle;
[INFO] [stdout]    |              ^^^^^^^ could not find `windows` in `os`
[INFO] [stdout] 
[INFO] [stdout] 
[INFO] [stdout] error[E0433]: cannot find `windows` in `os`
[INFO] [stdout]    --> tests/acceptance/scenarios.rs:197:52
[INFO] [stdout]     |
[INFO] [stdout] 197 |     fn open_and_close<R: Request<Output = std::os::windows::io::OwnedHandle>>(
[INFO] [stdout]     |                                                    ^^^^^^^ could not find `windows` in `os`
[INFO] [stdout] 
[INFO] [stdout] 
[INFO] [stdout] For more information about this error, try `rustc --explain E0432`.
[INFO] [stdout] 
[INFO] [stdout] error[E0432]: unresolved imports `windows_namespace_request_sys::OpenFile`, `windows_namespace_request_sys::PreparedPath`, `windows_namespace_request_sys::prepare`
[INFO] [stdout]   --> tests/handle_entries/support.rs:10:37
[INFO] [stdout]    |
[INFO] [stdout] 10 | use windows_namespace_request_sys::{OpenFile, PreparedPath, prepare};
[INFO] [stdout]    |                                     ^^^^^^^^  ^^^^^^^^^^^^  ^^^^^^^ no `prepare` in the root
[INFO] [stdout]    |                                     |         |
[INFO] [stdout]    |                                     |         no `PreparedPath` in the root
[INFO] [stdout]    |                                     no `OpenFile` in the root
[INFO] [stdout] 
[INFO] [stdout] 
[INFO] [stderr] error: could not compile `windows-namespace-request-sys` (test "unc_current_directory") due to 1 previous error
[INFO] [stdout] error[E0432]: unresolved import `windows_namespace_request_sys::CapturedHandle`
[INFO] [stdout]   --> tests/handle_entries/composition.rs:13:5
[INFO] [stdout]    |
[INFO] [stdout] 13 | use windows_namespace_request_sys::CapturedHandle;
[INFO] [stdout]    |     ^^^^^^^^^^^^^^^^^^^^^^^^^^^^^^^--------------
[INFO] [stdout]    |                                    |
[INFO] [stdout]    |                                    no `CapturedHandle` in the root
[INFO] [stdout] 
[INFO] [stdout] 
[INFO] [stderr] warning: build failed, waiting for other jobs to finish...
[INFO] [stdout] error[E0432]: unresolved import `windows_namespace_request_sys::close`
[INFO] [stdout]   --> tests/handle_entries/composition.rs:14:36
[INFO] [stdout]    |
[INFO] [stdout] 14 | use windows_namespace_request_sys::close::CloseRequest;
[INFO] [stdout]    |                                    ^^^^^ could not find `close` in `windows_namespace_request_sys`
[INFO] [stdout] 
[INFO] [stdout] 
[INFO] [stderr] error: could not compile `windows-namespace-request-sys` (test "acceptance") due to 21 previous errors
[INFO] [stdout] error[E0432]: unresolved import `windows_namespace_request_sys::open_by_id`
[INFO] [stdout]   --> tests/handle_entries/composition.rs:15:36
[INFO] [stdout]    |
[INFO] [stdout] 15 | use windows_namespace_request_sys::open_by_id::{FileIdentifier, OpenFileByIdentifier};
[INFO] [stdout]    |                                    ^^^^^^^^^^ could not find `open_by_id` in `windows_namespace_request_sys`
[INFO] [stdout] 
[INFO] [stdout] 
[INFO] [stdout] Some errors have detailed explanations: E0432, E0433.
[INFO] [stdout] 
[INFO] [stdout] For more information about an error, try `rustc --explain E0432`.
[INFO] [stdout] 
[INFO] [stdout] error[E0432]: unresolved import `windows_namespace_request_sys::watch`
[INFO] [stdout]   --> tests/handle_entries/composition.rs:16:36
[INFO] [stdout]    |
[INFO] [stdout] 16 | use windows_namespace_request_sys::watch::{ChangeNotification, NotifyFilter, WatchDirectory};
[INFO] [stdout]    |                                    ^^^^^ could not find `watch` in `windows_namespace_request_sys`
[INFO] [stdout] 
[INFO] [stdout] 
[INFO] [stdout] error[E0432]: unresolved import `windows_namespace_request_sys::OpenFile`
[INFO] [stdout]  --> tests/handle_entries/flag_shapes.rs:8:5
[INFO] [stdout]   |
[INFO] [stdout] 8 | use windows_namespace_request_sys::OpenFile;
[INFO] [stdout]   |     ^^^^^^^^^^^^^^^^^^^^^^^^^^^^^^^--------
[INFO] [stdout]   |                                    |
[INFO] [stdout]   |                                    no `OpenFile` in the root
[INFO] [stdout] 
[INFO] [stdout] 
[INFO] [stdout] error[E0432]: unresolved import `windows_namespace_request_sys::close`
[INFO] [stdout]  --> tests/handle_entries/flag_shapes.rs:9:36
[INFO] [stdout]   |
[INFO] [stdout] 9 | use windows_namespace_request_sys::close::CloseRequest;
[INFO] [stdout]   |                                    ^^^^^ could not find `close` in `windows_namespace_request_sys`
[INFO] [stdout] 
[INFO] [stdout] 
[INFO] [stdout] error[E0432]: unresolved import `windows_namespace_request_sys::watch`
[INFO] [stdout]   --> tests/handle_entries/flag_shapes.rs:10:36
[INFO] [stdout]    |
[INFO] [stdout] 10 | use windows_namespace_request_sys::watch::{NotifyFilter, WatchDirectory};
[INFO] [stdout]    |                                    ^^^^^ could not find `watch` in `windows_namespace_request_sys`
[INFO] [stdout] 
[INFO] [stdout] 
[INFO] [stdout] error[E0599]: no method named `custom_flags` found for mutable reference `&mut OpenOptions` in the current scope
[INFO] [stdout]   --> tests/handle_entries/support.rs:89:10
[INFO] [stdout]    |
[INFO] [stdout] 87 | /     OpenOptions::new()
[INFO] [stdout] 88 | |         .read(true)
[INFO] [stdout] 89 | |         .custom_flags(FILE_FLAG_BACKUP_SEMANTICS)
[INFO] [stdout]    | |         -^^^^^^^^^^^^ method not found in `&mut OpenOptions`
[INFO] [stdout]    | |_________|
[INFO] [stdout]    |
[INFO] [stdout]    |
[INFO] [stdout]    = help: items from traits can only be used if the trait is in scope
[INFO] [stdout] help: trait `OpenOptionsExt` which provides `custom_flags` is implemented but not in scope; perhaps you want to import it
[INFO] [stdout]    |
[INFO] [stdout]  5 + use std::os::unix::fs::OpenOptionsExt;
[INFO] [stdout]    |
[INFO] [stdout] 
[INFO] [stdout] 
[INFO] [stdout] error[E0599]: no method named `as_raw_handle` found for reference `&File` in the current scope
[INFO] [stdout]    --> tests/handle_entries/support.rs:102:57
[INFO] [stdout]     |
[INFO] [stdout] 102 |     let read = unsafe { GetFileInformationByHandle(file.as_raw_handle().cast(), &raw mut info) };
[INFO] [stdout]     |                                                         ^^^^^^^^^^^^^
[INFO] [stdout]     |
[INFO] [stdout] help: there is a method `as_raw_fd` with a similar name
[INFO] [stdout]     |
[INFO] [stdout] 102 -     let read = unsafe { GetFileInformationByHandle(file.as_raw_handle().cast(), &raw mut info) };
[INFO] [stdout] 102 +     let read = unsafe { GetFileInformationByHandle(file.as_raw_fd().cast(), &raw mut info) };
[INFO] [stdout]     |
[INFO] [stdout] 
[INFO] [stdout] 
[INFO] [stdout] error[E0599]: no method named `as_handle` found for struct `File` in the current scope
[INFO] [stdout]   --> tests/handle_entries/composition.rs:53:40
[INFO] [stdout]    |
[INFO] [stdout] 53 |         CapturedHandle::capture(opened.as_handle()).expect("capture the opened handle as a hint"),
[INFO] [stdout]    |                                        ^^^^^^^^^
[INFO] [stdout]    |
[INFO] [stdout] help: there is a method `as_fd` with a similar name
[INFO] [stdout]    |
[INFO] [stdout] 53 -         CapturedHandle::capture(opened.as_handle()).expect("capture the opened handle as a hint"),
[INFO] [stdout] 53 +         CapturedHandle::capture(opened.as_fd()).expect("capture the opened handle as a hint"),
[INFO] [stdout]    |
[INFO] [stdout] 
[INFO] [stdout] 
[INFO] [stdout] error[E0599]: no method named `as_handle` found for struct `File` in the current scope
[INFO] [stdout]   --> tests/handle_entries/composition.rs:82:38
[INFO] [stdout]    |
[INFO] [stdout] 82 |         CapturedHandle::capture(hint.as_handle()).expect("capture the volume hint"),
[INFO] [stdout]    |                                      ^^^^^^^^^
[INFO] [stdout]    |
[INFO] [stdout] help: there is a method `as_fd` with a similar name
[INFO] [stdout]    |
[INFO] [stdout] 82 -         CapturedHandle::capture(hint.as_handle()).expect("capture the volume hint"),
[INFO] [stdout] 82 +         CapturedHandle::capture(hint.as_fd()).expect("capture the volume hint"),
[INFO] [stdout]    |
[INFO] [stdout] 
[INFO] [stdout] 
[INFO] [stdout] error[E0599]: no method named `as_handle` found for struct `File` in the current scope
[INFO] [stdout]    --> tests/handle_entries/composition.rs:116:38
[INFO] [stdout]     |
[INFO] [stdout] 116 |         CapturedHandle::capture(hint.as_handle()).expect("capture the volume hint"),
[INFO] [stdout]     |                                      ^^^^^^^^^
[INFO] [stdout]     |
[INFO] [stdout] help: there is a method `as_fd` with a similar name
[INFO] [stdout]     |
[INFO] [stdout] 116 -         CapturedHandle::capture(hint.as_handle()).expect("capture the volume hint"),
[INFO] [stdout] 116 +         CapturedHandle::capture(hint.as_fd()).expect("capture the volume hint"),
[INFO] [stdout]     |
[INFO] [stdout] 
[INFO] [stdout] 
[INFO] [stdout] Some errors have detailed explanations: E0432, E0433, E0599.
[INFO] [stdout] 
[INFO] [stdout] For more information about an error, try `rustc --explain E0432`.
[INFO] [stdout] 
[INFO] [stderr] error: could not compile `windows-namespace-request-sys` (test "handle_entries") due to 16 previous errors
[INFO] running `Command { std: "docker" "inspect" "26cfdcfc9b7d4d36231d19d5e55c69d458b72bffbf0ea6d9431fb6a5b2aa3b68", kill_on_drop: false }`
[INFO] running `Command { std: "docker" "rm" "-f" "26cfdcfc9b7d4d36231d19d5e55c69d458b72bffbf0ea6d9431fb6a5b2aa3b68", kill_on_drop: false }`
[INFO] [stdout] 26cfdcfc9b7d4d36231d19d5e55c69d458b72bffbf0ea6d9431fb6a5b2aa3b68
