[INFO] fetching crate windows-file-watcher-example-test-harness 0.1.6...
[INFO] testing windows-file-watcher-example-test-harness-0.1.6 against 1.99.0-beta.8+cargoflags=--release for beta-release-1.100-2
[INFO] extracting crate windows-file-watcher-example-test-harness 0.1.6 into /workspace/builds/worker-6-tc1/source
[INFO] started tweaking crates.io crate windows-file-watcher-example-test-harness 0.1.6
[INFO] removed 0 missing examples
[INFO] removed 0 missing tests
[INFO] finished tweaking crates.io crate windows-file-watcher-example-test-harness 0.1.6
[INFO] tweaked toml for crates.io crate windows-file-watcher-example-test-harness 0.1.6 written to /workspace/builds/worker-6-tc1/source/Cargo.toml
[INFO] validating manifest of crates.io crate windows-file-watcher-example-test-harness 0.1.6 on toolchain 1.99.0-beta.8
[INFO] running `Command { std: CARGO_HOME="/workspace/cargo-home" RUSTUP_HOME="/workspace/rustup-home" "/workspace/cargo-home/bin/cargo" "+1.99.0-beta.8" "metadata" "--manifest-path" "Cargo.toml" "--no-deps", kill_on_drop: false }`
[INFO] crate crates.io crate windows-file-watcher-example-test-harness 0.1.6 already has a lockfile, it will not be regenerated
[INFO] running `Command { std: CARGO_HOME="/workspace/cargo-home" RUSTUP_HOME="/workspace/rustup-home" "/workspace/cargo-home/bin/cargo" "+1.99.0-beta.8" "fetch" "--manifest-path" "Cargo.toml", kill_on_drop: false }`
[INFO] [stderr]     Updating crates.io index
[INFO] [stderr]  Downloading crates ...
[INFO] [stderr]   Downloaded io-buffers v0.1.0
[INFO] [stderr]   Downloaded wtf-string v0.1.0
[INFO] [stderr]   Downloaded win-time-sys v0.1.0
[INFO] [stderr]   Downloaded win-sync-sys v0.0.2
[INFO] [stderr]   Downloaded windows-overlapped-io-sys v0.2.0
[INFO] [stderr]   Downloaded windows-file-watcher v0.2.3
[INFO] [stderr]   Downloaded windows-threadpool-sys v0.2.1
[INFO] running `Command { std: "docker" "create" "-v" "/var/lib/crater-agent-workspace/builds/worker-6-tc1/source:/opt/rustwide/workdir:ro,Z" "-v" "/var/lib/crater-agent-workspace/builds/worker-6-tc1/target:/opt/rustwide/target:rw,Z" "-v" "/var/lib/crater-agent-workspace/cargo-home:/opt/rustwide/cargo-home:ro,Z" "-v" "/var/lib/crater-agent-workspace/rustup-home:/opt/rustwide/rustup-home:ro,Z" "-m" "1610612736" "--network" "none" "ghcr.io/rust-lang/crates-build-env/linux@sha256:77db811e55d90add9212f6832c23229e3de5f1c1f9905e8cb07319ea15df73ac" "sleep" "infinity", kill_on_drop: false }`
[INFO] [stdout] f91d6710abd5e2d196809e3c694c0905d768396c466a0f3bfc31c3d626d5294a
[INFO] running `Command { std: "docker" "start" "f91d6710abd5e2d196809e3c694c0905d768396c466a0f3bfc31c3d626d5294a", kill_on_drop: false }`
[INFO] running `Command { std: "docker" "inspect" "f91d6710abd5e2d196809e3c694c0905d768396c466a0f3bfc31c3d626d5294a", kill_on_drop: false }`
[INFO] running `Command { std: "docker" "exec" "-e" "SOURCE_DIR=/opt/rustwide/workdir" "-e" "CARGO_HOME=/opt/rustwide/cargo-home" "-e" "RUSTUP_HOME=/opt/rustwide/rustup-home" "-e" "CARGO_TARGET_DIR=/opt/rustwide/target" "-w" "/opt/rustwide/workdir" "--user" "0:0" "f91d6710abd5e2d196809e3c694c0905d768396c466a0f3bfc31c3d626d5294a" "/opt/rustwide/cargo-home/bin/cargo" "+1.99.0-beta.8" "metadata" "--no-deps" "--format-version=1", kill_on_drop: false }`
[INFO] running `Command { std: "docker" "inspect" "f91d6710abd5e2d196809e3c694c0905d768396c466a0f3bfc31c3d626d5294a", kill_on_drop: false }`
[INFO] running `Command { std: "docker" "exec" "-e" "SOURCE_DIR=/opt/rustwide/workdir" "-e" "CARGO_HOME=/opt/rustwide/cargo-home" "-e" "RUSTUP_HOME=/opt/rustwide/rustup-home" "-e" "CARGO_TARGET_DIR=/opt/rustwide/target" "-e" "CARGO_INCREMENTAL=0" "-e" "RUST_BACKTRACE=full" "-e" "RUSTFLAGS=--cap-lints=warn" "-e" "RUSTDOCFLAGS=--cap-lints=warn" "-w" "/opt/rustwide/workdir" "--user" "0:0" "f91d6710abd5e2d196809e3c694c0905d768396c466a0f3bfc31c3d626d5294a" "/opt/rustwide/cargo-home/bin/cargo" "+1.99.0-beta.8" "build" "--frozen" "--message-format=json" "--release", kill_on_drop: false }`
[INFO] [stderr]    Compiling proc-macro2 v1.0.107
[INFO] [stderr]    Compiling windows-link v0.2.1
[INFO] [stderr]    Compiling quote v1.0.47
[INFO] [stderr]    Compiling io-buffers v0.1.0
[INFO] [stderr]    Compiling wtf-string v0.1.0
[INFO] [stderr]    Compiling windows-sys v0.61.2
[INFO] [stderr]    Compiling syn v3.0.3
[INFO] [stderr]    Compiling win-time-sys v0.1.0
[INFO] [stderr]    Compiling windows-overlapped-io-sys v0.2.0
[INFO] [stderr]    Compiling win-sync-sys v0.0.2
[INFO] [stderr]    Compiling windows-threadpool-sys v0.2.1
[INFO] [stderr]    Compiling windows-file-watcher v0.2.3
[INFO] [stderr]    Compiling serde_derive v1.0.229
[INFO] [stderr]    Compiling serde v1.0.229
[INFO] [stderr]    Compiling windows-file-watcher-example-test-harness v0.1.6 (/opt/rustwide/workdir)
[INFO] [stdout] warning: field `stdout` is never read
[INFO] [stdout]   --> src/bin/capture.rs:28:5
[INFO] [stdout]    |
[INFO] [stdout] 26 | struct Output<E, O> {
[INFO] [stdout]    |        ------ field in this struct
[INFO] [stdout] 27 |     stderr: E,
[INFO] [stdout] 28 |     stdout: O,
[INFO] [stdout]    |     ^^^^^^
[INFO] [stdout]    |
[INFO] [stdout]    = note: `#[warn(dead_code)]` (part of `#[warn(unused)]`) on by default
[INFO] [stdout] 
[INFO] [stdout] 
[INFO] [stdout] warning: method `report` is never used
[INFO] [stdout]   --> src/bin/capture.rs:38:8
[INFO] [stdout]    |
[INFO] [stdout] 31 | impl<E: std::io::Write, O: std::io::Write> Output<E, O> {
[INFO] [stdout]    | ------------------------------------------------------- method in this implementation
[INFO] [stdout] ...
[INFO] [stdout] 38 |     fn report(&mut self, message: &str) {
[INFO] [stdout]    |        ^^^^^^
[INFO] [stdout] 
[INFO] [stdout] 
[INFO] [stdout] warning: field `stdout` is never read
[INFO] [stdout]   --> src/bin/replay.rs:23:5
[INFO] [stdout]    |
[INFO] [stdout] 21 | struct Output<E, O> {
[INFO] [stdout]    |        ------ field in this struct
[INFO] [stdout] 22 |     stderr: E,
[INFO] [stdout] 23 |     stdout: O,
[INFO] [stdout]    |     ^^^^^^
[INFO] [stdout]    |
[INFO] [stdout]    = note: `#[warn(dead_code)]` (part of `#[warn(unused)]`) on by default
[INFO] [stdout] 
[INFO] [stdout] 
[INFO] [stdout] warning: method `report` is never used
[INFO] [stdout]   --> src/bin/replay.rs:33:8
[INFO] [stdout]    |
[INFO] [stdout] 26 | impl<E: std::io::Write, O: std::io::Write> Output<E, O> {
[INFO] [stdout]    | ------------------------------------------------------- method in this implementation
[INFO] [stdout] ...
[INFO] [stdout] 33 |     fn report(&mut self, message: &str) {
[INFO] [stdout]    |        ^^^^^^
[INFO] [stdout] 
[INFO] [stdout] 
[INFO] [stderr]     Finished `release` profile [optimized] target(s) in 9.13s
[INFO] running `Command { std: "docker" "inspect" "f91d6710abd5e2d196809e3c694c0905d768396c466a0f3bfc31c3d626d5294a", kill_on_drop: false }`
[INFO] running `Command { std: "docker" "exec" "-e" "SOURCE_DIR=/opt/rustwide/workdir" "-e" "CARGO_HOME=/opt/rustwide/cargo-home" "-e" "RUSTUP_HOME=/opt/rustwide/rustup-home" "-e" "CARGO_TARGET_DIR=/opt/rustwide/target" "-e" "CARGO_INCREMENTAL=0" "-e" "RUST_BACKTRACE=full" "-e" "RUSTFLAGS=--cap-lints=warn" "-e" "RUSTDOCFLAGS=--cap-lints=warn" "-w" "/opt/rustwide/workdir" "--user" "0:0" "f91d6710abd5e2d196809e3c694c0905d768396c466a0f3bfc31c3d626d5294a" "/opt/rustwide/cargo-home/bin/cargo" "+1.99.0-beta.8" "test" "--frozen" "--no-run" "--message-format=json" "--release", kill_on_drop: false }`
[INFO] [stderr]    Compiling windows-file-watcher-example-test-harness v0.1.6 (/opt/rustwide/workdir)
[INFO] [stdout] warning: field `stdout` is never read
[INFO] [stdout]   --> src/bin/replay.rs:23:5
[INFO] [stdout]    |
[INFO] [stdout] 21 | struct Output<E, O> {
[INFO] [stdout]    |        ------ field in this struct
[INFO] [stdout] 22 |     stderr: E,
[INFO] [stdout] 23 |     stdout: O,
[INFO] [stdout]    |     ^^^^^^
[INFO] [stdout]    |
[INFO] [stdout]    = note: `#[warn(dead_code)]` (part of `#[warn(unused)]`) on by default
[INFO] [stdout] 
[INFO] [stdout] 
[INFO] [stdout] warning: method `report` is never used
[INFO] [stdout]   --> src/bin/replay.rs:33:8
[INFO] [stdout]    |
[INFO] [stdout] 26 | impl<E: std::io::Write, O: std::io::Write> Output<E, O> {
[INFO] [stdout]    | ------------------------------------------------------- method in this implementation
[INFO] [stdout] ...
[INFO] [stdout] 33 |     fn report(&mut self, message: &str) {
[INFO] [stdout]    |        ^^^^^^
[INFO] [stdout] 
[INFO] [stdout] 
[INFO] [stdout] warning: field `stdout` is never read
[INFO] [stdout]   --> src/bin/capture.rs:28:5
[INFO] [stdout]    |
[INFO] [stdout] 26 | struct Output<E, O> {
[INFO] [stdout]    |        ------ field in this struct
[INFO] [stdout] 27 |     stderr: E,
[INFO] [stdout] 28 |     stdout: O,
[INFO] [stdout]    |     ^^^^^^
[INFO] [stdout]    |
[INFO] [stdout]    = note: `#[warn(dead_code)]` (part of `#[warn(unused)]`) on by default
[INFO] [stdout] 
[INFO] [stdout] 
[INFO] [stdout] warning: method `report` is never used
[INFO] [stdout]   --> src/bin/capture.rs:38:8
[INFO] [stdout]    |
[INFO] [stdout] 31 | impl<E: std::io::Write, O: std::io::Write> Output<E, O> {
[INFO] [stdout]    | ------------------------------------------------------- method in this implementation
[INFO] [stdout] ...
[INFO] [stdout] 38 |     fn report(&mut self, message: &str) {
[INFO] [stdout]    |        ^^^^^^
[INFO] [stdout] 
[INFO] [stdout] 
[INFO] [stdout] warning: field `stdout` is never read
[INFO] [stdout]   --> src/bin/replay.rs:23:5
[INFO] [stdout]    |
[INFO] [stdout] 21 | struct Output<E, O> {
[INFO] [stdout]    |        ------ field in this struct
[INFO] [stdout] 22 |     stderr: E,
[INFO] [stdout] 23 |     stdout: O,
[INFO] [stdout]    |     ^^^^^^
[INFO] [stdout]    |
[INFO] [stdout]    = note: `#[warn(dead_code)]` (part of `#[warn(unused)]`) on by default
[INFO] [stdout] 
[INFO] [stdout] 
[INFO] [stdout] warning: method `report` is never used
[INFO] [stdout]   --> src/bin/replay.rs:33:8
[INFO] [stdout]    |
[INFO] [stdout] 26 | impl<E: std::io::Write, O: std::io::Write> Output<E, O> {
[INFO] [stdout]    | ------------------------------------------------------- method in this implementation
[INFO] [stdout] ...
[INFO] [stdout] 33 |     fn report(&mut self, message: &str) {
[INFO] [stdout]    |        ^^^^^^
[INFO] [stdout] 
[INFO] [stdout] 
[INFO] [stdout] warning: field `stdout` is never read
[INFO] [stdout]   --> src/bin/capture.rs:28:5
[INFO] [stdout]    |
[INFO] [stdout] 26 | struct Output<E, O> {
[INFO] [stdout]    |        ------ field in this struct
[INFO] [stdout] 27 |     stderr: E,
[INFO] [stdout] 28 |     stdout: O,
[INFO] [stdout]    |     ^^^^^^
[INFO] [stdout]    |
[INFO] [stdout]    = note: `#[warn(dead_code)]` (part of `#[warn(unused)]`) on by default
[INFO] [stdout] 
[INFO] [stdout] 
[INFO] [stdout] warning: method `report` is never used
[INFO] [stdout]   --> src/bin/capture.rs:38:8
[INFO] [stdout]    |
[INFO] [stdout] 31 | impl<E: std::io::Write, O: std::io::Write> Output<E, O> {
[INFO] [stdout]    | ------------------------------------------------------- method in this implementation
[INFO] [stdout] ...
[INFO] [stdout] 38 |     fn report(&mut self, message: &str) {
[INFO] [stdout]    |        ^^^^^^
[INFO] [stdout] 
[INFO] [stdout] 
[INFO] [stdout] error[E0432]: unresolved imports `windows_file_watcher_example_test_harness::Generator`, `windows_file_watcher_example_test_harness::Recording`, `windows_file_watcher_example_test_harness::example_handler`, `windows_file_watcher_example_test_harness::run`
[INFO] [stdout]   --> examples/replay_demo.rs:14:5
[INFO] [stdout]    |
[INFO] [stdout] 14 |     Generator, Recording, example_handler::BuggyHandler, run,
[INFO] [stdout]    |     ^^^^^^^^^  ^^^^^^^^^  ^^^^^^^^^^^^^^^                ^^^ no `run` in the root
[INFO] [stdout]    |     |          |          |
[INFO] [stdout]    |     |          |          could not find `example_handler` in `windows_file_watcher_example_test_harness`
[INFO] [stdout]    |     |          no `Recording` in the root
[INFO] [stdout]    |     no `Generator` in the root
[INFO] [stdout]    |
[INFO] [stdout] note: found an item that was configured out
[INFO] [stdout]   --> src/lib.rs:72:21
[INFO] [stdout]    |
[INFO] [stdout] 71 | #[cfg(windows)]
[INFO] [stdout]    |       ------- the item is gated here
[INFO] [stdout] 72 | pub use generator::{Generator, GeneratorConfig, Rng};
[INFO] [stdout]    |                     ^^^^^^^^^
[INFO] [stdout] note: found an item that was configured out
[INFO] [stdout]   --> src/lib.rs:78:20
[INFO] [stdout]    |
[INFO] [stdout] 77 | #[cfg(windows)]
[INFO] [stdout]    |       ------- the item is gated here
[INFO] [stdout] 78 | pub use recording::Recording;
[INFO] [stdout]    |                    ^^^^^^^^^
[INFO] [stdout] note: found an item that was configured out
[INFO] [stdout]   --> src/lib.rs:67:9
[INFO] [stdout]    |
[INFO] [stdout] 66 | #[cfg(windows)]
[INFO] [stdout]    |       ------- the item is gated here
[INFO] [stdout] 67 | pub mod example_handler;
[INFO] [stdout]    |         ^^^^^^^^^^^^^^^
[INFO] [stdout] note: found an item that was configured out
[INFO] [stdout]   --> src/lib.rs:76:42
[INFO] [stdout]    |
[INFO] [stdout] 75 | #[cfg(windows)]
[INFO] [stdout]    |       ------- the item is gated here
[INFO] [stdout] 76 | pub use oracle::{Outcome, PathologyKind, run, run_with_deadline};
[INFO] [stdout]    |                                          ^^^
[INFO] [stdout] 
[INFO] [stdout] 
[INFO] [stdout] For more information about this error, try `rustc --explain E0432`.
[INFO] [stdout] 
[INFO] [stderr] error: could not compile `windows-file-watcher-example-test-harness` (example "replay_demo") due to 1 previous error
[INFO] [stderr] warning: build failed, waiting for other jobs to finish...
[INFO] [stdout] error[E0432]: unresolved imports `windows_file_watcher_example_test_harness::ChangeKindSpec`, `windows_file_watcher_example_test_harness::ChangeSpec`, `windows_file_watcher_example_test_harness::DesyncCauseSpec`, `windows_file_watcher_example_test_harness::NotificationSpec`, `windows_file_watcher_example_test_harness::OutcomeSpec`, `windows_file_watcher_example_test_harness::Schedule`, `windows_file_watcher_example_test_harness::WatchId`, `windows_file_watcher_example_test_harness::drive`, `windows_file_watcher_example_test_harness::example_handler`
[INFO] [stdout]   --> examples/in_process_test.rs:14:5
[INFO] [stdout]    |
[INFO] [stdout] 14 |     ChangeKindSpec, ChangeSpec, DesyncCauseSpec, NotificationSpec, OutcomeSpec, Schedule, WatchId,
[INFO] [stdout]    |     ^^^^^^^^^^^^^^  ^^^^^^^^^^  ^^^^^^^^^^^^^^^  ^^^^^^^^^^^^^^^^  ^^^^^^^^^^^  ^^^^^^^^  ^^^^^^^ no `WatchId` in the root
[INFO] [stdout]    |     |               |           |                |                 |            |
[INFO] [stdout]    |     |               |           |                |                 |            no `Schedule` in the root
[INFO] [stdout]    |     |               |           |                |                 no `OutcomeSpec` in the root
[INFO] [stdout]    |     |               |           |                no `NotificationSpec` in the root
[INFO] [stdout]    |     |               |           no `DesyncCauseSpec` in the root
[INFO] [stdout]    |     |               no `ChangeSpec` in the root
[INFO] [stdout]    |     no `ChangeKindSpec` in the root
[INFO] [stdout] 15 |     drive, example_handler::PresenceTracker,
[INFO] [stdout]    |     ^^^^^  ^^^^^^^^^^^^^^^ could not find `example_handler` in `windows_file_watcher_example_test_harness`
[INFO] [stdout]    |     |
[INFO] [stdout]    |     no `drive` in the root
[INFO] [stdout]    |
[INFO] [stdout] note: found an item that was configured out
[INFO] [stdout]   --> src/lib.rs:81:5
[INFO] [stdout]    |
[INFO] [stdout] 79 | #[cfg(windows)]
[INFO] [stdout]    |       ------- the item is gated here
[INFO] [stdout] 80 | pub use schedule::{
[INFO] [stdout] 81 |     ChangeKindSpec, ChangeSpec, DesyncCauseSpec, FailureCodeSpec, FaultDetailSpec,
[INFO] [stdout]    |     ^^^^^^^^^^^^^^
[INFO] [stdout] note: found an item that was configured out
[INFO] [stdout]   --> src/lib.rs:81:21
[INFO] [stdout]    |
[INFO] [stdout] 79 | #[cfg(windows)]
[INFO] [stdout]    |       ------- the item is gated here
[INFO] [stdout] 80 | pub use schedule::{
[INFO] [stdout] 81 |     ChangeKindSpec, ChangeSpec, DesyncCauseSpec, FailureCodeSpec, FaultDetailSpec,
[INFO] [stdout]    |                     ^^^^^^^^^^
[INFO] [stdout] note: found an item that was configured out
[INFO] [stdout]   --> src/lib.rs:81:33
[INFO] [stdout]    |
[INFO] [stdout] 79 | #[cfg(windows)]
[INFO] [stdout]    |       ------- the item is gated here
[INFO] [stdout] 80 | pub use schedule::{
[INFO] [stdout] 81 |     ChangeKindSpec, ChangeSpec, DesyncCauseSpec, FailureCodeSpec, FaultDetailSpec,
[INFO] [stdout]    |                                 ^^^^^^^^^^^^^^^
[INFO] [stdout] note: found an item that was configured out
[INFO] [stdout]   --> src/lib.rs:82:35
[INFO] [stdout]    |
[INFO] [stdout] 79 | #[cfg(windows)]
[INFO] [stdout]    |       ------- the item is gated here
[INFO] [stdout] ...
[INFO] [stdout] 82 |     FaultOperationSpec, NameSpec, NotificationSpec, OpenFailureSpec, OutcomeSpec, Schedule,
[INFO] [stdout]    |                                   ^^^^^^^^^^^^^^^^
[INFO] [stdout] note: found an item that was configured out
[INFO] [stdout]   --> src/lib.rs:82:70
[INFO] [stdout]    |
[INFO] [stdout] 79 | #[cfg(windows)]
[INFO] [stdout]    |       ------- the item is gated here
[INFO] [stdout] ...
[INFO] [stdout] 82 |     FaultOperationSpec, NameSpec, NotificationSpec, OpenFailureSpec, OutcomeSpec, Schedule,
[INFO] [stdout]    |                                                                      ^^^^^^^^^^^
[INFO] [stdout] note: found an item that was configured out
[INFO] [stdout]   --> src/lib.rs:82:83
[INFO] [stdout]    |
[INFO] [stdout] 79 | #[cfg(windows)]
[INFO] [stdout]    |       ------- the item is gated here
[INFO] [stdout] ...
[INFO] [stdout] 82 |     FaultOperationSpec, NameSpec, NotificationSpec, OpenFailureSpec, OutcomeSpec, Schedule,
[INFO] [stdout]    |                                                                                   ^^^^^^^^
[INFO] [stdout] note: found an item that was configured out
[INFO] [stdout]   --> src/lib.rs:89:46
[INFO] [stdout]    |
[INFO] [stdout] 88 | #[cfg(windows)]
[INFO] [stdout]    |       ------- the item is gated here
[INFO] [stdout] 89 | pub use windows_file_watcher::{Notification, WatchId};
[INFO] [stdout]    |                                              ^^^^^^^
[INFO] [stdout] note: found an item that was configured out
[INFO] [stdout]   --> src/lib.rs:70:17
[INFO] [stdout]    |
[INFO] [stdout] 69 | #[cfg(windows)]
[INFO] [stdout]    |       ------- the item is gated here
[INFO] [stdout] 70 | pub use driver::drive;
[INFO] [stdout]    |                 ^^^^^
[INFO] [stdout] note: found an item that was configured out
[INFO] [stdout]   --> src/lib.rs:67:9
[INFO] [stdout]    |
[INFO] [stdout] 66 | #[cfg(windows)]
[INFO] [stdout]    |       ------- the item is gated here
[INFO] [stdout] 67 | pub mod example_handler;
[INFO] [stdout]    |         ^^^^^^^^^^^^^^^
[INFO] [stdout] 
[INFO] [stdout] 
[INFO] [stdout] For more information about this error, try `rustc --explain E0432`.
[INFO] [stdout] 
[INFO] [stderr] error: could not compile `windows-file-watcher-example-test-harness` (example "in_process_test") due to 1 previous error
[INFO] [stdout] error[E0432]: unresolved imports `windows_file_watcher_example_test_harness::Generator`, `windows_file_watcher_example_test_harness::Recording`, `windows_file_watcher_example_test_harness::example_handler`, `windows_file_watcher_example_test_harness::run`
[INFO] [stdout]   --> examples/capture_demo.rs:17:5
[INFO] [stdout]    |
[INFO] [stdout] 17 |     Generator, Recording, example_handler::BuggyHandler, run,
[INFO] [stdout]    |     ^^^^^^^^^  ^^^^^^^^^  ^^^^^^^^^^^^^^^                ^^^ no `run` in the root
[INFO] [stdout]    |     |          |          |
[INFO] [stdout]    |     |          |          could not find `example_handler` in `windows_file_watcher_example_test_harness`
[INFO] [stdout]    |     |          no `Recording` in the root
[INFO] [stdout]    |     no `Generator` in the root
[INFO] [stdout]    |
[INFO] [stdout] note: found an item that was configured out
[INFO] [stdout]   --> src/lib.rs:72:21
[INFO] [stdout]    |
[INFO] [stdout] 71 | #[cfg(windows)]
[INFO] [stdout]    |       ------- the item is gated here
[INFO] [stdout] 72 | pub use generator::{Generator, GeneratorConfig, Rng};
[INFO] [stdout]    |                     ^^^^^^^^^
[INFO] [stdout] note: found an item that was configured out
[INFO] [stdout]   --> src/lib.rs:78:20
[INFO] [stdout]    |
[INFO] [stdout] 77 | #[cfg(windows)]
[INFO] [stdout]    |       ------- the item is gated here
[INFO] [stdout] 78 | pub use recording::Recording;
[INFO] [stdout]    |                    ^^^^^^^^^
[INFO] [stdout] note: found an item that was configured out
[INFO] [stdout]   --> src/lib.rs:67:9
[INFO] [stdout]    |
[INFO] [stdout] 66 | #[cfg(windows)]
[INFO] [stdout]    |       ------- the item is gated here
[INFO] [stdout] 67 | pub mod example_handler;
[INFO] [stdout]    |         ^^^^^^^^^^^^^^^
[INFO] [stdout] note: found an item that was configured out
[INFO] [stdout]   --> src/lib.rs:76:42
[INFO] [stdout]    |
[INFO] [stdout] 75 | #[cfg(windows)]
[INFO] [stdout]    |       ------- the item is gated here
[INFO] [stdout] 76 | pub use oracle::{Outcome, PathologyKind, run, run_with_deadline};
[INFO] [stdout]    |                                          ^^^
[INFO] [stdout] 
[INFO] [stdout] 
[INFO] [stdout] For more information about this error, try `rustc --explain E0432`.
[INFO] [stdout] 
[INFO] [stderr] error: could not compile `windows-file-watcher-example-test-harness` (example "capture_demo") due to 1 previous error
[INFO] running `Command { std: "docker" "inspect" "f91d6710abd5e2d196809e3c694c0905d768396c466a0f3bfc31c3d626d5294a", kill_on_drop: false }`
[INFO] running `Command { std: "docker" "rm" "-f" "f91d6710abd5e2d196809e3c694c0905d768396c466a0f3bfc31c3d626d5294a", kill_on_drop: false }`
[INFO] [stdout] f91d6710abd5e2d196809e3c694c0905d768396c466a0f3bfc31c3d626d5294a
