[INFO] fetching crate windows-erg 0.2.0...
[INFO] testing windows-erg-0.2.0 against 1.100.0-beta.1+cargoflags=--release for beta-release-1.100-2
[INFO] extracting crate windows-erg 0.2.0 into /workspace/builds/worker-3-tc2/source
[INFO] started tweaking crates.io crate windows-erg 0.2.0
[INFO] removed 0 missing examples
[INFO] finished tweaking crates.io crate windows-erg 0.2.0
[INFO] tweaked toml for crates.io crate windows-erg 0.2.0 written to /workspace/builds/worker-3-tc2/source/Cargo.toml
[INFO] validating manifest of crates.io crate windows-erg 0.2.0 on toolchain 1.100.0-beta.1
[INFO] running `Command { std: CARGO_HOME="/workspace/cargo-home" RUSTUP_HOME="/workspace/rustup-home" "/workspace/cargo-home/bin/cargo" "+1.100.0-beta.1" "metadata" "--manifest-path" "Cargo.toml" "--no-deps", kill_on_drop: false }`
[INFO] crate crates.io crate windows-erg 0.2.0 already has a lockfile, it will not be regenerated
[INFO] running `Command { std: CARGO_HOME="/workspace/cargo-home" RUSTUP_HOME="/workspace/rustup-home" "/workspace/cargo-home/bin/cargo" "+1.100.0-beta.1" "fetch" "--manifest-path" "Cargo.toml", kill_on_drop: false }`
[INFO] running `Command { std: "docker" "create" "-v" "/var/lib/crater-agent-workspace/builds/worker-3-tc2/source:/opt/rustwide/workdir:ro,Z" "-v" "/var/lib/crater-agent-workspace/builds/worker-3-tc2/target:/opt/rustwide/target:rw,Z" "-v" "/var/lib/crater-agent-workspace/cargo-home:/opt/rustwide/cargo-home:ro,Z" "-v" "/var/lib/crater-agent-workspace/rustup-home:/opt/rustwide/rustup-home:ro,Z" "-m" "1610612736" "--network" "none" "ghcr.io/rust-lang/crates-build-env/linux@sha256:77db811e55d90add9212f6832c23229e3de5f1c1f9905e8cb07319ea15df73ac" "sleep" "infinity", kill_on_drop: false }`
[INFO] [stdout] 2163f9bbd0944fae193ad9b62272142827288cbc4cf1cf4026684e8cb8daa04f
[INFO] running `Command { std: "docker" "start" "2163f9bbd0944fae193ad9b62272142827288cbc4cf1cf4026684e8cb8daa04f", kill_on_drop: false }`
[INFO] running `Command { std: "docker" "inspect" "2163f9bbd0944fae193ad9b62272142827288cbc4cf1cf4026684e8cb8daa04f", kill_on_drop: false }`
[INFO] running `Command { std: "docker" "exec" "-e" "SOURCE_DIR=/opt/rustwide/workdir" "-e" "CARGO_HOME=/opt/rustwide/cargo-home" "-e" "RUSTUP_HOME=/opt/rustwide/rustup-home" "-e" "CARGO_TARGET_DIR=/opt/rustwide/target" "-w" "/opt/rustwide/workdir" "--user" "0:0" "2163f9bbd0944fae193ad9b62272142827288cbc4cf1cf4026684e8cb8daa04f" "/opt/rustwide/cargo-home/bin/cargo" "+1.100.0-beta.1" "metadata" "--no-deps" "--format-version=1", kill_on_drop: false }`
[INFO] running `Command { std: "docker" "inspect" "2163f9bbd0944fae193ad9b62272142827288cbc4cf1cf4026684e8cb8daa04f", kill_on_drop: false }`
[INFO] running `Command { std: "docker" "exec" "-e" "SOURCE_DIR=/opt/rustwide/workdir" "-e" "CARGO_HOME=/opt/rustwide/cargo-home" "-e" "RUSTUP_HOME=/opt/rustwide/rustup-home" "-e" "CARGO_TARGET_DIR=/opt/rustwide/target" "-e" "CARGO_INCREMENTAL=0" "-e" "RUST_BACKTRACE=full" "-e" "RUSTFLAGS=--cap-lints=warn" "-e" "RUSTDOCFLAGS=--cap-lints=warn" "-w" "/opt/rustwide/workdir" "--user" "0:0" "2163f9bbd0944fae193ad9b62272142827288cbc4cf1cf4026684e8cb8daa04f" "/opt/rustwide/cargo-home/bin/cargo" "+1.100.0-beta.1" "build" "--frozen" "--message-format=json" "--release", kill_on_drop: false }`
[INFO] [stderr]    Compiling unicode-ident v1.0.22
[INFO] [stderr]    Compiling quote v1.0.44
[INFO] [stderr]    Compiling windows_x86_64_gnu v0.52.6
[INFO] [stderr]    Compiling serde_core v1.0.228
[INFO] [stderr]    Compiling serde v1.0.228
[INFO] [stderr]    Compiling memchr v2.8.0
[INFO] [stderr]    Compiling proc-macro2 v1.0.106
[INFO] [stderr]    Compiling windows-targets v0.52.6
[INFO] [stderr]    Compiling windows-result v0.2.0
[INFO] [stderr]    Compiling windows-strings v0.1.0
[INFO] [stderr]    Compiling syn v2.0.114
[INFO] [stderr]    Compiling quick-xml v0.39.1
[INFO] [stderr]    Compiling windows-interface v0.58.0
[INFO] [stderr]    Compiling windows-implement v0.58.0
[INFO] [stderr]    Compiling windows-core v0.58.0
[INFO] [stderr]    Compiling windows v0.58.0
[INFO] [stderr]    Compiling windows-erg v0.2.0 (/opt/rustwide/workdir)
[INFO] [stderr] warning: unused dependency `quick-xml`
[INFO] [stderr]  --> Cargo.toml:1:15
[INFO] [stderr]   |
[INFO] [stderr] 1 | [dependencies.quick-xml]
[INFO] [stderr]   |               ^^^^^^^^^^
[INFO] [stderr]   |
[INFO] [stderr]   = note: `cargo::unused_dependencies` is set to `warn` by default
[INFO] [stderr] help: consider removing the dependency on `quick-xml`
[INFO] [stderr] warning: unused dependency `windows`
[INFO] [stderr]   --> Cargo.toml:10:15
[INFO] [stderr]    |
[INFO] [stderr] 10 | [dependencies.windows]
[INFO] [stderr]    |               ^^^^^^^^
[INFO] [stderr]    |
[INFO] [stderr] help: consider removing the dependency on `windows`
[INFO] [stderr] warning: `windows-erg` (manifest) generated 2 warnings
[INFO] [stderr]     Finished `release` profile [optimized] target(s) in 7.97s
[INFO] running `Command { std: "docker" "inspect" "2163f9bbd0944fae193ad9b62272142827288cbc4cf1cf4026684e8cb8daa04f", kill_on_drop: false }`
[INFO] running `Command { std: "docker" "exec" "-e" "SOURCE_DIR=/opt/rustwide/workdir" "-e" "CARGO_HOME=/opt/rustwide/cargo-home" "-e" "RUSTUP_HOME=/opt/rustwide/rustup-home" "-e" "CARGO_TARGET_DIR=/opt/rustwide/target" "-e" "CARGO_INCREMENTAL=0" "-e" "RUST_BACKTRACE=full" "-e" "RUSTFLAGS=--cap-lints=warn" "-e" "RUSTDOCFLAGS=--cap-lints=warn" "-w" "/opt/rustwide/workdir" "--user" "0:0" "2163f9bbd0944fae193ad9b62272142827288cbc4cf1cf4026684e8cb8daa04f" "/opt/rustwide/cargo-home/bin/cargo" "+1.100.0-beta.1" "test" "--frozen" "--no-run" "--message-format=json" "--release", kill_on_drop: false }`
[INFO] [stderr]    Compiling libc v0.2.180
[INFO] [stderr]    Compiling getrandom v0.3.4
[INFO] [stderr]    Compiling rustix v1.1.3
[INFO] [stderr]    Compiling cfg-if v1.0.4
[INFO] [stderr]    Compiling linux-raw-sys v0.11.0
[INFO] [stderr]    Compiling bitflags v2.10.0
[INFO] [stderr]    Compiling once_cell v1.21.3
[INFO] [stderr]    Compiling fastrand v2.3.0
[INFO] [stderr]    Compiling tempfile v3.24.0
[INFO] [stderr]    Compiling windows-erg v0.2.0 (/opt/rustwide/workdir)
[INFO] [stdout] error[E0432]: unresolved import `windows_erg::system`
[INFO] [stdout]  --> examples/system_snapshot.rs:1:5
[INFO] [stdout]   |
[INFO] [stdout] 1 | use windows_erg::system;
[INFO] [stdout]   |     ^^^^^^^^^^^^^------
[INFO] [stdout]   |                  |
[INFO] [stdout]   |                  no `system` in the root
[INFO] [stdout] 
[INFO] [stdout] 
[INFO] [stdout] error[E0432]: unresolved import `windows_erg::etw`
[INFO] [stdout]  --> examples/etw_stop_with_wait.rs:4:18
[INFO] [stdout]   |
[INFO] [stdout] 4 | use windows_erg::etw::{EventTrace, SystemProvider};
[INFO] [stdout]   |                  ^^^ could not find `etw` in `windows_erg`
[INFO] [stdout] 
[INFO] [stdout] 
[INFO] [stdout] error[E0432]: unresolved import `windows_erg::process`
[INFO] [stdout]  --> examples/process_spawn_parented.rs:7:18
[INFO] [stdout]   |
[INFO] [stdout] 7 | use windows_erg::process::{Process, ProcessSpawner};
[INFO] [stdout]   |                  ^^^^^^^ could not find `process` in `windows_erg`
[INFO] [stdout] 
[INFO] [stdout] 
[INFO] [stdout] error[E0432]: unresolved import `windows_erg::service`
[INFO] [stdout]  --> examples/service_enumerate.rs:5:18
[INFO] [stdout]   |
[INFO] [stdout] 5 | use windows_erg::service::{self, ServiceState};
[INFO] [stdout]   |                  ^^^^^^^ could not find `service` in `windows_erg`
[INFO] [stdout] 
[INFO] [stdout] 
[INFO] [stdout] error[E0432]: unresolved import `windows_erg::process`
[INFO] [stdout]  --> examples/process_basics.rs:6:18
[INFO] [stdout]   |
[INFO] [stdout] 6 | use windows_erg::process::Process;
[INFO] [stdout]   |                  ^^^^^^^ could not find `process` in `windows_erg`
[INFO] [stdout] 
[INFO] [stdout] 
[INFO] [stdout] For more information about this error, try `rustc --explain E0432`.
[INFO] [stdout] 
[INFO] [stdout] error[E0432]: unresolved import `windows_erg::process`
[INFO] [stdout]  --> examples/process_monitoring.rs:6:18
[INFO] [stdout]   |
[INFO] [stdout] 6 | use windows_erg::process::Process;
[INFO] [stdout]   |                  ^^^^^^^ could not find `process` in `windows_erg`
[INFO] [stdout] 
[INFO] [stdout] 
[INFO] [stdout] error[E0425]: cannot find type `Result` in crate `windows_erg`
[INFO] [stdout]  --> examples/etw_stop_with_wait.rs:6:27
[INFO] [stdout]   |
[INFO] [stdout] 6 | fn main() -> windows_erg::Result<()> {
[INFO] [stdout]   |                           ^^^^^^ not found in `windows_erg`
[INFO] [stdout]   |
[INFO] [stdout] help: consider importing one of these items
[INFO] [stdout]   |
[INFO] [stdout] 1 + use crate::thread::Result;
[INFO] [stdout]   |
[INFO] [stdout] 1 + use std::fmt::Result;
[INFO] [stdout]   |
[INFO] [stdout] 1 + use std::io::Result;
[INFO] [stdout]   |
[INFO] [stdout] 1 + use std::result::Result;
[INFO] [stdout]   |
[INFO] [stdout]   = and 3 other candidates
[INFO] [stdout] help: if you import `Result`, refer to it directly
[INFO] [stdout]   |
[INFO] [stdout] 6 - fn main() -> windows_erg::Result<()> {
[INFO] [stdout] 6 + fn main() -> Result<()> {
[INFO] [stdout]   |
[INFO] [stdout] 
[INFO] [stdout] 
[INFO] [stdout] error[E0425]: cannot find type `Result` in crate `windows_erg`
[INFO] [stdout]  --> examples/service_enumerate.rs:7:27
[INFO] [stdout]   |
[INFO] [stdout] 7 | fn main() -> windows_erg::Result<()> {
[INFO] [stdout]   |                           ^^^^^^ not found in `windows_erg`
[INFO] [stdout]   |
[INFO] [stdout] help: consider importing one of these items
[INFO] [stdout]   |
[INFO] [stdout] 5 + use std::fmt::Result;
[INFO] [stdout]   |
[INFO] [stdout] 5 + use std::io::Result;
[INFO] [stdout]   |
[INFO] [stdout] 5 + use std::result::Result;
[INFO] [stdout]   |
[INFO] [stdout] 5 + use std::thread::Result;
[INFO] [stdout]   |
[INFO] [stdout]   = and 2 other candidates
[INFO] [stdout] help: if you import `Result`, refer to it directly
[INFO] [stdout]   |
[INFO] [stdout] 7 - fn main() -> windows_erg::Result<()> {
[INFO] [stdout] 7 + fn main() -> Result<()> {
[INFO] [stdout]   |
[INFO] [stdout] 
[INFO] [stdout] 
[INFO] [stderr] error: could not compile `windows-erg` (example "system_snapshot") due to 1 previous error
[INFO] [stderr] warning: build failed, waiting for other jobs to finish...
[INFO] [stdout] error[E0433]: cannot find `types` in `windows_erg`
[INFO] [stdout]  --> examples/process_spawn_parented.rs:9:60
[INFO] [stdout]   |
[INFO] [stdout] 9 | fn find_explorer_pid() -> windows_erg::Result<windows_erg::types::ProcessId> {
[INFO] [stdout]   |                                                            ^^^^^ could not find `types` in `windows_erg`
[INFO] [stdout] 
[INFO] [stdout] 
[INFO] [stdout] error[E0432]: unresolved import `windows_erg::etw`
[INFO] [stdout]   --> examples/etw_process_monitor.rs:24:18
[INFO] [stdout]    |
[INFO] [stdout] 24 | use windows_erg::etw::{EventTrace, SystemProvider};
[INFO] [stdout]    |                  ^^^ could not find `etw` in `windows_erg`
[INFO] [stdout] 
[INFO] [stdout] 
[INFO] [stdout] error[E0433]: cannot find `error` in `windows_erg`
[INFO] [stdout]   --> examples/process_spawn_parented.rs:16:48
[INFO] [stdout]    |
[INFO] [stdout] 16 |         windows_erg::Error::Other(windows_erg::error::OtherError::new(
[INFO] [stdout]    |                                                ^^^^^ could not find `error` in `windows_erg`
[INFO] [stdout] 
[INFO] [stdout] 
[INFO] [stdout] error[E0432]: unresolved import `windows_erg::etw`
[INFO] [stdout]   --> examples/etw_registry_monitor.rs:30:18
[INFO] [stdout]    |
[INFO] [stdout] 30 | use windows_erg::etw::{EventTrace, SystemProvider};
[INFO] [stdout]    |                  ^^^ could not find `etw` in `windows_erg`
[INFO] [stdout] 
[INFO] [stdout] 
[INFO] [stdout] error[E0425]: cannot find type `Result` in crate `windows_erg`
[INFO] [stdout]  --> examples/process_spawn_parented.rs:9:40
[INFO] [stdout]   |
[INFO] [stdout] 9 | fn find_explorer_pid() -> windows_erg::Result<windows_erg::types::ProcessId> {
[INFO] [stdout]   |                                        ^^^^^^ not found in `windows_erg`
[INFO] [stdout]   |
[INFO] [stdout] help: consider importing one of these items
[INFO] [stdout]   |
[INFO] [stdout] 7 + use std::fmt::Result;
[INFO] [stdout]   |
[INFO] [stdout] 7 + use std::io::Result;
[INFO] [stdout]   |
[INFO] [stdout] 7 + use std::result::Result;
[INFO] [stdout]   |
[INFO] [stdout] 7 + use std::thread::Result;
[INFO] [stdout]   |
[INFO] [stdout]   = and 2 other candidates
[INFO] [stdout] help: if you import `Result`, refer to it directly
[INFO] [stdout]   |
[INFO] [stdout] 9 - fn find_explorer_pid() -> windows_erg::Result<windows_erg::types::ProcessId> {
[INFO] [stdout] 9 + fn find_explorer_pid() -> Result<windows_erg::types::ProcessId> {
[INFO] [stdout]   |
[INFO] [stdout] 
[INFO] [stdout] 
[INFO] [stdout] error[E0433]: cannot find `Error` in `windows_erg`
[INFO] [stdout]   --> examples/process_spawn_parented.rs:16:22
[INFO] [stdout]    |
[INFO] [stdout] 16 |         windows_erg::Error::Other(windows_erg::error::OtherError::new(
[INFO] [stdout]    |                      ^^^^^ could not find `Error` in `windows_erg`
[INFO] [stdout]    |
[INFO] [stdout] help: consider importing one of these items
[INFO] [stdout]    |
[INFO] [stdout]  7 + use std::error::Error;
[INFO] [stdout]    |
[INFO] [stdout]  7 + use std::fmt::Error;
[INFO] [stdout]    |
[INFO] [stdout]  7 + use std::io::Error;
[INFO] [stdout]    |
[INFO] [stdout]  7 + use core::error::Error;
[INFO] [stdout]    |
[INFO] [stdout]    = and 1 other candidate
[INFO] [stdout] help: if you import `Error`, refer to it directly
[INFO] [stdout]    |
[INFO] [stdout] 16 -         windows_erg::Error::Other(windows_erg::error::OtherError::new(
[INFO] [stdout] 16 +         Error::Other(windows_erg::error::OtherError::new(
[INFO] [stdout]    |
[INFO] [stdout] 
[INFO] [stdout] 
[INFO] [stdout] error[E0425]: cannot find type `Result` in crate `windows_erg`
[INFO] [stdout]   --> examples/process_spawn_parented.rs:22:27
[INFO] [stdout]    |
[INFO] [stdout] 22 | fn main() -> windows_erg::Result<()> {
[INFO] [stdout]    |                           ^^^^^^ not found in `windows_erg`
[INFO] [stdout]    |
[INFO] [stdout] help: consider importing one of these items
[INFO] [stdout]    |
[INFO] [stdout]  7 + use std::fmt::Result;
[INFO] [stdout]    |
[INFO] [stdout]  7 + use std::io::Result;
[INFO] [stdout]    |
[INFO] [stdout]  7 + use std::result::Result;
[INFO] [stdout]    |
[INFO] [stdout]  7 + use std::thread::Result;
[INFO] [stdout]    |
[INFO] [stdout]    = and 2 other candidates
[INFO] [stdout] help: if you import `Result`, refer to it directly
[INFO] [stdout]    |
[INFO] [stdout] 22 - fn main() -> windows_erg::Result<()> {
[INFO] [stdout] 22 + fn main() -> Result<()> {
[INFO] [stdout]    |
[INFO] [stdout] 
[INFO] [stdout] 
[INFO] [stdout] Some errors have detailed explanations: E0425, E0432.
[INFO] [stdout] 
[INFO] [stdout] For more information about an error, try `rustc --explain E0425`.
[INFO] [stdout] 
[INFO] [stdout] error[E0432]: unresolved import `windows_erg::service`
[INFO] [stdout]  --> examples/service_basics.rs:7:18
[INFO] [stdout]   |
[INFO] [stdout] 7 | use windows_erg::service::{self, ServiceState};
[INFO] [stdout]   |                  ^^^^^^^ could not find `service` in `windows_erg`
[INFO] [stdout] 
[INFO] [stdout] 
[INFO] [stdout] error[E0425]: cannot find type `Result` in crate `windows_erg`
[INFO] [stdout]  --> examples/process_monitoring.rs:8:27
[INFO] [stdout]   |
[INFO] [stdout] 8 | fn main() -> windows_erg::Result<()> {
[INFO] [stdout]   |                           ^^^^^^ not found in `windows_erg`
[INFO] [stdout]   |
[INFO] [stdout] help: consider importing one of these items
[INFO] [stdout]   |
[INFO] [stdout] 5 + use std::fmt::Result;
[INFO] [stdout]   |
[INFO] [stdout] 5 + use std::io::Result;
[INFO] [stdout]   |
[INFO] [stdout] 5 + use std::result::Result;
[INFO] [stdout]   |
[INFO] [stdout] 5 + use std::thread::Result;
[INFO] [stdout]   |
[INFO] [stdout]   = and 2 other candidates
[INFO] [stdout] help: if you import `Result`, refer to it directly
[INFO] [stdout]   |
[INFO] [stdout] 8 - fn main() -> windows_erg::Result<()> {
[INFO] [stdout] 8 + fn main() -> Result<()> {
[INFO] [stdout]   |
[INFO] [stdout] 
[INFO] [stdout] 
[INFO] [stdout] Some errors have detailed explanations: E0425, E0432.
[INFO] [stdout] 
[INFO] [stdout] For more information about an error, try `rustc --explain E0425`.
[INFO] [stdout] 
[INFO] [stdout] error[E0432]: unresolved import `windows_erg::process`
[INFO] [stdout]  --> examples/process_tree.rs:8:18
[INFO] [stdout]   |
[INFO] [stdout] 8 | use windows_erg::process::{Process, ProcessId};
[INFO] [stdout]   |                  ^^^^^^^ could not find `process` in `windows_erg`
[INFO] [stdout] 
[INFO] [stdout] 
[INFO] [stderr] error: could not compile `windows-erg` (example "service_enumerate") due to 2 previous errors
[INFO] [stdout] error[E0432]: unresolved import `windows::core`
[INFO] [stdout]  --> examples/etw_user_mode_provider.rs:9:14
[INFO] [stdout]   |
[INFO] [stdout] 9 | use windows::core::GUID;
[INFO] [stdout]   |              ^^^^ could not find `core` in `windows`
[INFO] [stdout] 
[INFO] [stdout] 
[INFO] [stdout] error[E0432]: unresolved import `windows_erg::error`
[INFO] [stdout]   --> examples/etw_user_mode_provider.rs:10:18
[INFO] [stdout]    |
[INFO] [stdout] 10 | use windows_erg::error::{Error, EtwError};
[INFO] [stdout]    |                  ^^^^^ could not find `error` in `windows_erg`
[INFO] [stdout] 
[INFO] [stdout] 
[INFO] [stdout] error[E0432]: unresolved import `windows_erg::etw`
[INFO] [stdout]   --> examples/etw_user_mode_provider.rs:11:18
[INFO] [stdout]    |
[INFO] [stdout] 11 | use windows_erg::etw::EventTrace;
[INFO] [stdout]    |                  ^^^ could not find `etw` in `windows_erg`
[INFO] [stdout] 
[INFO] [stdout] 
[INFO] [stdout] error[E0432]: unresolved import `windows_erg::etw`
[INFO] [stdout]   --> examples/etw_network_monitor.rs:31:18
[INFO] [stdout]    |
[INFO] [stdout] 31 | use windows_erg::etw::{EventTrace, SystemProvider};
[INFO] [stdout]    |                  ^^^ could not find `etw` in `windows_erg`
[INFO] [stdout] 
[INFO] [stdout] 
[INFO] [stdout] error[E0432]: unresolved import `windows_erg::Wait`
[INFO] [stdout]  --> examples/wait_multi_object.rs:4:5
[INFO] [stdout]   |
[INFO] [stdout] 4 | use windows_erg::Wait;
[INFO] [stdout]   |     ^^^^^^^^^^^^^----
[INFO] [stdout]   |                  |
[INFO] [stdout]   |                  no `Wait` in the root
[INFO] [stdout] 
[INFO] [stdout] 
[INFO] [stdout] error[E0432]: unresolved import `windows_erg::process`
[INFO] [stdout]  --> examples/process_wait_any.rs:5:18
[INFO] [stdout]   |
[INFO] [stdout] 5 | use windows_erg::process::Process;
[INFO] [stdout]   |                  ^^^^^^^ could not find `process` in `windows_erg`
[INFO] [stdout] 
[INFO] [stdout] 
[INFO] [stdout] error[E0425]: cannot find type `Result` in crate `windows_erg`
[INFO] [stdout]  --> examples/wait_multi_object.rs:6:27
[INFO] [stdout]   |
[INFO] [stdout] 6 | fn main() -> windows_erg::Result<()> {
[INFO] [stdout]   |                           ^^^^^^ not found in `windows_erg`
[INFO] [stdout]   |
[INFO] [stdout] help: consider importing one of these items
[INFO] [stdout]   |
[INFO] [stdout] 1 + use crate::thread::Result;
[INFO] [stdout]   |
[INFO] [stdout] 1 + use std::fmt::Result;
[INFO] [stdout]   |
[INFO] [stdout] 1 + use std::io::Result;
[INFO] [stdout]   |
[INFO] [stdout] 1 + use std::result::Result;
[INFO] [stdout]   |
[INFO] [stdout]   = and 3 other candidates
[INFO] [stdout] help: if you import `Result`, refer to it directly
[INFO] [stdout]   |
[INFO] [stdout] 6 - fn main() -> windows_erg::Result<()> {
[INFO] [stdout] 6 + fn main() -> Result<()> {
[INFO] [stdout]   |
[INFO] [stdout] 
[INFO] [stdout] 
[INFO] [stdout] error[E0433]: cannot find `etw` in `windows_erg`
[INFO] [stdout]   --> examples/etw_registry_monitor.rs:73:46
[INFO] [stdout]    |
[INFO] [stdout] 73 | fn print_registry_event(event: &windows_erg::etw::TraceEvent) {
[INFO] [stdout]    |                                              ^^^ could not find `etw` in `windows_erg`
[INFO] [stdout] 
[INFO] [stdout] 
[INFO] [stdout] error[E0425]: cannot find type `Result` in crate `windows_erg`
[INFO] [stdout]   --> examples/etw_registry_monitor.rs:32:27
[INFO] [stdout]    |
[INFO] [stdout] 32 | fn main() -> windows_erg::Result<()> {
[INFO] [stdout]    |                           ^^^^^^ not found in `windows_erg`
[INFO] [stdout]    |
[INFO] [stdout] help: consider importing one of these items
[INFO] [stdout]    |
[INFO] [stdout] 30 + use std::fmt::Result;
[INFO] [stdout]    |
[INFO] [stdout] 30 + use std::io::Result;
[INFO] [stdout]    |
[INFO] [stdout] 30 + use std::result::Result;
[INFO] [stdout]    |
[INFO] [stdout] 30 + use std::thread::Result;
[INFO] [stdout]    |
[INFO] [stdout]    = and 2 other candidates
[INFO] [stdout] help: if you import `Result`, refer to it directly
[INFO] [stdout]    |
[INFO] [stdout] 32 - fn main() -> windows_erg::Result<()> {
[INFO] [stdout] 32 + fn main() -> Result<()> {
[INFO] [stdout]    |
[INFO] [stdout] 
[INFO] [stdout] 
[INFO] [stdout] error[E0432]: unresolved import `windows_erg::system`
[INFO] [stdout]  --> examples/system_power_control.rs:1:18
[INFO] [stdout]   |
[INFO] [stdout] 1 | use windows_erg::system::{
[INFO] [stdout]   |                  ^^^^^^ could not find `system` in `windows_erg`
[INFO] [stdout] 
[INFO] [stdout] 
[INFO] [stderr] error: could not compile `windows-erg` (example "etw_stop_with_wait") due to 2 previous errors
[INFO] [stdout] error[E0432]: unresolved imports `windows_erg::ProcessId`, `windows_erg::Wait`
[INFO] [stdout]  --> examples/process_wait_any.rs:6:19
[INFO] [stdout]   |
[INFO] [stdout] 6 | use windows_erg::{ProcessId, Wait};
[INFO] [stdout]   |                   ^^^^^^^^^  ^^^^ no `Wait` in the root
[INFO] [stdout]   |                   |
[INFO] [stdout]   |                   no `ProcessId` in the root
[INFO] [stdout] 
[INFO] [stdout] 
[INFO] [stdout] Some errors have detailed explanations: E0425, E0432, E0433.
[INFO] [stdout] 
[INFO] [stdout] For more information about an error, try `rustc --explain E0425`.
[INFO] [stdout] 
[INFO] [stdout] Some errors have detailed explanations: E0425, E0432.
[INFO] [stdout] 
[INFO] [stdout] For more information about an error, try `rustc --explain E0425`.
[INFO] [stdout] 
[INFO] [stdout] Some errors have detailed explanations: E0425, E0432.
[INFO] [stdout] 
[INFO] [stdout] For more information about an error, try `rustc --explain E0425`.
[INFO] [stdout] 
[INFO] [stdout] Some errors have detailed explanations: E0425, E0432, E0433.
[INFO] [stdout] 
[INFO] [stdout] For more information about an error, try `rustc --explain E0425`.
[INFO] [stdout] 
[INFO] [stdout] error[E0425]: cannot find type `Result` in crate `windows_erg`
[INFO] [stdout]   --> examples/process_tree.rs:10:27
[INFO] [stdout]    |
[INFO] [stdout] 10 | fn main() -> windows_erg::Result<()> {
[INFO] [stdout]    |                           ^^^^^^ not found in `windows_erg`
[INFO] [stdout]    |
[INFO] [stdout] help: consider importing one of these items
[INFO] [stdout]    |
[INFO] [stdout]  5 + use crate::thread::Result;
[INFO] [stdout]    |
[INFO] [stdout]  5 + use std::fmt::Result;
[INFO] [stdout]    |
[INFO] [stdout]  5 + use std::io::Result;
[INFO] [stdout]    |
[INFO] [stdout]  5 + use std::result::Result;
[INFO] [stdout]    |
[INFO] [stdout]    = and 3 other candidates
[INFO] [stdout] help: if you import `Result`, refer to it directly
[INFO] [stdout]    |
[INFO] [stdout] 10 - fn main() -> windows_erg::Result<()> {
[INFO] [stdout] 10 + fn main() -> Result<()> {
[INFO] [stdout]    |
[INFO] [stdout] 
[INFO] [stdout] 
[INFO] [stderr] error: could not compile `windows-erg` (example "etw_registry_monitor") due to 3 previous errors
[INFO] [stdout] error[E0425]: cannot find type `Result` in crate `windows_erg`
[INFO] [stdout]  --> examples/service_basics.rs:9:27
[INFO] [stdout]   |
[INFO] [stdout] 9 | fn main() -> windows_erg::Result<()> {
[INFO] [stdout]   |                           ^^^^^^ not found in `windows_erg`
[INFO] [stdout]   |
[INFO] [stdout] help: consider importing one of these items
[INFO] [stdout]   |
[INFO] [stdout] 6 + use std::fmt::Result;
[INFO] [stdout]   |
[INFO] [stdout] 6 + use std::io::Result;
[INFO] [stdout]   |
[INFO] [stdout] 6 + use std::result::Result;
[INFO] [stdout]   |
[INFO] [stdout] 6 + use std::thread::Result;
[INFO] [stdout]   |
[INFO] [stdout]   = and 2 other candidates
[INFO] [stdout] help: if you import `Result`, refer to it directly
[INFO] [stdout]   |
[INFO] [stdout] 9 - fn main() -> windows_erg::Result<()> {
[INFO] [stdout] 9 + fn main() -> Result<()> {
[INFO] [stdout]   |
[INFO] [stdout] 
[INFO] [stdout] 
[INFO] [stderr] error: could not compile `windows-erg` (example "process_monitoring") due to 2 previous errors
[INFO] [stderr] error: could not compile `windows-erg` (example "wait_multi_object") due to 2 previous errors
[INFO] [stdout] Some errors have detailed explanations: E0425, E0432.
[INFO] [stdout] 
[INFO] [stdout] For more information about an error, try `rustc --explain E0425`.
[INFO] [stdout] 
[INFO] [stderr] error: could not compile `windows-erg` (example "process_spawn_parented") due to 6 previous errors
[INFO] [stdout] error[E0425]: cannot find type `Result` in crate `windows_erg`
[INFO] [stdout]   --> examples/etw_user_mode_provider.rs:17:27
[INFO] [stdout]    |
[INFO] [stdout] 17 | fn main() -> windows_erg::Result<()> {
[INFO] [stdout]    |                           ^^^^^^ not found in `windows_erg`
[INFO] [stdout]    |
[INFO] [stdout] help: consider importing one of these items
[INFO] [stdout]    |
[INFO] [stdout]  8 + use std::fmt::Result;
[INFO] [stdout]    |
[INFO] [stdout]  8 + use std::io::Result;
[INFO] [stdout]    |
[INFO] [stdout]  8 + use std::result::Result;
[INFO] [stdout]    |
[INFO] [stdout]  8 + use std::thread::Result;
[INFO] [stdout]    |
[INFO] [stdout]    = and 2 other candidates
[INFO] [stdout] help: if you import `Result`, refer to it directly
[INFO] [stdout]    |
[INFO] [stdout] 17 - fn main() -> windows_erg::Result<()> {
[INFO] [stdout] 17 + fn main() -> Result<()> {
[INFO] [stdout]    |
[INFO] [stdout] 
[INFO] [stdout] 
[INFO] [stderr] error: could not compile `windows-erg` (example "service_basics") due to 2 previous errors
[INFO] [stdout] warning: method call on a diverging inference variable
[INFO] [stdout]   --> examples/etw_user_mode_provider.rs:38:47
[INFO] [stdout]    |
[INFO] [stdout] 38 |     println!("ETW session started: {}", trace.name());
[INFO] [stdout]    |                                               ^^^^
[INFO] [stdout]    |
[INFO] [stdout]    = help: consider providing a type annotation
[INFO] [stdout]    = warning: this was previously accepted by the compiler but is being phased out; it will become a hard error in a future release!
[INFO] [stdout]    = note: for more information, see issue #156047 <https://github.com/rust-lang/rust/issues/156047>
[INFO] [stdout]    = note: `#[warn(method_call_on_diverging_infer_var)]` (part of `#[warn(future_incompatible)]`) on by default
[INFO] [stdout] 
[INFO] [stdout] 
[INFO] [stdout] Some errors have detailed explanations: E0425, E0432.
[INFO] [stdout] 
[INFO] [stdout] For more information about an error, try `rustc --explain E0425`.
[INFO] [stdout] 
[INFO] [stdout] error[E0433]: cannot find `error` in `windows_erg`
[INFO] [stdout]   --> examples/process_wait_any.rs:26:52
[INFO] [stdout]    |
[INFO] [stdout] 26 |             windows_erg::Error::Other(windows_erg::error::OtherError::new(format!(
[INFO] [stdout]    |                                                    ^^^^^ could not find `error` in `windows_erg`
[INFO] [stdout] 
[INFO] [stdout] 
[INFO] [stdout] error[E0433]: cannot find `etw` in `windows_erg`
[INFO] [stdout]   --> examples/etw_process_monitor.rs:67:45
[INFO] [stdout]    |
[INFO] [stdout] 67 | fn print_process_event(event: &windows_erg::etw::TraceEvent) {
[INFO] [stdout]    |                                             ^^^ could not find `etw` in `windows_erg`
[INFO] [stdout] 
[INFO] [stdout] 
[INFO] [stdout] error[E0425]: cannot find type `Result` in crate `windows_erg`
[INFO] [stdout]   --> examples/etw_process_monitor.rs:26:27
[INFO] [stdout]    |
[INFO] [stdout] 26 | fn main() -> windows_erg::Result<()> {
[INFO] [stdout]    |                           ^^^^^^ not found in `windows_erg`
[INFO] [stdout]    |
[INFO] [stdout] help: consider importing one of these items
[INFO] [stdout]    |
[INFO] [stdout] 24 + use std::fmt::Result;
[INFO] [stdout]    |
[INFO] [stdout] 24 + use std::io::Result;
[INFO] [stdout]    |
[INFO] [stdout] 24 + use std::result::Result;
[INFO] [stdout]    |
[INFO] [stdout] 24 + use std::thread::Result;
[INFO] [stdout]    |
[INFO] [stdout]    = and 2 other candidates
[INFO] [stdout] help: if you import `Result`, refer to it directly
[INFO] [stdout]    |
[INFO] [stdout] 26 - fn main() -> windows_erg::Result<()> {
[INFO] [stdout] 26 + fn main() -> Result<()> {
[INFO] [stdout]    |
[INFO] [stdout] 
[INFO] [stdout] 
[INFO] [stdout] error[E0432]: unresolved import `windows_erg::proxy`
[INFO] [stdout]  --> examples/proxy_for_url.rs:1:5
[INFO] [stdout]   |
[INFO] [stdout] 1 | use windows_erg::proxy;
[INFO] [stdout]   |     ^^^^^^^^^^^^^-----
[INFO] [stdout]   |                  |
[INFO] [stdout]   |                  no `proxy` in the root
[INFO] [stdout] 
[INFO] [stdout] 
[INFO] [stderr] error: could not compile `windows-erg` (example "process_tree") due to 2 previous errors
[INFO] [stdout] error[E0433]: cannot find `process` in `windows_erg`
[INFO] [stdout]   --> examples/process_basics.rs:10:29
[INFO] [stdout]    |
[INFO] [stdout] 10 |     let host = windows_erg::process::host_metrics()?;
[INFO] [stdout]    |                             ^^^^^^^ could not find `process` in `windows_erg`
[INFO] [stdout] 
[INFO] [stdout] 
[INFO] [stdout] error[E0425]: cannot find type `Result` in crate `windows_erg`
[INFO] [stdout]   --> examples/process_wait_any.rs:13:19
[INFO] [stdout]    |
[INFO] [stdout] 13 | ) -> windows_erg::Result<()> {
[INFO] [stdout]    |                   ^^^^^^ not found in `windows_erg`
[INFO] [stdout]    |
[INFO] [stdout] help: consider importing one of these items
[INFO] [stdout]    |
[INFO] [stdout]  1 + use crate::thread::Result;
[INFO] [stdout]    |
[INFO] [stdout]  1 + use std::fmt::Result;
[INFO] [stdout]    |
[INFO] [stdout]  1 + use std::io::Result;
[INFO] [stdout]    |
[INFO] [stdout]  1 + use std::result::Result;
[INFO] [stdout]    |
[INFO] [stdout]    = and 3 other candidates
[INFO] [stdout] help: if you import `Result`, refer to it directly
[INFO] [stdout]    |
[INFO] [stdout] 13 - ) -> windows_erg::Result<()> {
[INFO] [stdout] 13 + ) -> Result<()> {
[INFO] [stdout]    |
[INFO] [stdout] 
[INFO] [stdout] 
[INFO] [stdout] error[E0425]: cannot find type `Result` in crate `windows_erg`
[INFO] [stdout]   --> examples/system_power_control.rs:79:27
[INFO] [stdout]    |
[INFO] [stdout] 79 | fn main() -> windows_erg::Result<()> {
[INFO] [stdout]    |                           ^^^^^^ not found in `windows_erg`
[INFO] [stdout]    |
[INFO] [stdout] help: consider importing one of these items
[INFO] [stdout]    |
[INFO] [stdout]  1 + use std::fmt::Result;
[INFO] [stdout]    |
[INFO] [stdout]  1 + use std::io::Result;
[INFO] [stdout]    |
[INFO] [stdout]  1 + use std::result::Result;
[INFO] [stdout]    |
[INFO] [stdout]  1 + use std::thread::Result;
[INFO] [stdout]    |
[INFO] [stdout]    = and 2 other candidates
[INFO] [stdout] help: if you import `Result`, refer to it directly
[INFO] [stdout]    |
[INFO] [stdout] 79 - fn main() -> windows_erg::Result<()> {
[INFO] [stdout] 79 + fn main() -> Result<()> {
[INFO] [stdout]    |
[INFO] [stdout] 
[INFO] [stdout] 
[INFO] [stdout] error[E0433]: cannot find `Error` in `windows_erg`
[INFO] [stdout]   --> examples/process_wait_any.rs:26:26
[INFO] [stdout]    |
[INFO] [stdout] 26 |             windows_erg::Error::Other(windows_erg::error::OtherError::new(format!(
[INFO] [stdout]    |                          ^^^^^ could not find `Error` in `windows_erg`
[INFO] [stdout]    |
[INFO] [stdout] help: consider importing one of these items
[INFO] [stdout]    |
[INFO] [stdout]  1 + use std::error::Error;
[INFO] [stdout]    |
[INFO] [stdout]  1 + use std::fmt::Error;
[INFO] [stdout]    |
[INFO] [stdout]  1 + use std::io::Error;
[INFO] [stdout]    |
[INFO] [stdout]  1 + use core::error::Error;
[INFO] [stdout]    |
[INFO] [stdout]    = and 1 other candidate
[INFO] [stdout] help: if you import `Error`, refer to it directly
[INFO] [stdout]    |
[INFO] [stdout] 26 -             windows_erg::Error::Other(windows_erg::error::OtherError::new(format!(
[INFO] [stdout] 26 +             Error::Other(windows_erg::error::OtherError::new(format!(
[INFO] [stdout]    |
[INFO] [stdout] 
[INFO] [stdout] 
[INFO] [stdout] error[E0425]: cannot find type `Result` in crate `windows_erg`
[INFO] [stdout]   --> examples/process_wait_any.rs:68:27
[INFO] [stdout]    |
[INFO] [stdout] 68 | fn main() -> windows_erg::Result<()> {
[INFO] [stdout]    |                           ^^^^^^ not found in `windows_erg`
[INFO] [stdout]    |
[INFO] [stdout] help: consider importing one of these items
[INFO] [stdout]    |
[INFO] [stdout]  1 + use crate::thread::Result;
[INFO] [stdout]    |
[INFO] [stdout]  1 + use std::fmt::Result;
[INFO] [stdout]    |
[INFO] [stdout]  1 + use std::io::Result;
[INFO] [stdout]    |
[INFO] [stdout]  1 + use std::result::Result;
[INFO] [stdout]    |
[INFO] [stdout]    = and 3 other candidates
[INFO] [stdout] help: if you import `Result`, refer to it directly
[INFO] [stdout]    |
[INFO] [stdout] 68 - fn main() -> windows_erg::Result<()> {
[INFO] [stdout] 68 + fn main() -> Result<()> {
[INFO] [stdout]    |
[INFO] [stdout] 
[INFO] [stdout] 
[INFO] [stdout] error[E0425]: cannot find type `Error` in crate `windows_erg`
[INFO] [stdout]  --> examples/proxy_for_url.rs:3:38
[INFO] [stdout]   |
[INFO] [stdout] 3 | fn main() -> Result<(), windows_erg::Error> {
[INFO] [stdout]   |                                      ^^^^^ not found in `windows_erg`
[INFO] [stdout]   |
[INFO] [stdout] help: consider importing one of these items
[INFO] [stdout]   |
[INFO] [stdout] 1 + use std::error::Error;
[INFO] [stdout]   |
[INFO] [stdout] 1 + use std::fmt::Error;
[INFO] [stdout]   |
[INFO] [stdout] 1 + use std::io::Error;
[INFO] [stdout]   |
[INFO] [stdout] 1 + use core::error::Error;
[INFO] [stdout]   |
[INFO] [stdout]   = and 1 other candidate
[INFO] [stdout] help: if you import `Error`, refer to it directly
[INFO] [stdout]   |
[INFO] [stdout] 3 - fn main() -> Result<(), windows_erg::Error> {
[INFO] [stdout] 3 + fn main() -> Result<(), Error> {
[INFO] [stdout]   |
[INFO] [stdout] 
[INFO] [stdout] 
[INFO] [stdout] error[E0599]: no method named `name` found for type `!` in the current scope
[INFO] [stdout]   --> examples/etw_user_mode_provider.rs:38:47
[INFO] [stdout]    |
[INFO] [stdout] 38 |     println!("ETW session started: {}", trace.name());
[INFO] [stdout]    |                                               ^^^^
[INFO] [stdout]    |
[INFO] [stdout] help: there is a method `ne` with a similar name, but with different arguments
[INFO] [stdout]   --> /rustc/e3feeb59cd1bdd011a2bfcc0747b55125d9b8527/library/core/src/cmp.rs:278:4
[INFO] [stdout] 
[INFO] [stdout] 
[INFO] [stdout] error[E0599]: no method named `next_batch` found for type `!` in the current scope
[INFO] [stdout]   --> examples/etw_user_mode_provider.rs:44:27
[INFO] [stdout]    |
[INFO] [stdout] 44 |         let count = trace.next_batch(&mut events)?;
[INFO] [stdout]    |                           ^^^^^^^^^^ method not found in `!`
[INFO] [stdout] 
[INFO] [stdout] 
[INFO] [stdout] warning: unreachable expression
[INFO] [stdout]   --> examples/etw_user_mode_provider.rs:44:38
[INFO] [stdout]    |
[INFO] [stdout] 44 |         let count = trace.next_batch(&mut events)?;
[INFO] [stdout]    |                     -----            ^^^^^^^^^^^ unreachable expression
[INFO] [stdout]    |                     |
[INFO] [stdout]    |                     any code following this expression is unreachable
[INFO] [stdout]    |
[INFO] [stdout]    = note: `#[warn(unreachable_code)]` (part of `#[warn(unused)]`) on by default
[INFO] [stdout] 
[INFO] [stdout] 
[INFO] [stdout] Some errors have detailed explanations: E0425, E0432, E0433.
[INFO] [stdout] 
[INFO] [stdout] For more information about an error, try `rustc --explain E0425`.
[INFO] [stdout] 
[INFO] [stdout] error[E0433]: cannot find `process` in `windows_erg`
[INFO] [stdout]   --> examples/process_basics.rs:19:33
[INFO] [stdout]    |
[INFO] [stdout] 19 |     let host_cpu = windows_erg::process::host_cpu_usage(Duration::from_millis(250))?;
[INFO] [stdout]    |                                 ^^^^^^^ could not find `process` in `windows_erg`
[INFO] [stdout] 
[INFO] [stdout] 
[INFO] [stdout] error[E0425]: cannot find type `Result` in crate `windows_erg`
[INFO] [stdout]  --> examples/process_basics.rs:8:27
[INFO] [stdout]   |
[INFO] [stdout] 8 | fn main() -> windows_erg::Result<()> {
[INFO] [stdout]   |                           ^^^^^^ not found in `windows_erg`
[INFO] [stdout]   |
[INFO] [stdout] help: consider importing one of these items
[INFO] [stdout]   |
[INFO] [stdout] 5 + use std::fmt::Result;
[INFO] [stdout]   |
[INFO] [stdout] 5 + use std::io::Result;
[INFO] [stdout]   |
[INFO] [stdout] 5 + use std::result::Result;
[INFO] [stdout]   |
[INFO] [stdout] 5 + use std::thread::Result;
[INFO] [stdout]   |
[INFO] [stdout]   = and 2 other candidates
[INFO] [stdout] help: if you import `Result`, refer to it directly
[INFO] [stdout]   |
[INFO] [stdout] 8 - fn main() -> windows_erg::Result<()> {
[INFO] [stdout] 8 + fn main() -> Result<()> {
[INFO] [stdout]   |
[INFO] [stdout] 
[INFO] [stdout] 
[INFO] [stdout] Some errors have detailed explanations: E0425, E0432, E0433.
[INFO] [stdout] 
[INFO] [stdout] For more information about an error, try `rustc --explain E0425`.
[INFO] [stdout] 
[INFO] [stdout] Some errors have detailed explanations: E0425, E0432, E0599.
[INFO] [stdout] 
[INFO] [stdout] For more information about an error, try `rustc --explain E0425`.
[INFO] [stdout] 
[INFO] [stderr] error: could not compile `windows-erg` (example "etw_process_monitor") due to 3 previous errors
[INFO] [stdout] Some errors have detailed explanations: E0425, E0432.
[INFO] [stdout] 
[INFO] [stdout] For more information about an error, try `rustc --explain E0425`.
[INFO] [stdout] 
[INFO] [stderr] error: could not compile `windows-erg` (example "process_wait_any") due to 6 previous errors
[INFO] [stdout] Some errors have detailed explanations: E0425, E0432.
[INFO] [stdout] 
[INFO] [stdout] For more information about an error, try `rustc --explain E0425`.
[INFO] [stdout] 
[INFO] [stderr] error: could not compile `windows-erg` (example "system_power_control") due to 2 previous errors
[INFO] [stderr] error: could not compile `windows-erg` (example "etw_user_mode_provider") due to 6 previous errors; 3 warnings emitted
[INFO] [stderr] error: could not compile `windows-erg` (example "proxy_for_url") due to 2 previous errors
[INFO] [stdout] error[E0433]: cannot find `etw` in `windows_erg`
[INFO] [stdout]   --> examples/etw_network_monitor.rs:77:45
[INFO] [stdout]    |
[INFO] [stdout] 77 | fn print_network_event(event: &windows_erg::etw::TraceEvent, count: usize) {
[INFO] [stdout]    |                                             ^^^ could not find `etw` in `windows_erg`
[INFO] [stdout] 
[INFO] [stdout] 
[INFO] [stdout] error[E0425]: cannot find type `Result` in crate `windows_erg`
[INFO] [stdout]   --> examples/etw_network_monitor.rs:33:27
[INFO] [stdout]    |
[INFO] [stdout] 33 | fn main() -> windows_erg::Result<()> {
[INFO] [stdout]    |                           ^^^^^^ not found in `windows_erg`
[INFO] [stdout]    |
[INFO] [stdout] help: consider importing one of these items
[INFO] [stdout]    |
[INFO] [stdout] 31 + use std::fmt::Result;
[INFO] [stdout]    |
[INFO] [stdout] 31 + use std::io::Result;
[INFO] [stdout]    |
[INFO] [stdout] 31 + use std::result::Result;
[INFO] [stdout]    |
[INFO] [stdout] 31 + use std::thread::Result;
[INFO] [stdout]    |
[INFO] [stdout]    = and 2 other candidates
[INFO] [stdout] help: if you import `Result`, refer to it directly
[INFO] [stdout]    |
[INFO] [stdout] 33 - fn main() -> windows_erg::Result<()> {
[INFO] [stdout] 33 + fn main() -> Result<()> {
[INFO] [stdout]    |
[INFO] [stdout] 
[INFO] [stdout] 
[INFO] [stdout] Some errors have detailed explanations: E0425, E0432, E0433.
[INFO] [stdout] 
[INFO] [stdout] For more information about an error, try `rustc --explain E0425`.
[INFO] [stdout] 
[INFO] [stdout] Some errors have detailed explanations: E0425, E0432, E0433.
[INFO] [stdout] 
[INFO] [stdout] For more information about an error, try `rustc --explain E0425`.
[INFO] [stdout] 
[INFO] [stderr] error: could not compile `windows-erg` (example "process_basics") due to 4 previous errors
[INFO] [stderr] error: could not compile `windows-erg` (example "etw_network_monitor") due to 3 previous errors
[INFO] [stderr] warning: unused dependency `quick-xml`
[INFO] [stderr]  --> Cargo.toml:1:15
[INFO] [stderr]   |
[INFO] [stderr] 1 | [dependencies.quick-xml]
[INFO] [stderr]   |               ^^^^^^^^^^
[INFO] [stderr]   |
[INFO] [stderr]   = note: `cargo::unused_dependencies` is set to `warn` by default
[INFO] [stderr] help: consider removing the dependency on `quick-xml`
[INFO] [stderr] warning: unused dependency `windows`
[INFO] [stderr]   --> Cargo.toml:10:15
[INFO] [stderr]    |
[INFO] [stderr] 10 | [dependencies.windows]
[INFO] [stderr]    |               ^^^^^^^^
[INFO] [stderr]    |
[INFO] [stderr] help: consider removing the dependency on `windows`
[INFO] [stderr] help: to still use for development builds, move to `dev-dependencies`
[INFO] [stderr] warning: `windows-erg` (manifest) generated 2 warnings
[INFO] running `Command { std: "docker" "inspect" "2163f9bbd0944fae193ad9b62272142827288cbc4cf1cf4026684e8cb8daa04f", kill_on_drop: false }`
[INFO] running `Command { std: "docker" "rm" "-f" "2163f9bbd0944fae193ad9b62272142827288cbc4cf1cf4026684e8cb8daa04f", kill_on_drop: false }`
[INFO] [stdout] 2163f9bbd0944fae193ad9b62272142827288cbc4cf1cf4026684e8cb8daa04f
