[INFO] fetching crate win-msgbox 0.2.2...
[INFO] testing win-msgbox-0.2.2 against 1.100.0-beta.1+cargoflags=--release for beta-release-1.100-2
[INFO] extracting crate win-msgbox 0.2.2 into /workspace/builds/worker-4-tc2/source
[INFO] started tweaking crates.io crate win-msgbox 0.2.2
[INFO] removed 0 missing examples
[INFO] finished tweaking crates.io crate win-msgbox 0.2.2
[INFO] tweaked toml for crates.io crate win-msgbox 0.2.2 written to /workspace/builds/worker-4-tc2/source/Cargo.toml
[INFO] validating manifest of crates.io crate win-msgbox 0.2.2 on toolchain 1.100.0-beta.1
[INFO] running `Command { std: CARGO_HOME="/workspace/cargo-home" RUSTUP_HOME="/workspace/rustup-home" "/workspace/cargo-home/bin/cargo" "+1.100.0-beta.1" "metadata" "--manifest-path" "Cargo.toml" "--no-deps", kill_on_drop: false }`
[INFO] crate crates.io crate win-msgbox 0.2.2 already has a lockfile, it will not be regenerated
[INFO] running `Command { std: CARGO_HOME="/workspace/cargo-home" RUSTUP_HOME="/workspace/rustup-home" "/workspace/cargo-home/bin/cargo" "+1.100.0-beta.1" "fetch" "--manifest-path" "Cargo.toml", kill_on_drop: false }`
[INFO] running `Command { std: "docker" "create" "-v" "/var/lib/crater-agent-workspace/builds/worker-4-tc2/source:/opt/rustwide/workdir:ro,Z" "-v" "/var/lib/crater-agent-workspace/builds/worker-4-tc2/target:/opt/rustwide/target:rw,Z" "-v" "/var/lib/crater-agent-workspace/cargo-home:/opt/rustwide/cargo-home:ro,Z" "-v" "/var/lib/crater-agent-workspace/rustup-home:/opt/rustwide/rustup-home:ro,Z" "-m" "1610612736" "--network" "none" "ghcr.io/rust-lang/crates-build-env/linux@sha256:77db811e55d90add9212f6832c23229e3de5f1c1f9905e8cb07319ea15df73ac" "sleep" "infinity", kill_on_drop: false }`
[INFO] [stdout] 69af598d56da04ac5fe5673f38ad8e25e1f3a4d5dfbda05a70d199af55af2472
[INFO] running `Command { std: "docker" "start" "69af598d56da04ac5fe5673f38ad8e25e1f3a4d5dfbda05a70d199af55af2472", kill_on_drop: false }`
[INFO] running `Command { std: "docker" "inspect" "69af598d56da04ac5fe5673f38ad8e25e1f3a4d5dfbda05a70d199af55af2472", kill_on_drop: false }`
[INFO] running `Command { std: "docker" "exec" "-e" "SOURCE_DIR=/opt/rustwide/workdir" "-e" "CARGO_HOME=/opt/rustwide/cargo-home" "-e" "RUSTUP_HOME=/opt/rustwide/rustup-home" "-e" "CARGO_TARGET_DIR=/opt/rustwide/target" "-w" "/opt/rustwide/workdir" "--user" "0:0" "69af598d56da04ac5fe5673f38ad8e25e1f3a4d5dfbda05a70d199af55af2472" "/opt/rustwide/cargo-home/bin/cargo" "+1.100.0-beta.1" "metadata" "--no-deps" "--format-version=1", kill_on_drop: false }`
[INFO] running `Command { std: "docker" "inspect" "69af598d56da04ac5fe5673f38ad8e25e1f3a4d5dfbda05a70d199af55af2472", kill_on_drop: false }`
[INFO] running `Command { std: "docker" "exec" "-e" "SOURCE_DIR=/opt/rustwide/workdir" "-e" "CARGO_HOME=/opt/rustwide/cargo-home" "-e" "RUSTUP_HOME=/opt/rustwide/rustup-home" "-e" "CARGO_TARGET_DIR=/opt/rustwide/target" "-e" "CARGO_INCREMENTAL=0" "-e" "RUST_BACKTRACE=full" "-e" "RUSTFLAGS=--cap-lints=warn" "-e" "RUSTDOCFLAGS=--cap-lints=warn" "-w" "/opt/rustwide/workdir" "--user" "0:0" "69af598d56da04ac5fe5673f38ad8e25e1f3a4d5dfbda05a70d199af55af2472" "/opt/rustwide/cargo-home/bin/cargo" "+1.100.0-beta.1" "build" "--frozen" "--message-format=json" "--release", kill_on_drop: false }`
[INFO] [stderr]    Compiling windows-link v0.2.1
[INFO] [stderr]    Compiling windows-sys v0.61.2
[INFO] [stderr]    Compiling win-msgbox v0.2.2 (/opt/rustwide/workdir)
[INFO] [stderr]     Finished `release` profile [optimized] target(s) in 1.54s
[INFO] running `Command { std: "docker" "inspect" "69af598d56da04ac5fe5673f38ad8e25e1f3a4d5dfbda05a70d199af55af2472", kill_on_drop: false }`
[INFO] running `Command { std: "docker" "exec" "-e" "SOURCE_DIR=/opt/rustwide/workdir" "-e" "CARGO_HOME=/opt/rustwide/cargo-home" "-e" "RUSTUP_HOME=/opt/rustwide/rustup-home" "-e" "CARGO_TARGET_DIR=/opt/rustwide/target" "-e" "CARGO_INCREMENTAL=0" "-e" "RUST_BACKTRACE=full" "-e" "RUSTFLAGS=--cap-lints=warn" "-e" "RUSTDOCFLAGS=--cap-lints=warn" "-w" "/opt/rustwide/workdir" "--user" "0:0" "69af598d56da04ac5fe5673f38ad8e25e1f3a4d5dfbda05a70d199af55af2472" "/opt/rustwide/cargo-home/bin/cargo" "+1.100.0-beta.1" "test" "--frozen" "--no-run" "--message-format=json" "--release", kill_on_drop: false }`
[INFO] [stderr]    Compiling win-msgbox v0.2.2 (/opt/rustwide/workdir)
[INFO] [stdout] error: linking with `cc` failed: exit status: 1
[INFO] [stdout]   |
[INFO] [stdout]   = note:  "cc" "-m64" "/opt/rustwide/target/release/build/win-msgbox/e7ceb218a8e519dc/out/rustcHml98P/symbols.o" "<2 object files omitted>" "-Wl,--as-needed" "-Wl,-Bstatic" "/opt/rustwide/target/release/build/win-msgbox/f9e30002616f405c/out/libwin_msgbox-f9e30002616f405c.rlib" "/opt/rustwide/target/release/build/windows-sys/6a6a5261ba403ff8/out/libwindows_sys-6a6a5261ba403ff8.rlib" "/opt/rustwide/target/release/build/windows-link/eadd802b00b61929/out/libwindows_link-eadd802b00b61929.rlib" "<sysroot>/lib/rustlib/x86_64-unknown-linux-gnu/lib/{libstd-*,libpanic_unwind-*,libobject-*,libmemchr-*,libaddr2line-*,libgimli-*,libcfg_if-*,librustc_demangle-*,libstd_detect-*,libhashbrown-*,librustc_std_workspace_alloc-*,libminiz_oxide-*,libadler2-*,libunwind-*,liblibc-*,librustc_std_workspace_core-*,liballoc-*,libcore-*,libcompiler_builtins-*}.rlib" "-Wl,-Bdynamic" "-lgcc_s" "-lutil" "-lrt" "-lpthread" "-lm" "-ldl" "-lc" "-L" "/opt/rustwide/target/release/build/win-msgbox/e7ceb218a8e519dc/out/rustcHml98P/raw-dylibs" "-B<sysroot>/lib/rustlib/x86_64-unknown-linux-gnu/bin/gcc-ld" "-fuse-ld=lld" "-Wl,--eh-frame-hdr" "-Wl,-z,noexecstack" "-L" "<sysroot>/lib/rustlib/x86_64-unknown-linux-gnu/lib" "-o" "/opt/rustwide/target/release/build/win-msgbox/e7ceb218a8e519dc/out/topmost" "-Wl,--gc-sections" "-pie" "-Wl,-z,relro,-z,now" "-Wl,-O1" "-Wl,--strip-debug" "-nodefaultlibs"
[INFO] [stdout]   = note: some arguments are omitted. use `--verbose` to show all linker arguments
[INFO] [stdout]   = note: rust-lld: error: undefined symbol: MessageBoxW
[INFO] [stdout]           >>> referenced by topmost.bdb556b916be0f08-cgu.0
[INFO] [stdout]           >>>               /opt/rustwide/target/release/build/win-msgbox/e7ceb218a8e519dc/out/topmost.topmost.bdb556b916be0f08-cgu.0.rcgu.o:(topmost::main)
[INFO] [stdout]           
[INFO] [stdout]           rust-lld: error: undefined symbol: GetLastError
[INFO] [stdout]           >>> referenced by topmost.bdb556b916be0f08-cgu.0
[INFO] [stdout]           >>>               /opt/rustwide/target/release/build/win-msgbox/e7ceb218a8e519dc/out/topmost.topmost.bdb556b916be0f08-cgu.0.rcgu.o:(topmost::main)
[INFO] [stdout]           collect2: error: ld returned 1 exit status
[INFO] [stdout]           
[INFO] [stdout] 
[INFO] [stdout] 
[INFO] [stderr] error: could not compile `win-msgbox` (example "topmost") due to 1 previous error
[INFO] [stderr] warning: build failed, waiting for other jobs to finish...
[INFO] [stdout] error: linking with `cc` failed: exit status: 1
[INFO] [stdout]   |
[INFO] [stdout]   = note:  "cc" "-m64" "/opt/rustwide/target/release/build/win-msgbox/64798cf2a82b90a8/out/rustcVVjmpZ/symbols.o" "<2 object files omitted>" "-Wl,--as-needed" "-Wl,-Bstatic" "/opt/rustwide/target/release/build/win-msgbox/f9e30002616f405c/out/libwin_msgbox-f9e30002616f405c.rlib" "/opt/rustwide/target/release/build/windows-sys/6a6a5261ba403ff8/out/libwindows_sys-6a6a5261ba403ff8.rlib" "/opt/rustwide/target/release/build/windows-link/eadd802b00b61929/out/libwindows_link-eadd802b00b61929.rlib" "<sysroot>/lib/rustlib/x86_64-unknown-linux-gnu/lib/{libstd-*,libpanic_unwind-*,libobject-*,libmemchr-*,libaddr2line-*,libgimli-*,libcfg_if-*,librustc_demangle-*,libstd_detect-*,libhashbrown-*,librustc_std_workspace_alloc-*,libminiz_oxide-*,libadler2-*,libunwind-*,liblibc-*,librustc_std_workspace_core-*,liballoc-*,libcore-*,libcompiler_builtins-*}.rlib" "-Wl,-Bdynamic" "-lgcc_s" "-lutil" "-lrt" "-lpthread" "-lm" "-ldl" "-lc" "-L" "/opt/rustwide/target/release/build/win-msgbox/64798cf2a82b90a8/out/rustcVVjmpZ/raw-dylibs" "-B<sysroot>/lib/rustlib/x86_64-unknown-linux-gnu/bin/gcc-ld" "-fuse-ld=lld" "-Wl,--eh-frame-hdr" "-Wl,-z,noexecstack" "-L" "<sysroot>/lib/rustlib/x86_64-unknown-linux-gnu/lib" "-o" "/opt/rustwide/target/release/build/win-msgbox/64798cf2a82b90a8/out/options" "-Wl,--gc-sections" "-pie" "-Wl,-z,relro,-z,now" "-Wl,-O1" "-Wl,--strip-debug" "-nodefaultlibs"
[INFO] [stdout]   = note: some arguments are omitted. use `--verbose` to show all linker arguments
[INFO] [stdout]   = note: rust-lld: error: undefined symbol: MessageBoxW
[INFO] [stdout]           >>> referenced by options.a2cffe9269b9ffa2-cgu.0
[INFO] [stdout]           >>>               /opt/rustwide/target/release/build/win-msgbox/64798cf2a82b90a8/out/options.options.a2cffe9269b9ffa2-cgu.0.rcgu.o:(options::main)
[INFO] [stdout]           
[INFO] [stdout]           rust-lld: error: undefined symbol: GetLastError
[INFO] [stdout]           >>> referenced by options.a2cffe9269b9ffa2-cgu.0
[INFO] [stdout]           >>>               /opt/rustwide/target/release/build/win-msgbox/64798cf2a82b90a8/out/options.options.a2cffe9269b9ffa2-cgu.0.rcgu.o:(options::main)
[INFO] [stdout]           collect2: error: ld returned 1 exit status
[INFO] [stdout]           
[INFO] [stdout] 
[INFO] [stdout] 
[INFO] [stderr] error: could not compile `win-msgbox` (example "options") due to 1 previous error
[INFO] [stdout] error: linking with `cc` failed: exit status: 1
[INFO] [stdout]   |
[INFO] [stdout]   = note:  "cc" "-m64" "/opt/rustwide/target/release/build/win-msgbox/dbbf88ba5e0ca79c/out/rustcyBkFNv/symbols.o" "<2 object files omitted>" "-Wl,--as-needed" "-Wl,-Bstatic" "/opt/rustwide/target/release/build/win-msgbox/f9e30002616f405c/out/libwin_msgbox-f9e30002616f405c.rlib" "/opt/rustwide/target/release/build/windows-sys/6a6a5261ba403ff8/out/libwindows_sys-6a6a5261ba403ff8.rlib" "/opt/rustwide/target/release/build/windows-link/eadd802b00b61929/out/libwindows_link-eadd802b00b61929.rlib" "<sysroot>/lib/rustlib/x86_64-unknown-linux-gnu/lib/{libstd-*,libpanic_unwind-*,libobject-*,libmemchr-*,libaddr2line-*,libgimli-*,libcfg_if-*,librustc_demangle-*,libstd_detect-*,libhashbrown-*,librustc_std_workspace_alloc-*,libminiz_oxide-*,libadler2-*,libunwind-*,liblibc-*,librustc_std_workspace_core-*,liballoc-*,libcore-*,libcompiler_builtins-*}.rlib" "-Wl,-Bdynamic" "-lgcc_s" "-lutil" "-lrt" "-lpthread" "-lm" "-ldl" "-lc" "-L" "/opt/rustwide/target/release/build/win-msgbox/dbbf88ba5e0ca79c/out/rustcyBkFNv/raw-dylibs" "-B<sysroot>/lib/rustlib/x86_64-unknown-linux-gnu/bin/gcc-ld" "-fuse-ld=lld" "-Wl,--eh-frame-hdr" "-Wl,-z,noexecstack" "-L" "<sysroot>/lib/rustlib/x86_64-unknown-linux-gnu/lib" "-o" "/opt/rustwide/target/release/build/win-msgbox/dbbf88ba5e0ca79c/out/raw" "-Wl,--gc-sections" "-pie" "-Wl,-z,relro,-z,now" "-Wl,-O1" "-Wl,--strip-debug" "-nodefaultlibs"
[INFO] [stdout]   = note: some arguments are omitted. use `--verbose` to show all linker arguments
[INFO] [stdout]   = note: rust-lld: error: undefined symbol: MessageBoxW
[INFO] [stdout]           >>> referenced by raw.631ff0c981fc055f-cgu.0
[INFO] [stdout]           >>>               /opt/rustwide/target/release/build/win-msgbox/dbbf88ba5e0ca79c/out/raw.raw.631ff0c981fc055f-cgu.0.rcgu.o:(raw::main)
[INFO] [stdout]           
[INFO] [stdout]           rust-lld: error: undefined symbol: GetLastError
[INFO] [stdout]           >>> referenced by raw.631ff0c981fc055f-cgu.0
[INFO] [stdout]           >>>               /opt/rustwide/target/release/build/win-msgbox/dbbf88ba5e0ca79c/out/raw.raw.631ff0c981fc055f-cgu.0.rcgu.o:(raw::main)
[INFO] [stdout]           collect2: error: ld returned 1 exit status
[INFO] [stdout]           
[INFO] [stdout] 
[INFO] [stdout] 
[INFO] [stderr] error: could not compile `win-msgbox` (example "raw") due to 1 previous error
[INFO] [stdout] error: linking with `cc` failed: exit status: 1
[INFO] [stdout]   |
[INFO] [stdout]   = note:  "cc" "-m64" "/opt/rustwide/target/release/build/win-msgbox/ba9b912920b6602e/out/rustcks3hNc/symbols.o" "<2 object files omitted>" "-Wl,--as-needed" "-Wl,-Bstatic" "/opt/rustwide/target/release/build/win-msgbox/f9e30002616f405c/out/libwin_msgbox-f9e30002616f405c.rlib" "/opt/rustwide/target/release/build/windows-sys/6a6a5261ba403ff8/out/libwindows_sys-6a6a5261ba403ff8.rlib" "/opt/rustwide/target/release/build/windows-link/eadd802b00b61929/out/libwindows_link-eadd802b00b61929.rlib" "<sysroot>/lib/rustlib/x86_64-unknown-linux-gnu/lib/{libstd-*,libpanic_unwind-*,libobject-*,libmemchr-*,libaddr2line-*,libgimli-*,libcfg_if-*,librustc_demangle-*,libstd_detect-*,libhashbrown-*,librustc_std_workspace_alloc-*,libminiz_oxide-*,libadler2-*,libunwind-*,liblibc-*,librustc_std_workspace_core-*,liballoc-*,libcore-*,libcompiler_builtins-*}.rlib" "-Wl,-Bdynamic" "-lgcc_s" "-lutil" "-lrt" "-lpthread" "-lm" "-ldl" "-lc" "-L" "/opt/rustwide/target/release/build/win-msgbox/ba9b912920b6602e/out/rustcks3hNc/raw-dylibs" "-B<sysroot>/lib/rustlib/x86_64-unknown-linux-gnu/bin/gcc-ld" "-fuse-ld=lld" "-Wl,--eh-frame-hdr" "-Wl,-z,noexecstack" "-L" "<sysroot>/lib/rustlib/x86_64-unknown-linux-gnu/lib" "-o" "/opt/rustwide/target/release/build/win-msgbox/ba9b912920b6602e/out/simple" "-Wl,--gc-sections" "-pie" "-Wl,-z,relro,-z,now" "-Wl,-O1" "-Wl,--strip-debug" "-nodefaultlibs"
[INFO] [stdout]   = note: some arguments are omitted. use `--verbose` to show all linker arguments
[INFO] [stdout]   = note: rust-lld: error: undefined symbol: MessageBoxW
[INFO] [stdout]           >>> referenced by simple.6e0d104bf0b4c3e4-cgu.0
[INFO] [stdout]           >>>               /opt/rustwide/target/release/build/win-msgbox/ba9b912920b6602e/out/simple.simple.6e0d104bf0b4c3e4-cgu.0.rcgu.o:(simple::main)
[INFO] [stdout]           
[INFO] [stdout]           rust-lld: error: undefined symbol: GetLastError
[INFO] [stdout]           >>> referenced by simple.6e0d104bf0b4c3e4-cgu.0
[INFO] [stdout]           >>>               /opt/rustwide/target/release/build/win-msgbox/ba9b912920b6602e/out/simple.simple.6e0d104bf0b4c3e4-cgu.0.rcgu.o:(simple::main)
[INFO] [stdout]           collect2: error: ld returned 1 exit status
[INFO] [stdout]           
[INFO] [stdout] 
[INFO] [stdout] 
[INFO] [stderr] error: could not compile `win-msgbox` (example "simple") due to 1 previous error
[INFO] [stdout] error: linking with `cc` failed: exit status: 1
[INFO] [stdout]   |
[INFO] [stdout]   = note:  "cc" "-m64" "/opt/rustwide/target/release/build/win-msgbox/24f2edf8d6125d1f/out/rustcYpU6QS/symbols.o" "<2 object files omitted>" "-Wl,--as-needed" "-Wl,-Bstatic" "/opt/rustwide/target/release/build/win-msgbox/f9e30002616f405c/out/libwin_msgbox-f9e30002616f405c.rlib" "/opt/rustwide/target/release/build/windows-sys/6a6a5261ba403ff8/out/libwindows_sys-6a6a5261ba403ff8.rlib" "/opt/rustwide/target/release/build/windows-link/eadd802b00b61929/out/libwindows_link-eadd802b00b61929.rlib" "<sysroot>/lib/rustlib/x86_64-unknown-linux-gnu/lib/{libstd-*,libpanic_unwind-*,libobject-*,libmemchr-*,libaddr2line-*,libgimli-*,libcfg_if-*,librustc_demangle-*,libstd_detect-*,libhashbrown-*,librustc_std_workspace_alloc-*,libminiz_oxide-*,libadler2-*,libunwind-*,liblibc-*,librustc_std_workspace_core-*,liballoc-*,libcore-*,libcompiler_builtins-*}.rlib" "-Wl,-Bdynamic" "-lgcc_s" "-lutil" "-lrt" "-lpthread" "-lm" "-ldl" "-lc" "-L" "/opt/rustwide/target/release/build/win-msgbox/24f2edf8d6125d1f/out/rustcYpU6QS/raw-dylibs" "-B<sysroot>/lib/rustlib/x86_64-unknown-linux-gnu/bin/gcc-ld" "-fuse-ld=lld" "-Wl,--eh-frame-hdr" "-Wl,-z,noexecstack" "-L" "<sysroot>/lib/rustlib/x86_64-unknown-linux-gnu/lib" "-o" "/opt/rustwide/target/release/build/win-msgbox/24f2edf8d6125d1f/out/minimal" "-Wl,--gc-sections" "-pie" "-Wl,-z,relro,-z,now" "-Wl,-O1" "-Wl,--strip-debug" "-nodefaultlibs"
[INFO] [stdout]   = note: some arguments are omitted. use `--verbose` to show all linker arguments
[INFO] [stdout]   = note: rust-lld: error: undefined symbol: MessageBoxW
[INFO] [stdout]           >>> referenced by minimal.dce7793fa4d1b3eb-cgu.0
[INFO] [stdout]           >>>               /opt/rustwide/target/release/build/win-msgbox/24f2edf8d6125d1f/out/minimal.minimal.dce7793fa4d1b3eb-cgu.0.rcgu.o:(minimal::main)
[INFO] [stdout]           
[INFO] [stdout]           rust-lld: error: undefined symbol: GetLastError
[INFO] [stdout]           >>> referenced by minimal.dce7793fa4d1b3eb-cgu.0
[INFO] [stdout]           >>>               /opt/rustwide/target/release/build/win-msgbox/24f2edf8d6125d1f/out/minimal.minimal.dce7793fa4d1b3eb-cgu.0.rcgu.o:(minimal::main)
[INFO] [stdout]           collect2: error: ld returned 1 exit status
[INFO] [stdout]           
[INFO] [stdout] 
[INFO] [stdout] 
[INFO] [stderr] error: could not compile `win-msgbox` (example "minimal") due to 1 previous error
[INFO] running `Command { std: "docker" "inspect" "69af598d56da04ac5fe5673f38ad8e25e1f3a4d5dfbda05a70d199af55af2472", kill_on_drop: false }`
[INFO] running `Command { std: "docker" "rm" "-f" "69af598d56da04ac5fe5673f38ad8e25e1f3a4d5dfbda05a70d199af55af2472", kill_on_drop: false }`
[INFO] [stdout] 69af598d56da04ac5fe5673f38ad8e25e1f3a4d5dfbda05a70d199af55af2472
