[INFO] fetching crate whiteoutlib 0.2.1...
[INFO] testing whiteoutlib-0.2.1 against 1.99.0-beta.8+cargoflags=--release for beta-release-1.100-2
[INFO] extracting crate whiteoutlib 0.2.1 into /workspace/builds/worker-1-tc1/source
[INFO] started tweaking crates.io crate whiteoutlib 0.2.1
[INFO] removed 0 missing tests
[INFO] finished tweaking crates.io crate whiteoutlib 0.2.1
[INFO] tweaked toml for crates.io crate whiteoutlib 0.2.1 written to /workspace/builds/worker-1-tc1/source/Cargo.toml
[INFO] validating manifest of crates.io crate whiteoutlib 0.2.1 on toolchain 1.99.0-beta.8
[INFO] running `Command { std: CARGO_HOME="/workspace/cargo-home" RUSTUP_HOME="/workspace/rustup-home" "/workspace/cargo-home/bin/cargo" "+1.99.0-beta.8" "metadata" "--manifest-path" "Cargo.toml" "--no-deps", kill_on_drop: false }`
[INFO] crate crates.io crate whiteoutlib 0.2.1 already has a lockfile, it will not be regenerated
[INFO] running `Command { std: CARGO_HOME="/workspace/cargo-home" RUSTUP_HOME="/workspace/rustup-home" "/workspace/cargo-home/bin/cargo" "+1.99.0-beta.8" "fetch" "--manifest-path" "Cargo.toml", kill_on_drop: false }`
[INFO] [stderr]     Blocking waiting for file lock on package cache
[INFO] [stderr]     Blocking waiting for file lock on package cache
[INFO] running `Command { std: "docker" "create" "-v" "/var/lib/crater-agent-workspace/builds/worker-1-tc1/source:/opt/rustwide/workdir:ro,Z" "-v" "/var/lib/crater-agent-workspace/builds/worker-1-tc1/target:/opt/rustwide/target:rw,Z" "-v" "/var/lib/crater-agent-workspace/cargo-home:/opt/rustwide/cargo-home:ro,Z" "-v" "/var/lib/crater-agent-workspace/rustup-home:/opt/rustwide/rustup-home:ro,Z" "-m" "1610612736" "--network" "none" "ghcr.io/rust-lang/crates-build-env/linux@sha256:77db811e55d90add9212f6832c23229e3de5f1c1f9905e8cb07319ea15df73ac" "sleep" "infinity", kill_on_drop: false }`
[INFO] [stdout] 9473be4e8cd520536afa50bc17711740ae939534170a888af14ed886306cfa79
[INFO] running `Command { std: "docker" "start" "9473be4e8cd520536afa50bc17711740ae939534170a888af14ed886306cfa79", kill_on_drop: false }`
[INFO] running `Command { std: "docker" "inspect" "9473be4e8cd520536afa50bc17711740ae939534170a888af14ed886306cfa79", kill_on_drop: false }`
[INFO] running `Command { std: "docker" "exec" "-e" "SOURCE_DIR=/opt/rustwide/workdir" "-e" "CARGO_HOME=/opt/rustwide/cargo-home" "-e" "RUSTUP_HOME=/opt/rustwide/rustup-home" "-e" "CARGO_TARGET_DIR=/opt/rustwide/target" "-w" "/opt/rustwide/workdir" "--user" "0:0" "9473be4e8cd520536afa50bc17711740ae939534170a888af14ed886306cfa79" "/opt/rustwide/cargo-home/bin/cargo" "+1.99.0-beta.8" "metadata" "--no-deps" "--format-version=1", kill_on_drop: false }`
[INFO] running `Command { std: "docker" "inspect" "9473be4e8cd520536afa50bc17711740ae939534170a888af14ed886306cfa79", kill_on_drop: false }`
[INFO] running `Command { std: "docker" "exec" "-e" "SOURCE_DIR=/opt/rustwide/workdir" "-e" "CARGO_HOME=/opt/rustwide/cargo-home" "-e" "RUSTUP_HOME=/opt/rustwide/rustup-home" "-e" "CARGO_TARGET_DIR=/opt/rustwide/target" "-e" "CARGO_INCREMENTAL=0" "-e" "RUST_BACKTRACE=full" "-e" "RUSTFLAGS=--cap-lints=warn" "-e" "RUSTDOCFLAGS=--cap-lints=warn" "-w" "/opt/rustwide/workdir" "--user" "0:0" "9473be4e8cd520536afa50bc17711740ae939534170a888af14ed886306cfa79" "/opt/rustwide/cargo-home/bin/cargo" "+1.99.0-beta.8" "build" "--frozen" "--message-format=json" "--release", kill_on_drop: false }`
[INFO] [stderr]    Compiling cc v1.4.0
[INFO] [stderr]    Compiling cmake v0.1.58
[INFO] [stderr]    Compiling whiteoutlib v0.2.1 (/opt/rustwide/workdir)
[INFO] [stderr] error: failed to run custom build command for `whiteoutlib v0.2.1 (/opt/rustwide/workdir)`
[INFO] [stderr] note: To improve backtraces for build dependencies, set the CARGO_PROFILE_RELEASE_BUILD_OVERRIDE_DEBUG=true environment variable to enable debug information generation.
[INFO] [stderr] 
[INFO] [stderr] Caused by:
[INFO] [stderr]   process didn't exit successfully: `/opt/rustwide/target/release/build/whiteoutlib-9aed31ede6acf6f9/build-script-build` (exit status: 101)
[INFO] [stderr]   --- stdout
[INFO] [stderr]   cargo:rerun-if-env-changed=WHITEOUT_LIB_DIR
[INFO] [stderr]   cargo:rerun-if-env-changed=WHITEOUT_INCLUDE_DIR
[INFO] [stderr]   cargo:rerun-if-env-changed=WHITEOUT_STATIC
[INFO] [stderr]   cargo:rerun-if-changed=/opt/rustwide/workdir/native/CMakeLists.txt
[INFO] [stderr]   CMAKE_TOOLCHAIN_FILE_x86_64-unknown-linux-gnu = None
[INFO] [stderr]   CMAKE_TOOLCHAIN_FILE_x86_64_unknown_linux_gnu = None
[INFO] [stderr]   HOST_CMAKE_TOOLCHAIN_FILE = None
[INFO] [stderr]   CMAKE_TOOLCHAIN_FILE = None
[INFO] [stderr]   CMAKE_GENERATOR_x86_64-unknown-linux-gnu = None
[INFO] [stderr]   CMAKE_GENERATOR_x86_64_unknown_linux_gnu = None
[INFO] [stderr]   HOST_CMAKE_GENERATOR = None
[INFO] [stderr]   CMAKE_GENERATOR = None
[INFO] [stderr]   CMAKE_PREFIX_PATH_x86_64-unknown-linux-gnu = None
[INFO] [stderr]   CMAKE_PREFIX_PATH_x86_64_unknown_linux_gnu = None
[INFO] [stderr]   HOST_CMAKE_PREFIX_PATH = None
[INFO] [stderr]   CMAKE_PREFIX_PATH = None
[INFO] [stderr]   CMAKE_x86_64-unknown-linux-gnu = None
[INFO] [stderr]   CMAKE_x86_64_unknown_linux_gnu = None
[INFO] [stderr]   HOST_CMAKE = None
[INFO] [stderr]   CMAKE = None
[INFO] [stderr]   -- The CXX compiler identification is GNU 15.2.0
[INFO] [stderr]   -- The C compiler identification is GNU 15.2.0
[INFO] [stderr]   -- Detecting CXX compiler ABI info
[INFO] [stderr]   -- Detecting CXX compiler ABI info - done
[INFO] [stderr]   -- Check for working CXX compiler: /usr/bin/c++ - skipped
[INFO] [stderr]   -- Detecting CXX compile features
[INFO] [stderr]   -- Detecting CXX compile features - done
[INFO] [stderr]   -- Detecting C compiler ABI info
[INFO] [stderr]   -- Detecting C compiler ABI info - done
[INFO] [stderr]   -- Check for working C compiler: /usr/bin/cc - skipped
[INFO] [stderr]   -- Detecting C compile features
[INFO] [stderr]   -- Detecting C compile features - done
[INFO] [stderr]   -- Found CURL: /usr/lib/x86_64-linux-gnu/libcurl.so (found version "8.18.0")
[INFO] [stderr]   -- WhiteoutLib: SimpleHttpHandler using libcurl 8.18.0
[INFO] [stderr]   -- Configuring done (1.5s)
[INFO] [stderr]   -- Generating done (0.1s)
[INFO] [stderr]   -- Build files have been written to: /opt/rustwide/target/release/build/whiteoutlib-e172be71d4208267/out/build
[INFO] [stderr]   [  1%] Building CXX object CMakeFiles/whiteout_lib.dir/src/whiteout/utils/job_group.cpp.o
[INFO] [stderr]   [  2%] Building CXX object CMakeFiles/whiteout_lib.dir/src/whiteout/models/mdx/mdl_tokenizer.cpp.o
[INFO] [stderr]   [  3%] Building CXX object CMakeFiles/whiteout_lib.dir/src/whiteout/common_types.cpp.o
[INFO] [stderr]   [  3%] Building CXX object CMakeFiles/whiteout_lib.dir/src/whiteout/utils/timeline_semaphore.cpp.o
[INFO] [stderr]   [  4%] Building CXX object CMakeFiles/whiteout_lib.dir/src/whiteout/vector_types.cpp.o
[INFO] [stderr]   [  4%] Building CXX object CMakeFiles/whiteout_lib.dir/src/whiteout/models/m2/chunk_parser.cpp.o
[INFO] [stderr]   [  4%] Building CXX object CMakeFiles/whiteout_lib.dir/src/whiteout/utils/vertex_buffer.cpp.o
[INFO] [stderr]   [  5%] Building CXX object CMakeFiles/whiteout_lib.dir/src/whiteout/models/mdx/writer.cpp.o
[INFO] [stderr]   [  5%] Building CXX object CMakeFiles/whiteout_lib.dir/src/whiteout/models/mdx/parser.cpp.o
[INFO] [stderr]   [  6%] Building CXX object CMakeFiles/whiteout_lib.dir/src/whiteout/models/mdx/mdl_converter.cpp.o
[INFO] [stderr]   [  6%] Building CXX object CMakeFiles/whiteout_lib.dir/src/whiteout/common/bit_io.cpp.o
[INFO] [stderr]   [  7%] Building CXX object CMakeFiles/whiteout_lib.dir/src/whiteout/models/m2/phys_file.cpp.o
[INFO] [stderr]   [  8%] Building CXX object CMakeFiles/whiteout_lib.dir/src/whiteout/models/m2/parser.cpp.o
[INFO] [stderr]   [  8%] Building CXX object CMakeFiles/whiteout_lib.dir/src/whiteout/models/mdx/mdl_writer.cpp.o
[INFO] [stderr]   [  9%] Building CXX object CMakeFiles/whiteout_lib.dir/src/whiteout/common/huffman_table.cpp.o
[INFO] [stderr]   [  9%] Building CXX object CMakeFiles/whiteout_lib.dir/src/whiteout/models/mdx/mdl_parser.cpp.o
[INFO] [stderr]   [  9%] Building CXX object CMakeFiles/whiteout_lib.dir/src/whiteout/models/m2/bone_file.cpp.o
[INFO] [stderr]   [ 10%] Building CXX object CMakeFiles/whiteout_lib.dir/src/whiteout/models/m2/writer.cpp.o
[INFO] [stderr]   [ 10%] Building CXX object CMakeFiles/whiteout_lib.dir/src/whiteout/models/m2/binary_parse_visitor/base.cpp.o
[INFO] [stderr] 
[INFO] [stderr]   --- stderr
[INFO] [stderr]   running: cd "/opt/rustwide/target/release/build/whiteoutlib-e172be71d4208267/out/build" && CMAKE_PREFIX_PATH="" LC_ALL="C" "cmake" "/opt/rustwide/workdir/native" "-B" "/opt/rustwide/target/release/build/whiteoutlib-e172be71d4208267/out/build" "-DWHITEOUT_BUILD_C_BINDINGS=ON" "-DWHITEOUT_BUILD_C_STATIC=ON" "-DWHITEOUT_BUILD_TESTS=OFF" "-DWHITEOUT_BUILD_EXAMPLES=OFF" "-DWHITEOUT_USE_ZLIBNG=OFF" "-DWHITEOUT_ENABLE_CASC=OFF" "-DWHITEOUT_ENABLE_MPQ=OFF" "-DCMAKE_INSTALL_PREFIX=/opt/rustwide/target/release/build/whiteoutlib-e172be71d4208267/out" "-DCMAKE_C_FLAGS= -ffunction-sections -fdata-sections -fPIC -m64 -w" "-DCMAKE_C_COMPILER=/usr/bin/cc" "-DCMAKE_CXX_FLAGS= -ffunction-sections -fdata-sections -fPIC -m64 -w" "-DCMAKE_CXX_COMPILER=/usr/bin/c++" "-DCMAKE_ASM_FLAGS= -ffunction-sections -fdata-sections -fPIC -m64 -w" "-DCMAKE_ASM_COMPILER=/usr/bin/cc" "-DCMAKE_BUILD_TYPE=Release"
[INFO] [stderr]   CMake Warning:
[INFO] [stderr]     Manually-specified variables were not used by the project:
[INFO] [stderr] 
[INFO] [stderr]       CMAKE_ASM_COMPILER
[INFO] [stderr]       CMAKE_ASM_FLAGS
[INFO] [stderr] 
[INFO] [stderr] 
[INFO] [stderr]   running: cd "/opt/rustwide/target/release/build/whiteoutlib-e172be71d4208267/out/build" && LC_ALL="C" MAKEFLAGS="-j --jobserver-fds=4,5 --jobserver-auth=4,5" "cmake" "--build" "/opt/rustwide/target/release/build/whiteoutlib-e172be71d4208267/out/build" "--target" "whiteout_c_static" "--config" "Release"
[INFO] [stderr]   c++: fatal error: Killed signal terminated program cc1plus
[INFO] [stderr]   compilation terminated.
[INFO] [stderr]   gmake[3]: *** [CMakeFiles/whiteout_lib.dir/build.make:289: CMakeFiles/whiteout_lib.dir/src/whiteout/models/m2/phys_file.cpp.o] Error 1
[INFO] [stderr]   gmake[3]: *** Waiting for unfinished jobs....
[INFO] [stderr]   c++: fatal error: Killed signal terminated program cc1plus
[INFO] [stderr]   compilation terminated.
[INFO] [stderr]   gmake[3]: *** [CMakeFiles/whiteout_lib.dir/build.make:275: CMakeFiles/whiteout_lib.dir/src/whiteout/models/m2/chunk_parser.cpp.o] Error 1
[INFO] [stderr]   c++: fatal error: Killed signal terminated program cc1plus
[INFO] [stderr]   compilation terminated.
[INFO] [stderr]   gmake[3]: *** [CMakeFiles/whiteout_lib.dir/build.make:191: CMakeFiles/whiteout_lib.dir/src/whiteout/models/mdx/writer.cpp.o] Error 1
[INFO] [stderr]   c++: fatal error: Killed signal terminated program cc1plus
[INFO] [stderr]   compilation terminated.
[INFO] [stderr]   c++: fatal error: Killed signal terminated program cc1plus
[INFO] [stderr]   compilation terminated.
[INFO] [stderr]   gmake[3]: *** [CMakeFiles/whiteout_lib.dir/build.make:261: CMakeFiles/whiteout_lib.dir/src/whiteout/models/m2/parser.cpp.o] Error 1
[INFO] [stderr]   gmake[3]: *** [CMakeFiles/whiteout_lib.dir/build.make:317: CMakeFiles/whiteout_lib.dir/src/whiteout/models/m2/writer.cpp.o] Error 1
[INFO] [stderr]   gmake[2]: *** [CMakeFiles/Makefile2:112: CMakeFiles/whiteout_lib.dir/all] Error 2
[INFO] [stderr]   gmake[1]: *** [CMakeFiles/Makefile2:183: bindings/c/CMakeFiles/whiteout_c_static.dir/rule] Error 2
[INFO] [stderr]   gmake: *** [Makefile:195: whiteout_c_static] Error 2
[INFO] [stderr] 
[INFO] [stderr]   thread 'main' (106) panicked at /opt/rustwide/cargo-home/registry/src/index.crates.io-1949cf8c6b5b557f/cmake-0.1.58/src/lib.rs:1132:5:
[INFO] [stderr] 
[INFO] [stderr]   command did not execute successfully, got: exit status: 2
[INFO] [stderr] 
[INFO] [stderr]   build script failed, must exit now
[INFO] [stderr]   stack backtrace:
[INFO] [stderr]      0:     0x55f9335e3781 - <<std[70759c8f55707aa4]::sys::backtrace::BacktraceLock>::print::DisplayBacktrace as core[df12db4294e9bfd3]::fmt::Display>::fmt
[INFO] [stderr]      1:     0x55f9335f79ca - core[df12db4294e9bfd3]::fmt::write
[INFO] [stderr]      2:     0x55f9335e92ec - <std[70759c8f55707aa4]::sys::stdio::unix::Stderr as core[df12db4294e9bfd3]::io::write::Write>::write_fmt
[INFO] [stderr]      3:     0x55f9335c2ca6 - std[70759c8f55707aa4]::panicking::default_hook::{closure#0}
[INFO] [stderr]      4:     0x55f9335de5a1 - std[70759c8f55707aa4]::panicking::default_hook
[INFO] [stderr]      5:     0x55f9335de75b - std[70759c8f55707aa4]::panicking::panic_with_hook
[INFO] [stderr]      6:     0x55f9335c2d52 - std[70759c8f55707aa4]::panicking::panic_handler::{closure#0}
[INFO] [stderr]      7:     0x55f9335bb9e9 - std[70759c8f55707aa4]::sys::backtrace::__rust_end_short_backtrace::<std[70759c8f55707aa4]::panicking::panic_handler::{closure#0}, !>
[INFO] [stderr]      8:     0x55f9335c356d - __rustc[8fa7c3cbc660c2b3]::rust_begin_unwind
[INFO] [stderr]      9:     0x55f9335f813c - core[df12db4294e9bfd3]::panicking::panic_fmt
[INFO] [stderr]     10:     0x55f933550227 - cmake[754d50a974507250]::fail
[INFO] [stderr]     11:     0x55f93354feb3 - cmake[754d50a974507250]::run
[INFO] [stderr]     12:     0x55f933555f45 - <cmake[754d50a974507250]::Config>::build
[INFO] [stderr]     13:     0x55f9335403ea - build_script_build[a34d84c5b5b8dbbf]::build_vendored
[INFO] [stderr]     14:     0x55f933541a50 - build_script_build[a34d84c5b5b8dbbf]::main
[INFO] [stderr]     15:     0x55f9335431a3 - <fn() as core[df12db4294e9bfd3]::ops::function::FnOnce<()>>::call_once
[INFO] [stderr]     16:     0x55f93353edf6 - std[70759c8f55707aa4]::sys::backtrace::__rust_begin_short_backtrace::<fn(), ()>
[INFO] [stderr]     17:     0x55f93353f499 - std[70759c8f55707aa4]::rt::lang_start::<()>::{closure#0}
[INFO] [stderr]     18:     0x55f9335dd869 - std[70759c8f55707aa4]::rt::lang_start_internal
[INFO] [stderr]     19:     0x55f93353e911 - std[70759c8f55707aa4]::rt::lang_start::<()>
[INFO] [stderr]     20:     0x55f933543255 - main
[INFO] [stderr]     21:     0x75580c0a7601 - <unknown>
[INFO] [stderr]     22:     0x75580c0a7718 - __libc_start_main
[INFO] [stderr]     23:     0x55f93353d3b5 - _start
[INFO] [stderr]     24:                0x0 - <unknown>
[INFO] running `Command { std: "docker" "inspect" "9473be4e8cd520536afa50bc17711740ae939534170a888af14ed886306cfa79", kill_on_drop: false }`
[INFO] running `Command { std: "docker" "rm" "-f" "9473be4e8cd520536afa50bc17711740ae939534170a888af14ed886306cfa79", kill_on_drop: false }`
[INFO] [stdout] 9473be4e8cd520536afa50bc17711740ae939534170a888af14ed886306cfa79
