[INFO] fetching crate whiteoutflakes 0.4.1...
[INFO] testing whiteoutflakes-0.4.1 against 1.100.0-beta.1+cargoflags=--release for beta-release-1.100-2
[INFO] extracting crate whiteoutflakes 0.4.1 into /workspace/builds/worker-4-tc2/source
[INFO] started tweaking crates.io crate whiteoutflakes 0.4.1
[INFO] removed 0 missing examples
[INFO] removed 0 missing tests
[INFO] finished tweaking crates.io crate whiteoutflakes 0.4.1
[INFO] tweaked toml for crates.io crate whiteoutflakes 0.4.1 written to /workspace/builds/worker-4-tc2/source/Cargo.toml
[INFO] validating manifest of crates.io crate whiteoutflakes 0.4.1 on toolchain 1.100.0-beta.1
[INFO] running `Command { std: CARGO_HOME="/workspace/cargo-home" RUSTUP_HOME="/workspace/rustup-home" "/workspace/cargo-home/bin/cargo" "+1.100.0-beta.1" "metadata" "--manifest-path" "Cargo.toml" "--no-deps", kill_on_drop: false }`
[INFO] crate crates.io crate whiteoutflakes 0.4.1 already has a lockfile, it will not be regenerated
[INFO] running `Command { std: CARGO_HOME="/workspace/cargo-home" RUSTUP_HOME="/workspace/rustup-home" "/workspace/cargo-home/bin/cargo" "+1.100.0-beta.1" "fetch" "--manifest-path" "Cargo.toml", kill_on_drop: false }`
[INFO] running `Command { std: "docker" "create" "-v" "/var/lib/crater-agent-workspace/builds/worker-4-tc2/source:/opt/rustwide/workdir:ro,Z" "-v" "/var/lib/crater-agent-workspace/builds/worker-4-tc2/target:/opt/rustwide/target:rw,Z" "-v" "/var/lib/crater-agent-workspace/cargo-home:/opt/rustwide/cargo-home:ro,Z" "-v" "/var/lib/crater-agent-workspace/rustup-home:/opt/rustwide/rustup-home:ro,Z" "-m" "1610612736" "--network" "none" "ghcr.io/rust-lang/crates-build-env/linux@sha256:77db811e55d90add9212f6832c23229e3de5f1c1f9905e8cb07319ea15df73ac" "sleep" "infinity", kill_on_drop: false }`
[INFO] [stdout] 19426e7bc20703cf3b55b857f1b1ced668269a00dd11f95ceca6cd0b6492ee21
[INFO] running `Command { std: "docker" "start" "19426e7bc20703cf3b55b857f1b1ced668269a00dd11f95ceca6cd0b6492ee21", kill_on_drop: false }`
[INFO] running `Command { std: "docker" "inspect" "19426e7bc20703cf3b55b857f1b1ced668269a00dd11f95ceca6cd0b6492ee21", kill_on_drop: false }`
[INFO] running `Command { std: "docker" "exec" "-e" "SOURCE_DIR=/opt/rustwide/workdir" "-e" "CARGO_HOME=/opt/rustwide/cargo-home" "-e" "RUSTUP_HOME=/opt/rustwide/rustup-home" "-e" "CARGO_TARGET_DIR=/opt/rustwide/target" "-w" "/opt/rustwide/workdir" "--user" "0:0" "19426e7bc20703cf3b55b857f1b1ced668269a00dd11f95ceca6cd0b6492ee21" "/opt/rustwide/cargo-home/bin/cargo" "+1.100.0-beta.1" "metadata" "--no-deps" "--format-version=1", kill_on_drop: false }`
[INFO] running `Command { std: "docker" "inspect" "19426e7bc20703cf3b55b857f1b1ced668269a00dd11f95ceca6cd0b6492ee21", kill_on_drop: false }`
[INFO] running `Command { std: "docker" "exec" "-e" "SOURCE_DIR=/opt/rustwide/workdir" "-e" "CARGO_HOME=/opt/rustwide/cargo-home" "-e" "RUSTUP_HOME=/opt/rustwide/rustup-home" "-e" "CARGO_TARGET_DIR=/opt/rustwide/target" "-e" "CARGO_INCREMENTAL=0" "-e" "RUST_BACKTRACE=full" "-e" "RUSTFLAGS=--cap-lints=warn" "-e" "RUSTDOCFLAGS=--cap-lints=warn" "-w" "/opt/rustwide/workdir" "--user" "0:0" "19426e7bc20703cf3b55b857f1b1ced668269a00dd11f95ceca6cd0b6492ee21" "/opt/rustwide/cargo-home/bin/cargo" "+1.100.0-beta.1" "build" "--frozen" "--message-format=json" "--release", kill_on_drop: false }`
[INFO] [stderr]    Compiling cmake v0.1.58
[INFO] [stderr]    Compiling whiteoutflakes-shaders-d3d11 v0.3.0
[INFO] [stderr]    Compiling whiteoutflakes-sys v0.4.1
[INFO] [stderr] error: failed to run custom build command for `whiteoutflakes-sys v0.4.1`
[INFO] [stderr] note: To improve backtraces for build dependencies, set the CARGO_PROFILE_RELEASE_BUILD_OVERRIDE_DEBUG=true environment variable to enable debug information generation.
[INFO] [stderr] 
[INFO] [stderr] Caused by:
[INFO] [stderr]   process didn't exit successfully: `/opt/rustwide/target/release/build/whiteoutflakes-sys/7e4ebe794fd34ab3/out/build_script_build` (exit status: 101)
[INFO] [stderr]   --- stdout
[INFO] [stderr]   cargo:rerun-if-env-changed=WHITEOUTFLAKES_LIB_DIR
[INFO] [stderr]   cargo:rerun-if-env-changed=WHITEOUTFLAKES_STATIC
[INFO] [stderr]   cargo:rerun-if-env-changed=DOCS_RS
[INFO] [stderr]   cargo:rerun-if-changed=/opt/rustwide/cargo-home/registry/src/index.crates.io-1949cf8c6b5b557f/whiteoutflakes-shaders-d3d11-0.3.0/pack
[INFO] [stderr]   cargo:shader_root=/opt/rustwide/target/release/build/whiteoutflakes-sys/653bf555f563c1c6/out/engine-assets
[INFO] [stderr]   cargo:rerun-if-changed=/opt/rustwide/cargo-home/registry/src/index.crates.io-1949cf8c6b5b557f/whiteoutflakes-sys-0.4.1/vendor
[INFO] [stderr]   cargo:rerun-if-changed=/opt/rustwide/cargo-home/registry/src/index.crates.io-1949cf8c6b5b557f/whiteoutflakes-sys-0.4.1/vendor/CMakeLists.txt
[INFO] [stderr]   cargo:rerun-if-changed=/opt/rustwide/cargo-home/registry/src/index.crates.io-1949cf8c6b5b557f/whiteoutflakes-sys-0.4.1/vendor/c
[INFO] [stderr]   cargo:rerun-if-changed=/opt/rustwide/cargo-home/registry/src/index.crates.io-1949cf8c6b5b557f/whiteoutflakes-sys-0.4.1/vendor/src
[INFO] [stderr]   cargo:rerun-if-changed=/opt/rustwide/cargo-home/registry/src/index.crates.io-1949cf8c6b5b557f/whiteoutflakes-sys-0.4.1/vendor/include
[INFO] [stderr]   cargo:rerun-if-changed=/opt/rustwide/cargo-home/registry/src/index.crates.io-1949cf8c6b5b557f/whiteoutflakes-sys-0.4.1/vendor/whiteoutlib
[INFO] [stderr]   cargo:rerun-if-changed=/opt/rustwide/cargo-home/registry/src/index.crates.io-1949cf8c6b5b557f/whiteoutflakes-sys-0.4.1/vendor/embedded
[INFO] [stderr]   cargo:rerun-if-changed=/opt/rustwide/cargo-home/registry/src/index.crates.io-1949cf8c6b5b557f/whiteoutflakes-sys-0.4.1/vendor-cmake/CMakeLists.txt
[INFO] [stderr]   cargo:rerun-if-env-changed=WHITEOUTFLAKES_DEBUG_NATIVE
[INFO] [stderr]   CMAKE_TOOLCHAIN_FILE_x86_64-unknown-linux-gnu = None
[INFO] [stderr]   CMAKE_TOOLCHAIN_FILE_x86_64_unknown_linux_gnu = None
[INFO] [stderr]   HOST_CMAKE_TOOLCHAIN_FILE = None
[INFO] [stderr]   CMAKE_TOOLCHAIN_FILE = None
[INFO] [stderr]   CMAKE_GENERATOR_x86_64-unknown-linux-gnu = None
[INFO] [stderr]   CMAKE_GENERATOR_x86_64_unknown_linux_gnu = None
[INFO] [stderr]   HOST_CMAKE_GENERATOR = None
[INFO] [stderr]   CMAKE_GENERATOR = None
[INFO] [stderr]   CMAKE_PREFIX_PATH_x86_64-unknown-linux-gnu = None
[INFO] [stderr]   CMAKE_PREFIX_PATH_x86_64_unknown_linux_gnu = None
[INFO] [stderr]   HOST_CMAKE_PREFIX_PATH = None
[INFO] [stderr]   CMAKE_PREFIX_PATH = None
[INFO] [stderr]   CMAKE_x86_64-unknown-linux-gnu = None
[INFO] [stderr]   CMAKE_x86_64_unknown_linux_gnu = None
[INFO] [stderr]   HOST_CMAKE = None
[INFO] [stderr]   CMAKE = None
[INFO] [stderr]   -- The CXX compiler identification is GNU 15.2.0
[INFO] [stderr]   -- Detecting CXX compiler ABI info
[INFO] [stderr]   -- Detecting CXX compiler ABI info - done
[INFO] [stderr]   -- Check for working CXX compiler: /usr/bin/c++ - skipped
[INFO] [stderr]   -- Detecting CXX compile features
[INFO] [stderr]   -- Detecting CXX compile features - done
[INFO] [stderr]   -- Configuring done (0.8s)
[INFO] [stderr]   -- Generating done (0.2s)
[INFO] [stderr]   -- Build files have been written to: /opt/rustwide/target/release/build/whiteoutflakes-sys/653bf555f563c1c6/out/build
[INFO] [stderr]   [  0%] Building CXX object CMakeFiles/whiteoutflakes_native.dir/src/gfx/gfx_factory.cpp.o
[INFO] [stderr]   [  0%] Building CXX object CMakeFiles/whiteoutflakes_native.dir/src/io/mdx_animation.cpp.o
[INFO] [stderr]   [  0%] Building CXX object CMakeFiles/whiteoutflakes_native.dir/src/io/load_task.cpp.o
[INFO] [stderr]   [  1%] Building CXX object CMakeFiles/whiteoutflakes_native.dir/src/io/path_utf8.cpp.o
[INFO] [stderr]   [  1%] Building CXX object CMakeFiles/whiteoutflakes_native.dir/src/io/event_data.cpp.o
[INFO] [stderr]   [  1%] Building CXX object CMakeFiles/whiteoutflakes_native.dir/src/io/fetch_content_provider.cpp.o
[INFO] [stderr]   [  1%] Building CXX object CMakeFiles/whiteoutflakes_native.dir/src/io/mdx_model_adapter.cpp.o
[INFO] [stderr]   [  1%] Building CXX object CMakeFiles/whiteoutflakes_native.dir/src/io/file_resolver.cpp.o
[INFO] [stderr]   [  1%] Building CXX object CMakeFiles/whiteoutflakes_native.dir/src/io/replaceable_paths.cpp.o
[INFO] [stderr]   [  2%] Building CXX object CMakeFiles/whiteoutflakes_native.dir/src/io/file_content_provider.cpp.o
[INFO] [stderr]   [  2%] Building CXX object CMakeFiles/whiteoutflakes_native.dir/src/io/progress.cpp.o
[INFO] [stderr]   [  2%] Building CXX object CMakeFiles/whiteoutflakes_native.dir/src/io/content_provider.cpp.o
[INFO] [stderr]   [  2%] Building CXX object CMakeFiles/whiteoutflakes_native.dir/src/io/storage/casc_source.cpp.o
[INFO] [stderr]   [  3%] Building CXX object CMakeFiles/whiteoutflakes_native.dir/src/io/storage/casc_registry.cpp.o
[INFO] [stderr]   [  3%] Building CXX object CMakeFiles/whiteoutflakes_native.dir/src/io/storage/game_rules.cpp.o
[INFO] [stderr]   [  3%] Building CXX object CMakeFiles/whiteoutflakes_native.dir/src/io/slk.cpp.o
[INFO] [stderr] 
[INFO] [stderr]   --- stderr
[INFO] [stderr]   running: cd "/opt/rustwide/target/release/build/whiteoutflakes-sys/653bf555f563c1c6/out/build" && CMAKE_PREFIX_PATH="" LC_ALL="C" "cmake" "/opt/rustwide/cargo-home/registry/src/index.crates.io-1949cf8c6b5b557f/whiteoutflakes-sys-0.4.1/vendor" "-B" "/opt/rustwide/target/release/build/whiteoutflakes-sys/653bf555f563c1c6/out/build" "-DWFS_ENABLE_VULKAN=OFF" "-DWFS_ENABLE_METAL=OFF" "-DWFS_ENABLE_CASC=ON" "-DWFS_ENABLE_MPQ=OFF" "-DWFS_EXTERNAL_WHITEOUTLIB=OFF" "-DWFS_ENABLE_WEBGPU=OFF" "-DCMAKE_INSTALL_PREFIX=/opt/rustwide/target/release/build/whiteoutflakes-sys/653bf555f563c1c6/out" "-DCMAKE_C_FLAGS= -ffunction-sections -fdata-sections -fPIC -m64 -w" "-DCMAKE_C_COMPILER=/usr/bin/cc" "-DCMAKE_CXX_FLAGS= -ffunction-sections -fdata-sections -fPIC -m64 -w" "-DCMAKE_CXX_COMPILER=/usr/bin/c++" "-DCMAKE_ASM_FLAGS= -ffunction-sections -fdata-sections -fPIC -m64 -w" "-DCMAKE_ASM_COMPILER=/usr/bin/cc" "-DCMAKE_BUILD_TYPE=Release"
[INFO] [stderr]   CMake Warning:
[INFO] [stderr]     Manually-specified variables were not used by the project:
[INFO] [stderr] 
[INFO] [stderr]       CMAKE_ASM_COMPILER
[INFO] [stderr]       CMAKE_ASM_FLAGS
[INFO] [stderr]       CMAKE_C_COMPILER
[INFO] [stderr]       CMAKE_C_FLAGS
[INFO] [stderr] 
[INFO] [stderr] 
[INFO] [stderr]   running: cd "/opt/rustwide/target/release/build/whiteoutflakes-sys/653bf555f563c1c6/out/build" && LC_ALL="C" MAKEFLAGS="-j --jobserver-fds=4,5 --jobserver-auth=4,5" "cmake" "--build" "/opt/rustwide/target/release/build/whiteoutflakes-sys/653bf555f563c1c6/out/build" "--target" "install" "--config" "Release"
[INFO] [stderr]   c++: fatal error: Killed signal terminated program cc1plus
[INFO] [stderr]   compilation terminated.
[INFO] [stderr]   gmake[2]: *** [CMakeFiles/whiteoutflakes_native.dir/build.make:205: CMakeFiles/whiteoutflakes_native.dir/src/io/path_utf8.cpp.o] Error 1
[INFO] [stderr]   gmake[2]: *** Waiting for unfinished jobs....
[INFO] [stderr]   c++: fatal error: Killed signal terminated program cc1plus
[INFO] [stderr]   compilation terminated.
[INFO] [stderr]   gmake[2]: *** [CMakeFiles/whiteoutflakes_native.dir/build.make:121: CMakeFiles/whiteoutflakes_native.dir/src/io/fetch_content_provider.cpp.o] Error 1
[INFO] [stderr]   c++: fatal error: Killed signal terminated program cc1plus
[INFO] [stderr]   compilation terminated.
[INFO] [stderr]   gmake[2]: *** [CMakeFiles/whiteoutflakes_native.dir/build.make:275: CMakeFiles/whiteoutflakes_native.dir/src/io/storage/casc_source.cpp.o] Error 1
[INFO] [stderr]   c++: fatal error: Killed signal terminated program cc1plus
[INFO] [stderr]   compilation terminated.
[INFO] [stderr]   gmake[2]: *** [CMakeFiles/whiteoutflakes_native.dir/build.make:219: CMakeFiles/whiteoutflakes_native.dir/src/io/progress.cpp.o] Error 1
[INFO] [stderr]   c++: fatal error: Killed signal terminated program cc1plus
[INFO] [stderr]   compilation terminated.
[INFO] [stderr]   gmake[2]: *** [CMakeFiles/whiteoutflakes_native.dir/build.make:191: CMakeFiles/whiteoutflakes_native.dir/src/io/mdx_model_adapter.cpp.o] Error 1
[INFO] [stderr]   c++: fatal error: Killed signal terminated program cc1plus
[INFO] [stderr]   compilation terminated.
[INFO] [stderr]   gmake[2]: *** [CMakeFiles/whiteoutflakes_native.dir/build.make:261: CMakeFiles/whiteoutflakes_native.dir/src/io/storage/casc_registry.cpp.o] Error 1
[INFO] [stderr]   c++: fatal error: Killed signal terminated program cc1plus
[INFO] [stderr]   compilation terminated.
[INFO] [stderr]   gmake[2]: *** [CMakeFiles/whiteoutflakes_native.dir/build.make:135: CMakeFiles/whiteoutflakes_native.dir/src/io/file_content_provider.cpp.o] Error 1
[INFO] [stderr]   gmake[1]: *** [CMakeFiles/Makefile2:87: CMakeFiles/whiteoutflakes_native.dir/all] Error 2
[INFO] [stderr]   gmake: *** [Makefile:136: all] Error 2
[INFO] [stderr] 
[INFO] [stderr]   thread 'main' (96) panicked at /opt/rustwide/cargo-home/registry/src/index.crates.io-1949cf8c6b5b557f/cmake-0.1.58/src/lib.rs:1132:5:
[INFO] [stderr] 
[INFO] [stderr]   command did not execute successfully, got: exit status: 2
[INFO] [stderr] 
[INFO] [stderr]   build script failed, must exit now
[INFO] [stderr]   stack backtrace:
[INFO] [stderr]      0:     0x63d84dbf28f1 - <<std[617be2ca0a6fd877]::sys::backtrace::BacktraceLock>::print::DisplayBacktrace as core[a373ad73a504971]::fmt::Display>::fmt
[INFO] [stderr]      1:     0x63d84dc0696a - core[a373ad73a504971]::fmt::write
[INFO] [stderr]      2:     0x63d84dbf814c - <std[617be2ca0a6fd877]::sys::stdio::unix::Stderr as core[a373ad73a504971]::io::write::Write>::write_fmt
[INFO] [stderr]      3:     0x63d84dbd06a6 - std[617be2ca0a6fd877]::panicking::default_hook::{closure#0}
[INFO] [stderr]      4:     0x63d84dbec1f1 - std[617be2ca0a6fd877]::panicking::default_hook
[INFO] [stderr]      5:     0x63d84dbec3ab - std[617be2ca0a6fd877]::panicking::panic_with_hook
[INFO] [stderr]      6:     0x63d84dbd0752 - std[617be2ca0a6fd877]::panicking::panic_handler::{closure#0}
[INFO] [stderr]      7:     0x63d84dbc9199 - std[617be2ca0a6fd877]::sys::backtrace::__rust_end_short_backtrace::<std[617be2ca0a6fd877]::panicking::panic_handler::{closure#0}, !>
[INFO] [stderr]      8:     0x63d84dbd0f3d - __rustc[ea4f61d10b84890b]::rust_begin_unwind
[INFO] [stderr]      9:     0x63d84dc070dc - core[a373ad73a504971]::panicking::panic_fmt
[INFO] [stderr]     10:     0x63d84db5ce97 - cmake[eddb3b7680884963]::fail
[INFO] [stderr]     11:     0x63d84db5cb23 - cmake[eddb3b7680884963]::run
[INFO] [stderr]     12:     0x63d84db62af5 - <cmake[eddb3b7680884963]::Config>::build
[INFO] [stderr]     13:     0x63d84db4c713 - build_script_build[451a9156f1a9026b]::build_from_source
[INFO] [stderr]     14:     0x63d84db4d8de - build_script_build[451a9156f1a9026b]::main
[INFO] [stderr]     15:     0x63d84db5024b - <fn() as core[a373ad73a504971]::ops::function::FnOnce<()>>::call_once
[INFO] [stderr]     16:     0x63d84db4a6ce - std[617be2ca0a6fd877]::sys::backtrace::__rust_begin_short_backtrace::<fn(), ()>
[INFO] [stderr]     17:     0x63d84db4aa09 - std[617be2ca0a6fd877]::rt::lang_start::<()>::{closure#0}
[INFO] [stderr]     18:     0x63d84dbeb4f8 - std[617be2ca0a6fd877]::rt::lang_start_internal
[INFO] [stderr]     19:     0x63d84db4a0b1 - std[617be2ca0a6fd877]::rt::lang_start::<()>
[INFO] [stderr]     20:     0x63d84db502f5 - main
[INFO] [stderr]     21:     0x774690a49601 - <unknown>
[INFO] [stderr]     22:     0x774690a49718 - __libc_start_main
[INFO] [stderr]     23:     0x63d84db475a5 - _start
[INFO] [stderr]     24:                0x0 - <unknown>
[INFO] running `Command { std: "docker" "inspect" "19426e7bc20703cf3b55b857f1b1ced668269a00dd11f95ceca6cd0b6492ee21", kill_on_drop: false }`
[INFO] running `Command { std: "docker" "rm" "-f" "19426e7bc20703cf3b55b857f1b1ced668269a00dd11f95ceca6cd0b6492ee21", kill_on_drop: false }`
[INFO] [stdout] 19426e7bc20703cf3b55b857f1b1ced668269a00dd11f95ceca6cd0b6492ee21
