[INFO] fetching crate whitaker-installer 0.2.9...
[INFO] testing whitaker-installer-0.2.9 against 1.99.0-beta.8+cargoflags=--release for beta-release-1.100-2
[INFO] extracting crate whitaker-installer 0.2.9 into /workspace/builds/worker-0-tc1/source
[INFO] started tweaking crates.io crate whitaker-installer 0.2.9
[INFO] removed 0 missing tests
[INFO] finished tweaking crates.io crate whitaker-installer 0.2.9
[INFO] tweaked toml for crates.io crate whitaker-installer 0.2.9 written to /workspace/builds/worker-0-tc1/source/Cargo.toml
[INFO] validating manifest of crates.io crate whitaker-installer 0.2.9 on toolchain 1.99.0-beta.8
[INFO] running `Command { std: CARGO_HOME="/workspace/cargo-home" RUSTUP_HOME="/workspace/rustup-home" "/workspace/cargo-home/bin/cargo" "+1.99.0-beta.8" "metadata" "--manifest-path" "Cargo.toml" "--no-deps", kill_on_drop: false }`
[INFO] crate crates.io crate whitaker-installer 0.2.9 already has a lockfile, it will not be regenerated
[INFO] running `Command { std: CARGO_HOME="/workspace/cargo-home" RUSTUP_HOME="/workspace/rustup-home" "/workspace/cargo-home/bin/cargo" "+1.99.0-beta.8" "fetch" "--manifest-path" "Cargo.toml", kill_on_drop: false }`
[INFO] [stderr]     Updating crates.io index
[INFO] [stderr]  Downloading crates ...
[INFO] [stderr]   Downloaded directories-next v2.0.0
[INFO] [stderr]   Downloaded type-map v0.5.1
[INFO] [stderr]   Downloaded predicates-tree v1.0.13
[INFO] [stderr]   Downloaded fs2 v0.4.3
[INFO] [stderr]   Downloaded typed-builder-macro v0.15.2
[INFO] [stderr]   Downloaded rust-embed-utils v8.12.0
[INFO] [stderr]   Downloaded intl-memoizer v0.5.3
[INFO] [stderr]   Downloaded fluent-template-macros v0.15.1
[INFO] [stderr]   Downloaded predicates-core v1.0.10
[INFO] [stderr]   Downloaded inventory v0.3.24
[INFO] [stderr]   Downloaded i18n-embed-impl v0.8.4
[INFO] [stderr]   Downloaded fluent v0.17.0
[INFO] [stderr]   Downloaded fluent-langneg v0.13.1
[INFO] [stderr]   Downloaded dirs-sys-next v0.1.2
[INFO] [stderr]   Downloaded intl_pluralrules v7.0.2
[INFO] [stderr]   Downloaded target-tuple v1.0.2
[INFO] [stderr]   Downloaded rstest-bdd-policy v0.5.0
[INFO] [stderr]   Downloaded peg-runtime v0.6.3
[INFO] [stderr]   Downloaded newt-hype v0.2.0
[INFO] [stderr]   Downloaded rust-embed-impl v8.12.0
[INFO] [stderr]   Downloaded i18n-config v0.4.8
[INFO] [stderr]   Downloaded find-crate v0.6.3
[INFO] [stderr]   Downloaded ctor v0.2.9
[INFO] [stderr]   Downloaded fluent-templates v0.15.1
[INFO] [stderr]   Downloaded mockall v0.15.0
[INFO] [stderr]   Downloaded globset v0.4.19
[INFO] [stderr]   Downloaded crossbeam-deque v0.8.7
[INFO] [stderr]   Downloaded gherkin v0.14.0
[INFO] [stderr]   Downloaded typed-builder v0.15.2
[INFO] [stderr]   Downloaded convert_case v0.6.0
[INFO] [stderr]   Downloaded predicates v3.1.4
[INFO] [stderr]   Downloaded fragile v2.1.0
[INFO] [stderr]   Downloaded utf8-zero v0.8.1
[INFO] [stderr]   Downloaded fluent-syntax v0.12.0
[INFO] [stderr]   Downloaded peg v0.6.3
[INFO] [stderr]   Downloaded cc v1.2.67
[INFO] [stderr]   Downloaded crossbeam-epoch v0.9.20
[INFO] [stderr]   Downloaded camino v1.2.6
[INFO] [stderr]   Downloaded trybuild v1.0.121
[INFO] [stderr]   Downloaded rstest-bdd-patterns v0.5.0
[INFO] [stderr]   Downloaded smawk v0.3.3
[INFO] [stderr]   Downloaded peg-macros v0.6.3
[INFO] [stderr]   Downloaded cap-std v3.4.5
[INFO] [stderr]   Downloaded io-extras v0.18.4
[INFO] [stderr]   Downloaded i18n-embed v0.16.0
[INFO] [stderr]   Downloaded fluent-bundle v0.16.0
[INFO] [stderr]   Downloaded rustls-pki-types v1.15.0
[INFO] [stderr]   Downloaded flume v0.11.1
[INFO] [stderr]   Downloaded mockall_derive v0.15.0
[INFO] [stderr]   Downloaded ignore v0.4.29
[INFO] [stderr]   Downloaded ureq-proto v0.6.3
[INFO] [stderr]   Downloaded basic-toml v0.1.10
[INFO] [stderr]   Downloaded arc-swap v1.9.2
[INFO] [stderr]   Downloaded zip v7.2.0
[INFO] [stderr]   Downloaded whitaker-common v0.2.9
[INFO] [stderr]   Downloaded cap-primitives v3.4.5
[INFO] [stderr]   Downloaded ureq v3.4.2
[INFO] [stderr]   Downloaded rstest-bdd-macros v0.5.0
[INFO] [stderr]   Downloaded rstest-bdd v0.5.0
[INFO] [stderr]   Downloaded zlib-rs v0.6.6
[INFO] [stderr]   Downloaded bstr v1.13.0
[INFO] [stderr]   Downloaded rustls v0.23.42
[INFO] [stderr]   Downloaded regex-automata v0.4.16
[INFO] [stderr]   Downloaded rust-embed v8.12.0
[INFO] running `Command { std: "docker" "create" "-v" "/var/lib/crater-agent-workspace/builds/worker-0-tc1/source:/opt/rustwide/workdir:ro,Z" "-v" "/var/lib/crater-agent-workspace/builds/worker-0-tc1/target:/opt/rustwide/target:rw,Z" "-v" "/var/lib/crater-agent-workspace/cargo-home:/opt/rustwide/cargo-home:ro,Z" "-v" "/var/lib/crater-agent-workspace/rustup-home:/opt/rustwide/rustup-home:ro,Z" "-m" "1610612736" "--network" "none" "ghcr.io/rust-lang/crates-build-env/linux@sha256:77db811e55d90add9212f6832c23229e3de5f1c1f9905e8cb07319ea15df73ac" "sleep" "infinity", kill_on_drop: false }`
[INFO] [stdout] b11649bc839d83dba56677f27d62e8b78dc05f5ec4e979d374fbdbf526886829
[INFO] running `Command { std: "docker" "start" "b11649bc839d83dba56677f27d62e8b78dc05f5ec4e979d374fbdbf526886829", kill_on_drop: false }`
[INFO] running `Command { std: "docker" "inspect" "b11649bc839d83dba56677f27d62e8b78dc05f5ec4e979d374fbdbf526886829", kill_on_drop: false }`
[INFO] running `Command { std: "docker" "exec" "-e" "SOURCE_DIR=/opt/rustwide/workdir" "-e" "CARGO_HOME=/opt/rustwide/cargo-home" "-e" "RUSTUP_HOME=/opt/rustwide/rustup-home" "-e" "CARGO_TARGET_DIR=/opt/rustwide/target" "-w" "/opt/rustwide/workdir" "--user" "0:0" "b11649bc839d83dba56677f27d62e8b78dc05f5ec4e979d374fbdbf526886829" "/opt/rustwide/cargo-home/bin/cargo" "+1.99.0-beta.8" "metadata" "--no-deps" "--format-version=1", kill_on_drop: false }`
[INFO] running `Command { std: "docker" "inspect" "b11649bc839d83dba56677f27d62e8b78dc05f5ec4e979d374fbdbf526886829", kill_on_drop: false }`
[INFO] running `Command { std: "docker" "exec" "-e" "SOURCE_DIR=/opt/rustwide/workdir" "-e" "CARGO_HOME=/opt/rustwide/cargo-home" "-e" "RUSTUP_HOME=/opt/rustwide/rustup-home" "-e" "CARGO_TARGET_DIR=/opt/rustwide/target" "-e" "CARGO_INCREMENTAL=0" "-e" "RUST_BACKTRACE=full" "-e" "RUSTFLAGS=--cap-lints=warn" "-e" "RUSTDOCFLAGS=--cap-lints=warn" "-w" "/opt/rustwide/workdir" "--user" "0:0" "b11649bc839d83dba56677f27d62e8b78dc05f5ec4e979d374fbdbf526886829" "/opt/rustwide/cargo-home/bin/cargo" "+1.99.0-beta.8" "build" "--frozen" "--message-format=json" "--release", kill_on_drop: false }`
[INFO] [stderr]    Compiling quote v1.0.46
[INFO] [stderr]    Compiling find-msvc-tools v0.1.9
[INFO] [stderr]    Compiling proc-macro-hack v0.5.20+deprecated
[INFO] [stderr]    Compiling crossbeam-utils v0.8.22
[INFO] [stderr]    Compiling crossbeam-epoch v0.9.20
[INFO] [stderr]    Compiling memchr v2.8.3
[INFO] [stderr]    Compiling rustix v1.1.4
[INFO] [stderr]    Compiling log v0.4.34
[INFO] [stderr]    Compiling bitflags v2.13.1
[INFO] [stderr]    Compiling cc v1.2.67
[INFO] [stderr]    Compiling crossbeam-deque v0.8.7
[INFO] [stderr]    Compiling linux-raw-sys v0.12.1
[INFO] [stderr]    Compiling syn v2.0.119
[INFO] [stderr]    Compiling syn v3.0.3
[INFO] [stderr]    Compiling aho-corasick v1.1.4
[INFO] [stderr]    Compiling scopeguard v1.2.0
[INFO] [stderr]    Compiling regex-syntax v0.8.11
[INFO] [stderr]    Compiling crc32fast v1.5.0
[INFO] [stderr]    Compiling pkg-config v0.3.33
[INFO] [stderr]    Compiling lock_api v0.4.14
[INFO] [stderr]    Compiling bstr v1.13.0
[INFO] [stderr]    Compiling ring v0.17.14
[INFO] [stderr]    Compiling zstd-sys v2.1.0+zstd.1.5.7
[INFO] [stderr]    Compiling regex-automata v0.4.16
[INFO] [stderr]    Compiling simd-adler32 v0.3.10
[INFO] [stderr]    Compiling same-file v1.0.6
[INFO] [stderr]    Compiling io-lifetimes v2.0.4
[INFO] [stderr]    Compiling io-lifetimes v3.0.1
[INFO] [stderr]    Compiling rustc-hash v2.1.3
[INFO] [stderr]    Compiling type-map v0.5.1
[INFO] [stderr]    Compiling rustls-pki-types v1.15.0
[INFO] [stderr]    Compiling walkdir v2.5.0
[INFO] [stderr]    Compiling hybrid-array v0.4.13
[INFO] [stderr]    Compiling thiserror-impl v2.0.20
[INFO] [stderr]    Compiling globset v0.4.19
[INFO] [stderr]    Compiling thiserror v2.0.20
[INFO] [stderr]    Compiling spin v0.9.9
[INFO] [stderr]    Compiling displaydoc v0.2.6
[INFO] [stderr]    Compiling getrandom v0.2.17
[INFO] [stderr]    Compiling adler2 v2.0.1
[INFO] [stderr]    Compiling utf8parse v0.2.2
[INFO] [stderr]    Compiling io-extras v0.19.0
[INFO] [stderr]    Compiling httparse v1.10.1
[INFO] [stderr]    Compiling camino v1.2.6
[INFO] [stderr]    Compiling getrandom v0.3.4
[INFO] [stderr]    Compiling tinystr v0.8.3
[INFO] [stderr]    Compiling unic-langid-impl v0.9.6
[INFO] [stderr]    Compiling anstyle-parse v1.0.0
[INFO] [stderr]    Compiling unic-langid-macros-impl v0.9.6
[INFO] [stderr]    Compiling miniz_oxide v0.9.1
[INFO] [stderr]    Compiling flume v0.11.1
[INFO] [stderr]    Compiling unic-langid-macros v0.9.6
[INFO] [stderr]    Compiling unic-langid v0.9.6
[INFO] [stderr]    Compiling fluent-langneg v0.13.1
[INFO] [stderr]    Compiling intl-memoizer v0.5.3
[INFO] [stderr]    Compiling intl_pluralrules v7.0.2
[INFO] [stderr]    Compiling ignore v0.4.29
[INFO] [stderr]    Compiling fluent-syntax v0.12.0
[INFO] [stderr]    Compiling self_cell v1.3.0
[INFO] [stderr]    Compiling is_terminal_polyfill v1.70.2
[INFO] [stderr]    Compiling zlib-rs v0.6.6
[INFO] [stderr]    Compiling colorchoice v1.0.5
[INFO] [stderr]    Compiling smallvec v1.15.2
[INFO] [stderr]    Compiling rustls v0.23.42
[INFO] [stderr]    Compiling anstyle-query v1.1.5
[INFO] [stderr]    Compiling cap-primitives v4.0.3
[INFO] [stderr]    Compiling zstd-safe v8.0.0
[INFO] [stderr]    Compiling fluent-template-macros v0.15.1
[INFO] [stderr]    Compiling fluent-bundle v0.16.0
[INFO] [stderr]    Compiling anstream v1.0.0
[INFO] [stderr]    Compiling http v1.4.2
[INFO] [stderr]    Compiling fs-set-times v0.20.3
[INFO] [stderr]    Compiling flate2 v1.1.10
[INFO] [stderr]    Compiling crypto-common v0.2.2
[INFO] [stderr]    Compiling block-buffer v0.12.1
[INFO] [stderr]    Compiling rustix-linux-procfs v0.1.1
[INFO] [stderr]    Compiling ambient-authority v0.0.2
[INFO] [stderr]    Compiling bumpalo v3.20.3
[INFO] [stderr]    Compiling strsim v0.11.1
[INFO] [stderr]    Compiling winnow v1.0.4
[INFO] [stderr]    Compiling maybe-owned v0.3.4
[INFO] [stderr]    Compiling fastrand v2.4.1
[INFO] [stderr]    Compiling base64 v0.23.1
[INFO] [stderr]    Compiling ipnet v2.12.0
[INFO] [stderr]    Compiling cap-std v4.0.3
[INFO] [stderr]    Compiling digest v0.11.3
[INFO] [stderr]    Compiling ureq-proto v0.6.3
[INFO] [stderr]    Compiling tempfile v3.27.0
[INFO] [stderr]    Compiling clap_builder v4.6.7
[INFO] [stderr]    Compiling indexmap v2.14.0
[INFO] [stderr]    Compiling clap_derive v4.6.7
[INFO] [stderr]    Compiling rustls-webpki v0.103.13
[INFO] [stderr]    Compiling toml_parser v1.1.3+spec-1.1.0
[INFO] [stderr]    Compiling zopfli v0.8.3
[INFO] [stderr]    Compiling fluent-templates v0.15.1
[INFO] [stderr]    Compiling tracing-attributes v0.1.31
[INFO] [stderr]    Compiling serde_derive v1.0.229
[INFO] [stderr]    Compiling xattr v1.6.1
[INFO] [stderr]    Compiling webpki-roots v1.0.8
[INFO] [stderr]    Compiling serde_spanned v1.1.1
[INFO] [stderr]    Compiling toml_datetime v1.1.1+spec-1.1.0
[INFO] [stderr]    Compiling dirs-sys-next v0.1.2
[INFO] [stderr]    Compiling filetime v0.2.29
[INFO] [stderr]    Compiling utf8-zero v0.8.1
[INFO] [stderr]    Compiling typed-path v0.12.3
[INFO] [stderr]    Compiling glob v0.3.4
[INFO] [stderr]    Compiling toml_writer v1.1.2+spec-1.1.0
[INFO] [stderr]    Compiling cpufeatures v0.3.0
[INFO] [stderr]    Compiling sha2 v0.11.0
[INFO] [stderr]    Compiling whitaker-common v0.2.9
[INFO] [stderr]    Compiling zip v7.2.0
[INFO] [stderr]    Compiling serde v1.0.229
[INFO] [stderr]    Compiling toml v1.1.6+spec-1.1.0
[INFO] [stderr]    Compiling ureq v3.4.2
[INFO] [stderr]    Compiling tracing v0.1.44
[INFO] [stderr]    Compiling tar v0.4.46
[INFO] [stderr]    Compiling directories-next v2.0.0
[INFO] [stderr]    Compiling serde_json v1.0.151
[INFO] [stderr]    Compiling clap v4.6.7
[INFO] [stderr]    Compiling fs2 v0.4.3
[INFO] [stderr]    Compiling zstd v0.14.0
[INFO] [stderr]    Compiling whitaker-installer v0.2.9 (/opt/rustwide/workdir)
[INFO] [stderr]     Finished `release` profile [optimized] target(s) in 4m 59s
[INFO] running `Command { std: "docker" "inspect" "b11649bc839d83dba56677f27d62e8b78dc05f5ec4e979d374fbdbf526886829", kill_on_drop: false }`
[INFO] running `Command { std: "docker" "exec" "-e" "SOURCE_DIR=/opt/rustwide/workdir" "-e" "CARGO_HOME=/opt/rustwide/cargo-home" "-e" "RUSTUP_HOME=/opt/rustwide/rustup-home" "-e" "CARGO_TARGET_DIR=/opt/rustwide/target" "-e" "CARGO_INCREMENTAL=0" "-e" "RUST_BACKTRACE=full" "-e" "RUSTFLAGS=--cap-lints=warn" "-e" "RUSTDOCFLAGS=--cap-lints=warn" "-w" "/opt/rustwide/workdir" "--user" "0:0" "b11649bc839d83dba56677f27d62e8b78dc05f5ec4e979d374fbdbf526886829" "/opt/rustwide/cargo-home/bin/cargo" "+1.99.0-beta.8" "test" "--frozen" "--no-run" "--message-format=json" "--release", kill_on_drop: false }`
[INFO] [stderr]    Compiling proc-macro2 v1.0.106
[INFO] [stderr]    Compiling serde_core v1.0.229
[INFO] [stderr]    Compiling serde v1.0.229
[INFO] [stderr]    Compiling regex-automata v0.4.16
[INFO] [stderr]    Compiling thiserror v1.0.69
[INFO] [stderr]    Compiling zmij v1.0.23
[INFO] [stderr]    Compiling cfg-if v1.0.4
[INFO] [stderr]    Compiling serde_json v1.0.151
[INFO] [stderr]    Compiling typenum v1.20.1
[INFO] [stderr]    Compiling itoa v1.0.18
[INFO] [stderr]    Compiling peg-runtime v0.6.3
[INFO] [stderr]    Compiling heck v0.4.1
[INFO] [stderr]    Compiling unicase v2.9.0
[INFO] [stderr]    Compiling const-oid v0.10.2
[INFO] [stderr]    Compiling io-lifetimes v2.0.4
[INFO] [stderr]    Compiling rustix v1.1.4
[INFO] [stderr]    Compiling cpufeatures v0.3.0
[INFO] [stderr]    Compiling mime_guess v2.0.5
[INFO] [stderr]    Compiling bitflags v2.13.1
[INFO] [stderr]    Compiling linux-raw-sys v0.12.1
[INFO] [stderr]    Compiling indexmap v2.14.0
[INFO] [stderr]    Compiling quote v1.0.46
[INFO] [stderr]    Compiling syn v2.0.119
[INFO] [stderr]    Compiling syn v3.0.3
[INFO] [stderr]    Compiling hybrid-array v0.4.13
[INFO] [stderr]    Compiling peg-macros v0.6.3
[INFO] [stderr]    Compiling block-buffer v0.12.1
[INFO] [stderr]    Compiling crypto-common v0.2.2
[INFO] [stderr]    Compiling digest v0.11.3
[INFO] [stderr]    Compiling sha2 v0.11.0
[INFO] [stderr]    Compiling globset v0.4.19
[INFO] [stderr]    Compiling ignore v0.4.29
[INFO] [stderr]    Compiling io-extras v0.18.4
[INFO] [stderr]    Compiling mime v0.3.17
[INFO] [stderr]    Compiling toml_edit v0.25.13+spec-1.1.0
[INFO] [stderr]    Compiling rust-embed-utils v8.12.0
[INFO] [stderr]    Compiling regex v1.13.1
[INFO] [stderr]    Compiling parking_lot_core v0.9.12
[INFO] [stderr]    Compiling proc-macro-error-attr v1.0.4
[INFO] [stderr]    Compiling smawk v0.3.3
[INFO] [stderr]    Compiling unicode-width v0.2.2
[INFO] [stderr]    Compiling futures-core v0.3.32
[INFO] [stderr]    Compiling unicode-linebreak v0.1.5
[INFO] [stderr]    Compiling serde_derive v1.0.229
[INFO] [stderr]    Compiling thiserror-impl v2.0.20
[INFO] [stderr]    Compiling clap_derive v4.6.7
[INFO] [stderr]    Compiling syn v1.0.109
[INFO] [stderr]    Compiling once_cell v1.21.4
[INFO] [stderr]    Compiling cap-primitives v3.4.5
[INFO] [stderr]    Compiling thiserror v2.0.20
[INFO] [stderr]    Compiling fluent-syntax v0.12.0
[INFO] [stderr]    Compiling displaydoc v0.2.6
[INFO] [stderr]    Compiling thiserror-impl v1.0.69
[INFO] [stderr]    Compiling typed-builder-macro v0.15.2
[INFO] [stderr]    Compiling tracing-attributes v0.1.31
[INFO] [stderr]    Compiling clap v4.6.7
[INFO] [stderr]    Compiling textwrap v0.16.2
[INFO] [stderr]    Compiling tinystr v0.8.3
[INFO] [stderr]    Compiling rust-embed-impl v8.12.0
[INFO] [stderr]    Compiling unic-langid-impl v0.9.6
[INFO] [stderr]    Compiling typed-builder v0.15.2
[INFO] [stderr]    Compiling peg v0.6.3
[INFO] [stderr]    Compiling rustix-linux-procfs v0.1.1
[INFO] [stderr]    Compiling tracing v0.1.44
[INFO] [stderr]    Compiling proc-macro-crate v3.5.0
[INFO] [stderr]    Compiling parking_lot v0.12.5
[INFO] [stderr]    Compiling fs-set-times v0.20.3
[INFO] [stderr]    Compiling proc-macro-error v1.0.4
[INFO] [stderr]    Compiling camino v1.2.6
[INFO] [stderr]    Compiling predicates-core v1.0.10
[INFO] [stderr]    Compiling cap-std v3.4.5
[INFO] [stderr]    Compiling ambient-authority v0.0.2
[INFO] [stderr]    Compiling ipnet v2.12.0
[INFO] [stderr]    Compiling maybe-owned v0.3.4
[INFO] [stderr]    Compiling target-tuple v1.0.2
[INFO] [stderr]    Compiling mockall_derive v0.15.0
[INFO] [stderr]    Compiling rust-embed v8.12.0
[INFO] [stderr]    Compiling arc-swap v1.9.2
[INFO] [stderr]    Compiling unic-langid-macros-impl v0.9.6
[INFO] [stderr]    Compiling gherkin v0.14.0
[INFO] [stderr]    Compiling basic-toml v0.1.10
[INFO] [stderr]    Compiling toml v0.5.11
[INFO] [stderr]    Compiling unic-langid-macros v0.9.6
[INFO] [stderr]    Compiling unic-langid v0.9.6
[INFO] [stderr]    Compiling fluent-langneg v0.13.1
[INFO] [stderr]    Compiling intl-memoizer v0.5.3
[INFO] [stderr]    Compiling intl_pluralrules v7.0.2
[INFO] [stderr]    Compiling fluent-template-macros v0.15.1
[INFO] [stderr]    Compiling i18n-config v0.4.8
[INFO] [stderr]    Compiling fluent-bundle v0.16.0
[INFO] [stderr]    Compiling find-crate v0.6.3
[INFO] [stderr]    Compiling allocator-api2 v0.2.21
[INFO] [stderr]    Compiling unicode-segmentation v1.13.3
[INFO] [stderr]    Compiling i18n-embed-impl v0.8.4
[INFO] [stderr]    Compiling foldhash v0.2.0
[INFO] [stderr]    Compiling termtree v0.5.1
[INFO] [stderr]    Compiling futures-task v0.3.32
[INFO] [stderr]    Compiling fluent-templates v0.15.1
[INFO] [stderr]    Compiling fluent v0.17.0
[INFO] [stderr]    Compiling sys-locale v0.3.2
[INFO] [stderr]    Compiling mockall v0.15.0
[INFO] [stderr]    Compiling convert_case v0.4.0
[INFO] [stderr]    Compiling rstest_macros v0.27.0
[INFO] [stderr]    Compiling derive_more v0.99.20
[INFO] [stderr]    Compiling i18n-embed v0.16.0
[INFO] [stderr]    Compiling whitaker-common v0.2.9
[INFO] [stderr]    Compiling rstest-bdd-patterns v0.5.0
[INFO] [stderr]    Compiling convert_case v0.6.0
[INFO] [stderr]    Compiling whitaker-installer v0.2.9 (/opt/rustwide/workdir)
[INFO] [stderr]    Compiling hashbrown v0.16.1
[INFO] [stderr]    Compiling futures-util v0.3.32
[INFO] [stderr]    Compiling predicates-tree v1.0.13
[INFO] [stderr]    Compiling predicates v3.1.4
[INFO] [stderr]    Compiling ctor v0.2.9
[INFO] [stderr]    Compiling fragile v2.1.0
[INFO] [stderr]    Compiling inventory v0.3.24
[INFO] [stderr]    Compiling rstest-bdd-policy v0.5.0
[INFO] [stderr]    Compiling downcast v0.11.0
[INFO] [stderr]    Compiling newt-hype v0.2.0
[INFO] [stderr]    Compiling termcolor v1.4.1
[INFO] [stderr]    Compiling rstest-bdd v0.5.0
[INFO] [stderr]    Compiling rstest-bdd-macros v0.5.0
[INFO] [stderr]    Compiling trybuild v1.0.121
[INFO] [stderr]    Compiling rstest v0.27.0
[INFO] [stderr]    Compiling temp-env v0.3.6
[INFO] [stdout] error[E0432]: unresolved imports `whitaker_installer::deps::DependencyInstallOptions`, `whitaker_installer::deps::install_dylint_tools_with_options`
[INFO] [stdout]    --> src/install_flow.rs:20:32
[INFO] [stdout]     |
[INFO] [stdout]  20 | use whitaker_installer::deps::{DependencyInstallOptions, install_dylint_tools_with_options};
[INFO] [stdout]     |                                ^^^^^^^^^^^^^^^^^^^^^^^^  ^^^^^^^^^^^^^^^^^^^^^^^^^^^^^^^^^ no `install_dylint_tools_with_options` in `deps`
[INFO] [stdout]     |                                |
[INFO] [stdout]     |                                no `DependencyInstallOptions` in `deps`
[INFO] [stdout]     |
[INFO] [stdout] note: found an item that was configured out
[INFO] [stdout]    --> src/deps.rs:98:12
[INFO] [stdout]     |
[INFO] [stdout]  97 | #[cfg(any(test, feature = "test-support"))]
[INFO] [stdout]     |          -------------------------------- the item is gated here
[INFO] [stdout]  98 | pub struct DependencyInstallOptions<'a> {
[INFO] [stdout]     |            ^^^^^^^^^^^^^^^^^^^^^^^^
[INFO] [stdout] note: found an item that was configured out
[INFO] [stdout]    --> src/deps.rs:167:8
[INFO] [stdout]     |
[INFO] [stdout] 165 | #[cfg(any(test, feature = "test-support"))]
[INFO] [stdout]     |          -------------------------------- the item is gated here
[INFO] [stdout] 166 | #[doc(hidden)]
[INFO] [stdout] 167 | pub fn install_dylint_tools_with_options(
[INFO] [stdout]     |        ^^^^^^^^^^^^^^^^^^^^^^^^^^^^^^^^^
[INFO] [stdout] help: a similar name exists in the module
[INFO] [stdout]     |
[INFO] [stdout]  20 - use whitaker_installer::deps::{DependencyInstallOptions, install_dylint_tools_with_options};
[INFO] [stdout]  20 + use whitaker_installer::deps::{DependencyInstallOptions, install_dylint_tools_with_output};
[INFO] [stdout]     |
[INFO] [stdout] 
[INFO] [stdout] 
[INFO] [stdout] error[E0432]: unresolved import `whitaker_installer::deps::DependencyInstallOptions`
[INFO] [stdout]   --> src/tests.rs:11:5
[INFO] [stdout]    |
[INFO] [stdout] 11 | use whitaker_installer::deps::DependencyInstallOptions;
[INFO] [stdout]    |     ^^^^^^^^^^^^^^^^^^^^^^^^^^------------------------
[INFO] [stdout]    |                               |
[INFO] [stdout]    |                               no `DependencyInstallOptions` in `deps`
[INFO] [stdout]    |
[INFO] [stdout] note: found an item that was configured out
[INFO] [stdout]   --> src/deps.rs:98:12
[INFO] [stdout]    |
[INFO] [stdout] 97 | #[cfg(any(test, feature = "test-support"))]
[INFO] [stdout]    |          -------------------------------- the item is gated here
[INFO] [stdout] 98 | pub struct DependencyInstallOptions<'a> {
[INFO] [stdout]    |            ^^^^^^^^^^^^^^^^^^^^^^^^
[INFO] [stdout] 
[INFO] [stdout] 
[INFO] [stdout] error[E0432]: unresolved import `whitaker_installer::test_utils::dependency_binary_helpers`
[INFO] [stdout]    --> src/tests.rs:14:37
[INFO] [stdout]     |
[INFO] [stdout]  14 | use whitaker_installer::test_utils::dependency_binary_helpers::{
[INFO] [stdout]     |                                     ^^^^^^^^^^^^^^^^^^^^^^^^^ could not find `dependency_binary_helpers` in `test_utils`
[INFO] [stdout]     |
[INFO] [stdout] note: found an item that was configured out
[INFO] [stdout]    --> src/test_utils.rs:311:9
[INFO] [stdout]     |
[INFO] [stdout] 310 | #[cfg(any(test, feature = "test-support"))]
[INFO] [stdout]     |          -------------------------------- the item is gated here
[INFO] [stdout] 311 | pub mod dependency_binary_helpers;
[INFO] [stdout]     |         ^^^^^^^^^^^^^^^^^^^^^^^^^
[INFO] [stdout] 
[INFO] [stdout] 
[INFO] [stdout] error[E0277]: the trait bound `whitaker_installer::test_utils::StubExecutor: CommandExecutor` is not satisfied
[INFO] [stdout]    --> src/tests.rs:124:55
[INFO] [stdout]     |
[INFO] [stdout] 124 |         let result = ensure_dylint_tools_with_options(&executor, &mut stderr, options);
[INFO] [stdout]     |                                                       ^^^^^^^^^ the trait `CommandExecutor` is not implemented for `whitaker_installer::test_utils::StubExecutor`
[INFO] [stdout]     |
[INFO] [stdout] help: the trait `CommandExecutor` is implemented for `SystemCommandExecutor`
[INFO] [stdout]    --> src/deps.rs:35:1
[INFO] [stdout]     |
[INFO] [stdout]  35 | impl CommandExecutor for SystemCommandExecutor {
[INFO] [stdout]     | ^^^^^^^^^^^^^^^^^^^^^^^^^^^^^^^^^^^^^^^^^^^^^^
[INFO] [stdout]     = note: required for the cast from `&whitaker_installer::test_utils::StubExecutor` to `&dyn CommandExecutor`
[INFO] [stdout] 
[INFO] [stdout] 
[INFO] [stdout] error[E0277]: the trait bound `whitaker_installer::test_utils::StubExecutor: CommandExecutor` is not satisfied
[INFO] [stdout]    --> src/tests.rs:169:55
[INFO] [stdout]     |
[INFO] [stdout] 169 |         let result = ensure_dylint_tools_with_options(&executor, &mut stderr, options);
[INFO] [stdout]     |                                                       ^^^^^^^^^ the trait `CommandExecutor` is not implemented for `whitaker_installer::test_utils::StubExecutor`
[INFO] [stdout]     |
[INFO] [stdout] help: the trait `CommandExecutor` is implemented for `SystemCommandExecutor`
[INFO] [stdout]    --> src/deps.rs:35:1
[INFO] [stdout]     |
[INFO] [stdout]  35 | impl CommandExecutor for SystemCommandExecutor {
[INFO] [stdout]     | ^^^^^^^^^^^^^^^^^^^^^^^^^^^^^^^^^^^^^^^^^^^^^^
[INFO] [stdout]     = note: required for the cast from `&whitaker_installer::test_utils::StubExecutor` to `&dyn CommandExecutor`
[INFO] [stdout] 
[INFO] [stdout] 
[INFO] [stdout] error[E0277]: the trait bound `whitaker_installer::test_utils::StubExecutor: CommandExecutor` is not satisfied
[INFO] [stdout]    --> src/tests.rs:217:52
[INFO] [stdout]     |
[INFO] [stdout] 217 |         let err = ensure_dylint_tools_with_options(&executor, &mut stderr, options)
[INFO] [stdout]     |                                                    ^^^^^^^^^ the trait `CommandExecutor` is not implemented for `whitaker_installer::test_utils::StubExecutor`
[INFO] [stdout]     |
[INFO] [stdout] help: the trait `CommandExecutor` is implemented for `SystemCommandExecutor`
[INFO] [stdout]    --> src/deps.rs:35:1
[INFO] [stdout]     |
[INFO] [stdout]  35 | impl CommandExecutor for SystemCommandExecutor {
[INFO] [stdout]     | ^^^^^^^^^^^^^^^^^^^^^^^^^^^^^^^^^^^^^^^^^^^^^^
[INFO] [stdout]     = note: required for the cast from `&whitaker_installer::test_utils::StubExecutor` to `&dyn CommandExecutor`
[INFO] [stdout] 
[INFO] [stdout] 
[INFO] [stdout] Some errors have detailed explanations: E0277, E0432.
[INFO] [stdout] 
[INFO] [stdout] For more information about an error, try `rustc --explain E0277`.
[INFO] [stdout] 
[INFO] [stderr] error: could not compile `whitaker-installer` (bin "whitaker-installer" test) due to 6 previous errors
[INFO] [stderr] warning: build failed, waiting for other jobs to finish...
[INFO] [stdout] error[E0432]: unresolved imports `whitaker_installer::test_utils::prebuilt_manifest_json`, `whitaker_installer::test_utils::sha256_hex`
[INFO] [stdout]    --> tests/behaviour_prebuilt.rs:14:38
[INFO] [stdout]     |
[INFO] [stdout]  14 | use whitaker_installer::test_utils::{prebuilt_manifest_json, sha256_hex};
[INFO] [stdout]     |                                      ^^^^^^^^^^^^^^^^^^^^^^  ^^^^^^^^^^ no `sha256_hex` in `test_utils`
[INFO] [stdout]     |                                      |
[INFO] [stdout]     |                                      no `prebuilt_manifest_json` in `test_utils`
[INFO] [stdout]     |
[INFO] [stdout] note: found an item that was configured out
[INFO] [stdout]    --> src/test_utils.rs:145:8
[INFO] [stdout]     |
[INFO] [stdout] 144 | #[cfg(any(test, feature = "test-support"))]
[INFO] [stdout]     |          -------------------------------- the item is gated here
[INFO] [stdout] 145 | pub fn prebuilt_manifest_json(
[INFO] [stdout]     |        ^^^^^^^^^^^^^^^^^^^^^^
[INFO] [stdout] note: found an item that was configured out
[INFO] [stdout]    --> src/test_utils.rs:138:8
[INFO] [stdout]     |
[INFO] [stdout] 137 | #[cfg(any(test, feature = "test-support"))]
[INFO] [stdout]     |          -------------------------------- the item is gated here
[INFO] [stdout] 138 | pub fn sha256_hex(data: &[u8]) -> String {
[INFO] [stdout]     |        ^^^^^^^^^^
[INFO] [stdout] 
[INFO] [stdout] 
[INFO] [stdout] For more information about this error, try `rustc --explain E0432`.
[INFO] [stdout] 
[INFO] [stderr] error: could not compile `whitaker-installer` (test "behaviour_prebuilt") due to 1 previous error
[INFO] running `Command { std: "docker" "inspect" "b11649bc839d83dba56677f27d62e8b78dc05f5ec4e979d374fbdbf526886829", kill_on_drop: false }`
[INFO] running `Command { std: "docker" "rm" "-f" "b11649bc839d83dba56677f27d62e8b78dc05f5ec4e979d374fbdbf526886829", kill_on_drop: false }`
[INFO] [stdout] b11649bc839d83dba56677f27d62e8b78dc05f5ec4e979d374fbdbf526886829
