[INFO] fetching crate wfe-server 1.11.4...
[INFO] testing wfe-server-1.11.4 against 1.100.0-beta.1+cargoflags=--release for beta-release-1.100-2
[INFO] extracting crate wfe-server 1.11.4 into /workspace/builds/worker-6-tc2/source
[INFO] started tweaking crates.io crate wfe-server 1.11.4
[INFO] finished tweaking crates.io crate wfe-server 1.11.4
[INFO] tweaked toml for crates.io crate wfe-server 1.11.4 written to /workspace/builds/worker-6-tc2/source/Cargo.toml
[INFO] validating manifest of crates.io crate wfe-server 1.11.4 on toolchain 1.100.0-beta.1
[INFO] running `Command { std: CARGO_HOME="/workspace/cargo-home" RUSTUP_HOME="/workspace/rustup-home" "/workspace/cargo-home/bin/cargo" "+1.100.0-beta.1" "metadata" "--manifest-path" "Cargo.toml" "--no-deps", kill_on_drop: false }`
[INFO] crate crates.io crate wfe-server 1.11.4 already has a lockfile, it will not be regenerated
[INFO] running `Command { std: CARGO_HOME="/workspace/cargo-home" RUSTUP_HOME="/workspace/rustup-home" "/workspace/cargo-home/bin/cargo" "+1.100.0-beta.1" "fetch" "--manifest-path" "Cargo.toml", kill_on_drop: false }`
[INFO] [stderr] warning: `package.homepage` is redundant with `package.repository`
[INFO] [stderr]    --> Cargo.toml:147:12
[INFO] [stderr]     |
[INFO] [stderr] 147 | homepage = "https://github.com/sunbeamdotpt/wfe"
[INFO] [stderr]     |            ^^^^^^^^^^^^^^^^^^^^^^^^^^^^^^^^^^^^^
[INFO] [stderr] ...
[INFO] [stderr] 151 | repository = "https://github.com/sunbeamdotpt/wfe"
[INFO] [stderr]     |              -------------------------------------
[INFO] [stderr]     |
[INFO] [stderr]     = note: `cargo::redundant_homepage` is set to `warn` by default
[INFO] [stderr] help: consider removing `package.homepage`
[INFO] [stderr] warning: `wfe-server` (manifest) generated 1 warning
[INFO] running `Command { std: "docker" "create" "-v" "/var/lib/crater-agent-workspace/builds/worker-6-tc2/source:/opt/rustwide/workdir:ro,Z" "-v" "/var/lib/crater-agent-workspace/builds/worker-6-tc2/target:/opt/rustwide/target:rw,Z" "-v" "/var/lib/crater-agent-workspace/cargo-home:/opt/rustwide/cargo-home:ro,Z" "-v" "/var/lib/crater-agent-workspace/rustup-home:/opt/rustwide/rustup-home:ro,Z" "-m" "1610612736" "--network" "none" "ghcr.io/rust-lang/crates-build-env/linux@sha256:77db811e55d90add9212f6832c23229e3de5f1c1f9905e8cb07319ea15df73ac" "sleep" "infinity", kill_on_drop: false }`
[INFO] [stdout] fc992a1367891281d4eb71915665cb53d82fbb0025d42cb72674e026f184ffba
[INFO] running `Command { std: "docker" "start" "fc992a1367891281d4eb71915665cb53d82fbb0025d42cb72674e026f184ffba", kill_on_drop: false }`
[INFO] running `Command { std: "docker" "inspect" "fc992a1367891281d4eb71915665cb53d82fbb0025d42cb72674e026f184ffba", kill_on_drop: false }`
[INFO] running `Command { std: "docker" "exec" "-e" "SOURCE_DIR=/opt/rustwide/workdir" "-e" "CARGO_HOME=/opt/rustwide/cargo-home" "-e" "RUSTUP_HOME=/opt/rustwide/rustup-home" "-e" "CARGO_TARGET_DIR=/opt/rustwide/target" "-w" "/opt/rustwide/workdir" "--user" "0:0" "fc992a1367891281d4eb71915665cb53d82fbb0025d42cb72674e026f184ffba" "/opt/rustwide/cargo-home/bin/cargo" "+1.100.0-beta.1" "metadata" "--no-deps" "--format-version=1", kill_on_drop: false }`
[INFO] running `Command { std: "docker" "inspect" "fc992a1367891281d4eb71915665cb53d82fbb0025d42cb72674e026f184ffba", kill_on_drop: false }`
[INFO] running `Command { std: "docker" "exec" "-e" "SOURCE_DIR=/opt/rustwide/workdir" "-e" "CARGO_HOME=/opt/rustwide/cargo-home" "-e" "RUSTUP_HOME=/opt/rustwide/rustup-home" "-e" "CARGO_TARGET_DIR=/opt/rustwide/target" "-e" "CARGO_INCREMENTAL=0" "-e" "RUST_BACKTRACE=full" "-e" "RUSTFLAGS=--cap-lints=warn" "-e" "RUSTDOCFLAGS=--cap-lints=warn" "-w" "/opt/rustwide/workdir" "--user" "0:0" "fc992a1367891281d4eb71915665cb53d82fbb0025d42cb72674e026f184ffba" "/opt/rustwide/cargo-home/bin/cargo" "+1.100.0-beta.1" "build" "--frozen" "--message-format=json" "--release", kill_on_drop: false }`
[INFO] [stderr] warning: `package.homepage` is redundant with `package.repository`
[INFO] [stderr]    --> Cargo.toml:147:12
[INFO] [stderr]     |
[INFO] [stderr] 147 | homepage = "https://github.com/sunbeamdotpt/wfe"
[INFO] [stderr]     |            ^^^^^^^^^^^^^^^^^^^^^^^^^^^^^^^^^^^^^
[INFO] [stderr] ...
[INFO] [stderr] 151 | repository = "https://github.com/sunbeamdotpt/wfe"
[INFO] [stderr]     |              -------------------------------------
[INFO] [stderr]     |
[INFO] [stderr]     = note: `cargo::redundant_homepage` is set to `warn` by default
[INFO] [stderr] help: consider removing `package.homepage`
[INFO] [stderr] warning: `wfe-server` (manifest) generated 1 warning
[INFO] [stderr]    Compiling serde_core v1.0.229
[INFO] [stderr]    Compiling syn v3.0.3
[INFO] [stderr]    Compiling aho-corasick v1.1.5
[INFO] [stderr]    Compiling serde v1.0.229
[INFO] [stderr]    Compiling cc v1.4.3
[INFO] [stderr]    Compiling errno v0.3.14
[INFO] [stderr]    Compiling subtle v2.6.1
[INFO] [stderr]    Compiling mio v1.2.2
[INFO] [stderr]    Compiling signal-hook-registry v1.4.8
[INFO] [stderr]    Compiling yoke v0.8.3
[INFO] [stderr]    Compiling digest v0.10.7
[INFO] [stderr]    Compiling serde_json v1.0.151
[INFO] [stderr]    Compiling futures-io v0.3.34
[INFO] [stderr]    Compiling writeable v0.6.4
[INFO] [stderr]    Compiling tinyvec v1.12.0
[INFO] [stderr]    Compiling tracing v0.1.44
[INFO] [stderr]    Compiling gix-trace v0.1.21
[INFO] [stderr]    Compiling getrandom v0.2.17
[INFO] [stderr]    Compiling rustix v1.1.4
[INFO] [stderr]    Compiling unicode-normalization v0.1.25
[INFO] [stderr]    Compiling cmake v0.1.58
[INFO] [stderr]    Compiling regex-automata v0.4.18
[INFO] [stderr]    Compiling crossbeam-channel v0.5.16
[INFO] [stderr]    Compiling gix-utils v0.3.5
[INFO] [stderr]    Compiling ipnet v2.12.1
[INFO] [stderr]    Compiling byteorder v1.5.0
[INFO] [stderr]    Compiling zlib-rs v0.6.7
[INFO] [stderr]    Compiling aws-lc-sys v0.44.0
[INFO] [stderr]    Compiling bitflags v2.13.1
[INFO] [stderr]    Compiling indexmap v2.14.0
[INFO] [stderr]    Compiling serde_derive v1.0.229
[INFO] [stderr]    Compiling thiserror-impl v2.0.20
[INFO] [stderr]    Compiling zerovec-derive v0.11.5
[INFO] [stderr]    Compiling thiserror v2.0.20
[INFO] [stderr]    Compiling displaydoc v0.2.7
[INFO] [stderr]    Compiling tokio-macros v2.7.2
[INFO] [stderr]    Compiling zerovec v0.11.8
[INFO] [stderr]    Compiling bstr v1.13.1
[INFO] [stderr]    Compiling futures-macro v0.3.34
[INFO] [stderr]    Compiling smallvec v1.15.2
[INFO] [stderr]    Compiling either v1.17.0
[INFO] [stderr]    Compiling zerotrie v0.2.5
[INFO] [stderr]    Compiling futures-util v0.3.34
[INFO] [stderr]    Compiling parking_lot_core v0.9.12
[INFO] [stderr]    Compiling gix-validate v0.11.3
[INFO] [stderr]    Compiling parking_lot v0.12.5
[INFO] [stderr]    Compiling tokio v1.53.1
[INFO] [stderr]    Compiling tinystr v0.8.4
[INFO] [stderr]    Compiling potential_utf v0.1.6
[INFO] [stderr]    Compiling icu_locale_core v2.3.0
[INFO] [stderr]    Compiling icu_collections v2.1.1
[INFO] [stderr]    Compiling gix-path v0.11.3
[INFO] [stderr]    Compiling prodash v31.0.0
[INFO] [stderr]    Compiling itertools v0.14.0
[INFO] [stderr]    Compiling gix-features v0.46.2
[INFO] [stderr]    Compiling gix-error v0.2.5
[INFO] [stderr]    Compiling icu_provider v2.3.0
[INFO] [stderr]    Compiling icu_normalizer v2.1.1
[INFO] [stderr]    Compiling icu_properties v2.1.2
[INFO] [stderr]    Compiling prost-derive v0.14.4
[INFO] [stderr]    Compiling ring v0.17.14
[INFO] [stderr]    Compiling ppv-lite86 v0.2.21
[INFO] [stderr]    Compiling sha1 v0.10.7
[INFO] [stderr]    Compiling idna_adapter v1.2.1
[INFO] [stderr]    Compiling idna v1.1.0
[INFO] [stderr]    Compiling url v2.5.8
[INFO] [stderr]    Compiling regex v1.13.1
[INFO] [stderr]    Compiling aws-lc-rs v1.18.0
[INFO] [stderr]    Compiling jiff-core v0.1.0
[INFO] [stderr]    Compiling tokio-util v0.7.19
[INFO] [stderr]    Compiling jiff v0.2.35
[INFO] [stderr]    Compiling h2 v0.4.17
[INFO] [stderr]    Compiling tower v0.5.3
[INFO] [stderr]    Compiling heapless v0.8.0
[INFO] [stderr]    Compiling hash32 v0.3.1
[INFO] [stderr]    Compiling serde_urlencoded v0.7.1
[INFO] [stderr]    Compiling rustls v0.23.43
[INFO] [stderr]    Compiling faster-hex v0.10.0
[INFO] [stderr]    Compiling tokio-stream v0.1.19
[INFO] [stderr]    Compiling tempfile v3.27.0
[INFO] [stderr]    Compiling pin-project-internal v1.1.13
[INFO] [stderr]    Compiling bytes v1.12.1
[INFO] [stderr]    Compiling pin-project v1.1.13
[INFO] [stderr]    Compiling once_cell v1.21.4
[INFO] [stderr]    Compiling sha1-checked v0.10.0
[INFO] [stderr]    Compiling rand_core v0.6.4
[INFO] [stderr]    Compiling foldhash v0.1.5
[INFO] [stderr]    Compiling hashbrown v0.15.5
[INFO] [stderr]    Compiling gix-hash v0.23.0
[INFO] [stderr]    Compiling rand_chacha v0.3.1
[INFO] [stderr]    Compiling winnow v0.7.15
[INFO] [stderr]    Compiling rand v0.8.7
[INFO] [stderr]    Compiling gix-date v0.15.6
[INFO] [stderr]    Compiling hyper v1.11.0
[INFO] [stderr]    Compiling axum-core v0.5.6
[INFO] [stderr]    Compiling async-trait v0.1.92
[INFO] [stderr]    Compiling serde_path_to_error v0.1.20
[INFO] [stderr]    Compiling hyper-util v0.1.20
[INFO] [stderr]    Compiling axum-macros v0.5.1
[INFO] [stderr]    Compiling matchit v0.8.4
[INFO] [stderr]    Compiling prost v0.14.4
[INFO] [stderr]    Compiling hyper-timeout v0.5.2
[INFO] [stderr]    Compiling axum v0.8.9
[INFO] [stderr]    Compiling miniz_oxide v0.8.9
[INFO] [stderr]    Compiling gix-actor v0.40.0
[INFO] [stderr]    Compiling gix-hashtable v0.13.0
[INFO] [stderr]    Compiling zerofrom v0.1.8
[INFO] [stderr]    Compiling stable_deref_trait v1.2.1
[INFO] [stderr]    Compiling gix-object v0.58.0
[INFO] [stderr]    Compiling flate2 v1.1.9
[INFO] [stderr]    Compiling num-bigint v0.4.8
[INFO] [stderr]    Compiling rand_core v0.9.5
[INFO] [stderr]    Compiling futures-executor v0.3.34
[INFO] [stderr]    Compiling rand_chacha v0.9.0
[INFO] [stderr]    Compiling prost-types v0.14.4
[INFO] [stderr]    Compiling rand v0.9.5
[INFO] [stderr]    Compiling uuid v1.24.1
[INFO] [stderr]    Compiling filetime v0.2.29
[INFO] [stderr]    Compiling hashbrown v0.14.5
[INFO] [stderr]    Compiling time-core v0.1.9
[INFO] [stderr]    Compiling futures v0.3.34
[INFO] [stderr]    Compiling gix-chunk v0.7.3
[INFO] [stderr]    Compiling time-macros v0.2.32
[INFO] [stderr]    Compiling gix-fs v0.19.2
[INFO] [stderr]    Compiling dashmap v6.2.1
[INFO] [stderr]    Compiling deranged v0.5.8
[INFO] [stderr]    Compiling tonic v0.14.6
[INFO] [stderr]    Compiling base64 v0.23.1
[INFO] [stderr]    Compiling pulldown-cmark v0.13.4
[INFO] [stderr]    Compiling getrandom v0.4.3
[INFO] [stderr]    Compiling ureq-proto v0.6.1
[INFO] [stderr]    Compiling gix-tempfile v21.0.2
[INFO] [stderr]    Compiling time v0.3.55
[INFO] [stderr]    Compiling gix-quote v0.7.2
[INFO] [stderr]    Compiling nonempty v0.12.0
[INFO] [stderr]    Compiling async-stream-impl v0.3.6
[INFO] [stderr]    Compiling bollard-buildkit-proto v0.7.0
[INFO] [stderr]    Compiling utf8-zero v0.8.1
[INFO] [stderr]    Compiling async-stream v0.3.6
[INFO] [stderr]    Compiling chrono v0.4.45
[INFO] [stderr]    Compiling tonic-prost v0.14.6
[INFO] [stderr]    Compiling sha2 v0.10.9
[INFO] [stderr]    Compiling structmeta-derive v0.3.0
[INFO] [stderr]    Compiling fixedbitset v0.5.7
[INFO] [stderr]    Compiling home v0.5.12
[INFO] [stderr]    Compiling litemap v0.8.3
[INFO] [stderr]    Compiling fastrand v2.5.0
[INFO] [stderr]    Compiling structmeta v0.3.0
[INFO] [stderr]    Compiling chacha20 v0.10.1
[INFO] [stderr]    Compiling petgraph v0.8.3
[INFO] [stderr]    Compiling pulldown-cmark-to-cmark v22.0.1
[INFO] [stderr]    Compiling serde_with_macros v3.22.0
[INFO] [stderr]    Compiling gix-commitgraph v0.35.0
[INFO] [stderr]    Compiling num-rational v0.4.2
[INFO] [stderr]    Compiling num-iter v0.1.46
[INFO] [stderr]    Compiling gix-glob v0.24.0
[INFO] [stderr]    Compiling xattr v1.6.1
[INFO] [stderr]    Compiling serde_repr v0.1.21
[INFO] [stderr]    Compiling multimap v0.10.1
[INFO] [stderr]    Compiling pin-project-lite v0.2.17
[INFO] [stderr]    Compiling futures-core v0.3.34
[INFO] [stderr]    Compiling num v0.4.3
[INFO] [stderr]    Compiling prost-build v0.14.4
[INFO] [stderr]    Compiling serde_with v3.22.0
[INFO] [stderr]    Compiling gix-revwalk v0.29.0
[INFO] [stderr]    Compiling rand v0.10.2
[INFO] [stderr]    Compiling parse-display-derive v0.9.1
[INFO] [stderr]    Compiling hyperlocal v0.9.1
[INFO] [stderr]    Compiling gix-lock v21.0.2
[INFO] [stderr]    Compiling tonic-build v0.14.6
[INFO] [stderr]    Compiling icu_properties_data v2.1.2
[INFO] [stderr]    Compiling icu_normalizer_data v2.1.1
[INFO] [stderr]    Compiling zeroize v1.9.0
[INFO] [stderr]    Compiling scopeguard v1.2.0
[INFO] [stderr]    Compiling event-listener v5.4.2
[INFO] [stderr]    Compiling tonic-prost-build v0.14.6
[INFO] [stderr]    Compiling lock_api v0.4.14
[INFO] [stderr]    Compiling rustls-pki-types v1.15.1
[INFO] [stderr]    Compiling parse-display v0.9.1
[INFO] [stderr]    Compiling ferroid v2.0.0
[INFO] [stderr]    Compiling astral-tokio-tar v0.6.4
[INFO] [stderr]    Compiling docker_credential v1.4.0
[INFO] [stderr]    Compiling num-traits v0.2.19
[INFO] [stderr]    Compiling etcetera v0.11.0
[INFO] [stderr]    Compiling futures-sink v0.3.34
[INFO] [stderr]    Compiling unicode-bom v2.0.3
[INFO] [stderr]    Compiling compression-codecs v0.4.38
[INFO] [stderr]    Compiling tar v0.4.46
[INFO] [stderr]    Compiling openssl-sys v0.9.117
[INFO] [stderr]    Compiling libsqlite3-sys v0.30.1
[INFO] [stderr]    Compiling percent-encoding v2.3.2
[INFO] [stderr]    Compiling crossbeam-utils v0.8.22
[INFO] [stderr]    Compiling untrusted v0.9.0
[INFO] [stderr]    Compiling clang-sys v1.9.1
[INFO] [stderr]    Compiling gix-command v0.8.1
[INFO] [stderr]    Compiling form_urlencoded v1.2.2
[INFO] [stderr]    Compiling async-compression v0.4.43
[INFO] [stderr]    Compiling kstring v2.0.4
[INFO] [stderr]    Compiling zerocopy v0.8.56
[INFO] [stderr]    Compiling socket2 v0.6.5
[INFO] [stderr]    Compiling futures-task v0.3.34
[INFO] [stderr]    Compiling icu_locale_data v2.1.2
[INFO] [stderr]    Compiling utf8_iter v1.0.4
[INFO] [stderr]    Compiling slab v0.4.12
[INFO] [stderr]    Compiling pest v2.9.0
[INFO] [stderr]    Compiling rustls-webpki v0.103.14
[INFO] [stderr]    Compiling gix-attributes v0.31.0
[INFO] [stderr]    Compiling tower-http v0.6.11
[INFO] [stderr]    Compiling calendrical_calculations v0.2.4
[INFO] [stderr]    Compiling webpki-roots v1.0.9
[INFO] [stderr]    Compiling hashlink v0.10.0
[INFO] [stderr]    Compiling tracing-core v0.1.36
[INFO] [stderr]    Compiling tinyvec_macros v0.1.1
[INFO] [stderr]    Compiling crc-catalog v2.5.0
[INFO] [stderr]    Compiling icu_calendar_data v2.1.1
[INFO] [stderr]    Compiling minimal-lexical v0.2.1
[INFO] [stderr]    Compiling cpufeatures v0.2.17
[INFO] [stderr]    Compiling data-encoding v2.11.1
[INFO] [stderr]    Compiling parking v2.2.1
[INFO] [stderr]    Compiling iana-time-zone v0.1.65
[INFO] [stderr]    Compiling nom v7.1.3
[INFO] [stderr]    Compiling crc v3.4.0
[INFO] [stderr]    Compiling crossbeam-queue v0.3.13
[INFO] [stderr]    Compiling futures-intrusive v0.5.0
[INFO] [stderr]    Compiling webpki-roots v0.26.11
[INFO] [stderr]    Compiling pest_meta v2.9.0
[INFO] [stderr]    Compiling gix-packetline v0.21.5
[INFO] [stderr]    Compiling gix-config-value v0.17.2
[INFO] [stderr]    Compiling resb v0.1.2
[INFO] [stderr]    Compiling gix-sec v0.13.3
[INFO] [stderr]    Compiling libloading v0.8.9
[INFO] [stderr]    Compiling crc32fast v1.5.0
[INFO] [stderr]    Compiling encoding_rs v0.8.35
[INFO] [stderr]    Compiling bindgen v0.72.1
[INFO] [stderr]    Compiling linux-raw-sys v0.4.15
[INFO] [stderr]    Compiling openssl v0.10.81
[INFO] [stderr]    Compiling k8s-openapi v0.27.1
[INFO] [stderr]    Compiling base64 v0.22.1
[INFO] [stderr]    Compiling rustix v0.38.44
[INFO] [stderr]    Compiling zoneinfo64 v0.2.1
[INFO] [stderr]    Compiling pest_generator v2.9.0
[INFO] [stderr]    Compiling sqlx-core v0.8.6
[INFO] [stderr]    Compiling icu_locale v2.1.1
[INFO] [stderr]    Compiling cexpr v0.6.0
[INFO] [stderr]    Compiling atoi v2.0.0
[INFO] [stderr]    Compiling futures-channel v0.3.34
[INFO] [stderr]    Compiling hmac v0.12.1
[INFO] [stderr]    Compiling spin v0.9.9
[INFO] [stderr]    Compiling gix-traverse v0.55.0
[INFO] [stderr]    Compiling gix-bitmap v0.3.3
[INFO] [stderr]    Compiling itertools v0.13.0
[INFO] [stderr]    Compiling jsonptr v0.7.1
[INFO] [stderr]    Compiling ordered-float v2.10.1
[INFO] [stderr]    Compiling openssl-macros v0.1.1
[INFO] [stderr]    Compiling derive_more-impl v2.1.1
[INFO] [stderr]    Compiling strck v1.0.0
[INFO] [stderr]    Compiling native-tls v0.2.18
[INFO] [stderr]    Compiling unicode-properties v0.1.4
[INFO] [stderr]    Compiling unicode-bidi v0.3.18
[INFO] [stderr]    Compiling adler2 v2.0.1
[INFO] [stderr]    Compiling rustc-hash v2.1.3
[INFO] [stderr]    Compiling serde_yaml v0.9.34+deprecated
[INFO] [stderr]    Compiling stringprep v0.1.5
[INFO] [stderr]    Compiling tungstenite v0.28.0
[INFO] [stderr]    Compiling derive_more v2.1.1
[INFO] [stderr]    Compiling diplomat_core v0.14.0
[INFO] [stderr]    Compiling serde-value v0.7.0
[INFO] [stderr]    Compiling json-patch v4.2.0
[INFO] [stderr]    Compiling gix-index v0.49.0
[INFO] [stderr]    Compiling flume v0.11.1
[INFO] [stderr]    Compiling hkdf v0.12.4
[INFO] [stderr]    Compiling icu_calendar v2.1.1
[INFO] [stderr]    Compiling which v6.0.3
[INFO] [stderr]    Compiling pest_derive v2.9.0
[INFO] [stderr]    Compiling timezone_provider v0.1.2
[INFO] [stderr]    Compiling gzip-header v1.1.0
[INFO] [stderr]    Compiling gix-ignore v0.19.1
[INFO] [stderr]    Compiling md-5 v0.10.6
[INFO] [stderr]    Compiling gix-ref v0.61.0
[INFO] [stderr]    Compiling gix-revision v0.43.0
[INFO] [stderr]    Compiling backon v1.6.0
[INFO] [stderr]    Compiling gix-url v0.35.3
[INFO] [stderr]    Compiling enum-ordinalize-derive v4.4.2
[INFO] [stderr]    Compiling pem v3.0.6
[INFO] [stderr]    Compiling deno_error_macro v0.7.1
[INFO] [stderr]    Compiling fslock v0.2.1
[INFO] [stderr]    Compiling ixdtf v0.6.6
[INFO] [stderr]    Compiling dotenvy v0.15.7
[INFO] [stderr]    Compiling radium v0.7.0
[INFO] [stderr]    Compiling hex v0.4.3
[INFO] [stderr]    Compiling whoami v1.6.1
[INFO] [stderr]    Compiling temporal_rs v0.1.2
[INFO] [stderr]    Compiling deno_error v0.7.1
[INFO] [stderr]    Compiling sqlx-postgres v0.8.6
[INFO] [stderr]    Compiling v8 v147.0.0
[INFO] [stderr]    Compiling enum-ordinalize v4.4.2
[INFO] [stderr]    Compiling sqlx-sqlite v0.8.6
[INFO] [stderr]    Compiling gix-worktree v0.50.0
[INFO] [stderr]    Compiling jsonpath-rust v1.0.8
[INFO] [stderr]    Compiling diplomat v0.14.0
[INFO] [stderr]    Compiling tokio-tungstenite v0.28.0
[INFO] [stderr]    Compiling gix-filter v0.28.0
[INFO] [stderr]    Compiling event-listener-strategy v0.5.4
[INFO] [stderr]    Compiling secrecy v0.10.3
[INFO] [stderr]    Compiling diplomat-runtime v0.14.0
[INFO] [stderr]    Compiling tap v1.0.1
[INFO] [stderr]    Compiling wyz v0.5.1
[INFO] [stderr]    Compiling temporal_capi v0.1.2
[INFO] [stderr]    Compiling sqlx-macros-core v0.8.6
[INFO] [stderr]    Compiling async-broadcast v0.7.2
[INFO] [stderr]    Compiling tokio-native-tls v0.3.1
[INFO] [stderr]    Compiling educe v0.6.0
[INFO] [stderr]    Compiling ahash v0.8.12
[INFO] [stderr]    Compiling gix-refspec v0.39.0
[INFO] [stderr]    Compiling gix-prompt v0.14.2
[INFO] [stderr]    Compiling wfe-buildkit-protos v1.11.4
[INFO] [stderr]    Compiling wfe-containerd-protos v1.11.4
[INFO] [stderr]    Compiling imara-diff v0.1.8
[INFO] [stderr]    Compiling strum_macros v0.27.2
[INFO] [stderr]    Compiling clru v0.6.3
[INFO] [stderr]    Compiling sys_traits_macros v0.1.0
[INFO] [stderr]    Compiling hostname v0.4.2
[INFO] [stderr]    Compiling funty v2.0.0
[INFO] [stderr]    Compiling vsimd v0.8.0
[INFO] [stderr]    Compiling outref v0.5.2
[INFO] [stderr]    Compiling base64-simd v0.8.0
[INFO] [stderr]    Compiling bitvec v1.1.1
[INFO] [stderr]    Compiling kube-core v3.1.0
[INFO] [stderr]    Compiling strum v0.27.2
[INFO] [stderr]    Compiling sys_traits v0.1.28
[INFO] [stderr]    Compiling gix-pack v0.68.0
[INFO] [stderr]    Compiling gix-diff v0.61.0
[INFO] [stderr] error: failed to run custom build command for `v8 v147.0.0`
[INFO] [stderr] note: To improve backtraces for build dependencies, set the CARGO_PROFILE_RELEASE_BUILD_OVERRIDE_DEBUG=true environment variable to enable debug information generation.
[INFO] [stderr] 
[INFO] [stderr] Caused by:
[INFO] [stderr]   process didn't exit successfully: `/opt/rustwide/target/release/build/v8/0314c3bdbd205295/out/build_script_build` (exit status: 101)
[INFO] [stderr]   --- stdout
[INFO] [stderr]   cargo:rerun-if-changed=.gn
[INFO] [stderr]   cargo:rerun-if-changed=BUILD.gn
[INFO] [stderr]   cargo:rerun-if-changed=src/binding.cc
[INFO] [stderr]   cargo:rerun-if-env-changed=CCACHE
[INFO] [stderr]   cargo:rerun-if-env-changed=CLANG_BASE_PATH
[INFO] [stderr]   cargo:rerun-if-env-changed=CXXSTDLIB
[INFO] [stderr]   cargo:rerun-if-env-changed=DENO_TRYBUILD
[INFO] [stderr]   cargo:rerun-if-env-changed=DOCS_RS
[INFO] [stderr]   cargo:rerun-if-env-changed=GN
[INFO] [stderr]   cargo:rerun-if-env-changed=GN_ARGS
[INFO] [stderr]   cargo:rerun-if-env-changed=HOST
[INFO] [stderr]   cargo:rerun-if-env-changed=NINJA
[INFO] [stderr]   cargo:rerun-if-env-changed=OUT_DIR
[INFO] [stderr]   cargo:rerun-if-env-changed=RUSTY_V8_ARCHIVE
[INFO] [stderr]   cargo:rerun-if-env-changed=RUSTY_V8_MIRROR
[INFO] [stderr]   cargo:rerun-if-env-changed=RUSTY_V8_SRC_BINDING_PATH
[INFO] [stderr]   cargo:rerun-if-env-changed=SCCACHE
[INFO] [stderr]   cargo:rerun-if-env-changed=V8_FORCE_DEBUG
[INFO] [stderr]   cargo:rerun-if-env-changed=V8_FROM_SOURCE
[INFO] [stderr]   cargo:rerun-if-env-changed=PYTHON
[INFO] [stderr]   cargo:rerun-if-env-changed=DISABLE_CLANG
[INFO] [stderr]   cargo:rerun-if-env-changed=EXTRA_GN_ARGS
[INFO] [stderr]   cargo:rerun-if-env-changed=PRINT_GN_ARGS
[INFO] [stderr]   cargo:rerun-if-env-changed=CARGO_ENCODED_RUSTFLAGS
[INFO] [stderr]   cargo:rustc-link-lib=static=rusty_v8
[INFO] [stderr]   lockfile: "/opt/rustwide/target/release/build/v8/v8.fslock"
[INFO] [stderr]   cargo:rustc-env=RUSTY_V8_SRC_BINDING_PATH=/opt/rustwide/cargo-home/registry/src/index.crates.io-1949cf8c6b5b557f/v8-147.0.0/gen/src_binding_simdutf_release_x86_64-unknown-linux-gnu.rs
[INFO] [stderr]   static lib URL: https://github.com/denoland/rusty_v8/releases/download/v147.0.0/librusty_v8_simdutf_release_x86_64-unknown-linux-gnu.a.gz
[INFO] [stderr]   cargo:rustc-link-search=/opt/rustwide/target/release/build/gn_out/obj
[INFO] [stderr]   Looking for download in '"/opt/rustwide/cargo-home/.rusty_v8/https___github_com_denoland_rusty_v8_releases_download_v147_0_0_librusty_v8_simdutf_release_x86_64_unknown_linux_gnu_a_gz"'
[INFO] [stderr]   Downloading https://github.com/denoland/rusty_v8/releases/download/v147.0.0/librusty_v8_simdutf_release_x86_64-unknown-linux-gnu.a.gz
[INFO] [stderr]   Trying with Python...
[INFO] [stderr]   Downloading https://github.com/denoland/rusty_v8/releases/download/v147.0.0/librusty_v8_simdutf_release_x86_64-unknown-linux-gnu.a.gz...
[INFO] [stderr]   <urlopen error [Errno -3] Temporary failure in name resolution>
[INFO] [stderr]   Retrying in 5 s ...
[INFO] [stderr]   Downloading https://github.com/denoland/rusty_v8/releases/download/v147.0.0/librusty_v8_simdutf_release_x86_64-unknown-linux-gnu.a.gz...
[INFO] [stderr]   <urlopen error [Errno -3] Temporary failure in name resolution>
[INFO] [stderr]   Retrying in 10 s ...
[INFO] [stderr]   Downloading https://github.com/denoland/rusty_v8/releases/download/v147.0.0/librusty_v8_simdutf_release_x86_64-unknown-linux-gnu.a.gz...
[INFO] [stderr]   <urlopen error [Errno -3] Temporary failure in name resolution>
[INFO] [stderr]   Retrying in 20 s ...
[INFO] [stderr]   Downloading https://github.com/denoland/rusty_v8/releases/download/v147.0.0/librusty_v8_simdutf_release_x86_64-unknown-linux-gnu.a.gz...
[INFO] [stderr]   <urlopen error [Errno -3] Temporary failure in name resolution>
[INFO] [stderr]   Python downloader failed, trying with curl.
[INFO] [stderr] 
[INFO] [stderr]   --- stderr
[INFO] [stderr]   Traceback (most recent call last):
[INFO] [stderr]     File "/usr/lib/python3.14/urllib/request.py", line 1321, in do_open
[INFO] [stderr]       h.request(req.get_method(), req.selector, req.data, headers,
[INFO] [stderr]       ~~~~~~~~~^^^^^^^^^^^^^^^^^^^^^^^^^^^^^^^^^^^^^^^^^^^^^^^^^^^
[INFO] [stderr]                 encode_chunked=req.has_header('Transfer-encoding'))
[INFO] [stderr]                 ^^^^^^^^^^^^^^^^^^^^^^^^^^^^^^^^^^^^^^^^^^^^^^^^^^^
[INFO] [stderr]     File "/usr/lib/python3.14/http/client.py", line 1367, in request
[INFO] [stderr]       self._send_request(method, url, body, headers, encode_chunked)
[INFO] [stderr]       ~~~~~~~~~~~~~~~~~~^^^^^^^^^^^^^^^^^^^^^^^^^^^^^^^^^^^^^^^^^^^^
[INFO] [stderr]     File "/usr/lib/python3.14/http/client.py", line 1413, in _send_request
[INFO] [stderr]       self.endheaders(body, encode_chunked=encode_chunked)
[INFO] [stderr]       ~~~~~~~~~~~~~~~^^^^^^^^^^^^^^^^^^^^^^^^^^^^^^^^^^^^^
[INFO] [stderr]     File "/usr/lib/python3.14/http/client.py", line 1362, in endheaders
[INFO] [stderr]       self._send_output(message_body, encode_chunked=encode_chunked)
[INFO] [stderr]       ~~~~~~~~~~~~~~~~~^^^^^^^^^^^^^^^^^^^^^^^^^^^^^^^^^^^^^^^^^^^^^
[INFO] [stderr]     File "/usr/lib/python3.14/http/client.py", line 1122, in _send_output
[INFO] [stderr]       self.send(msg)
[INFO] [stderr]       ~~~~~~~~~^^^^^
[INFO] [stderr]     File "/usr/lib/python3.14/http/client.py", line 1066, in send
[INFO] [stderr]       self.connect()
[INFO] [stderr]       ~~~~~~~~~~~~^^
[INFO] [stderr]     File "/usr/lib/python3.14/http/client.py", line 1501, in connect
[INFO] [stderr]       super().connect()
[INFO] [stderr]       ~~~~~~~~~~~~~~~^^
[INFO] [stderr]     File "/usr/lib/python3.14/http/client.py", line 1032, in connect
[INFO] [stderr]       self.sock = self._create_connection(
[INFO] [stderr]                   ~~~~~~~~~~~~~~~~~~~~~~~^
[INFO] [stderr]           (self.host,self.port), self.timeout, self.source_address)
[INFO] [stderr]           ^^^^^^^^^^^^^^^^^^^^^^^^^^^^^^^^^^^^^^^^^^^^^^^^^^^^^^^^^
[INFO] [stderr]     File "/usr/lib/python3.14/socket.py", line 846, in create_connection
[INFO] [stderr]       for res in getaddrinfo(host, port, 0, SOCK_STREAM):
[INFO] [stderr]                  ~~~~~~~~~~~^^^^^^^^^^^^^^^^^^^^^^^^^^^^
[INFO] [stderr]     File "/usr/lib/python3.14/socket.py", line 983, in getaddrinfo
[INFO] [stderr]       for res in _socket.getaddrinfo(host, port, family, type, proto, flags):
[INFO] [stderr]                  ~~~~~~~~~~~~~~~~~~~^^^^^^^^^^^^^^^^^^^^^^^^^^^^^^^^^^^^^^^^
[INFO] [stderr]   socket.gaierror: [Errno -3] Temporary failure in name resolution
[INFO] [stderr] 
[INFO] [stderr]   During handling of the above exception, another exception occurred:
[INFO] [stderr] 
[INFO] [stderr]   Traceback (most recent call last):
[INFO] [stderr]     File "/opt/rustwide/cargo-home/registry/src/index.crates.io-1949cf8c6b5b557f/v8-147.0.0/./tools/download_file.py", line 63, in <module>
[INFO] [stderr]       sys.exit(main())
[INFO] [stderr]                ~~~~^^
[INFO] [stderr]     File "/opt/rustwide/cargo-home/registry/src/index.crates.io-1949cf8c6b5b557f/v8-147.0.0/./tools/download_file.py", line 58, in main
[INFO] [stderr]       DownloadUrl(args.url, f)
[INFO] [stderr]       ~~~~~~~~~~~^^^^^^^^^^^^^
[INFO] [stderr]     File "/opt/rustwide/cargo-home/registry/src/index.crates.io-1949cf8c6b5b557f/v8-147.0.0/./tools/download_file.py", line 44, in DownloadUrl
[INFO] [stderr]       raise e
[INFO] [stderr]     File "/opt/rustwide/cargo-home/registry/src/index.crates.io-1949cf8c6b5b557f/v8-147.0.0/./tools/download_file.py", line 28, in DownloadUrl
[INFO] [stderr]       response = urlopen(url)
[INFO] [stderr]     File "/usr/lib/python3.14/urllib/request.py", line 187, in urlopen
[INFO] [stderr]       return opener.open(url, data, timeout)
[INFO] [stderr]              ~~~~~~~~~~~^^^^^^^^^^^^^^^^^^^^
[INFO] [stderr]     File "/usr/lib/python3.14/urllib/request.py", line 487, in open
[INFO] [stderr]       response = self._open(req, data)
[INFO] [stderr]     File "/usr/lib/python3.14/urllib/request.py", line 504, in _open
[INFO] [stderr]       result = self._call_chain(self.handle_open, protocol, protocol +
[INFO] [stderr]                                 '_open', req)
[INFO] [stderr]     File "/usr/lib/python3.14/urllib/request.py", line 464, in _call_chain
[INFO] [stderr]       result = func(*args)
[INFO] [stderr]     File "/usr/lib/python3.14/urllib/request.py", line 1369, in https_open
[INFO] [stderr]       return self.do_open(http.client.HTTPSConnection, req,
[INFO] [stderr]              ~~~~~~~~~~~~^^^^^^^^^^^^^^^^^^^^^^^^^^^^^^^^^^
[INFO] [stderr]                           context=self._context)
[INFO] [stderr]                           ^^^^^^^^^^^^^^^^^^^^^^
[INFO] [stderr]     File "/usr/lib/python3.14/urllib/request.py", line 1324, in do_open
[INFO] [stderr]       raise URLError(err)
[INFO] [stderr]   urllib.error.URLError: <urlopen error [Errno -3] Temporary failure in name resolution>
[INFO] [stderr] 
[INFO] [stderr]   thread 'main' (6308) panicked at /opt/rustwide/cargo-home/registry/src/index.crates.io-1949cf8c6b5b557f/v8-147.0.0/build.rs:707:3:
[INFO] [stderr]   assertion failed: status.success()
[INFO] [stderr]   stack backtrace:
[INFO] [stderr]      0:     0x5e2ffc32cda1 - <<std[617be2ca0a6fd877]::sys::backtrace::BacktraceLock>::print::DisplayBacktrace as core[a373ad73a504971]::fmt::Display>::fmt
[INFO] [stderr]      1:     0x5e2ffc34345a - core[a373ad73a504971]::fmt::write
[INFO] [stderr]      2:     0x5e2ffc331e8c - <std[617be2ca0a6fd877]::sys::stdio::unix::Stderr as core[a373ad73a504971]::io::write::Write>::write_fmt
[INFO] [stderr]      3:     0x5e2ffc306f96 - std[617be2ca0a6fd877]::panicking::default_hook::{closure#0}
[INFO] [stderr]      4:     0x5e2ffc3242d1 - std[617be2ca0a6fd877]::panicking::default_hook
[INFO] [stderr]      5:     0x5e2ffc3245fb - std[617be2ca0a6fd877]::panicking::panic_with_hook
[INFO] [stderr]      6:     0x5e2ffc307074 - std[617be2ca0a6fd877]::panicking::panic_handler::{closure#0}
[INFO] [stderr]      7:     0x5e2ffc2ff679 - std[617be2ca0a6fd877]::sys::backtrace::__rust_end_short_backtrace::<std[617be2ca0a6fd877]::panicking::panic_handler::{closure#0}, !>
[INFO] [stderr]      8:     0x5e2ffc307dcd - __rustc[ea4f61d10b84890b]::rust_begin_unwind
[INFO] [stderr]      9:     0x5e2ffc343c7c - core[a373ad73a504971]::panicking::panic_fmt
[INFO] [stderr]     10:     0x5e2ffc343c42 - core[a373ad73a504971]::panicking::panic
[INFO] [stderr]     11:     0x5e2ffbce506a - build_script_build[46cfae230075cae6]::download_file
[INFO] [stderr]     12:     0x5e2ffbcea002 - build_script_build[46cfae230075cae6]::download_static_lib_binaries
[INFO] [stderr]     13:     0x5e2ffbceb8ac - build_script_build[46cfae230075cae6]::main
[INFO] [stderr]     14:     0x5e2ffbcf6a13 - <fn() as core[a373ad73a504971]::ops::function::FnOnce<()>>::call_once
[INFO] [stderr]     15:     0x5e2ffbcf2eee - std[617be2ca0a6fd877]::sys::backtrace::__rust_begin_short_backtrace::<fn(), ()>
[INFO] [stderr]     16:     0x5e2ffbcf3889 - std[617be2ca0a6fd877]::rt::lang_start::<()>::{closure#0}
[INFO] [stderr]     17:     0x5e2ffc323408 - std[617be2ca0a6fd877]::rt::lang_start_internal
[INFO] [stderr]     18:     0x5e2ffbcf22f1 - std[617be2ca0a6fd877]::rt::lang_start::<()>
[INFO] [stderr]     19:     0x5e2ffbcf00b5 - main
[INFO] [stderr]     20:     0x70880a604601 - <unknown>
[INFO] [stderr]     21:     0x70880a604718 - __libc_start_main
[INFO] [stderr]     22:     0x5e2ffbcd8ef5 - _start
[INFO] [stderr]     23:                0x0 - <unknown>
[INFO] [stderr] warning: build failed, waiting for other jobs to finish...
[INFO] [stderr] error: could not compile `kube-core` (lib)
[INFO] [stderr] 
[INFO] [stderr] Caused by:
[INFO] [stderr]   process didn't exit successfully: `/opt/rustwide/rustup-home/toolchains/1.100.0-beta.1-x86_64-unknown-linux-gnu/bin/rustc --crate-name kube_core --edition=2024 /opt/rustwide/cargo-home/registry/src/index.crates.io-1949cf8c6b5b557f/kube-core-3.1.0/src/lib.rs --error-format=json --json=diagnostic-rendered-ansi,artifacts,future-incompat,unused-externs-silent --crate-type lib --emit=dep-info,metadata,link -C opt-level=3 -C embed-bitcode=no --cfg 'feature="json-patch"' --cfg 'feature="jsonpatch"' --cfg 'feature="ws"' --check-cfg 'cfg(docsrs,test)' --check-cfg 'cfg(feature, values("admission", "json-patch", "jsonpatch", "kubelet-debug", "schema", "schemars", "ws"))' -C metadata=9f3221f10430df36 -C extra-filename=-cdb3e7e7a9e32584 --out-dir /opt/rustwide/target/release/build/kube-core/cdb3e7e7a9e32584/out -C strip=debuginfo -L dependency=/opt/rustwide/target/release/build/base64/5ba8d8f2fe9c6ccd/out -L dependency=/opt/rustwide/target/release/build/bytes/654f8a7a557a4087/out -L dependency=/opt/rustwide/target/release/build/derive_more-impl/f55b279505bd05e5/out -L dependency=/opt/rustwide/target/release/build/equivalent/26a0d6a3c1145f1b/out -L dependency=/opt/rustwide/target/release/build/hashbrown/e584a62dc81c493d/out -L dependency=/opt/rustwide/target/release/build/indexmap/a9c85592d4688637/out -L dependency=/opt/rustwide/target/release/build/itoa/1e9e3b22820c4a15/out -L dependency=/opt/rustwide/target/release/build/jiff-core/65d603b5a62d98fb/out -L dependency=/opt/rustwide/target/release/build/jiff/5e9341721dcab155/out -L dependency=/opt/rustwide/target/release/build/jsonptr/512d1b7992361960/out -L dependency=/opt/rustwide/target/release/build/memchr/b836402bd6c4c7f1/out -L dependency=/opt/rustwide/target/release/build/num-traits/51d4000f8725f0a1/out -L dependency=/opt/rustwide/target/release/build/ordered-float/b766155b7a76a767/out -L dependency=/opt/rustwide/target/release/build/percent-encoding/6ee9e8dd7e10ccaa/out -L dependency=/opt/rustwide/target/release/build/serde/b061d9888f94897b/out -L dependency=/opt/rustwide/target/release/build/serde_core/171bdcb66e01204c/out -L dependency=/opt/rustwide/target/release/build/serde_derive/9afaf9599f8da1de/out -L dependency=/opt/rustwide/target/release/build/serde_json/fd92f24057a21400/out -L dependency=/opt/rustwide/target/release/build/thiserror-impl/04769b3c43d0eeb1/out -L dependency=/opt/rustwide/target/release/build/thiserror/a6612e39c15429e7/out -L dependency=/opt/rustwide/target/release/build/zmij/586d023c1dba25b5/out --extern derive_more=/opt/rustwide/target/release/build/derive_more/c5977b55bfedc3aa/out/libderive_more-c5977b55bfedc3aa.rmeta --extern form_urlencoded=/opt/rustwide/target/release/build/form_urlencoded/70d7eb87b0d10ea7/out/libform_urlencoded-70d7eb87b0d10ea7.rmeta --extern http=/opt/rustwide/target/release/build/http/446427d16b555aa0/out/libhttp-446427d16b555aa0.rmeta --extern jiff=/opt/rustwide/target/release/build/jiff/5e9341721dcab155/out/libjiff-5e9341721dcab155.rmeta --extern json_patch=/opt/rustwide/target/release/build/json-patch/3f497c27f3b01ba1/out/libjson_patch-3f497c27f3b01ba1.rmeta --extern k8s_openapi=/opt/rustwide/target/release/build/k8s-openapi/114b79b59fedbc55/out/libk8s_openapi-114b79b59fedbc55.rmeta --extern serde=/opt/rustwide/target/release/build/serde/b061d9888f94897b/out/libserde-b061d9888f94897b.rmeta --extern serde_value=/opt/rustwide/target/release/build/serde-value/0584ea5c9e6df86d/out/libserde_value-0584ea5c9e6df86d.rmeta --extern serde_json=/opt/rustwide/target/release/build/serde_json/fd92f24057a21400/out/libserde_json-fd92f24057a21400.rmeta --extern thiserror=/opt/rustwide/target/release/build/thiserror/a6612e39c15429e7/out/libthiserror-a6612e39c15429e7.rmeta --cap-lints allow --cap-lints=warn --force-warn=unused_crate_dependencies` (signal: 9, SIGKILL: kill)
[INFO] [stderr] warning: libsqlite3-sys@0.30.1: cc: fatal error: Killed signal terminated program cc1
[INFO] [stderr] warning: libsqlite3-sys@0.30.1: compilation terminated.
[INFO] [stderr] error: failed to run custom build command for `libsqlite3-sys v0.30.1`
[INFO] [stderr] note: To improve backtraces for build dependencies, set the CARGO_PROFILE_RELEASE_BUILD_OVERRIDE_DEBUG=true environment variable to enable debug information generation.
[INFO] [stderr] 
[INFO] [stderr] Caused by:
[INFO] [stderr]   process didn't exit successfully: `/opt/rustwide/target/release/build/libsqlite3-sys/32f7127ac031b629/out/build_script_build` (exit status: 1)
[INFO] [stderr]   --- stdout
[INFO] [stderr]   cargo:rerun-if-env-changed=LIBSQLITE3_SYS_USE_PKG_CONFIG
[INFO] [stderr]   cargo:include=/opt/rustwide/cargo-home/registry/src/index.crates.io-1949cf8c6b5b557f/libsqlite3-sys-0.30.1/sqlite3
[INFO] [stderr]   cargo:rerun-if-changed=sqlite3/sqlite3.c
[INFO] [stderr]   cargo:rerun-if-changed=sqlite3/wasm32-wasi-vfs.c
[INFO] [stderr]   cargo:rerun-if-env-changed=SQLITE_MAX_VARIABLE_NUMBER
[INFO] [stderr]   cargo:rerun-if-env-changed=SQLITE_MAX_EXPR_DEPTH
[INFO] [stderr]   cargo:rerun-if-env-changed=SQLITE_MAX_COLUMN
[INFO] [stderr]   cargo:rerun-if-env-changed=LIBSQLITE3_FLAGS
[INFO] [stderr]   cargo:rerun-if-env-changed=CC_FORCE_DISABLE
[INFO] [stderr]   CC_FORCE_DISABLE = None
[INFO] [stderr]   cargo:rerun-if-env-changed=CC_x86_64-unknown-linux-gnu
[INFO] [stderr]   CC_x86_64-unknown-linux-gnu = None
[INFO] [stderr]   cargo:rerun-if-env-changed=CC_x86_64_unknown_linux_gnu
[INFO] [stderr]   CC_x86_64_unknown_linux_gnu = None
[INFO] [stderr]   cargo:rerun-if-env-changed=HOST_CC
[INFO] [stderr]   HOST_CC = None
[INFO] [stderr]   cargo:rerun-if-env-changed=CC
[INFO] [stderr]   CC = None
[INFO] [stderr]   cargo:rerun-if-env-changed=CC_ENABLE_DEBUG_OUTPUT
[INFO] [stderr]   cargo:rerun-if-env-changed=CRATE_CC_NO_DEFAULTS
[INFO] [stderr]   CRATE_CC_NO_DEFAULTS = None
[INFO] [stderr]   cargo:rerun-if-env-changed=CFLAGS
[INFO] [stderr]   CFLAGS = None
[INFO] [stderr]   cargo:rerun-if-env-changed=HOST_CFLAGS
[INFO] [stderr]   HOST_CFLAGS = None
[INFO] [stderr]   cargo:rerun-if-env-changed=CFLAGS_x86_64_unknown_linux_gnu
[INFO] [stderr]   CFLAGS_x86_64_unknown_linux_gnu = None
[INFO] [stderr]   cargo:rerun-if-env-changed=CFLAGS_x86_64-unknown-linux-gnu
[INFO] [stderr]   CFLAGS_x86_64-unknown-linux-gnu = None
[INFO] [stderr]   cargo:warning=cc: fatal error: Killed signal terminated program cc1
[INFO] [stderr]   cargo:warning=compilation terminated.
[INFO] [stderr] 
[INFO] [stderr]   --- stderr
[INFO] [stderr] 
[INFO] [stderr] 
[INFO] [stderr]   error occurred in cc-rs: command did not execute successfully (status code exit status: 1): LC_ALL="C" "cc" "-O3" "-ffunction-sections" "-fdata-sections" "-fPIC" "-m64" "-w" "-DSQLITE_CORE" "-DSQLITE_DEFAULT_FOREIGN_KEYS=1" "-DSQLITE_ENABLE_API_ARMOR" "-DSQLITE_ENABLE_COLUMN_METADATA" "-DSQLITE_ENABLE_DBSTAT_VTAB" "-DSQLITE_ENABLE_FTS3" "-DSQLITE_ENABLE_FTS3_PARENTHESIS" "-DSQLITE_ENABLE_FTS5" "-DSQLITE_ENABLE_JSON1" "-DSQLITE_ENABLE_LOAD_EXTENSION=1" "-DSQLITE_ENABLE_MEMORY_MANAGEMENT" "-DSQLITE_ENABLE_RTREE" "-DSQLITE_ENABLE_STAT4" "-DSQLITE_SOUNDEX" "-DSQLITE_THREADSAFE=1" "-DSQLITE_USE_URI" "-DHAVE_USLEEP=1" "-DHAVE_ISNAN" "-D_POSIX_THREAD_SAFE_FUNCTIONS" "-DHAVE_LOCALTIME_R" "-DSQLITE_ENABLE_UNLOCK_NOTIFY" "-o" "/opt/rustwide/target/release/build/libsqlite3-sys/d2a8ad8075d09e96/out/c877a2978823c39d-sqlite3.o" "-c" "sqlite3/sqlite3.c"
[INFO] [stderr] 
[INFO] [stderr] 
[INFO] [stderr] error: could not compile `k8s-openapi` (lib)
[INFO] [stderr] 
[INFO] [stderr] Caused by:
[INFO] [stderr]   process didn't exit successfully: `/opt/rustwide/rustup-home/toolchains/1.100.0-beta.1-x86_64-unknown-linux-gnu/bin/rustc --crate-name k8s_openapi --edition=2021 /opt/rustwide/cargo-home/registry/src/index.crates.io-1949cf8c6b5b557f/k8s-openapi-0.27.1/src/lib.rs --error-format=json --json=diagnostic-rendered-ansi,artifacts,future-incompat,unused-externs-silent --crate-type lib --emit=dep-info,metadata,link -C opt-level=3 -C embed-bitcode=no --cfg 'feature="default"' --cfg 'feature="latest"' --cfg 'feature="std"' --cfg 'feature="v1_35"' --check-cfg 'cfg(docsrs,test)' --check-cfg 'cfg(feature, values("default", "earliest", "latest", "schemars", "std", "v1_31", "v1_32", "v1_33", "v1_34", "v1_35"))' -C metadata=13536251dde5e0bd -C extra-filename=-114b79b59fedbc55 --out-dir /opt/rustwide/target/release/build/k8s-openapi/114b79b59fedbc55/out -C strip=debuginfo -L dependency=/opt/rustwide/target/release/build/equivalent/26a0d6a3c1145f1b/out -L dependency=/opt/rustwide/target/release/build/hashbrown/e584a62dc81c493d/out -L dependency=/opt/rustwide/target/release/build/indexmap/a9c85592d4688637/out -L dependency=/opt/rustwide/target/release/build/itoa/1e9e3b22820c4a15/out -L dependency=/opt/rustwide/target/release/build/jiff-core/65d603b5a62d98fb/out -L dependency=/opt/rustwide/target/release/build/memchr/b836402bd6c4c7f1/out -L dependency=/opt/rustwide/target/release/build/serde_core/171bdcb66e01204c/out -L dependency=/opt/rustwide/target/release/build/serde_derive/9afaf9599f8da1de/out -L dependency=/opt/rustwide/target/release/build/zmij/586d023c1dba25b5/out --extern base64=/opt/rustwide/target/release/build/base64/5ba8d8f2fe9c6ccd/out/libbase64-5ba8d8f2fe9c6ccd.rmeta --extern jiff=/opt/rustwide/target/release/build/jiff/5e9341721dcab155/out/libjiff-5e9341721dcab155.rmeta --extern serde=/opt/rustwide/target/release/build/serde/b061d9888f94897b/out/libserde-b061d9888f94897b.rmeta --extern serde_json=/opt/rustwide/target/release/build/serde_json/fd92f24057a21400/out/libserde_json-fd92f24057a21400.rmeta --cap-lints allow --cap-lints=warn --force-warn=unused_crate_dependencies --cfg 'k8s_openapi_enabled_version="1.35"' --check-cfg 'cfg(k8s_openapi_enabled_version, values("1.31", "1.32", "1.33", "1.34", "1.35"))'` (signal: 9, SIGKILL: kill)
[INFO] running `Command { std: "docker" "inspect" "fc992a1367891281d4eb71915665cb53d82fbb0025d42cb72674e026f184ffba", kill_on_drop: false }`
[INFO] running `Command { std: "docker" "rm" "-f" "fc992a1367891281d4eb71915665cb53d82fbb0025d42cb72674e026f184ffba", kill_on_drop: false }`
[INFO] [stdout] fc992a1367891281d4eb71915665cb53d82fbb0025d42cb72674e026f184ffba
