[INFO] fetching crate web-sys-query 0.0.1-alpha.5...
[INFO] testing web-sys-query-0.0.1-alpha.5 against 1.100.0-beta.1+cargoflags=--release for beta-release-1.100-2
[INFO] extracting crate web-sys-query 0.0.1-alpha.5 into /workspace/builds/worker-3-tc2/source
[INFO] removed /workspace/builds/worker-3-tc2/source/.cargo/config
[INFO] started tweaking crates.io crate web-sys-query 0.0.1-alpha.5
[INFO] finished tweaking crates.io crate web-sys-query 0.0.1-alpha.5
[INFO] tweaked toml for crates.io crate web-sys-query 0.0.1-alpha.5 written to /workspace/builds/worker-3-tc2/source/Cargo.toml
[INFO] validating manifest of crates.io crate web-sys-query 0.0.1-alpha.5 on toolchain 1.100.0-beta.1
[INFO] running `Command { std: CARGO_HOME="/workspace/cargo-home" RUSTUP_HOME="/workspace/rustup-home" "/workspace/cargo-home/bin/cargo" "+1.100.0-beta.1" "metadata" "--manifest-path" "Cargo.toml" "--no-deps", kill_on_drop: false }`
[INFO] running `Command { std: CARGO_HOME="/workspace/cargo-home" RUSTUP_HOME="/workspace/rustup-home" "/workspace/cargo-home/bin/cargo" "+1.100.0-beta.1" "generate-lockfile" "--manifest-path" "Cargo.toml", kill_on_drop: false }`
[INFO] [stderr]     Updating crates.io index
[INFO] [stderr]      Locking 59 packages to highest compatible versions
[INFO] [stderr]       Adding console_log v0.2.2 (available: v1.1.0)
[INFO] [stderr]       Adding derive_more v0.99.20 (available: v2.1.1)
[INFO] [stderr]       Adding displaydoc v0.1.7 (available: v0.2.7)
[INFO] [stderr]       Adding minicov v0.3.8 (available: v0.3.9)
[INFO] [stderr]       Adding thiserror v1.0.69 (available: v2.0.21)
[INFO] running `Command { std: CARGO_HOME="/workspace/cargo-home" RUSTUP_HOME="/workspace/rustup-home" "/workspace/cargo-home/bin/cargo" "+1.100.0-beta.1" "fetch" "--manifest-path" "Cargo.toml", kill_on_drop: false }`
[INFO] running `Command { std: "docker" "create" "-v" "/var/lib/crater-agent-workspace/builds/worker-3-tc2/source:/opt/rustwide/workdir:ro,Z" "-v" "/var/lib/crater-agent-workspace/builds/worker-3-tc2/target:/opt/rustwide/target:rw,Z" "-v" "/var/lib/crater-agent-workspace/cargo-home:/opt/rustwide/cargo-home:ro,Z" "-v" "/var/lib/crater-agent-workspace/rustup-home:/opt/rustwide/rustup-home:ro,Z" "-m" "1610612736" "--network" "none" "ghcr.io/rust-lang/crates-build-env/linux@sha256:77db811e55d90add9212f6832c23229e3de5f1c1f9905e8cb07319ea15df73ac" "sleep" "infinity", kill_on_drop: false }`
[INFO] [stdout] 0c29286e28362b9cfac905457e994c7cfbfbd0f8659ccf875a8b009f6bc3f370
[INFO] running `Command { std: "docker" "start" "0c29286e28362b9cfac905457e994c7cfbfbd0f8659ccf875a8b009f6bc3f370", kill_on_drop: false }`
[INFO] running `Command { std: "docker" "inspect" "0c29286e28362b9cfac905457e994c7cfbfbd0f8659ccf875a8b009f6bc3f370", kill_on_drop: false }`
[INFO] running `Command { std: "docker" "exec" "-e" "SOURCE_DIR=/opt/rustwide/workdir" "-e" "CARGO_HOME=/opt/rustwide/cargo-home" "-e" "RUSTUP_HOME=/opt/rustwide/rustup-home" "-e" "CARGO_TARGET_DIR=/opt/rustwide/target" "-w" "/opt/rustwide/workdir" "--user" "0:0" "0c29286e28362b9cfac905457e994c7cfbfbd0f8659ccf875a8b009f6bc3f370" "/opt/rustwide/cargo-home/bin/cargo" "+1.100.0-beta.1" "metadata" "--no-deps" "--format-version=1", kill_on_drop: false }`
[INFO] running `Command { std: "docker" "inspect" "0c29286e28362b9cfac905457e994c7cfbfbd0f8659ccf875a8b009f6bc3f370", kill_on_drop: false }`
[INFO] running `Command { std: "docker" "exec" "-e" "SOURCE_DIR=/opt/rustwide/workdir" "-e" "CARGO_HOME=/opt/rustwide/cargo-home" "-e" "RUSTUP_HOME=/opt/rustwide/rustup-home" "-e" "CARGO_TARGET_DIR=/opt/rustwide/target" "-e" "CARGO_INCREMENTAL=0" "-e" "RUST_BACKTRACE=full" "-e" "RUSTFLAGS=--cap-lints=warn" "-e" "RUSTDOCFLAGS=--cap-lints=warn" "-w" "/opt/rustwide/workdir" "--user" "0:0" "0c29286e28362b9cfac905457e994c7cfbfbd0f8659ccf875a8b009f6bc3f370" "/opt/rustwide/cargo-home/bin/cargo" "+1.100.0-beta.1" "build" "--frozen" "--message-format=json" "--release", kill_on_drop: false }`
[INFO] [stderr]    Compiling wasm-bindgen-shared v0.2.129
[INFO] [stderr]    Compiling bumpalo v3.20.3
[INFO] [stderr]    Compiling unicode-ident v1.0.27
[INFO] [stderr]    Compiling once_cell v1.21.4
[INFO] [stderr]    Compiling convert_case v0.4.0
[INFO] [stderr]    Compiling syn v2.0.119
[INFO] [stderr]    Compiling futures-util v0.3.34
[INFO] [stderr]    Compiling syn v1.0.109
[INFO] [stderr]    Compiling wasm-bindgen v0.2.129
[INFO] [stderr]    Compiling wasm-bindgen-macro-support v0.2.129
[INFO] [stderr]    Compiling displaydoc v0.1.7
[INFO] [stderr]    Compiling web-sys-query-derive v0.0.1-alpha.5
[INFO] [stderr]    Compiling thiserror-impl v1.0.69
[INFO] [stderr]    Compiling derive_more v0.99.20
[INFO] [stderr]    Compiling thiserror v1.0.69
[INFO] [stderr]    Compiling wasm-bindgen-macro v0.2.129
[INFO] [stderr]    Compiling js-sys v0.3.106
[INFO] [stderr]    Compiling web-sys v0.3.106
[INFO] [stderr]    Compiling web-sys-query v0.0.1-alpha.5 (/opt/rustwide/workdir)
[INFO] [stdout] error[E0425]: cannot find type `Event` in crate `web_sys`
[INFO] [stdout]   --> src/query/events.rs:11:30
[INFO] [stdout]    |
[INFO] [stdout] 11 | #[derive(Copy, Clone, Debug, OnEvent)]
[INFO] [stdout]    |                              ^^^^^^^ not found in `web_sys`
[INFO] [stdout]    |
[INFO] [stdout]    = note: this error originates in the derive macro `OnEvent` (in Nightly builds, run with -Z macro-backtrace for more info)
[INFO] [stdout] help: consider importing this enum through its public re-export
[INFO] [stdout]    |
[INFO] [stdout]  3 + use crate::Event;
[INFO] [stdout]    |
[INFO] [stdout] 
[INFO] [stdout] 
[INFO] [stdout] error[E0425]: cannot find type `Event` in crate `web_sys`
[INFO] [stdout]    --> src/query/mod.rs:116:23
[INFO] [stdout]     |
[INFO] [stdout] 116 | impl TryFrom<web_sys::Event> for Element {
[INFO] [stdout]     |                       ^^^^^ not found in `web_sys`
[INFO] [stdout]     |
[INFO] [stdout] help: consider importing this enum through its public re-export
[INFO] [stdout]     |
[INFO] [stdout]   9 + use crate::Event;
[INFO] [stdout]     |
[INFO] [stdout] help: if you import `Event`, refer to it directly
[INFO] [stdout]     |
[INFO] [stdout] 116 - impl TryFrom<web_sys::Event> for Element {
[INFO] [stdout] 116 + impl TryFrom<Event> for Element {
[INFO] [stdout]     |
[INFO] [stdout] 
[INFO] [stdout] 
[INFO] [stdout] error[E0425]: cannot find type `Event` in crate `web_sys`
[INFO] [stdout]    --> src/query/mod.rs:119:33
[INFO] [stdout]     |
[INFO] [stdout] 119 |     fn try_from(event: web_sys::Event) -> Result<Element, Self::Error> {
[INFO] [stdout]     |                                 ^^^^^ not found in `web_sys`
[INFO] [stdout]     |
[INFO] [stdout] help: consider importing this enum through its public re-export
[INFO] [stdout]     |
[INFO] [stdout]   9 + use crate::Event;
[INFO] [stdout]     |
[INFO] [stdout] help: if you import `Event`, refer to it directly
[INFO] [stdout]     |
[INFO] [stdout] 119 -     fn try_from(event: web_sys::Event) -> Result<Element, Self::Error> {
[INFO] [stdout] 119 +     fn try_from(event: Event) -> Result<Element, Self::Error> {
[INFO] [stdout]     |
[INFO] [stdout] 
[INFO] [stdout] 
[INFO] [stdout] warning: unused import: `FormValue`
[INFO] [stdout]   --> src/query/mod.rs:21:29
[INFO] [stdout]    |
[INFO] [stdout] 21 | pub use helpers::{FormData, FormValue};
[INFO] [stdout]    |                             ^^^^^^^^^
[INFO] [stdout]    |
[INFO] [stdout]    = note: `#[warn(unused_imports)]` (part of `#[warn(unused)]`) on by default
[INFO] [stdout] 
[INFO] [stdout] 
[INFO] [stdout] For more information about this error, try `rustc --explain E0425`.
[INFO] [stdout] 
[INFO] [stderr] error: could not compile `web-sys-query` (lib) due to 3 previous errors; 1 warning emitted
[INFO] running `Command { std: "docker" "inspect" "0c29286e28362b9cfac905457e994c7cfbfbd0f8659ccf875a8b009f6bc3f370", kill_on_drop: false }`
[INFO] running `Command { std: "docker" "rm" "-f" "0c29286e28362b9cfac905457e994c7cfbfbd0f8659ccf875a8b009f6bc3f370", kill_on_drop: false }`
[INFO] [stdout] 0c29286e28362b9cfac905457e994c7cfbfbd0f8659ccf875a8b009f6bc3f370
