[INFO] fetching crate wdotool 0.5.3...
[INFO] testing wdotool-0.5.3 against 1.100.0-beta.1+cargoflags=--release for beta-release-1.100-2
[INFO] extracting crate wdotool 0.5.3 into /workspace/builds/worker-7-tc2/source
[INFO] started tweaking crates.io crate wdotool 0.5.3
[INFO] removed 0 missing tests
[INFO] finished tweaking crates.io crate wdotool 0.5.3
[INFO] tweaked toml for crates.io crate wdotool 0.5.3 written to /workspace/builds/worker-7-tc2/source/Cargo.toml
[INFO] validating manifest of crates.io crate wdotool 0.5.3 on toolchain 1.100.0-beta.1
[INFO] running `Command { std: CARGO_HOME="/workspace/cargo-home" RUSTUP_HOME="/workspace/rustup-home" "/workspace/cargo-home/bin/cargo" "+1.100.0-beta.1" "metadata" "--manifest-path" "Cargo.toml" "--no-deps", kill_on_drop: false }`
[INFO] crate crates.io crate wdotool 0.5.3 already has a lockfile, it will not be regenerated
[INFO] running `Command { std: CARGO_HOME="/workspace/cargo-home" RUSTUP_HOME="/workspace/rustup-home" "/workspace/cargo-home/bin/cargo" "+1.100.0-beta.1" "fetch" "--manifest-path" "Cargo.toml", kill_on_drop: false }`
[INFO] [stderr] warning: `package.homepage` is redundant with `package.repository`
[INFO] [stderr]   --> Cargo.toml:54:12
[INFO] [stderr]    |
[INFO] [stderr] 54 | homepage = "https://github.com/cushycush/wdotool"
[INFO] [stderr]    |            ^^^^^^^^^^^^^^^^^^^^^^^^^^^^^^^^^^^^^^
[INFO] [stderr] ...
[INFO] [stderr] 59 | repository = "https://github.com/cushycush/wdotool"
[INFO] [stderr]    |              --------------------------------------
[INFO] [stderr]    |
[INFO] [stderr]    = note: `cargo::redundant_homepage` is set to `warn` by default
[INFO] [stderr] help: consider removing `package.homepage`
[INFO] [stderr] warning: `wdotool` (manifest) generated 1 warning
[INFO] running `Command { std: "docker" "create" "-v" "/var/lib/crater-agent-workspace/builds/worker-7-tc2/source:/opt/rustwide/workdir:ro,Z" "-v" "/var/lib/crater-agent-workspace/builds/worker-7-tc2/target:/opt/rustwide/target:rw,Z" "-v" "/var/lib/crater-agent-workspace/cargo-home:/opt/rustwide/cargo-home:ro,Z" "-v" "/var/lib/crater-agent-workspace/rustup-home:/opt/rustwide/rustup-home:ro,Z" "-m" "1610612736" "--network" "none" "ghcr.io/rust-lang/crates-build-env/linux@sha256:77db811e55d90add9212f6832c23229e3de5f1c1f9905e8cb07319ea15df73ac" "sleep" "infinity", kill_on_drop: false }`
[INFO] [stdout] 75336a87545cd20474aec9311b49845019382ba2eb5934f65087cbe246408ab7
[INFO] running `Command { std: "docker" "start" "75336a87545cd20474aec9311b49845019382ba2eb5934f65087cbe246408ab7", kill_on_drop: false }`
[INFO] running `Command { std: "docker" "inspect" "75336a87545cd20474aec9311b49845019382ba2eb5934f65087cbe246408ab7", kill_on_drop: false }`
[INFO] running `Command { std: "docker" "exec" "-e" "SOURCE_DIR=/opt/rustwide/workdir" "-e" "CARGO_HOME=/opt/rustwide/cargo-home" "-e" "RUSTUP_HOME=/opt/rustwide/rustup-home" "-e" "CARGO_TARGET_DIR=/opt/rustwide/target" "-w" "/opt/rustwide/workdir" "--user" "0:0" "75336a87545cd20474aec9311b49845019382ba2eb5934f65087cbe246408ab7" "/opt/rustwide/cargo-home/bin/cargo" "+1.100.0-beta.1" "metadata" "--no-deps" "--format-version=1", kill_on_drop: false }`
[INFO] running `Command { std: "docker" "inspect" "75336a87545cd20474aec9311b49845019382ba2eb5934f65087cbe246408ab7", kill_on_drop: false }`
[INFO] running `Command { std: "docker" "exec" "-e" "SOURCE_DIR=/opt/rustwide/workdir" "-e" "CARGO_HOME=/opt/rustwide/cargo-home" "-e" "RUSTUP_HOME=/opt/rustwide/rustup-home" "-e" "CARGO_TARGET_DIR=/opt/rustwide/target" "-e" "CARGO_INCREMENTAL=0" "-e" "RUST_BACKTRACE=full" "-e" "RUSTFLAGS=--cap-lints=warn" "-e" "RUSTDOCFLAGS=--cap-lints=warn" "-w" "/opt/rustwide/workdir" "--user" "0:0" "75336a87545cd20474aec9311b49845019382ba2eb5934f65087cbe246408ab7" "/opt/rustwide/cargo-home/bin/cargo" "+1.100.0-beta.1" "build" "--frozen" "--message-format=json" "--release", kill_on_drop: false }`
[INFO] [stderr] warning: `package.homepage` is redundant with `package.repository`
[INFO] [stderr]   --> Cargo.toml:54:12
[INFO] [stderr]    |
[INFO] [stderr] 54 | homepage = "https://github.com/cushycush/wdotool"
[INFO] [stderr]    |            ^^^^^^^^^^^^^^^^^^^^^^^^^^^^^^^^^^^^^^
[INFO] [stderr] ...
[INFO] [stderr] 59 | repository = "https://github.com/cushycush/wdotool"
[INFO] [stderr]    |              --------------------------------------
[INFO] [stderr]    |
[INFO] [stderr]    = note: `cargo::redundant_homepage` is set to `warn` by default
[INFO] [stderr] help: consider removing `package.homepage`
[INFO] [stderr] warning: `wdotool` (manifest) generated 1 warning
[INFO] [stderr]    Compiling libc v0.2.185
[INFO] [stderr]    Compiling hashbrown v0.17.0
[INFO] [stderr]    Compiling winnow v1.0.2
[INFO] [stderr]    Compiling rustix v1.1.4
[INFO] [stderr]    Compiling winnow v0.7.15
[INFO] [stderr]    Compiling proc-macro2 v1.0.106
[INFO] [stderr]    Compiling wayland-sys v0.31.11
[INFO] [stderr]    Compiling quote v1.0.45
[INFO] [stderr]    Compiling syn v2.0.117
[INFO] [stderr]    Compiling cc v1.2.60
[INFO] [stderr]    Compiling futures-sink v0.3.32
[INFO] [stderr]    Compiling quick-xml v0.39.2
[INFO] [stderr]    Compiling nix v0.29.0
[INFO] [stderr]    Compiling wayland-client v0.31.14
[INFO] [stderr]    Compiling concurrent-queue v2.5.0
[INFO] [stderr]    Compiling downcast-rs v1.2.1
[INFO] [stderr]    Compiling endi v1.1.1
[INFO] [stderr]    Compiling futures-channel v0.3.32
[INFO] [stderr]    Compiling regex-syntax v0.8.10
[INFO] [stderr]    Compiling futures-lite v2.6.1
[INFO] [stderr]    Compiling uuid v1.23.1
[INFO] [stderr]    Compiling ordered-stream v0.2.0
[INFO] [stderr]    Compiling event-listener v5.4.1
[INFO] [stderr]    Compiling bitvec v1.0.1
[INFO] [stderr]    Compiling xkeysym v0.2.1
[INFO] [stderr]    Compiling event-listener-strategy v0.5.4
[INFO] [stderr]    Compiling async-broadcast v0.7.2
[INFO] [stderr]    Compiling indexmap v2.14.0
[INFO] [stderr]    Compiling serde_json v1.0.149
[INFO] [stderr]    Compiling wayland-scanner v0.31.10
[INFO] [stderr]    Compiling toml_parser v1.1.2+spec-1.1.0
[INFO] [stderr]    Compiling wayland-backend v0.3.15
[INFO] [stderr]    Compiling regex-automata v0.4.14
[INFO] [stderr]    Compiling toml_edit v0.25.11+spec-1.1.0
[INFO] [stderr]    Compiling errno v0.3.14
[INFO] [stderr]    Compiling mio v1.2.0
[INFO] [stderr]    Compiling signal-hook-registry v1.4.8
[INFO] [stderr]    Compiling socket2 v0.6.3
[INFO] [stderr]    Compiling getrandom v0.4.2
[INFO] [stderr]    Compiling memmap2 v0.9.10
[INFO] [stderr]    Compiling xkbcommon v0.9.0
[INFO] [stderr]    Compiling proc-macro-crate v3.5.0
[INFO] [stderr]    Compiling input-linux-sys v0.9.0
[INFO] [stderr]    Compiling input-linux v0.7.1
[INFO] [stderr]    Compiling tempfile v3.27.0
[INFO] [stderr]    Compiling serde_derive v1.0.228
[INFO] [stderr]    Compiling enumflags2_derive v0.7.12
[INFO] [stderr]    Compiling tokio-macros v2.7.0
[INFO] [stderr]    Compiling futures-macro v0.3.32
[INFO] [stderr]    Compiling tracing-attributes v0.1.31
[INFO] [stderr]    Compiling serde_repr v0.1.20
[INFO] [stderr]    Compiling async-trait v0.1.89
[INFO] [stderr]    Compiling async-recursion v1.1.1
[INFO] [stderr]    Compiling thiserror-impl v2.0.18
[INFO] [stderr]    Compiling clap_derive v4.6.1
[INFO] [stderr]    Compiling futures-util v0.3.32
[INFO] [stderr]    Compiling tokio v1.52.1
[INFO] [stderr]    Compiling thiserror v2.0.18
[INFO] [stderr]    Compiling tracing v0.1.44
[INFO] [stderr]    Compiling clap v4.6.1
[INFO] [stderr]    Compiling matchers v0.2.0
[INFO] [stderr]    Compiling regex v1.12.3
[INFO] [stderr]    Compiling tracing-subscriber v0.3.23
[INFO] [stderr]    Compiling wayland-protocols v0.32.12
[INFO] [stderr]    Compiling serde v1.0.228
[INFO] [stderr]    Compiling zvariant_utils v3.3.0
[INFO] [stderr]    Compiling enumflags2 v0.7.12
[INFO] [stderr]    Compiling zvariant_derive v5.10.0
[INFO] [stderr]    Compiling futures-executor v0.3.32
[INFO] [stderr]    Compiling futures v0.3.32
[INFO] [stderr]    Compiling zvariant v5.10.0
[INFO] [stderr]    Compiling wayland-protocols-wlr v0.3.12
[INFO] [stderr]    Compiling wayland-protocols-misc v0.3.12
[INFO] [stderr]    Compiling tokio-stream v0.1.18
[INFO] [stderr]    Compiling evdev v0.13.2
[INFO] [stderr]    Compiling reis v0.6.1
[INFO] [stderr]    Compiling zbus_names v4.3.1
[INFO] [stderr]    Compiling zbus_macros v5.14.0
[INFO] [stderr]    Compiling zbus v5.14.0
[INFO] [stderr]    Compiling ashpd v0.13.10
[INFO] [stderr]    Compiling wdotool-core v0.5.3
[INFO] [stderr]    Compiling wdotool v0.5.3 (/opt/rustwide/workdir)
[INFO] [stderr]     Finished `release` profile [optimized] target(s) in 2m 59s
[INFO] [stderr] warning: the following packages contain code that will be rejected by a future version of Rust: nix v0.29.0
[INFO] [stderr] note: to see what the problems were, use the option `--future-incompat-report`, or run `cargo report future-incompatibilities --id 3`
[INFO] running `Command { std: "docker" "inspect" "75336a87545cd20474aec9311b49845019382ba2eb5934f65087cbe246408ab7", kill_on_drop: false }`
[INFO] running `Command { std: "docker" "exec" "-e" "SOURCE_DIR=/opt/rustwide/workdir" "-e" "CARGO_HOME=/opt/rustwide/cargo-home" "-e" "RUSTUP_HOME=/opt/rustwide/rustup-home" "-e" "CARGO_TARGET_DIR=/opt/rustwide/target" "-e" "CARGO_INCREMENTAL=0" "-e" "RUST_BACKTRACE=full" "-e" "RUSTFLAGS=--cap-lints=warn" "-e" "RUSTDOCFLAGS=--cap-lints=warn" "-w" "/opt/rustwide/workdir" "--user" "0:0" "75336a87545cd20474aec9311b49845019382ba2eb5934f65087cbe246408ab7" "/opt/rustwide/cargo-home/bin/cargo" "+1.100.0-beta.1" "test" "--frozen" "--no-run" "--message-format=json" "--release", kill_on_drop: false }`
[INFO] [stderr] warning: `package.homepage` is redundant with `package.repository`
[INFO] [stderr]   --> Cargo.toml:54:12
[INFO] [stderr]    |
[INFO] [stderr] 54 | homepage = "https://github.com/cushycush/wdotool"
[INFO] [stderr]    |            ^^^^^^^^^^^^^^^^^^^^^^^^^^^^^^^^^^^^^^
[INFO] [stderr] ...
[INFO] [stderr] 59 | repository = "https://github.com/cushycush/wdotool"
[INFO] [stderr]    |              --------------------------------------
[INFO] [stderr]    |
[INFO] [stderr]    = note: `cargo::redundant_homepage` is set to `warn` by default
[INFO] [stderr] help: consider removing `package.homepage`
[INFO] [stderr] warning: `wdotool` (manifest) generated 1 warning
[INFO] [stderr]    Compiling wdotool v0.5.3 (/opt/rustwide/workdir)
[INFO] [stdout] error[E0432]: unresolved import `wdotool_core::backend::mock`
[INFO] [stdout]   --> tests/common/mod.rs:16:28
[INFO] [stdout]    |
[INFO] [stdout] 16 | use wdotool_core::backend::mock::{BackendCall, MockBackend};
[INFO] [stdout]    |                            ^^^^ could not find `mock` in `backend`
[INFO] [stdout]    |
[INFO] [stdout] note: found an item that was configured out
[INFO] [stdout]   --> /opt/rustwide/cargo-home/registry/src/index.crates.io-1949cf8c6b5b557f/wdotool-core-0.5.3/src/backend/mod.rs:13:9
[INFO] [stdout]    |
[INFO] [stdout] 12 | #[cfg(any(test, feature = "testing"))]
[INFO] [stdout]    |          --------------------------- the item is gated here
[INFO] [stdout] 13 | pub mod mock;
[INFO] [stdout]    |         ^^^^
[INFO] [stdout] 
[INFO] [stdout] 
[INFO] [stdout] error[E0432]: unresolved import `wdotool_core::backend::mock`
[INFO] [stdout]   --> tests/cli_smoke.rs:7:28
[INFO] [stdout]    |
[INFO] [stdout]  7 | use wdotool_core::backend::mock::BackendCall;
[INFO] [stdout]    |                            ^^^^ could not find `mock` in `backend`
[INFO] [stdout]    |
[INFO] [stdout] note: found an item that was configured out
[INFO] [stdout]   --> /opt/rustwide/cargo-home/registry/src/index.crates.io-1949cf8c6b5b557f/wdotool-core-0.5.3/src/backend/mod.rs:13:9
[INFO] [stdout]    |
[INFO] [stdout] 12 | #[cfg(any(test, feature = "testing"))]
[INFO] [stdout]    |          --------------------------- the item is gated here
[INFO] [stdout] 13 | pub mod mock;
[INFO] [stdout]    |         ^^^^
[INFO] [stdout] 
[INFO] [stdout] 
[INFO] [stdout] For more information about this error, try `rustc --explain E0432`.
[INFO] [stdout] 
[INFO] [stderr] error: could not compile `wdotool` (test "cli_smoke") due to 2 previous errors
[INFO] [stderr] warning: build failed, waiting for other jobs to finish...
[INFO] [stdout] error[E0432]: unresolved import `wdotool_core::backend::mock`
[INFO] [stdout]   --> tests/common/mod.rs:16:28
[INFO] [stdout]    |
[INFO] [stdout] 16 | use wdotool_core::backend::mock::{BackendCall, MockBackend};
[INFO] [stdout]    |                            ^^^^ could not find `mock` in `backend`
[INFO] [stdout]    |
[INFO] [stdout] note: found an item that was configured out
[INFO] [stdout]   --> /opt/rustwide/cargo-home/registry/src/index.crates.io-1949cf8c6b5b557f/wdotool-core-0.5.3/src/backend/mod.rs:13:9
[INFO] [stdout]    |
[INFO] [stdout] 12 | #[cfg(any(test, feature = "testing"))]
[INFO] [stdout]    |          --------------------------- the item is gated here
[INFO] [stdout] 13 | pub mod mock;
[INFO] [stdout]    |         ^^^^
[INFO] [stdout] 
[INFO] [stdout] 
[INFO] [stdout] error[E0432]: unresolved import `wdotool_core::backend::mock`
[INFO] [stdout]   --> tests/cli_pointer.rs:8:28
[INFO] [stdout]    |
[INFO] [stdout]  8 | use wdotool_core::backend::mock::{BackendCall, MockBackend};
[INFO] [stdout]    |                            ^^^^ could not find `mock` in `backend`
[INFO] [stdout]    |
[INFO] [stdout] note: found an item that was configured out
[INFO] [stdout]   --> /opt/rustwide/cargo-home/registry/src/index.crates.io-1949cf8c6b5b557f/wdotool-core-0.5.3/src/backend/mod.rs:13:9
[INFO] [stdout]    |
[INFO] [stdout] 12 | #[cfg(any(test, feature = "testing"))]
[INFO] [stdout]    |          --------------------------- the item is gated here
[INFO] [stdout] 13 | pub mod mock;
[INFO] [stdout]    |         ^^^^
[INFO] [stdout] 
[INFO] [stdout] 
[INFO] [stdout] error[E0432]: unresolved import `wdotool_core::backend::mock`
[INFO] [stdout]   --> tests/common/mod.rs:16:28
[INFO] [stdout]    |
[INFO] [stdout] 16 | use wdotool_core::backend::mock::{BackendCall, MockBackend};
[INFO] [stdout]    |                            ^^^^ could not find `mock` in `backend`
[INFO] [stdout]    |
[INFO] [stdout] note: found an item that was configured out
[INFO] [stdout]   --> /opt/rustwide/cargo-home/registry/src/index.crates.io-1949cf8c6b5b557f/wdotool-core-0.5.3/src/backend/mod.rs:13:9
[INFO] [stdout]    |
[INFO] [stdout] 12 | #[cfg(any(test, feature = "testing"))]
[INFO] [stdout]    |          --------------------------- the item is gated here
[INFO] [stdout] 13 | pub mod mock;
[INFO] [stdout]    |         ^^^^
[INFO] [stdout] 
[INFO] [stdout] 
[INFO] [stdout] error[E0432]: unresolved import `wdotool_core::backend::mock`
[INFO] [stdout]   --> tests/cli_keyboard.rs:12:28
[INFO] [stdout]    |
[INFO] [stdout] 12 | use wdotool_core::backend::mock::BackendCall;
[INFO] [stdout]    |                            ^^^^ could not find `mock` in `backend`
[INFO] [stdout]    |
[INFO] [stdout] note: found an item that was configured out
[INFO] [stdout]   --> /opt/rustwide/cargo-home/registry/src/index.crates.io-1949cf8c6b5b557f/wdotool-core-0.5.3/src/backend/mod.rs:13:9
[INFO] [stdout]    |
[INFO] [stdout] 12 | #[cfg(any(test, feature = "testing"))]
[INFO] [stdout]    |          --------------------------- the item is gated here
[INFO] [stdout] 13 | pub mod mock;
[INFO] [stdout]    |         ^^^^
[INFO] [stdout] 
[INFO] [stdout] 
[INFO] [stdout] For more information about this error, try `rustc --explain E0432`.
[INFO] [stdout] 
[INFO] [stderr] error: could not compile `wdotool` (test "cli_pointer") due to 2 previous errors
[INFO] [stdout] error[E0432]: unresolved import `wdotool_core::backend::mock`
[INFO] [stdout]   --> tests/common/mod.rs:16:28
[INFO] [stdout]    |
[INFO] [stdout] 16 | use wdotool_core::backend::mock::{BackendCall, MockBackend};
[INFO] [stdout]    |                            ^^^^ could not find `mock` in `backend`
[INFO] [stdout]    |
[INFO] [stdout] note: found an item that was configured out
[INFO] [stdout]   --> /opt/rustwide/cargo-home/registry/src/index.crates.io-1949cf8c6b5b557f/wdotool-core-0.5.3/src/backend/mod.rs:13:9
[INFO] [stdout]    |
[INFO] [stdout] 12 | #[cfg(any(test, feature = "testing"))]
[INFO] [stdout]    |          --------------------------- the item is gated here
[INFO] [stdout] 13 | pub mod mock;
[INFO] [stdout]    |         ^^^^
[INFO] [stdout] 
[INFO] [stdout] 
[INFO] [stdout] error[E0432]: unresolved import `wdotool_core::backend::mock`
[INFO] [stdout]   --> tests/cli_introspection.rs:8:28
[INFO] [stdout]    |
[INFO] [stdout]  8 | use wdotool_core::backend::mock::{BackendCall, MockBackend};
[INFO] [stdout]    |                            ^^^^ could not find `mock` in `backend`
[INFO] [stdout]    |
[INFO] [stdout] note: found an item that was configured out
[INFO] [stdout]   --> /opt/rustwide/cargo-home/registry/src/index.crates.io-1949cf8c6b5b557f/wdotool-core-0.5.3/src/backend/mod.rs:13:9
[INFO] [stdout]    |
[INFO] [stdout] 12 | #[cfg(any(test, feature = "testing"))]
[INFO] [stdout]    |          --------------------------- the item is gated here
[INFO] [stdout] 13 | pub mod mock;
[INFO] [stdout]    |         ^^^^
[INFO] [stdout] 
[INFO] [stdout] 
[INFO] [stdout] error[E0432]: unresolved import `wdotool_core::backend::mock`
[INFO] [stdout]   --> tests/common/mod.rs:16:28
[INFO] [stdout]    |
[INFO] [stdout] 16 | use wdotool_core::backend::mock::{BackendCall, MockBackend};
[INFO] [stdout]    |                            ^^^^ could not find `mock` in `backend`
[INFO] [stdout]    |
[INFO] [stdout] note: found an item that was configured out
[INFO] [stdout]   --> /opt/rustwide/cargo-home/registry/src/index.crates.io-1949cf8c6b5b557f/wdotool-core-0.5.3/src/backend/mod.rs:13:9
[INFO] [stdout]    |
[INFO] [stdout] 12 | #[cfg(any(test, feature = "testing"))]
[INFO] [stdout]    |          --------------------------- the item is gated here
[INFO] [stdout] 13 | pub mod mock;
[INFO] [stdout]    |         ^^^^
[INFO] [stdout] 
[INFO] [stdout] 
[INFO] [stdout] error[E0432]: unresolved import `wdotool_core::backend::mock`
[INFO] [stdout]   --> tests/cli_replay.rs:11:28
[INFO] [stdout]    |
[INFO] [stdout] 11 | use wdotool_core::backend::mock::BackendCall;
[INFO] [stdout]    |                            ^^^^ could not find `mock` in `backend`
[INFO] [stdout]    |
[INFO] [stdout] note: found an item that was configured out
[INFO] [stdout]   --> /opt/rustwide/cargo-home/registry/src/index.crates.io-1949cf8c6b5b557f/wdotool-core-0.5.3/src/backend/mod.rs:13:9
[INFO] [stdout]    |
[INFO] [stdout] 12 | #[cfg(any(test, feature = "testing"))]
[INFO] [stdout]    |          --------------------------- the item is gated here
[INFO] [stdout] 13 | pub mod mock;
[INFO] [stdout]    |         ^^^^
[INFO] [stdout] 
[INFO] [stdout] 
[INFO] [stdout] error[E0432]: unresolved import `wdotool_test_harness`
[INFO] [stdout]   --> tests/cli_roundtrip.rs:22:5
[INFO] [stdout]    |
[INFO] [stdout] 22 | use wdotool_test_harness::{HarnessError, HeadlessSway, Observer, Prime};
[INFO] [stdout]    |     ^^^^^^^^^^^^^^^^^^^^ use of unresolved module or unlinked crate `wdotool_test_harness`
[INFO] [stdout]    |
[INFO] [stdout]    = help: if you wanted to use a crate named `wdotool_test_harness`, use `cargo add wdotool_test_harness` to add it to your `Cargo.toml`
[INFO] [stdout] 
[INFO] [stdout] 
[INFO] [stdout] warning: method call on a diverging inference variable
[INFO] [stdout]   --> tests/cli_roundtrip.rs:53:25
[INFO] [stdout]    |
[INFO] [stdout] 53 |     let observer = sway.spawn_observer().expect("spawn observer");
[INFO] [stdout]    |                         ^^^^^^^^^^^^^^
[INFO] [stdout]    |
[INFO] [stdout]    = help: consider providing a type annotation
[INFO] [stdout]    = warning: this was previously accepted by the compiler but is being phased out; it will become a hard error in a future release!
[INFO] [stdout]    = note: for more information, see issue #156047 <https://github.com/rust-lang/rust/issues/156047>
[INFO] [stdout]    = note: `#[warn(method_call_on_diverging_infer_var)]` (part of `#[warn(future_incompatible)]`) on by default
[INFO] [stdout] 
[INFO] [stdout] 
[INFO] [stdout] error[E0432]: unresolved import `wdotool_core::backend::mock`
[INFO] [stdout]   --> tests/common/mod.rs:16:28
[INFO] [stdout]    |
[INFO] [stdout] 16 | use wdotool_core::backend::mock::{BackendCall, MockBackend};
[INFO] [stdout]    |                            ^^^^ could not find `mock` in `backend`
[INFO] [stdout]    |
[INFO] [stdout] note: found an item that was configured out
[INFO] [stdout]   --> /opt/rustwide/cargo-home/registry/src/index.crates.io-1949cf8c6b5b557f/wdotool-core-0.5.3/src/backend/mod.rs:13:9
[INFO] [stdout]    |
[INFO] [stdout] 12 | #[cfg(any(test, feature = "testing"))]
[INFO] [stdout]    |          --------------------------- the item is gated here
[INFO] [stdout] 13 | pub mod mock;
[INFO] [stdout]    |         ^^^^
[INFO] [stdout] 
[INFO] [stdout] 
[INFO] [stdout] error[E0432]: unresolved import `wdotool_core::backend::mock`
[INFO] [stdout]   --> tests/cli_window.rs:9:28
[INFO] [stdout]    |
[INFO] [stdout]  9 | use wdotool_core::backend::mock::{BackendCall, MockBackend};
[INFO] [stdout]    |                            ^^^^ could not find `mock` in `backend`
[INFO] [stdout]    |
[INFO] [stdout] note: found an item that was configured out
[INFO] [stdout]   --> /opt/rustwide/cargo-home/registry/src/index.crates.io-1949cf8c6b5b557f/wdotool-core-0.5.3/src/backend/mod.rs:13:9
[INFO] [stdout]    |
[INFO] [stdout] 12 | #[cfg(any(test, feature = "testing"))]
[INFO] [stdout]    |          --------------------------- the item is gated here
[INFO] [stdout] 13 | pub mod mock;
[INFO] [stdout]    |         ^^^^
[INFO] [stdout] 
[INFO] [stdout] 
[INFO] [stdout] For more information about this error, try `rustc --explain E0432`.
[INFO] [stdout] 
[INFO] [stderr] error: could not compile `wdotool` (test "cli_introspection") due to 2 previous errors
[INFO] [stdout] error[E0599]: no method named `spawn_observer` found for type `!` in the current scope
[INFO] [stdout]   --> tests/cli_roundtrip.rs:53:25
[INFO] [stdout]    |
[INFO] [stdout] 53 |     let observer = sway.spawn_observer().expect("spawn observer");
[INFO] [stdout]    |                         ^^^^^^^^^^^^^^ method not found in `!`
[INFO] [stdout] 
[INFO] [stdout] 
[INFO] [stdout] warning: unreachable expression
[INFO] [stdout]   --> tests/cli_roundtrip.rs:63:17
[INFO] [stdout]    |
[INFO] [stdout] 63 |     Some((sway, observer, guard))
[INFO] [stdout]    |           ----  ^^^^^^^^ unreachable expression
[INFO] [stdout]    |           |
[INFO] [stdout]    |           any code following this expression is unreachable
[INFO] [stdout]    |
[INFO] [stdout]    = note: `#[warn(unreachable_code)]` (part of `#[warn(unused)]`) on by default
[INFO] [stdout] 
[INFO] [stdout] 
[INFO] [stdout] For more information about this error, try `rustc --explain E0432`.
[INFO] [stdout] 
[INFO] [stderr] error: could not compile `wdotool` (test "cli_keyboard") due to 2 previous errors
[INFO] [stdout] For more information about this error, try `rustc --explain E0432`.
[INFO] [stdout] 
[INFO] [stderr] error: could not compile `wdotool` (test "cli_replay") due to 2 previous errors
[INFO] [stdout] Some errors have detailed explanations: E0432, E0599.
[INFO] [stdout] 
[INFO] [stdout] For more information about an error, try `rustc --explain E0432`.
[INFO] [stdout] 
[INFO] [stdout] For more information about this error, try `rustc --explain E0432`.
[INFO] [stdout] 
[INFO] [stderr] error: could not compile `wdotool` (test "cli_roundtrip") due to 2 previous errors; 3 warnings emitted
[INFO] [stderr] error: could not compile `wdotool` (test "cli_window") due to 2 previous errors
[INFO] running `Command { std: "docker" "inspect" "75336a87545cd20474aec9311b49845019382ba2eb5934f65087cbe246408ab7", kill_on_drop: false }`
[INFO] running `Command { std: "docker" "rm" "-f" "75336a87545cd20474aec9311b49845019382ba2eb5934f65087cbe246408ab7", kill_on_drop: false }`
[INFO] [stdout] 75336a87545cd20474aec9311b49845019382ba2eb5934f65087cbe246408ab7
