[INFO] fetching crate wasmtime-cli-flags 49.0.3...
[INFO] testing wasmtime-cli-flags-49.0.3 against 1.100.0-beta.1+cargoflags=--release for beta-release-1.100-2
[INFO] extracting crate wasmtime-cli-flags 49.0.3 into /workspace/builds/worker-7-tc2/source
[INFO] started tweaking crates.io crate wasmtime-cli-flags 49.0.3
[INFO] finished tweaking crates.io crate wasmtime-cli-flags 49.0.3
[INFO] tweaked toml for crates.io crate wasmtime-cli-flags 49.0.3 written to /workspace/builds/worker-7-tc2/source/Cargo.toml
[INFO] validating manifest of crates.io crate wasmtime-cli-flags 49.0.3 on toolchain 1.100.0-beta.1
[INFO] running `Command { std: CARGO_HOME="/workspace/cargo-home" RUSTUP_HOME="/workspace/rustup-home" "/workspace/cargo-home/bin/cargo" "+1.100.0-beta.1" "metadata" "--manifest-path" "Cargo.toml" "--no-deps", kill_on_drop: false }`
[INFO] crate crates.io crate wasmtime-cli-flags 49.0.3 already has a lockfile, it will not be regenerated
[INFO] running `Command { std: CARGO_HOME="/workspace/cargo-home" RUSTUP_HOME="/workspace/rustup-home" "/workspace/cargo-home/bin/cargo" "+1.100.0-beta.1" "fetch" "--manifest-path" "Cargo.toml", kill_on_drop: false }`
[INFO] running `Command { std: "docker" "create" "-v" "/var/lib/crater-agent-workspace/builds/worker-7-tc2/source:/opt/rustwide/workdir:ro,Z" "-v" "/var/lib/crater-agent-workspace/builds/worker-7-tc2/target:/opt/rustwide/target:rw,Z" "-v" "/var/lib/crater-agent-workspace/cargo-home:/opt/rustwide/cargo-home:ro,Z" "-v" "/var/lib/crater-agent-workspace/rustup-home:/opt/rustwide/rustup-home:ro,Z" "-m" "1610612736" "--network" "none" "ghcr.io/rust-lang/crates-build-env/linux@sha256:77db811e55d90add9212f6832c23229e3de5f1c1f9905e8cb07319ea15df73ac" "sleep" "infinity", kill_on_drop: false }`
[INFO] [stdout] 9eb600eb0c28af147d295debce7faf8582a58dcb5758067b72f06505bc087a5c
[INFO] running `Command { std: "docker" "start" "9eb600eb0c28af147d295debce7faf8582a58dcb5758067b72f06505bc087a5c", kill_on_drop: false }`
[INFO] running `Command { std: "docker" "inspect" "9eb600eb0c28af147d295debce7faf8582a58dcb5758067b72f06505bc087a5c", kill_on_drop: false }`
[INFO] running `Command { std: "docker" "exec" "-e" "SOURCE_DIR=/opt/rustwide/workdir" "-e" "CARGO_HOME=/opt/rustwide/cargo-home" "-e" "RUSTUP_HOME=/opt/rustwide/rustup-home" "-e" "CARGO_TARGET_DIR=/opt/rustwide/target" "-w" "/opt/rustwide/workdir" "--user" "0:0" "9eb600eb0c28af147d295debce7faf8582a58dcb5758067b72f06505bc087a5c" "/opt/rustwide/cargo-home/bin/cargo" "+1.100.0-beta.1" "metadata" "--no-deps" "--format-version=1", kill_on_drop: false }`
[INFO] running `Command { std: "docker" "inspect" "9eb600eb0c28af147d295debce7faf8582a58dcb5758067b72f06505bc087a5c", kill_on_drop: false }`
[INFO] running `Command { std: "docker" "exec" "-e" "SOURCE_DIR=/opt/rustwide/workdir" "-e" "CARGO_HOME=/opt/rustwide/cargo-home" "-e" "RUSTUP_HOME=/opt/rustwide/rustup-home" "-e" "CARGO_TARGET_DIR=/opt/rustwide/target" "-e" "CARGO_INCREMENTAL=0" "-e" "RUST_BACKTRACE=full" "-e" "RUSTFLAGS=--cap-lints=warn" "-e" "RUSTDOCFLAGS=--cap-lints=warn" "-w" "/opt/rustwide/workdir" "--user" "0:0" "9eb600eb0c28af147d295debce7faf8582a58dcb5758067b72f06505bc087a5c" "/opt/rustwide/cargo-home/bin/cargo" "+1.100.0-beta.1" "build" "--frozen" "--message-format=json" "--release", kill_on_drop: false }`
[INFO] [stderr]    Compiling typenum v1.15.0
[INFO] [stderr]    Compiling proc-macro2 v1.0.101
[INFO] [stderr]    Compiling hashbrown v0.17.0
[INFO] [stderr]    Compiling generic-array v0.14.5
[INFO] [stderr]    Compiling wasmtime-internal-core v49.0.3
[INFO] [stderr]    Compiling thiserror v2.0.17
[INFO] [stderr]    Compiling anyhow v1.0.103
[INFO] [stderr]    Compiling target-lexicon v0.13.5
[INFO] [stderr]    Compiling libc v0.2.185
[INFO] [stderr]    Compiling log v0.4.28
[INFO] [stderr]    Compiling cpufeatures v0.2.7
[INFO] [stderr]    Compiling memchr v2.7.6
[INFO] [stderr]    Compiling quote v1.0.41
[INFO] [stderr]    Compiling gimli v0.33.0
[INFO] [stderr]    Compiling wasmtime v49.0.3
[INFO] [stderr]    Compiling syn v2.0.106
[INFO] [stderr]    Compiling bumpalo v3.20.2
[INFO] [stderr]    Compiling object v0.40.0
[INFO] [stderr]    Compiling indexmap v2.14.0
[INFO] [stderr]    Compiling block-buffer v0.10.2
[INFO] [stderr]    Compiling crypto-common v0.1.6
[INFO] [stderr]    Compiling digest v0.10.7
[INFO] [stderr]    Compiling sha2 v0.10.2
[INFO] [stderr]    Compiling serde_derive v1.0.228
[INFO] [stderr]    Compiling thiserror-impl v2.0.17
[INFO] [stderr]    Compiling pulley-macros v49.0.3
[INFO] [stderr]    Compiling wasmtime-internal-versioned-export-macros v49.0.3
[INFO] [stderr]    Compiling cobs v0.3.0
[INFO] [stderr]    Compiling serde v1.0.228
[INFO] [stderr]    Compiling postcard v1.1.3
[INFO] [stderr]    Compiling smallvec v1.15.1
[INFO] [stderr]    Compiling wasmparser v0.258.3
[INFO] [stderr]    Compiling cranelift-bitset v0.136.3
[INFO] [stderr]    Compiling cranelift-entity v0.136.3
[INFO] [stderr]    Compiling pulley-interpreter v49.0.3
[INFO] [stderr]    Compiling cranelift-bforest v0.136.3
[INFO] [stderr]    Compiling wasmtime-environ v49.0.3
[INFO] [stderr]    Compiling wasmtime-cli-flags v49.0.3 (/opt/rustwide/workdir)
[INFO] [stderr]     Finished `release` profile [optimized] target(s) in 1m 02s
[INFO] running `Command { std: "docker" "inspect" "9eb600eb0c28af147d295debce7faf8582a58dcb5758067b72f06505bc087a5c", kill_on_drop: false }`
[INFO] running `Command { std: "docker" "exec" "-e" "SOURCE_DIR=/opt/rustwide/workdir" "-e" "CARGO_HOME=/opt/rustwide/cargo-home" "-e" "RUSTUP_HOME=/opt/rustwide/rustup-home" "-e" "CARGO_TARGET_DIR=/opt/rustwide/target" "-e" "CARGO_INCREMENTAL=0" "-e" "RUST_BACKTRACE=full" "-e" "RUSTFLAGS=--cap-lints=warn" "-e" "RUSTDOCFLAGS=--cap-lints=warn" "-w" "/opt/rustwide/workdir" "--user" "0:0" "9eb600eb0c28af147d295debce7faf8582a58dcb5758067b72f06505bc087a5c" "/opt/rustwide/cargo-home/bin/cargo" "+1.100.0-beta.1" "test" "--frozen" "--no-run" "--message-format=json" "--release", kill_on_drop: false }`
[INFO] [stderr]    Compiling wasmtime-cli-flags v49.0.3 (/opt/rustwide/workdir)
[INFO] [stdout] error[E0433]: cannot find module or crate `toml` in this scope
[INFO] [stdout]     --> src/lib.rs:1555:49
[INFO] [stdout]      |
[INFO] [stdout] 1555 |         let mut common_options: CommonOptions = toml::from_str(empty_toml).unwrap();
[INFO] [stdout]      |                                                 ^^^^ use of unresolved module or unlinked crate `toml`
[INFO] [stdout]      |
[INFO] [stdout]      = help: if you wanted to use a crate named `toml`, use `cargo add toml` to add it to your `Cargo.toml`
[INFO] [stdout] 
[INFO] [stdout] 
[INFO] [stdout] error[E0433]: cannot find module or crate `toml` in this scope
[INFO] [stdout]     --> src/lib.rs:1567:49
[INFO] [stdout]      |
[INFO] [stdout] 1567 |         let mut common_options: CommonOptions = toml::from_str(basic_toml).unwrap();
[INFO] [stdout]      |                                                 ^^^^ use of unresolved module or unlinked crate `toml`
[INFO] [stdout]      |
[INFO] [stdout]      = help: if you wanted to use a crate named `toml`, use `cargo add toml` to add it to your `Cargo.toml`
[INFO] [stdout] 
[INFO] [stdout] 
[INFO] [stdout] error[E0433]: cannot find module or crate `toml` in this scope
[INFO] [stdout]     --> src/lib.rs:1585:36
[INFO] [stdout]      |
[INFO] [stdout] 1585 |             let parsed_opt_level = toml::from_str::<CommonOptions>(&toml)
[INFO] [stdout]      |                                    ^^^^ use of unresolved module or unlinked crate `toml`
[INFO] [stdout]      |
[INFO] [stdout]      = help: if you wanted to use a crate named `toml`, use `cargo add toml` to add it to your `Cargo.toml`
[INFO] [stdout] 
[INFO] [stdout] 
[INFO] [stdout] error[E0433]: cannot find module or crate `toml` in this scope
[INFO] [stdout]     --> src/lib.rs:1609:45
[INFO] [stdout]      |
[INFO] [stdout] 1609 |             let parsed_regalloc_algorithm = toml::from_str::<CommonOptions>(&toml)
[INFO] [stdout]      |                                             ^^^^ use of unresolved module or unlinked crate `toml`
[INFO] [stdout]      |
[INFO] [stdout]      = help: if you wanted to use a crate named `toml`, use `cargo add toml` to add it to your `Cargo.toml`
[INFO] [stdout] 
[INFO] [stdout] 
[INFO] [stdout] error[E0433]: cannot find module or crate `toml` in this scope
[INFO] [stdout]     --> src/lib.rs:1632:35
[INFO] [stdout]      |
[INFO] [stdout] 1632 |             let parsed_strategy = toml::from_str::<CommonOptions>(&toml)
[INFO] [stdout]      |                                   ^^^^ use of unresolved module or unlinked crate `toml`
[INFO] [stdout]      |
[INFO] [stdout]      = help: if you wanted to use a crate named `toml`, use `cargo add toml` to add it to your `Cargo.toml`
[INFO] [stdout] 
[INFO] [stdout] 
[INFO] [stdout] error[E0433]: cannot find module or crate `toml` in this scope
[INFO] [stdout]     --> src/lib.rs:1659:36
[INFO] [stdout]      |
[INFO] [stdout] 1659 |             let parsed_collector = toml::from_str::<CommonOptions>(&toml)
[INFO] [stdout]      |                                    ^^^^ use of unresolved module or unlinked crate `toml`
[INFO] [stdout]      |
[INFO] [stdout]      = help: if you wanted to use a crate named `toml`, use `cargo add toml` to add it to your `Cargo.toml`
[INFO] [stdout] 
[INFO] [stdout] 
[INFO] [stdout] For more information about this error, try `rustc --explain E0433`.
[INFO] [stdout] 
[INFO] [stderr] error: could not compile `wasmtime-cli-flags` (lib test) due to 6 previous errors
[INFO] running `Command { std: "docker" "inspect" "9eb600eb0c28af147d295debce7faf8582a58dcb5758067b72f06505bc087a5c", kill_on_drop: false }`
[INFO] running `Command { std: "docker" "rm" "-f" "9eb600eb0c28af147d295debce7faf8582a58dcb5758067b72f06505bc087a5c", kill_on_drop: false }`
[INFO] [stdout] 9eb600eb0c28af147d295debce7faf8582a58dcb5758067b72f06505bc087a5c
