[INFO] fetching crate wasmcloud-provider-wit-bindgen 0.1.1...
[INFO] testing wasmcloud-provider-wit-bindgen-0.1.1 against 1.99.0-beta.8+cargoflags=--release for beta-release-1.100-2
[INFO] extracting crate wasmcloud-provider-wit-bindgen 0.1.1 into /workspace/builds/worker-2-tc1/source
[INFO] started tweaking crates.io crate wasmcloud-provider-wit-bindgen 0.1.1
[INFO] finished tweaking crates.io crate wasmcloud-provider-wit-bindgen 0.1.1
[INFO] tweaked toml for crates.io crate wasmcloud-provider-wit-bindgen 0.1.1 written to /workspace/builds/worker-2-tc1/source/Cargo.toml
[INFO] validating manifest of crates.io crate wasmcloud-provider-wit-bindgen 0.1.1 on toolchain 1.99.0-beta.8
[INFO] running `Command { std: CARGO_HOME="/workspace/cargo-home" RUSTUP_HOME="/workspace/rustup-home" "/workspace/cargo-home/bin/cargo" "+1.99.0-beta.8" "metadata" "--manifest-path" "Cargo.toml" "--no-deps", kill_on_drop: false }`
[INFO] running `Command { std: CARGO_HOME="/workspace/cargo-home" RUSTUP_HOME="/workspace/rustup-home" "/workspace/cargo-home/bin/cargo" "+1.99.0-beta.8" "generate-lockfile" "--manifest-path" "Cargo.toml", kill_on_drop: false }`
[INFO] [stderr]     Updating crates.io index
[INFO] [stderr]      Locking 293 packages to highest compatible versions
[INFO] [stderr]       Adding generic-array v0.14.7 (available: v0.14.9)
[INFO] [stderr]       Adding wasmcloud-provider-sdk v0.3.0 (available: v0.17.1)
[INFO] [stderr]       Adding wrpc-transport v0.21.0 (available: v0.29.0)
[INFO] [stderr]       Adding wrpc-types v0.5.0 (available: v0.6.0)
[INFO] running `Command { std: CARGO_HOME="/workspace/cargo-home" RUSTUP_HOME="/workspace/rustup-home" "/workspace/cargo-home/bin/cargo" "+1.99.0-beta.8" "fetch" "--manifest-path" "Cargo.toml", kill_on_drop: false }`
[INFO] [stderr]  Downloading crates ...
[INFO] [stderr]   Downloaded wrpc-transport-derive v0.1.0
[INFO] [stderr]   Downloaded wrpc-types v0.5.0
[INFO] [stderr]   Downloaded wrpc-transport-derive-macro v0.1.0
[INFO] [stderr]   Downloaded wrpc-transport v0.21.0
[INFO] [stderr]   Downloaded wasmparser v0.201.0
[INFO] [stderr]   Downloaded nuid v0.5.0
[INFO] [stderr]   Downloaded nkeys v0.3.2
[INFO] [stderr]   Downloaded wrpc-types v0.4.0
[INFO] [stderr]   Downloaded wrpc-transport-nats v0.17.0
[INFO] [stderr]   Downloaded wrpc-transport v0.20.6
[INFO] [stderr]   Downloaded wasm-gen v0.1.4
[INFO] [stderr]   Downloaded signatory v0.27.1
[INFO] [stderr]   Downloaded tokio-io-timeout v1.2.1
[INFO] [stderr]   Downloaded wasmtime-wit-bindgen v19.0.2
[INFO] [stderr]   Downloaded wasmcloud-provider-wit-bindgen-macro v0.1.1
[INFO] [stderr]   Downloaded wit-parser v0.13.2
[INFO] [stderr]   Downloaded wit-parser v0.201.0
[INFO] [stderr]   Downloaded async-nats v0.33.0
[INFO] [stderr]   Downloaded wasmcloud-provider-sdk v0.3.0
[INFO] [stderr]   Downloaded wasmcloud-core v0.3.0
[INFO] [stderr]   Downloaded wasm-encoder v0.41.2
[INFO] [stderr]   Downloaded wasmcloud-tracing v0.2.0
[INFO] [stderr]   Downloaded tonic v0.9.2
[INFO] [stderr]   Downloaded nuid v0.4.1
[INFO] [stderr]   Downloaded opentelemetry-otlp v0.14.0
[INFO] [stderr]   Downloaded wasmparser v0.121.2
[INFO] [stderr]   Downloaded tracing-opentelemetry v0.22.0
[INFO] [stderr]   Downloaded opentelemetry_sdk v0.21.2
[INFO] [stderr]   Downloaded opentelemetry v0.21.0
[INFO] [stderr]   Downloaded opentelemetry-semantic-conventions v0.13.0
[INFO] [stderr]   Downloaded opentelemetry-http v0.10.0
[INFO] [stderr]   Downloaded opentelemetry-proto v0.4.0
[INFO] [stderr]   Downloaded wascap v0.13.0
[INFO] [stderr]   Downloaded opentelemetry-appender-tracing v0.2.0
[INFO] running `Command { std: "docker" "create" "-v" "/var/lib/crater-agent-workspace/builds/worker-2-tc1/source:/opt/rustwide/workdir:ro,Z" "-v" "/var/lib/crater-agent-workspace/builds/worker-2-tc1/target:/opt/rustwide/target:rw,Z" "-v" "/var/lib/crater-agent-workspace/cargo-home:/opt/rustwide/cargo-home:ro,Z" "-v" "/var/lib/crater-agent-workspace/rustup-home:/opt/rustwide/rustup-home:ro,Z" "-m" "1610612736" "--network" "none" "ghcr.io/rust-lang/crates-build-env/linux@sha256:77db811e55d90add9212f6832c23229e3de5f1c1f9905e8cb07319ea15df73ac" "sleep" "infinity", kill_on_drop: false }`
[INFO] [stdout] f0d2bc805c14ee9ec1726e039626fd4ea8189e638322901d99a557174f4404fc
[INFO] running `Command { std: "docker" "start" "f0d2bc805c14ee9ec1726e039626fd4ea8189e638322901d99a557174f4404fc", kill_on_drop: false }`
[INFO] running `Command { std: "docker" "inspect" "f0d2bc805c14ee9ec1726e039626fd4ea8189e638322901d99a557174f4404fc", kill_on_drop: false }`
[INFO] running `Command { std: "docker" "exec" "-e" "SOURCE_DIR=/opt/rustwide/workdir" "-e" "CARGO_HOME=/opt/rustwide/cargo-home" "-e" "RUSTUP_HOME=/opt/rustwide/rustup-home" "-e" "CARGO_TARGET_DIR=/opt/rustwide/target" "-w" "/opt/rustwide/workdir" "--user" "0:0" "f0d2bc805c14ee9ec1726e039626fd4ea8189e638322901d99a557174f4404fc" "/opt/rustwide/cargo-home/bin/cargo" "+1.99.0-beta.8" "metadata" "--no-deps" "--format-version=1", kill_on_drop: false }`
[INFO] running `Command { std: "docker" "inspect" "f0d2bc805c14ee9ec1726e039626fd4ea8189e638322901d99a557174f4404fc", kill_on_drop: false }`
[INFO] running `Command { std: "docker" "exec" "-e" "SOURCE_DIR=/opt/rustwide/workdir" "-e" "CARGO_HOME=/opt/rustwide/cargo-home" "-e" "RUSTUP_HOME=/opt/rustwide/rustup-home" "-e" "CARGO_TARGET_DIR=/opt/rustwide/target" "-e" "CARGO_INCREMENTAL=0" "-e" "RUST_BACKTRACE=full" "-e" "RUSTFLAGS=--cap-lints=warn" "-e" "RUSTDOCFLAGS=--cap-lints=warn" "-w" "/opt/rustwide/workdir" "--user" "0:0" "f0d2bc805c14ee9ec1726e039626fd4ea8189e638322901d99a557174f4404fc" "/opt/rustwide/cargo-home/bin/cargo" "+1.99.0-beta.8" "build" "--frozen" "--message-format=json" "--release", kill_on_drop: false }`
[INFO] [stderr]    Compiling syn v3.0.9
[INFO] [stderr]    Compiling getrandom v0.2.17
[INFO] [stderr]    Compiling errno v0.3.14
[INFO] [stderr]    Compiling parking_lot_core v0.9.12
[INFO] [stderr]    Compiling socket2 v0.6.5
[INFO] [stderr]    Compiling mio v1.2.4
[INFO] [stderr]    Compiling tracing v0.1.44
[INFO] [stderr]    Compiling serde_json v1.0.154
[INFO] [stderr]    Compiling crypto-common v0.1.7
[INFO] [stderr]    Compiling pin-project-internal v1.1.13
[INFO] [stderr]    Compiling zeroize v1.9.1
[INFO] [stderr]    Compiling regex-automata v0.4.18
[INFO] [stderr]    Compiling indexmap v1.9.3
[INFO] [stderr]    Compiling curve25519-dalek v4.1.3
[INFO] [stderr]    Compiling curve25519-dalek-derive v0.1.1
[INFO] [stderr]    Compiling id-arena v2.3.0
[INFO] [stderr]    Compiling digest v0.10.7
[INFO] [stderr]    Compiling signal-hook-registry v1.4.8
[INFO] [stderr]    Compiling rand_core v0.6.4
[INFO] [stderr]    Compiling ring v0.17.14
[INFO] [stderr]    Compiling der v0.7.10
[INFO] [stderr]    Compiling signature v2.2.0
[INFO] [stderr]    Compiling sha2 v0.10.9
[INFO] [stderr]    Compiling ed25519 v2.2.3
[INFO] [stderr]    Compiling parking_lot v0.12.5
[INFO] [stderr]    Compiling rand_chacha v0.3.1
[INFO] [stderr]    Compiling unicode-xid v0.2.6
[INFO] [stderr]    Compiling rustls v0.21.12
[INFO] [stderr]    Compiling rand v0.8.8
[INFO] [stderr]    Compiling socket2 v0.5.10
[INFO] [stderr]    Compiling leb128 v0.2.7
[INFO] [stderr]    Compiling urlencoding v2.1.3
[INFO] [stderr]    Compiling serde_core v1.0.229
[INFO] [stderr]    Compiling deranged v0.5.9
[INFO] [stderr]    Compiling opentelemetry v0.21.0
[INFO] [stderr]    Compiling syn v1.0.109
[INFO] [stderr]    Compiling rustls-native-certs v0.6.3
[INFO] [stderr]    Compiling axum-core v0.3.4
[INFO] [stderr]    Compiling itertools v0.10.5
[INFO] [stderr]    Compiling pin-project v1.1.13
[INFO] [stderr]    Compiling nuid v0.5.0
[INFO] [stderr]    Compiling ordered-float v4.6.0
[INFO] [stderr]    Compiling axum v0.6.20
[INFO] [stderr]    Compiling tracing-core v0.1.36
[INFO] [stderr]    Compiling ed25519-dalek v2.2.0
[INFO] [stderr]    Compiling sct v0.7.1
[INFO] [stderr]    Compiling rustls-webpki v0.101.7
[INFO] [stderr]    Compiling pin-project-lite v0.2.17
[INFO] [stderr]    Compiling matchit v0.7.3
[INFO] [stderr]    Compiling spki v0.7.3
[INFO] [stderr]    Compiling sharded-slab v0.1.7
[INFO] [stderr]    Compiling pkcs8 v0.10.2
[INFO] [stderr]    Compiling signatory v0.27.1
[INFO] [stderr]    Compiling nkeys v0.3.2
[INFO] [stderr]    Compiling time v0.3.55
[INFO] [stderr]    Compiling serde v1.0.229
[INFO] [stderr]    Compiling thread_local v1.1.10
[INFO] [stderr]    Compiling byteorder v0.5.3
[INFO] [stderr]    Compiling wasm-gen v0.1.4
[INFO] [stderr]    Compiling wasmparser v0.121.2
[INFO] [stderr]    Compiling wasm-encoder v0.41.2
[INFO] [stderr]    Compiling nuid v0.4.1
[INFO] [stdout] error[E0432]: unresolved import `rand::distributions`
[INFO] [stdout]   --> /opt/rustwide/cargo-home/registry/src/index.crates.io-1949cf8c6b5b557f/nuid-0.4.1/src/lib.rs:19:11
[INFO] [stdout]    |
[INFO] [stdout] 19 | use rand::distributions::Alphanumeric;
[INFO] [stdout]    |           ^^^^^^^^^^^^^ could not find `distributions` in `rand`
[INFO] [stdout] 
[INFO] [stdout] 
[INFO] [stdout] error[E0432]: unresolved import `rand::rngs::OsRng`
[INFO] [stdout]   --> /opt/rustwide/cargo-home/registry/src/index.crates.io-1949cf8c6b5b557f/nuid-0.4.1/src/lib.rs:20:5
[INFO] [stdout]    |
[INFO] [stdout] 20 | use rand::rngs::OsRng;
[INFO] [stdout]    |     ^^^^^^^^^^^^-----
[INFO] [stdout]    |                 |
[INFO] [stdout]    |                 no `OsRng` in `rngs`
[INFO] [stdout] 
[INFO] [stdout] 
[INFO] [stdout] error[E0432]: unresolved import `rand::thread_rng`
[INFO] [stdout]   --> /opt/rustwide/cargo-home/registry/src/index.crates.io-1949cf8c6b5b557f/nuid-0.4.1/src/lib.rs:21:5
[INFO] [stdout]    |
[INFO] [stdout] 21 | use rand::thread_rng;
[INFO] [stdout]    |     ^^^^^^----------
[INFO] [stdout]    |           |
[INFO] [stdout]    |           no `thread_rng` in the root
[INFO] [stdout] 
[INFO] [stdout] 
[INFO] [stdout] For more information about this error, try `rustc --explain E0432`.
[INFO] [stdout] 
[INFO] [stderr] error: could not compile `nuid` (lib) due to 3 previous errors
[INFO] [stderr] warning: build failed, waiting for other jobs to finish...
[INFO] running `Command { std: "docker" "inspect" "f0d2bc805c14ee9ec1726e039626fd4ea8189e638322901d99a557174f4404fc", kill_on_drop: false }`
[INFO] running `Command { std: "docker" "rm" "-f" "f0d2bc805c14ee9ec1726e039626fd4ea8189e638322901d99a557174f4404fc", kill_on_drop: false }`
[INFO] [stdout] f0d2bc805c14ee9ec1726e039626fd4ea8189e638322901d99a557174f4404fc
