[INFO] fetching crate wasm4 0.2.0...
[INFO] testing wasm4-0.2.0 against 1.99.0-beta.8+cargoflags=--release for beta-release-1.100-2
[INFO] extracting crate wasm4 0.2.0 into /workspace/builds/worker-5-tc1/source
[INFO] started tweaking crates.io crate wasm4 0.2.0
[INFO] removed 1 missing examples
[INFO] finished tweaking crates.io crate wasm4 0.2.0
[INFO] tweaked toml for crates.io crate wasm4 0.2.0 written to /workspace/builds/worker-5-tc1/source/Cargo.toml
[INFO] validating manifest of crates.io crate wasm4 0.2.0 on toolchain 1.99.0-beta.8
[INFO] running `Command { std: CARGO_HOME="/workspace/cargo-home" RUSTUP_HOME="/workspace/rustup-home" "/workspace/cargo-home/bin/cargo" "+1.99.0-beta.8" "metadata" "--manifest-path" "Cargo.toml" "--no-deps", kill_on_drop: false }`
[INFO] crate crates.io crate wasm4 0.2.0 already has a lockfile, it will not be regenerated
[INFO] running `Command { std: CARGO_HOME="/workspace/cargo-home" RUSTUP_HOME="/workspace/rustup-home" "/workspace/cargo-home/bin/cargo" "+1.99.0-beta.8" "fetch" "--manifest-path" "Cargo.toml", kill_on_drop: false }`
[INFO] [stderr] warning: Cargo.toml: `crate_type` is deprecated in favor of `crate-type` and will not work in the 2024 edition
[INFO] [stderr] (in the `ticking` example target)
[INFO] [stderr] warning: `wasm4` (manifest) generated 1 warning
[INFO] [stderr]     Updating crates.io index
[INFO] [stderr]  Downloading crates ...
[INFO] [stderr]   Downloaded wasm4-common v0.1.4
[INFO] [stderr]   Downloaded wasm4-sys v0.1.3
[INFO] [stderr]   Downloaded wasm4-impl v0.1.3
[INFO] [stderr]   Downloaded scoped_threadpool v0.1.9
[INFO] [stderr]   Downloaded num-iter v0.1.44
[INFO] [stderr]   Downloaded either v1.10.0
[INFO] [stderr]   Downloaded critical-section v1.1.2
[INFO] [stderr]   Downloaded weezl v0.1.8
[INFO] [stderr]   Downloaded num-rational v0.3.2
[INFO] [stderr]   Downloaded bytemuck v1.15.0
[INFO] [stderr]   Downloaded crossbeam-utils v0.8.19
[INFO] [stderr]   Downloaded image v0.23.14
[INFO] [stderr]   Downloaded gif v0.11.4
[INFO] [stderr]   Downloaded tiff v0.6.1
[INFO] running `Command { std: "docker" "create" "-v" "/var/lib/crater-agent-workspace/builds/worker-5-tc1/source:/opt/rustwide/workdir:ro,Z" "-v" "/var/lib/crater-agent-workspace/builds/worker-5-tc1/target:/opt/rustwide/target:rw,Z" "-v" "/var/lib/crater-agent-workspace/cargo-home:/opt/rustwide/cargo-home:ro,Z" "-v" "/var/lib/crater-agent-workspace/rustup-home:/opt/rustwide/rustup-home:ro,Z" "-m" "1610612736" "--network" "none" "ghcr.io/rust-lang/crates-build-env/linux@sha256:77db811e55d90add9212f6832c23229e3de5f1c1f9905e8cb07319ea15df73ac" "sleep" "infinity", kill_on_drop: false }`
[INFO] [stdout] bab282829b625341cf528c6ed87bee7517aa5697a05b0d2e85c65094355b9b48
[INFO] running `Command { std: "docker" "start" "bab282829b625341cf528c6ed87bee7517aa5697a05b0d2e85c65094355b9b48", kill_on_drop: false }`
[INFO] running `Command { std: "docker" "inspect" "bab282829b625341cf528c6ed87bee7517aa5697a05b0d2e85c65094355b9b48", kill_on_drop: false }`
[INFO] running `Command { std: "docker" "exec" "-e" "SOURCE_DIR=/opt/rustwide/workdir" "-e" "CARGO_HOME=/opt/rustwide/cargo-home" "-e" "RUSTUP_HOME=/opt/rustwide/rustup-home" "-e" "CARGO_TARGET_DIR=/opt/rustwide/target" "-w" "/opt/rustwide/workdir" "--user" "0:0" "bab282829b625341cf528c6ed87bee7517aa5697a05b0d2e85c65094355b9b48" "/opt/rustwide/cargo-home/bin/cargo" "+1.99.0-beta.8" "metadata" "--no-deps" "--format-version=1", kill_on_drop: false }`
[INFO] running `Command { std: "docker" "inspect" "bab282829b625341cf528c6ed87bee7517aa5697a05b0d2e85c65094355b9b48", kill_on_drop: false }`
[INFO] running `Command { std: "docker" "exec" "-e" "SOURCE_DIR=/opt/rustwide/workdir" "-e" "CARGO_HOME=/opt/rustwide/cargo-home" "-e" "RUSTUP_HOME=/opt/rustwide/rustup-home" "-e" "CARGO_TARGET_DIR=/opt/rustwide/target" "-e" "CARGO_INCREMENTAL=0" "-e" "RUST_BACKTRACE=full" "-e" "RUSTFLAGS=--cap-lints=warn" "-e" "RUSTDOCFLAGS=--cap-lints=warn" "-w" "/opt/rustwide/workdir" "--user" "0:0" "bab282829b625341cf528c6ed87bee7517aa5697a05b0d2e85c65094355b9b48" "/opt/rustwide/cargo-home/bin/cargo" "+1.99.0-beta.8" "build" "--frozen" "--message-format=json" "--release", kill_on_drop: false }`
[INFO] [stderr] warning: Cargo.toml: `crate_type` is deprecated in favor of `crate-type` and will not work in the 2024 edition
[INFO] [stderr] (in the `ticking` example target)
[INFO] [stderr] warning: `wasm4` (manifest) generated 1 warning
[INFO] [stderr]    Compiling wasm4-sys v0.1.3
[INFO] [stderr]    Compiling wasm4-common v0.1.4
[INFO] [stderr]    Compiling wasm4 v0.2.0 (/opt/rustwide/workdir)
[INFO] [stderr]     Finished `release` profile [optimized] target(s) in 0.51s
[INFO] running `Command { std: "docker" "inspect" "bab282829b625341cf528c6ed87bee7517aa5697a05b0d2e85c65094355b9b48", kill_on_drop: false }`
[INFO] running `Command { std: "docker" "exec" "-e" "SOURCE_DIR=/opt/rustwide/workdir" "-e" "CARGO_HOME=/opt/rustwide/cargo-home" "-e" "RUSTUP_HOME=/opt/rustwide/rustup-home" "-e" "CARGO_TARGET_DIR=/opt/rustwide/target" "-e" "CARGO_INCREMENTAL=0" "-e" "RUST_BACKTRACE=full" "-e" "RUSTFLAGS=--cap-lints=warn" "-e" "RUSTDOCFLAGS=--cap-lints=warn" "-w" "/opt/rustwide/workdir" "--user" "0:0" "bab282829b625341cf528c6ed87bee7517aa5697a05b0d2e85c65094355b9b48" "/opt/rustwide/cargo-home/bin/cargo" "+1.99.0-beta.8" "test" "--frozen" "--no-run" "--message-format=json" "--release", kill_on_drop: false }`
[INFO] [stderr] warning: Cargo.toml: `crate_type` is deprecated in favor of `crate-type` and will not work in the 2024 edition
[INFO] [stderr] (in the `ticking` example target)
[INFO] [stderr] warning: `wasm4` (manifest) generated 1 warning
[INFO] [stderr]    Compiling wasm4 v0.2.0 (/opt/rustwide/workdir)
[INFO] [stdout] error[E0433]: cannot find `include_sprites` in `w4`
[INFO] [stdout]   --> examples/sans/main.rs:17:13
[INFO] [stdout]    |
[INFO] [stdout] 17 |         w4::include_sprites! {
[INFO] [stdout]    |             ^^^^^^^^^^^^^^^ could not find `include_sprites` in `w4`
[INFO] [stdout] 
[INFO] [stdout] 
[INFO] [stdout] error[E0425]: cannot find value `PALETTE` in this scope
[INFO] [stdout]   --> examples/sans/main.rs:29:42
[INFO] [stdout]    |
[INFO] [stdout] 29 |         self.framebuffer.replace_palette(PALETTE);
[INFO] [stdout]    |                                          ^^^^^^^ not found in this scope
[INFO] [stdout] 
[INFO] [stdout] 
[INFO] [stdout] error[E0425]: cannot find value `SMILE` in this scope
[INFO] [stdout]   --> examples/sans/main.rs:30:32
[INFO] [stdout]    |
[INFO] [stdout] 30 |         self.framebuffer.blit(&SMILE, [68, 32], <_>::default());
[INFO] [stdout]    |                                ^^^^^ not found in this scope
[INFO] [stdout] 
[INFO] [stdout] 
[INFO] [stdout] error[E0425]: cannot find value `TALK` in this scope
[INFO] [stdout]   --> examples/sans/main.rs:31:32
[INFO] [stdout]    |
[INFO] [stdout] 31 |         self.framebuffer.blit(&TALK, [0, 92], <_>::default());
[INFO] [stdout]    |                                ^^^^ not found in this scope
[INFO] [stdout] 
[INFO] [stdout] 
[INFO] [stdout] error[E0601]: `main` function not found in crate `sans`
[INFO] [stdout]   --> examples/sans/main.rs:35:26
[INFO] [stdout]    |
[INFO] [stdout] 35 | w4::main! { SansRuntime }
[INFO] [stdout]    |                          ^ consider adding a `main` function to `examples/sans/main.rs`
[INFO] [stdout] 
[INFO] [stdout] 
[INFO] [stdout] Some errors have detailed explanations: E0425, E0433, E0601.
[INFO] [stdout] 
[INFO] [stdout] For more information about an error, try `rustc --explain E0425`.
[INFO] [stdout] 
[INFO] [stderr] error: could not compile `wasm4` (example "sans") due to 5 previous errors
[INFO] [stderr] warning: build failed, waiting for other jobs to finish...
[INFO] running `Command { std: "docker" "inspect" "bab282829b625341cf528c6ed87bee7517aa5697a05b0d2e85c65094355b9b48", kill_on_drop: false }`
[INFO] running `Command { std: "docker" "rm" "-f" "bab282829b625341cf528c6ed87bee7517aa5697a05b0d2e85c65094355b9b48", kill_on_drop: false }`
[INFO] [stdout] bab282829b625341cf528c6ed87bee7517aa5697a05b0d2e85c65094355b9b48
