[INFO] fetching crate wasm-embedded-rt-wasm3 0.4.0...
[INFO] testing wasm-embedded-rt-wasm3-0.4.0 against 1.99.0-beta.8+cargoflags=--release for beta-release-1.100-2
[INFO] extracting crate wasm-embedded-rt-wasm3 0.4.0 into /workspace/builds/worker-2-tc1/source
[INFO] started tweaking crates.io crate wasm-embedded-rt-wasm3 0.4.0
[INFO] finished tweaking crates.io crate wasm-embedded-rt-wasm3 0.4.0
[INFO] tweaked toml for crates.io crate wasm-embedded-rt-wasm3 0.4.0 written to /workspace/builds/worker-2-tc1/source/Cargo.toml
[INFO] validating manifest of crates.io crate wasm-embedded-rt-wasm3 0.4.0 on toolchain 1.99.0-beta.8
[INFO] running `Command { std: CARGO_HOME="/workspace/cargo-home" RUSTUP_HOME="/workspace/rustup-home" "/workspace/cargo-home/bin/cargo" "+1.99.0-beta.8" "metadata" "--manifest-path" "Cargo.toml" "--no-deps", kill_on_drop: false }`
[INFO] running `Command { std: CARGO_HOME="/workspace/cargo-home" RUSTUP_HOME="/workspace/rustup-home" "/workspace/cargo-home/bin/cargo" "+1.99.0-beta.8" "generate-lockfile" "--manifest-path" "Cargo.toml", kill_on_drop: false }`
[INFO] [stderr]     Updating crates.io index
[INFO] [stderr]      Locking 55 packages to highest compatible versions
[INFO] [stderr]       Adding bindgen v0.63.0 (available: v0.73.2)
[INFO] [stderr]       Adding thiserror v1.0.69 (available: v2.0.21)
[INFO] running `Command { std: CARGO_HOME="/workspace/cargo-home" RUSTUP_HOME="/workspace/rustup-home" "/workspace/cargo-home/bin/cargo" "+1.99.0-beta.8" "fetch" "--manifest-path" "Cargo.toml", kill_on_drop: false }`
[INFO] [stderr] warning: Cargo.toml: `default_features` is deprecated in favor of `default-features` and will not work in the 2024 edition
[INFO] [stderr] (in the `log` dependency)
[INFO] [stderr] warning: Cargo.toml: `default_features` is deprecated in favor of `default-features` and will not work in the 2024 edition
[INFO] [stderr] (in the `wasm-embedded-spec` dependency)
[INFO] [stderr] warning: Cargo.toml: `default_features` is deprecated in favor of `default-features` and will not work in the 2024 edition
[INFO] [stderr] (in the `bindgen` dependency)
[INFO] [stderr] warning: `wasm-embedded-rt-wasm3` (manifest) generated 3 warnings
[INFO] [stderr]  Downloading crates ...
[INFO] [stderr]   Downloaded wasm-embedded-spec v0.4.0
[INFO] [stderr]   Downloaded bindgen v0.63.0
[INFO] running `Command { std: "docker" "create" "-v" "/var/lib/crater-agent-workspace/builds/worker-2-tc1/source:/opt/rustwide/workdir:ro,Z" "-v" "/var/lib/crater-agent-workspace/builds/worker-2-tc1/target:/opt/rustwide/target:rw,Z" "-v" "/var/lib/crater-agent-workspace/cargo-home:/opt/rustwide/cargo-home:ro,Z" "-v" "/var/lib/crater-agent-workspace/rustup-home:/opt/rustwide/rustup-home:ro,Z" "-m" "1610612736" "--network" "none" "ghcr.io/rust-lang/crates-build-env/linux@sha256:77db811e55d90add9212f6832c23229e3de5f1c1f9905e8cb07319ea15df73ac" "sleep" "infinity", kill_on_drop: false }`
[INFO] [stdout] a47e7f4203448a2ec418ee5ac187952ce9d8f0b621f9e369b015294408fc808d
[INFO] running `Command { std: "docker" "start" "a47e7f4203448a2ec418ee5ac187952ce9d8f0b621f9e369b015294408fc808d", kill_on_drop: false }`
[INFO] running `Command { std: "docker" "inspect" "a47e7f4203448a2ec418ee5ac187952ce9d8f0b621f9e369b015294408fc808d", kill_on_drop: false }`
[INFO] running `Command { std: "docker" "exec" "-e" "SOURCE_DIR=/opt/rustwide/workdir" "-e" "CARGO_HOME=/opt/rustwide/cargo-home" "-e" "RUSTUP_HOME=/opt/rustwide/rustup-home" "-e" "CARGO_TARGET_DIR=/opt/rustwide/target" "-w" "/opt/rustwide/workdir" "--user" "0:0" "a47e7f4203448a2ec418ee5ac187952ce9d8f0b621f9e369b015294408fc808d" "/opt/rustwide/cargo-home/bin/cargo" "+1.99.0-beta.8" "metadata" "--no-deps" "--format-version=1", kill_on_drop: false }`
[INFO] running `Command { std: "docker" "inspect" "a47e7f4203448a2ec418ee5ac187952ce9d8f0b621f9e369b015294408fc808d", kill_on_drop: false }`
[INFO] running `Command { std: "docker" "exec" "-e" "SOURCE_DIR=/opt/rustwide/workdir" "-e" "CARGO_HOME=/opt/rustwide/cargo-home" "-e" "RUSTUP_HOME=/opt/rustwide/rustup-home" "-e" "CARGO_TARGET_DIR=/opt/rustwide/target" "-e" "CARGO_INCREMENTAL=0" "-e" "RUST_BACKTRACE=full" "-e" "RUSTFLAGS=--cap-lints=warn" "-e" "RUSTDOCFLAGS=--cap-lints=warn" "-w" "/opt/rustwide/workdir" "--user" "0:0" "a47e7f4203448a2ec418ee5ac187952ce9d8f0b621f9e369b015294408fc808d" "/opt/rustwide/cargo-home/bin/cargo" "+1.99.0-beta.8" "build" "--frozen" "--message-format=json" "--release", kill_on_drop: false }`
[INFO] [stderr] warning: Cargo.toml: `default_features` is deprecated in favor of `default-features` and will not work in the 2024 edition
[INFO] [stderr] (in the `log` dependency)
[INFO] [stderr] warning: Cargo.toml: `default_features` is deprecated in favor of `default-features` and will not work in the 2024 edition
[INFO] [stderr] (in the `wasm-embedded-spec` dependency)
[INFO] [stderr] warning: Cargo.toml: `default_features` is deprecated in favor of `default-features` and will not work in the 2024 edition
[INFO] [stderr] (in the `bindgen` dependency)
[INFO] [stderr] warning: `wasm-embedded-rt-wasm3` (manifest) generated 3 warnings
[INFO] [stderr]    Compiling clang-sys v1.9.1
[INFO] [stderr]    Compiling rustix v0.38.44
[INFO] [stderr]    Compiling libc v0.2.191
[INFO] [stderr]    Compiling bitflags v2.13.2
[INFO] [stderr]    Compiling regex-syntax v0.8.11
[INFO] [stderr]    Compiling syn v1.0.109
[INFO] [stderr]    Compiling linux-raw-sys v0.4.15
[INFO] [stderr]    Compiling home v0.5.12
[INFO] [stderr]    Compiling either v1.19.0
[INFO] [stderr]    Compiling bindgen v0.63.0
[INFO] [stderr]    Compiling rustc-hash v1.1.0
[INFO] [stderr]    Compiling bitflags v1.3.2
[INFO] [stderr]    Compiling nom v7.1.3
[INFO] [stderr]    Compiling libloading v0.8.9
[INFO] [stderr]    Compiling peeking_take_while v0.1.2
[INFO] [stderr]    Compiling lazycell v1.3.0
[INFO] [stderr]    Compiling lazy_static v1.5.1
[INFO] [stderr]    Compiling cmake v0.1.58
[INFO] [stderr]    Compiling syn v2.0.119
[INFO] [stderr]    Compiling log v0.4.34
[INFO] [stderr]    Compiling embedded-hal v1.0.0
[INFO] [stderr]    Compiling cty v0.2.2
[INFO] [stderr]    Compiling cexpr v0.6.0
[INFO] [stderr]    Compiling regex-automata v0.4.18
[INFO] [stderr]    Compiling thiserror-impl v1.0.69
[INFO] [stderr]    Compiling which v4.4.2
[INFO] [stderr]    Compiling thiserror v1.0.69
[INFO] [stderr]    Compiling regex v1.13.1
[INFO] [stderr]    Compiling wasm-embedded-spec v0.4.0
[INFO] [stderr]    Compiling wasm-embedded-rt-wasm3 v0.4.0 (/opt/rustwide/workdir)
[INFO] [stdout] warning: unexpected `cfg` condition name: `nope`
[INFO] [stdout]    --> build.rs:106:15
[INFO] [stdout]     |
[INFO] [stdout] 106 |         #[cfg(nope)]
[INFO] [stdout]     |               ^^^^
[INFO] [stdout]     |
[INFO] [stdout]     = help: expected names are: `docsrs`, `feature`, and `test` and 34 more
[INFO] [stdout]     = help: consider using a Cargo feature instead
[INFO] [stdout]     = help: or consider adding in `Cargo.toml` the `check-cfg` lint config for the lint:
[INFO] [stdout]              [lints.rust]
[INFO] [stdout]              unexpected_cfgs = { level = "warn", check-cfg = ['cfg(nope)'] }
[INFO] [stdout]     = note: see <https://doc.rust-lang.org/nightly/rustc/check-cfg/cargo-specifics.html> for more information about checking conditional configuration
[INFO] [stdout]     = note: `#[warn(unexpected_cfgs)]` on by default
[INFO] [stdout] 
[INFO] [stdout] 
[INFO] [stderr] error: failed to run custom build command for `wasm-embedded-rt-wasm3 v0.4.0 (/opt/rustwide/workdir)`
[INFO] [stderr] note: To improve backtraces for build dependencies, set the CARGO_PROFILE_RELEASE_BUILD_OVERRIDE_DEBUG=true environment variable to enable debug information generation.
[INFO] [stderr] 
[INFO] [stderr] Caused by:
[INFO] [stderr]   process didn't exit successfully: `/opt/rustwide/target/release/build/wasm-embedded-rt-wasm3-f022fa3ef49db808/build-script-build` (exit status: 101)
[INFO] [stderr]   --- stdout
[INFO] [stderr]   cargo:rerun-if-changed=src/
[INFO] [stderr]   cargo:rerun-if-changed=inc/
[INFO] [stderr]   cargo:rerun-if-changed=build.rs
[INFO] [stderr]   cargo:rerun-if-changed=CMakeLists.txt
[INFO] [stderr]   cargo:ROOT=/opt/rustwide/workdir
[INFO] [stderr]   CMAKE_TOOLCHAIN_FILE_x86_64-unknown-linux-gnu = None
[INFO] [stderr]   CMAKE_TOOLCHAIN_FILE_x86_64_unknown_linux_gnu = None
[INFO] [stderr]   HOST_CMAKE_TOOLCHAIN_FILE = None
[INFO] [stderr]   CMAKE_TOOLCHAIN_FILE = None
[INFO] [stderr]   CMAKE_GENERATOR_x86_64-unknown-linux-gnu = None
[INFO] [stderr]   CMAKE_GENERATOR_x86_64_unknown_linux_gnu = None
[INFO] [stderr]   HOST_CMAKE_GENERATOR = None
[INFO] [stderr]   CMAKE_GENERATOR = None
[INFO] [stderr]   CMAKE_PREFIX_PATH_x86_64-unknown-linux-gnu = None
[INFO] [stderr]   CMAKE_PREFIX_PATH_x86_64_unknown_linux_gnu = None
[INFO] [stderr]   HOST_CMAKE_PREFIX_PATH = None
[INFO] [stderr]   CMAKE_PREFIX_PATH = None
[INFO] [stderr]   CMAKE_x86_64-unknown-linux-gnu = None
[INFO] [stderr]   CMAKE_x86_64_unknown_linux_gnu = None
[INFO] [stderr]   HOST_CMAKE = None
[INFO] [stderr]   CMAKE = None
[INFO] [stderr]   -- The C compiler identification is GNU 15.2.0
[INFO] [stderr]   -- The CXX compiler identification is GNU 15.2.0
[INFO] [stderr]   -- Detecting C compiler ABI info
[INFO] [stderr]   -- Detecting C compiler ABI info - done
[INFO] [stderr]   -- Check for working C compiler: /usr/bin/cc - skipped
[INFO] [stderr]   -- Detecting C compile features
[INFO] [stderr]   -- Detecting C compile features - done
[INFO] [stderr]   -- Detecting CXX compiler ABI info
[INFO] [stderr]   -- Detecting CXX compiler ABI info - done
[INFO] [stderr]   -- Check for working CXX compiler: /usr/bin/c++ - skipped
[INFO] [stderr]   -- Detecting CXX compile features
[INFO] [stderr]   -- Detecting CXX compile features - done
[INFO] [stderr]   -- Configuring done (1.2s)
[INFO] [stderr]   -- Generating done (0.0s)
[INFO] [stderr]   -- Build files have been written to: /opt/rustwide/target/release/build/wasm-embedded-rt-wasm3-8f6d0bdd7db0d28f/out/build
[INFO] [stderr]   [  6%] Creating directories for 'wasm3'
[INFO] [stderr]   [ 13%] Performing download step (git clone) for 'wasm3'
[INFO] [stderr] 
[INFO] [stderr]   --- stderr
[INFO] [stderr]   error: 'rustfmt' is not installed for the toolchain '1.99.0-beta.8-x86_64-unknown-linux-gnu'.
[INFO] [stderr]   help: run `rustup component add --toolchain 1.99.0-beta.8-x86_64-unknown-linux-gnu rustfmt` to install it
[INFO] [stderr]   Failed to run rustfmt: Internal rustfmt error (non-fatal, continuing)
[INFO] [stderr]   running: cd "/opt/rustwide/target/release/build/wasm-embedded-rt-wasm3-8f6d0bdd7db0d28f/out/build" && CMAKE_PREFIX_PATH="" LC_ALL="C" "cmake" "/opt/rustwide/workdir/./" "-B" "/opt/rustwide/target/release/build/wasm-embedded-rt-wasm3-8f6d0bdd7db0d28f/out/build" "-DWASME_BUILD_WASM3=ON" "-DWASME_SPEC_DIR=/opt/rustwide/cargo-home/registry/src/index.crates.io-1949cf8c6b5b557f/wasm-embedded-spec-0.4.0" "-DCMAKE_INSTALL_PREFIX=/opt/rustwide/target/release/build/wasm-embedded-rt-wasm3-8f6d0bdd7db0d28f/out" "-DCMAKE_C_FLAGS= -ffunction-sections -fdata-sections -fPIC -m64 -w" "-DCMAKE_C_COMPILER=/usr/bin/cc" "-DCMAKE_CXX_FLAGS= -ffunction-sections -fdata-sections -fPIC -m64 -w" "-DCMAKE_CXX_COMPILER=/usr/bin/c++" "-DCMAKE_ASM_FLAGS= -ffunction-sections -fdata-sections -fPIC -m64 -w" "-DCMAKE_ASM_COMPILER=/usr/bin/cc" "-DCMAKE_BUILD_TYPE=Release"
[INFO] [stderr]   WASI ENABLED
[INFO] [stderr]   WASM3 BUILD ENABLED
[INFO] [stderr]   Using embedded-wasm/spec from: /opt/rustwide/cargo-home/registry/src/index.crates.io-1949cf8c6b5b557f/wasm-embedded-spec-0.4.0
[INFO] [stderr]   CMake Warning:
[INFO] [stderr]     Manually-specified variables were not used by the project:
[INFO] [stderr] 
[INFO] [stderr]       CMAKE_ASM_COMPILER
[INFO] [stderr]       CMAKE_ASM_FLAGS
[INFO] [stderr] 
[INFO] [stderr] 
[INFO] [stderr]   running: cd "/opt/rustwide/target/release/build/wasm-embedded-rt-wasm3-8f6d0bdd7db0d28f/out/build" && LC_ALL="C" MAKEFLAGS="-j --jobserver-fds=4,5 --jobserver-auth=4,5" "cmake" "--build" "/opt/rustwide/target/release/build/wasm-embedded-rt-wasm3-8f6d0bdd7db0d28f/out/build" "--target" "install" "--config" "Release"
[INFO] [stderr]   Cloning into 'wasm3'...
[INFO] [stderr]   fatal: unable to access 'https://github.com/ryankurte/wasm3.git/': Could not resolve host: github.com
[INFO] [stderr]   Cloning into 'wasm3'...
[INFO] [stderr]   fatal: unable to access 'https://github.com/ryankurte/wasm3.git/': Could not resolve host: github.com
[INFO] [stderr]   Cloning into 'wasm3'...
[INFO] [stderr]   fatal: unable to access 'https://github.com/ryankurte/wasm3.git/': Could not resolve host: github.com
[INFO] [stderr]   Had to git clone more than once: 3 times.
[INFO] [stderr]   CMake Error at /opt/rustwide/target/release/build/wasm-embedded-rt-wasm3-8f6d0bdd7db0d28f/out/build/wasm3-prefix/tmp/wasm3-gitclone.cmake:50 (message):
[INFO] [stderr]     Failed to clone repository: 'https://github.com/ryankurte/wasm3.git'
[INFO] [stderr] 
[INFO] [stderr] 
[INFO] [stderr]   gmake[2]: *** [CMakeFiles/wasm3.dir/build.make:98: wasm3-prefix/src/wasm3-stamp/wasm3-download] Error 1
[INFO] [stderr]   gmake[1]: *** [CMakeFiles/Makefile2:90: CMakeFiles/wasm3.dir/all] Error 2
[INFO] [stderr]   gmake: *** [Makefile:136: all] Error 2
[INFO] [stderr] 
[INFO] [stderr]   thread 'main' (760) panicked at /opt/rustwide/cargo-home/registry/src/index.crates.io-1949cf8c6b5b557f/cmake-0.1.58/src/lib.rs:1132:5:
[INFO] [stderr] 
[INFO] [stderr]   command did not execute successfully, got: exit status: 2
[INFO] [stderr] 
[INFO] [stderr]   build script failed, must exit now
[INFO] [stderr]   stack backtrace:
[INFO] [stderr]      0:     0x58f202a0b251 - <<std[70759c8f55707aa4]::sys::backtrace::BacktraceLock>::print::DisplayBacktrace as core[df12db4294e9bfd3]::fmt::Display>::fmt
[INFO] [stderr]      1:     0x58f202a2329a - core[df12db4294e9bfd3]::fmt::write
[INFO] [stderr]      2:     0x58f202a1186c - <std[70759c8f55707aa4]::sys::stdio::unix::Stderr as core[df12db4294e9bfd3]::io::write::Write>::write_fmt
[INFO] [stderr]      3:     0x58f2029e4a56 - std[70759c8f55707aa4]::panicking::default_hook::{closure#0}
[INFO] [stderr]      4:     0x58f202a02c81 - std[70759c8f55707aa4]::panicking::default_hook
[INFO] [stderr]      5:     0x58f202a02fab - std[70759c8f55707aa4]::panicking::panic_with_hook
[INFO] [stderr]      6:     0x58f2029e4b02 - std[70759c8f55707aa4]::panicking::panic_handler::{closure#0}
[INFO] [stderr]      7:     0x58f2029dd699 - std[70759c8f55707aa4]::sys::backtrace::__rust_end_short_backtrace::<std[70759c8f55707aa4]::panicking::panic_handler::{closure#0}, !>
[INFO] [stderr]      8:     0x58f2029e56ed - __rustc[8fa7c3cbc660c2b3]::rust_begin_unwind
[INFO] [stderr]      9:     0x58f202a23abc - core[df12db4294e9bfd3]::panicking::panic_fmt
[INFO] [stderr]     10:     0x58f202956d57 - cmake[7e771a39bb3c34a8]::fail
[INFO] [stderr]     11:     0x58f2029569e3 - cmake[7e771a39bb3c34a8]::run
[INFO] [stderr]     12:     0x58f20295c9b5 - <cmake[7e771a39bb3c34a8]::Config>::build
[INFO] [stderr]     13:     0x58f2024f23e7 - build_script_build[80d0c60184e55f04]::main
[INFO] [stderr]     14:     0x58f2024f3593 - <fn() as core[df12db4294e9bfd3]::ops::function::FnOnce<()>>::call_once
[INFO] [stderr]     15:     0x58f2024f1356 - std[70759c8f55707aa4]::sys::backtrace::__rust_begin_short_backtrace::<fn(), ()>
[INFO] [stderr]     16:     0x58f2024f1369 - std[70759c8f55707aa4]::rt::lang_start::<()>::{closure#0}
[INFO] [stderr]     17:     0x58f202a01969 - std[70759c8f55707aa4]::rt::lang_start_internal
[INFO] [stderr]     18:     0x58f2024f0dc1 - std[70759c8f55707aa4]::rt::lang_start::<()>
[INFO] [stderr]     19:     0x58f2024f3725 - main
[INFO] [stderr]     20:     0x7d05abe43601 - <unknown>
[INFO] [stderr]     21:     0x7d05abe43718 - __libc_start_main
[INFO] [stderr]     22:     0x58f2024ef4f5 - _start
[INFO] [stderr]     23:                0x0 - <unknown>
[INFO] running `Command { std: "docker" "inspect" "a47e7f4203448a2ec418ee5ac187952ce9d8f0b621f9e369b015294408fc808d", kill_on_drop: false }`
[INFO] running `Command { std: "docker" "rm" "-f" "a47e7f4203448a2ec418ee5ac187952ce9d8f0b621f9e369b015294408fc808d", kill_on_drop: false }`
[INFO] [stdout] a47e7f4203448a2ec418ee5ac187952ce9d8f0b621f9e369b015294408fc808d
