[INFO] fetching crate wasm-bus-webgl 1.0.3...
[INFO] testing wasm-bus-webgl-1.0.3 against 1.99.0-beta.8+cargoflags=--release for beta-release-1.100-2
[INFO] extracting crate wasm-bus-webgl 1.0.3 into /workspace/builds/worker-6-tc1/source
[INFO] started tweaking crates.io crate wasm-bus-webgl 1.0.3
[INFO] finished tweaking crates.io crate wasm-bus-webgl 1.0.3
[INFO] tweaked toml for crates.io crate wasm-bus-webgl 1.0.3 written to /workspace/builds/worker-6-tc1/source/Cargo.toml
[INFO] validating manifest of crates.io crate wasm-bus-webgl 1.0.3 on toolchain 1.99.0-beta.8
[INFO] running `Command { std: CARGO_HOME="/workspace/cargo-home" RUSTUP_HOME="/workspace/rustup-home" "/workspace/cargo-home/bin/cargo" "+1.99.0-beta.8" "metadata" "--manifest-path" "Cargo.toml" "--no-deps", kill_on_drop: false }`
[INFO] crate crates.io crate wasm-bus-webgl 1.0.3 already has a lockfile, it will not be regenerated
[INFO] running `Command { std: CARGO_HOME="/workspace/cargo-home" RUSTUP_HOME="/workspace/rustup-home" "/workspace/cargo-home/bin/cargo" "+1.99.0-beta.8" "fetch" "--manifest-path" "Cargo.toml", kill_on_drop: false }`
[INFO] [stderr] warning: Cargo.toml: `default_features` is deprecated in favor of `default-features` and will not work in the 2024 edition
[INFO] [stderr] (in the `wasm-bus` dependency)
[INFO] [stderr] warning: `wasm-bus-webgl` (manifest) generated 1 warning
[INFO] [stderr]     Updating crates.io index
[INFO] [stderr]  Downloading crates ...
[INFO] [stderr]   Downloaded wasm-bus-types v1.0.0
[INFO] [stderr]   Downloaded wasm-bus-macros v1.1.0
[INFO] [stderr]   Downloaded wasm-bus v1.1.0
[INFO] [stderr]   Downloaded quote v1.0.17
[INFO] [stderr]   Downloaded tokio-macros v1.7.0
[INFO] [stderr]   Downloaded cooked-waker v5.0.0
[INFO] [stderr]   Downloaded itoa v1.0.1
[INFO] [stderr]   Downloaded async-trait v0.1.53
[INFO] [stderr]   Downloaded tracing-attributes v0.1.20
[INFO] [stderr]   Downloaded ryu v1.0.9
[INFO] [stderr]   Downloaded once_cell v1.10.0
[INFO] [stderr]   Downloaded syn v1.0.89
[INFO] [stderr]   Downloaded proc-macro2 v1.0.36
[INFO] [stderr]   Downloaded log v0.4.16
[INFO] [stderr]   Downloaded tracing-core v0.1.23
[INFO] [stderr]   Downloaded serde_derive v1.0.136
[INFO] [stderr]   Downloaded base64 v0.13.0
[INFO] [stderr]   Downloaded serde v1.0.136
[INFO] [stderr]   Downloaded tracing v0.1.32
[INFO] [stderr]   Downloaded pin-project-lite v0.2.8
[INFO] [stderr]   Downloaded serde_json v1.0.79
[INFO] [stderr]   Downloaded tokio v1.17.0
[INFO] [stderr]   Downloaded unicode-xid v0.2.2
[INFO] running `Command { std: "docker" "create" "-v" "/var/lib/crater-agent-workspace/builds/worker-6-tc1/source:/opt/rustwide/workdir:ro,Z" "-v" "/var/lib/crater-agent-workspace/builds/worker-6-tc1/target:/opt/rustwide/target:rw,Z" "-v" "/var/lib/crater-agent-workspace/cargo-home:/opt/rustwide/cargo-home:ro,Z" "-v" "/var/lib/crater-agent-workspace/rustup-home:/opt/rustwide/rustup-home:ro,Z" "-m" "1610612736" "--network" "none" "ghcr.io/rust-lang/crates-build-env/linux@sha256:77db811e55d90add9212f6832c23229e3de5f1c1f9905e8cb07319ea15df73ac" "sleep" "infinity", kill_on_drop: false }`
[INFO] [stdout] e492451cb5aef73b3590d387e687cfccbde7a84a67f01eb3fb45b418350343d1
[INFO] running `Command { std: "docker" "start" "e492451cb5aef73b3590d387e687cfccbde7a84a67f01eb3fb45b418350343d1", kill_on_drop: false }`
[INFO] running `Command { std: "docker" "inspect" "e492451cb5aef73b3590d387e687cfccbde7a84a67f01eb3fb45b418350343d1", kill_on_drop: false }`
[INFO] running `Command { std: "docker" "exec" "-e" "SOURCE_DIR=/opt/rustwide/workdir" "-e" "CARGO_HOME=/opt/rustwide/cargo-home" "-e" "RUSTUP_HOME=/opt/rustwide/rustup-home" "-e" "CARGO_TARGET_DIR=/opt/rustwide/target" "-w" "/opt/rustwide/workdir" "--user" "0:0" "e492451cb5aef73b3590d387e687cfccbde7a84a67f01eb3fb45b418350343d1" "/opt/rustwide/cargo-home/bin/cargo" "+1.99.0-beta.8" "metadata" "--no-deps" "--format-version=1", kill_on_drop: false }`
[INFO] running `Command { std: "docker" "inspect" "e492451cb5aef73b3590d387e687cfccbde7a84a67f01eb3fb45b418350343d1", kill_on_drop: false }`
[INFO] running `Command { std: "docker" "exec" "-e" "SOURCE_DIR=/opt/rustwide/workdir" "-e" "CARGO_HOME=/opt/rustwide/cargo-home" "-e" "RUSTUP_HOME=/opt/rustwide/rustup-home" "-e" "CARGO_TARGET_DIR=/opt/rustwide/target" "-e" "CARGO_INCREMENTAL=0" "-e" "RUST_BACKTRACE=full" "-e" "RUSTFLAGS=--cap-lints=warn" "-e" "RUSTDOCFLAGS=--cap-lints=warn" "-w" "/opt/rustwide/workdir" "--user" "0:0" "e492451cb5aef73b3590d387e687cfccbde7a84a67f01eb3fb45b418350343d1" "/opt/rustwide/cargo-home/bin/cargo" "+1.99.0-beta.8" "build" "--frozen" "--message-format=json" "--release", kill_on_drop: false }`
[INFO] [stderr] warning: Cargo.toml: `default_features` is deprecated in favor of `default-features` and will not work in the 2024 edition
[INFO] [stderr] (in the `wasm-bus` dependency)
[INFO] [stderr] warning: `wasm-bus-webgl` (manifest) generated 1 warning
[INFO] [stderr]    Compiling proc-macro2 v1.0.36
[INFO] [stderr]    Compiling unicode-xid v0.2.2
[INFO] [stderr]    Compiling syn v1.0.89
[INFO] [stderr]    Compiling serde_derive v1.0.136
[INFO] [stderr]    Compiling serde v1.0.136
[INFO] [stderr]    Compiling log v0.4.16
[INFO] [stderr]    Compiling lazy_static v1.4.0
[INFO] [stderr]    Compiling serde_json v1.0.79
[INFO] [stderr]    Compiling cfg-if v1.0.0
[INFO] [stderr]    Compiling pin-project-lite v0.2.8
[INFO] [stderr]    Compiling itoa v1.0.1
[INFO] [stderr]    Compiling async-trait v0.1.53
[INFO] [stderr]    Compiling convert_case v0.5.0
[INFO] [stderr]    Compiling wasm-bus-types v1.0.0
[INFO] [stderr]    Compiling ryu v1.0.9
[INFO] [stderr]    Compiling once_cell v1.10.0
[INFO] [stderr]    Compiling cooked-waker v5.0.0
[INFO] [stderr]    Compiling base64 v0.13.0
[INFO] [stderr]    Compiling tracing-core v0.1.23
[INFO] [stderr]    Compiling quote v1.0.17
[INFO] [stderr]    Compiling tokio-macros v1.7.0
[INFO] [stderr]    Compiling tracing-attributes v0.1.20
[INFO] [stderr]    Compiling derivative v2.2.0
[INFO] [stderr]    Compiling tokio v1.17.0
[INFO] [stderr]    Compiling tracing v0.1.32
[INFO] [stderr]    Compiling wasm-bus-macros v1.1.0
[INFO] [stderr]    Compiling bincode v1.3.3
[INFO] [stderr]    Compiling wasm-bus v1.1.0
[INFO] [stderr]    Compiling wasm-bus-webgl v1.0.3 (/opt/rustwide/workdir)
[INFO] [stdout] warning: this function depends on never type fallback being `()`
[INFO] [stdout]  --> src/api/mod.rs:8:1
[INFO] [stdout]   |
[INFO] [stdout] 8 | #[wasm_bus(format = "bincode")]
[INFO] [stdout]   | ^^^^^^^^^^^^^^^^^^^^^^^^^^^^^^^
[INFO] [stdout]   |
[INFO] [stdout]   = help: specify the types explicitly
[INFO] [stdout] note: in edition 2024, the requirement `for<'de> !: api::_::_serde::Deserialize<'de>` will fail
[INFO] [stdout]  --> src/api/mod.rs:8:1
[INFO] [stdout]   |
[INFO] [stdout] 8 | #[wasm_bus(format = "bincode")]
[INFO] [stdout]   | ^^^^^^^^^^^^^^^^^^^^^^^^^^^^^^^
[INFO] [stdout]   = warning: this was previously accepted by the compiler but is being phased out; it will become a hard error in Rust 2024 and in a future release in all editions!
[INFO] [stdout]   = note: for more information, see <https://doc.rust-lang.org/edition-guide/rust-2024/never-type-fallback.html>
[INFO] [stdout]   = note: `#[warn(dependency_on_unit_never_type_fallback)]` (part of `#[warn(rust_2024_compatibility)]`) on by default
[INFO] [stdout]   = note: this warning originates in the attribute macro `wasm_bus` (in Nightly builds, run with -Z macro-backtrace for more info)
[INFO] [stdout] 
[INFO] [stdout] 
[INFO] [stdout] warning: this function depends on never type fallback being `()`
[INFO] [stdout]   --> src/api/mod.rs:13:1
[INFO] [stdout]    |
[INFO] [stdout] 13 | #[wasm_bus(format = "bincode")]
[INFO] [stdout]    | ^^^^^^^^^^^^^^^^^^^^^^^^^^^^^^^
[INFO] [stdout]    |
[INFO] [stdout]    = help: specify the types explicitly
[INFO] [stdout] note: in edition 2024, the requirement `for<'de> !: api::_::_serde::Deserialize<'de>` will fail
[INFO] [stdout]   --> src/api/mod.rs:13:1
[INFO] [stdout]    |
[INFO] [stdout] 13 | #[wasm_bus(format = "bincode")]
[INFO] [stdout]    | ^^^^^^^^^^^^^^^^^^^^^^^^^^^^^^^
[INFO] [stdout]    = warning: this was previously accepted by the compiler but is being phased out; it will become a hard error in Rust 2024 and in a future release in all editions!
[INFO] [stdout]    = note: for more information, see <https://doc.rust-lang.org/edition-guide/rust-2024/never-type-fallback.html>
[INFO] [stdout]    = note: this warning originates in the attribute macro `wasm_bus` (in Nightly builds, run with -Z macro-backtrace for more info)
[INFO] [stdout] 
[INFO] [stdout] 
[INFO] [stdout] warning: this function depends on never type fallback being `()`
[INFO] [stdout]   --> src/api/mod.rs:26:1
[INFO] [stdout]    |
[INFO] [stdout] 26 | #[wasm_bus(format = "bincode")]
[INFO] [stdout]    | ^^^^^^^^^^^^^^^^^^^^^^^^^^^^^^^
[INFO] [stdout]    |
[INFO] [stdout]    = help: specify the types explicitly
[INFO] [stdout] note: in edition 2024, the requirement `for<'de> !: api::_::_serde::Deserialize<'de>` will fail
[INFO] [stdout]   --> src/api/mod.rs:26:1
[INFO] [stdout]    |
[INFO] [stdout] 26 | #[wasm_bus(format = "bincode")]
[INFO] [stdout]    | ^^^^^^^^^^^^^^^^^^^^^^^^^^^^^^^
[INFO] [stdout]    = warning: this was previously accepted by the compiler but is being phased out; it will become a hard error in Rust 2024 and in a future release in all editions!
[INFO] [stdout]    = note: for more information, see <https://doc.rust-lang.org/edition-guide/rust-2024/never-type-fallback.html>
[INFO] [stdout]    = note: this warning originates in the attribute macro `wasm_bus` (in Nightly builds, run with -Z macro-backtrace for more info)
[INFO] [stdout] 
[INFO] [stdout] 
[INFO] [stdout] warning: this function depends on never type fallback being `()`
[INFO] [stdout]   --> src/api/mod.rs:31:1
[INFO] [stdout]    |
[INFO] [stdout] 31 | #[wasm_bus(format = "bincode")]
[INFO] [stdout]    | ^^^^^^^^^^^^^^^^^^^^^^^^^^^^^^^
[INFO] [stdout]    |
[INFO] [stdout]    = help: specify the types explicitly
[INFO] [stdout] note: in edition 2024, the requirement `for<'de> !: api::_::_serde::Deserialize<'de>` will fail
[INFO] [stdout]   --> src/api/mod.rs:31:1
[INFO] [stdout]    |
[INFO] [stdout] 31 | #[wasm_bus(format = "bincode")]
[INFO] [stdout]    | ^^^^^^^^^^^^^^^^^^^^^^^^^^^^^^^
[INFO] [stdout]    = warning: this was previously accepted by the compiler but is being phased out; it will become a hard error in Rust 2024 and in a future release in all editions!
[INFO] [stdout]    = note: for more information, see <https://doc.rust-lang.org/edition-guide/rust-2024/never-type-fallback.html>
[INFO] [stdout]    = note: this warning originates in the attribute macro `wasm_bus` (in Nightly builds, run with -Z macro-backtrace for more info)
[INFO] [stdout] 
[INFO] [stdout] 
[INFO] [stdout] warning: this function depends on never type fallback being `()`
[INFO] [stdout]   --> src/api/mod.rs:42:1
[INFO] [stdout]    |
[INFO] [stdout] 42 | #[wasm_bus(format = "bincode")]
[INFO] [stdout]    | ^^^^^^^^^^^^^^^^^^^^^^^^^^^^^^^
[INFO] [stdout]    |
[INFO] [stdout]    = help: specify the types explicitly
[INFO] [stdout] note: in edition 2024, the requirement `for<'de> !: api::_::_serde::Deserialize<'de>` will fail
[INFO] [stdout]   --> src/api/mod.rs:42:1
[INFO] [stdout]    |
[INFO] [stdout] 42 | #[wasm_bus(format = "bincode")]
[INFO] [stdout]    | ^^^^^^^^^^^^^^^^^^^^^^^^^^^^^^^
[INFO] [stdout]    = warning: this was previously accepted by the compiler but is being phased out; it will become a hard error in Rust 2024 and in a future release in all editions!
[INFO] [stdout]    = note: for more information, see <https://doc.rust-lang.org/edition-guide/rust-2024/never-type-fallback.html>
[INFO] [stdout]    = note: this warning originates in the attribute macro `wasm_bus` (in Nightly builds, run with -Z macro-backtrace for more info)
[INFO] [stdout] 
[INFO] [stdout] 
[INFO] [stdout] warning: this function depends on never type fallback being `()`
[INFO] [stdout]    --> src/api/mod.rs:109:1
[INFO] [stdout]     |
[INFO] [stdout] 109 | #[wasm_bus(format = "bincode")]
[INFO] [stdout]     | ^^^^^^^^^^^^^^^^^^^^^^^^^^^^^^^
[INFO] [stdout]     |
[INFO] [stdout]     = help: specify the types explicitly
[INFO] [stdout] note: in edition 2024, the requirement `for<'de> !: api::_::_serde::Deserialize<'de>` will fail
[INFO] [stdout]    --> src/api/mod.rs:109:1
[INFO] [stdout]     |
[INFO] [stdout] 109 | #[wasm_bus(format = "bincode")]
[INFO] [stdout]     | ^^^^^^^^^^^^^^^^^^^^^^^^^^^^^^^
[INFO] [stdout]     = warning: this was previously accepted by the compiler but is being phased out; it will become a hard error in Rust 2024 and in a future release in all editions!
[INFO] [stdout]     = note: for more information, see <https://doc.rust-lang.org/edition-guide/rust-2024/never-type-fallback.html>
[INFO] [stdout]     = note: this warning originates in the attribute macro `wasm_bus` (in Nightly builds, run with -Z macro-backtrace for more info)
[INFO] [stdout] 
[INFO] [stdout] 
[INFO] [stdout] warning: this function depends on never type fallback being `()`
[INFO] [stdout]    --> src/api/mod.rs:114:1
[INFO] [stdout]     |
[INFO] [stdout] 114 | #[wasm_bus(format = "bincode")]
[INFO] [stdout]     | ^^^^^^^^^^^^^^^^^^^^^^^^^^^^^^^
[INFO] [stdout]     |
[INFO] [stdout]     = help: specify the types explicitly
[INFO] [stdout] note: in edition 2024, the requirement `for<'de> !: api::_::_serde::Deserialize<'de>` will fail
[INFO] [stdout]    --> src/api/mod.rs:114:1
[INFO] [stdout]     |
[INFO] [stdout] 114 | #[wasm_bus(format = "bincode")]
[INFO] [stdout]     | ^^^^^^^^^^^^^^^^^^^^^^^^^^^^^^^
[INFO] [stdout]     = warning: this was previously accepted by the compiler but is being phased out; it will become a hard error in Rust 2024 and in a future release in all editions!
[INFO] [stdout]     = note: for more information, see <https://doc.rust-lang.org/edition-guide/rust-2024/never-type-fallback.html>
[INFO] [stdout]     = note: this warning originates in the attribute macro `wasm_bus` (in Nightly builds, run with -Z macro-backtrace for more info)
[INFO] [stdout] 
[INFO] [stdout] 
[INFO] [stdout] warning: this function depends on never type fallback being `()`
[INFO] [stdout]    --> src/api/mod.rs:129:1
[INFO] [stdout]     |
[INFO] [stdout] 129 | #[wasm_bus(format = "bincode")]
[INFO] [stdout]     | ^^^^^^^^^^^^^^^^^^^^^^^^^^^^^^^
[INFO] [stdout]     |
[INFO] [stdout]     = help: specify the types explicitly
[INFO] [stdout] note: in edition 2024, the requirement `for<'de> !: api::_::_serde::Deserialize<'de>` will fail
[INFO] [stdout]    --> src/api/mod.rs:129:1
[INFO] [stdout]     |
[INFO] [stdout] 129 | #[wasm_bus(format = "bincode")]
[INFO] [stdout]     | ^^^^^^^^^^^^^^^^^^^^^^^^^^^^^^^
[INFO] [stdout]     = warning: this was previously accepted by the compiler but is being phased out; it will become a hard error in Rust 2024 and in a future release in all editions!
[INFO] [stdout]     = note: for more information, see <https://doc.rust-lang.org/edition-guide/rust-2024/never-type-fallback.html>
[INFO] [stdout]     = note: this warning originates in the attribute macro `wasm_bus` (in Nightly builds, run with -Z macro-backtrace for more info)
[INFO] [stdout] 
[INFO] [stdout] 
[INFO] [stdout] warning: this function depends on never type fallback being `()`
[INFO] [stdout]    --> src/api/mod.rs:133:1
[INFO] [stdout]     |
[INFO] [stdout] 133 | #[wasm_bus(format = "bincode")]
[INFO] [stdout]     | ^^^^^^^^^^^^^^^^^^^^^^^^^^^^^^^
[INFO] [stdout]     |
[INFO] [stdout]     = help: specify the types explicitly
[INFO] [stdout] note: in edition 2024, the requirement `for<'de> !: api::_::_serde::Deserialize<'de>` will fail
[INFO] [stdout]    --> src/api/mod.rs:133:1
[INFO] [stdout]     |
[INFO] [stdout] 133 | #[wasm_bus(format = "bincode")]
[INFO] [stdout]     | ^^^^^^^^^^^^^^^^^^^^^^^^^^^^^^^
[INFO] [stdout]     = warning: this was previously accepted by the compiler but is being phased out; it will become a hard error in Rust 2024 and in a future release in all editions!
[INFO] [stdout]     = note: for more information, see <https://doc.rust-lang.org/edition-guide/rust-2024/never-type-fallback.html>
[INFO] [stdout]     = note: this warning originates in the attribute macro `wasm_bus` (in Nightly builds, run with -Z macro-backtrace for more info)
[INFO] [stdout] 
[INFO] [stdout] 
[INFO] [stdout] warning: this function depends on never type fallback being `()`
[INFO] [stdout]    --> src/api/mod.rs:142:1
[INFO] [stdout]     |
[INFO] [stdout] 142 | #[wasm_bus(format = "bincode")]
[INFO] [stdout]     | ^^^^^^^^^^^^^^^^^^^^^^^^^^^^^^^
[INFO] [stdout]     |
[INFO] [stdout]     = help: specify the types explicitly
[INFO] [stdout] note: in edition 2024, the requirement `for<'de> !: api::_::_serde::Deserialize<'de>` will fail
[INFO] [stdout]    --> src/api/mod.rs:142:1
[INFO] [stdout]     |
[INFO] [stdout] 142 | #[wasm_bus(format = "bincode")]
[INFO] [stdout]     | ^^^^^^^^^^^^^^^^^^^^^^^^^^^^^^^
[INFO] [stdout]     = warning: this was previously accepted by the compiler but is being phased out; it will become a hard error in Rust 2024 and in a future release in all editions!
[INFO] [stdout]     = note: for more information, see <https://doc.rust-lang.org/edition-guide/rust-2024/never-type-fallback.html>
[INFO] [stdout]     = note: this warning originates in the attribute macro `wasm_bus` (in Nightly builds, run with -Z macro-backtrace for more info)
[INFO] [stdout] 
[INFO] [stdout] 
[INFO] [stdout] warning: this function depends on never type fallback being `()`
[INFO] [stdout]    --> src/api/mod.rs:149:1
[INFO] [stdout]     |
[INFO] [stdout] 149 | #[wasm_bus(format = "bincode")]
[INFO] [stdout]     | ^^^^^^^^^^^^^^^^^^^^^^^^^^^^^^^
[INFO] [stdout]     |
[INFO] [stdout]     = help: specify the types explicitly
[INFO] [stdout] note: in edition 2024, the requirement `for<'de> !: api::_::_serde::Deserialize<'de>` will fail
[INFO] [stdout]    --> src/api/mod.rs:149:1
[INFO] [stdout]     |
[INFO] [stdout] 149 | #[wasm_bus(format = "bincode")]
[INFO] [stdout]     | ^^^^^^^^^^^^^^^^^^^^^^^^^^^^^^^
[INFO] [stdout]     = warning: this was previously accepted by the compiler but is being phased out; it will become a hard error in Rust 2024 and in a future release in all editions!
[INFO] [stdout]     = note: for more information, see <https://doc.rust-lang.org/edition-guide/rust-2024/never-type-fallback.html>
[INFO] [stdout]     = note: this warning originates in the attribute macro `wasm_bus` (in Nightly builds, run with -Z macro-backtrace for more info)
[INFO] [stdout] 
[INFO] [stdout] 
[INFO] [stdout] warning: this function depends on never type fallback being `()`
[INFO] [stdout]    --> src/api/mod.rs:168:1
[INFO] [stdout]     |
[INFO] [stdout] 168 | #[wasm_bus(format = "bincode")]
[INFO] [stdout]     | ^^^^^^^^^^^^^^^^^^^^^^^^^^^^^^^
[INFO] [stdout]     |
[INFO] [stdout]     = help: specify the types explicitly
[INFO] [stdout] note: in edition 2024, the requirement `for<'de> !: api::_::_serde::Deserialize<'de>` will fail
[INFO] [stdout]    --> src/api/mod.rs:168:1
[INFO] [stdout]     |
[INFO] [stdout] 168 | #[wasm_bus(format = "bincode")]
[INFO] [stdout]     | ^^^^^^^^^^^^^^^^^^^^^^^^^^^^^^^
[INFO] [stdout]     = warning: this was previously accepted by the compiler but is being phased out; it will become a hard error in Rust 2024 and in a future release in all editions!
[INFO] [stdout]     = note: for more information, see <https://doc.rust-lang.org/edition-guide/rust-2024/never-type-fallback.html>
[INFO] [stdout]     = note: this warning originates in the attribute macro `wasm_bus` (in Nightly builds, run with -Z macro-backtrace for more info)
[INFO] [stdout] 
[INFO] [stdout] 
[INFO] [stderr]     Finished `release` profile [optimized] target(s) in 32.63s
[INFO] [stderr] warning: the following packages contain code that will be rejected by a future version of Rust: wasm-bus-webgl v1.0.3 (/opt/rustwide/workdir)
[INFO] [stderr] note: to see what the problems were, use the option `--future-incompat-report`, or run `cargo report future-incompatibilities --id 1`
[INFO] running `Command { std: "docker" "inspect" "e492451cb5aef73b3590d387e687cfccbde7a84a67f01eb3fb45b418350343d1", kill_on_drop: false }`
[INFO] running `Command { std: "docker" "exec" "-e" "SOURCE_DIR=/opt/rustwide/workdir" "-e" "CARGO_HOME=/opt/rustwide/cargo-home" "-e" "RUSTUP_HOME=/opt/rustwide/rustup-home" "-e" "CARGO_TARGET_DIR=/opt/rustwide/target" "-e" "CARGO_INCREMENTAL=0" "-e" "RUST_BACKTRACE=full" "-e" "RUSTFLAGS=--cap-lints=warn" "-e" "RUSTDOCFLAGS=--cap-lints=warn" "-w" "/opt/rustwide/workdir" "--user" "0:0" "e492451cb5aef73b3590d387e687cfccbde7a84a67f01eb3fb45b418350343d1" "/opt/rustwide/cargo-home/bin/cargo" "+1.99.0-beta.8" "test" "--frozen" "--no-run" "--message-format=json" "--release", kill_on_drop: false }`
[INFO] [stderr] warning: Cargo.toml: `default_features` is deprecated in favor of `default-features` and will not work in the 2024 edition
[INFO] [stderr] (in the `wasm-bus` dependency)
[INFO] [stderr] warning: `wasm-bus-webgl` (manifest) generated 1 warning
[INFO] [stdout] warning: this function depends on never type fallback being `()`
[INFO] [stdout]  --> src/api/mod.rs:8:1
[INFO] [stdout]   |
[INFO] [stdout] 8 | #[wasm_bus(format = "bincode")]
[INFO] [stdout]   | ^^^^^^^^^^^^^^^^^^^^^^^^^^^^^^^
[INFO] [stdout]   |
[INFO] [stdout]   = help: specify the types explicitly
[INFO] [stdout] note: in edition 2024, the requirement `for<'de> !: api::_::_serde::Deserialize<'de>` will fail
[INFO] [stdout]  --> src/api/mod.rs:8:1
[INFO] [stdout]   |
[INFO] [stdout] 8 | #[wasm_bus(format = "bincode")]
[INFO] [stdout]   | ^^^^^^^^^^^^^^^^^^^^^^^^^^^^^^^
[INFO] [stdout]   = warning: this was previously accepted by the compiler but is being phased out; it will become a hard error in Rust 2024 and in a future release in all editions!
[INFO] [stdout]   = note: for more information, see <https://doc.rust-lang.org/edition-guide/rust-2024/never-type-fallback.html>
[INFO] [stdout]   = note: `#[warn(dependency_on_unit_never_type_fallback)]` (part of `#[warn(rust_2024_compatibility)]`) on by default
[INFO] [stdout]   = note: this warning originates in the attribute macro `wasm_bus` (in Nightly builds, run with -Z macro-backtrace for more info)
[INFO] [stdout] 
[INFO] [stdout] 
[INFO] [stdout] warning: this function depends on never type fallback being `()`
[INFO] [stdout]   --> src/api/mod.rs:13:1
[INFO] [stdout]    |
[INFO] [stdout] 13 | #[wasm_bus(format = "bincode")]
[INFO] [stdout]    | ^^^^^^^^^^^^^^^^^^^^^^^^^^^^^^^
[INFO] [stdout]    |
[INFO] [stdout]    = help: specify the types explicitly
[INFO] [stdout] note: in edition 2024, the requirement `for<'de> !: api::_::_serde::Deserialize<'de>` will fail
[INFO] [stdout]   --> src/api/mod.rs:13:1
[INFO] [stdout]    |
[INFO] [stdout] 13 | #[wasm_bus(format = "bincode")]
[INFO] [stdout]    | ^^^^^^^^^^^^^^^^^^^^^^^^^^^^^^^
[INFO] [stdout]    = warning: this was previously accepted by the compiler but is being phased out; it will become a hard error in Rust 2024 and in a future release in all editions!
[INFO] [stdout]    = note: for more information, see <https://doc.rust-lang.org/edition-guide/rust-2024/never-type-fallback.html>
[INFO] [stdout]    = note: this warning originates in the attribute macro `wasm_bus` (in Nightly builds, run with -Z macro-backtrace for more info)
[INFO] [stdout] 
[INFO] [stdout] 
[INFO] [stdout] warning: this function depends on never type fallback being `()`
[INFO] [stdout]   --> src/api/mod.rs:26:1
[INFO] [stdout]    |
[INFO] [stdout] 26 | #[wasm_bus(format = "bincode")]
[INFO] [stdout]    | ^^^^^^^^^^^^^^^^^^^^^^^^^^^^^^^
[INFO] [stdout]    |
[INFO] [stdout]    = help: specify the types explicitly
[INFO] [stdout] note: in edition 2024, the requirement `for<'de> !: api::_::_serde::Deserialize<'de>` will fail
[INFO] [stdout]   --> src/api/mod.rs:26:1
[INFO] [stdout]    |
[INFO] [stdout] 26 | #[wasm_bus(format = "bincode")]
[INFO] [stdout]    | ^^^^^^^^^^^^^^^^^^^^^^^^^^^^^^^
[INFO] [stdout]    = warning: this was previously accepted by the compiler but is being phased out; it will become a hard error in Rust 2024 and in a future release in all editions!
[INFO] [stdout]    = note: for more information, see <https://doc.rust-lang.org/edition-guide/rust-2024/never-type-fallback.html>
[INFO] [stdout]    = note: this warning originates in the attribute macro `wasm_bus` (in Nightly builds, run with -Z macro-backtrace for more info)
[INFO] [stdout] 
[INFO] [stdout] 
[INFO] [stdout] warning: this function depends on never type fallback being `()`
[INFO] [stdout]   --> src/api/mod.rs:31:1
[INFO] [stdout]    |
[INFO] [stdout] 31 | #[wasm_bus(format = "bincode")]
[INFO] [stdout]    | ^^^^^^^^^^^^^^^^^^^^^^^^^^^^^^^
[INFO] [stdout]    |
[INFO] [stdout]    = help: specify the types explicitly
[INFO] [stdout] note: in edition 2024, the requirement `for<'de> !: api::_::_serde::Deserialize<'de>` will fail
[INFO] [stdout]   --> src/api/mod.rs:31:1
[INFO] [stdout]    |
[INFO] [stdout] 31 | #[wasm_bus(format = "bincode")]
[INFO] [stdout]    | ^^^^^^^^^^^^^^^^^^^^^^^^^^^^^^^
[INFO] [stdout]    = warning: this was previously accepted by the compiler but is being phased out; it will become a hard error in Rust 2024 and in a future release in all editions!
[INFO] [stdout]    = note: for more information, see <https://doc.rust-lang.org/edition-guide/rust-2024/never-type-fallback.html>
[INFO] [stdout]    = note: this warning originates in the attribute macro `wasm_bus` (in Nightly builds, run with -Z macro-backtrace for more info)
[INFO] [stdout] 
[INFO] [stdout] 
[INFO] [stdout] warning: this function depends on never type fallback being `()`
[INFO] [stdout]   --> src/api/mod.rs:42:1
[INFO] [stdout]    |
[INFO] [stdout] 42 | #[wasm_bus(format = "bincode")]
[INFO] [stdout]    | ^^^^^^^^^^^^^^^^^^^^^^^^^^^^^^^
[INFO] [stdout]    |
[INFO] [stdout]    = help: specify the types explicitly
[INFO] [stdout] note: in edition 2024, the requirement `for<'de> !: api::_::_serde::Deserialize<'de>` will fail
[INFO] [stdout]   --> src/api/mod.rs:42:1
[INFO] [stdout]    |
[INFO] [stdout] 42 | #[wasm_bus(format = "bincode")]
[INFO] [stdout]    | ^^^^^^^^^^^^^^^^^^^^^^^^^^^^^^^
[INFO] [stdout]    = warning: this was previously accepted by the compiler but is being phased out; it will become a hard error in Rust 2024 and in a future release in all editions!
[INFO] [stdout]    = note: for more information, see <https://doc.rust-lang.org/edition-guide/rust-2024/never-type-fallback.html>
[INFO] [stdout]    = note: this warning originates in the attribute macro `wasm_bus` (in Nightly builds, run with -Z macro-backtrace for more info)
[INFO] [stdout] 
[INFO] [stdout] 
[INFO] [stdout] warning: this function depends on never type fallback being `()`
[INFO] [stdout]    --> src/api/mod.rs:109:1
[INFO] [stdout]     |
[INFO] [stdout] 109 | #[wasm_bus(format = "bincode")]
[INFO] [stdout]     | ^^^^^^^^^^^^^^^^^^^^^^^^^^^^^^^
[INFO] [stdout]     |
[INFO] [stdout]     = help: specify the types explicitly
[INFO] [stdout] note: in edition 2024, the requirement `for<'de> !: api::_::_serde::Deserialize<'de>` will fail
[INFO] [stdout]    --> src/api/mod.rs:109:1
[INFO] [stdout]     |
[INFO] [stdout] 109 | #[wasm_bus(format = "bincode")]
[INFO] [stdout]     | ^^^^^^^^^^^^^^^^^^^^^^^^^^^^^^^
[INFO] [stdout]     = warning: this was previously accepted by the compiler but is being phased out; it will become a hard error in Rust 2024 and in a future release in all editions!
[INFO] [stdout]     = note: for more information, see <https://doc.rust-lang.org/edition-guide/rust-2024/never-type-fallback.html>
[INFO] [stdout]     = note: this warning originates in the attribute macro `wasm_bus` (in Nightly builds, run with -Z macro-backtrace for more info)
[INFO] [stdout] 
[INFO] [stdout] 
[INFO] [stdout] warning: this function depends on never type fallback being `()`
[INFO] [stdout]    --> src/api/mod.rs:114:1
[INFO] [stdout]     |
[INFO] [stdout] 114 | #[wasm_bus(format = "bincode")]
[INFO] [stdout]     | ^^^^^^^^^^^^^^^^^^^^^^^^^^^^^^^
[INFO] [stdout]     |
[INFO] [stdout]     = help: specify the types explicitly
[INFO] [stdout] note: in edition 2024, the requirement `for<'de> !: api::_::_serde::Deserialize<'de>` will fail
[INFO] [stdout]    --> src/api/mod.rs:114:1
[INFO] [stdout]     |
[INFO] [stdout] 114 | #[wasm_bus(format = "bincode")]
[INFO] [stdout]     | ^^^^^^^^^^^^^^^^^^^^^^^^^^^^^^^
[INFO] [stdout]     = warning: this was previously accepted by the compiler but is being phased out; it will become a hard error in Rust 2024 and in a future release in all editions!
[INFO] [stdout]     = note: for more information, see <https://doc.rust-lang.org/edition-guide/rust-2024/never-type-fallback.html>
[INFO] [stdout]     = note: this warning originates in the attribute macro `wasm_bus` (in Nightly builds, run with -Z macro-backtrace for more info)
[INFO] [stdout] 
[INFO] [stdout] 
[INFO] [stdout] warning: this function depends on never type fallback being `()`
[INFO] [stdout]    --> src/api/mod.rs:129:1
[INFO] [stdout]     |
[INFO] [stdout] 129 | #[wasm_bus(format = "bincode")]
[INFO] [stdout]     | ^^^^^^^^^^^^^^^^^^^^^^^^^^^^^^^
[INFO] [stdout]     |
[INFO] [stdout]     = help: specify the types explicitly
[INFO] [stdout] note: in edition 2024, the requirement `for<'de> !: api::_::_serde::Deserialize<'de>` will fail
[INFO] [stdout]    --> src/api/mod.rs:129:1
[INFO] [stdout]     |
[INFO] [stdout] 129 | #[wasm_bus(format = "bincode")]
[INFO] [stdout]     | ^^^^^^^^^^^^^^^^^^^^^^^^^^^^^^^
[INFO] [stdout]     = warning: this was previously accepted by the compiler but is being phased out; it will become a hard error in Rust 2024 and in a future release in all editions!
[INFO] [stdout]     = note: for more information, see <https://doc.rust-lang.org/edition-guide/rust-2024/never-type-fallback.html>
[INFO] [stdout]     = note: this warning originates in the attribute macro `wasm_bus` (in Nightly builds, run with -Z macro-backtrace for more info)
[INFO] [stdout] 
[INFO] [stdout] 
[INFO] [stdout] warning: this function depends on never type fallback being `()`
[INFO] [stdout]    --> src/api/mod.rs:133:1
[INFO] [stdout]     |
[INFO] [stdout] 133 | #[wasm_bus(format = "bincode")]
[INFO] [stdout]     | ^^^^^^^^^^^^^^^^^^^^^^^^^^^^^^^
[INFO] [stdout]     |
[INFO] [stdout]     = help: specify the types explicitly
[INFO] [stdout] note: in edition 2024, the requirement `for<'de> !: api::_::_serde::Deserialize<'de>` will fail
[INFO] [stdout]    --> src/api/mod.rs:133:1
[INFO] [stdout]     |
[INFO] [stdout] 133 | #[wasm_bus(format = "bincode")]
[INFO] [stdout]     | ^^^^^^^^^^^^^^^^^^^^^^^^^^^^^^^
[INFO] [stdout]     = warning: this was previously accepted by the compiler but is being phased out; it will become a hard error in Rust 2024 and in a future release in all editions!
[INFO] [stdout]     = note: for more information, see <https://doc.rust-lang.org/edition-guide/rust-2024/never-type-fallback.html>
[INFO] [stdout]     = note: this warning originates in the attribute macro `wasm_bus` (in Nightly builds, run with -Z macro-backtrace for more info)
[INFO] [stdout] 
[INFO] [stdout] 
[INFO] [stdout] warning: this function depends on never type fallback being `()`
[INFO] [stdout]    --> src/api/mod.rs:142:1
[INFO] [stdout]     |
[INFO] [stdout] 142 | #[wasm_bus(format = "bincode")]
[INFO] [stdout]     | ^^^^^^^^^^^^^^^^^^^^^^^^^^^^^^^
[INFO] [stdout]     |
[INFO] [stdout]     = help: specify the types explicitly
[INFO] [stdout] note: in edition 2024, the requirement `for<'de> !: api::_::_serde::Deserialize<'de>` will fail
[INFO] [stdout]    --> src/api/mod.rs:142:1
[INFO] [stdout]     |
[INFO] [stdout] 142 | #[wasm_bus(format = "bincode")]
[INFO] [stdout]     | ^^^^^^^^^^^^^^^^^^^^^^^^^^^^^^^
[INFO] [stdout]     = warning: this was previously accepted by the compiler but is being phased out; it will become a hard error in Rust 2024 and in a future release in all editions!
[INFO] [stdout]     = note: for more information, see <https://doc.rust-lang.org/edition-guide/rust-2024/never-type-fallback.html>
[INFO] [stdout]     = note: this warning originates in the attribute macro `wasm_bus` (in Nightly builds, run with -Z macro-backtrace for more info)
[INFO] [stdout] 
[INFO] [stdout] 
[INFO] [stdout] warning: this function depends on never type fallback being `()`
[INFO] [stdout]    --> src/api/mod.rs:149:1
[INFO] [stdout]     |
[INFO] [stdout] 149 | #[wasm_bus(format = "bincode")]
[INFO] [stdout]     | ^^^^^^^^^^^^^^^^^^^^^^^^^^^^^^^
[INFO] [stdout]     |
[INFO] [stdout]     = help: specify the types explicitly
[INFO] [stdout] note: in edition 2024, the requirement `for<'de> !: api::_::_serde::Deserialize<'de>` will fail
[INFO] [stdout]    --> src/api/mod.rs:149:1
[INFO] [stdout]     |
[INFO] [stdout] 149 | #[wasm_bus(format = "bincode")]
[INFO] [stdout]     | ^^^^^^^^^^^^^^^^^^^^^^^^^^^^^^^
[INFO] [stdout]     = warning: this was previously accepted by the compiler but is being phased out; it will become a hard error in Rust 2024 and in a future release in all editions!
[INFO] [stdout]     = note: for more information, see <https://doc.rust-lang.org/edition-guide/rust-2024/never-type-fallback.html>
[INFO] [stdout]     = note: this warning originates in the attribute macro `wasm_bus` (in Nightly builds, run with -Z macro-backtrace for more info)
[INFO] [stdout] 
[INFO] [stdout] 
[INFO] [stdout] warning: this function depends on never type fallback being `()`
[INFO] [stdout]    --> src/api/mod.rs:168:1
[INFO] [stdout]     |
[INFO] [stdout] 168 | #[wasm_bus(format = "bincode")]
[INFO] [stdout]     | ^^^^^^^^^^^^^^^^^^^^^^^^^^^^^^^
[INFO] [stdout]     |
[INFO] [stdout]     = help: specify the types explicitly
[INFO] [stdout] note: in edition 2024, the requirement `for<'de> !: api::_::_serde::Deserialize<'de>` will fail
[INFO] [stdout]    --> src/api/mod.rs:168:1
[INFO] [stdout]     |
[INFO] [stdout] 168 | #[wasm_bus(format = "bincode")]
[INFO] [stdout]     | ^^^^^^^^^^^^^^^^^^^^^^^^^^^^^^^
[INFO] [stdout]     = warning: this was previously accepted by the compiler but is being phased out; it will become a hard error in Rust 2024 and in a future release in all editions!
[INFO] [stdout]     = note: for more information, see <https://doc.rust-lang.org/edition-guide/rust-2024/never-type-fallback.html>
[INFO] [stdout]     = note: this warning originates in the attribute macro `wasm_bus` (in Nightly builds, run with -Z macro-backtrace for more info)
[INFO] [stdout] 
[INFO] [stdout] 
[INFO] [stderr]    Compiling wasm-bus-webgl v1.0.3 (/opt/rustwide/workdir)
[INFO] [stdout] error: linking with `cc` failed: exit status: 1
[INFO] [stdout]   |
[INFO] [stdout]   = note:  "cc" "-m64" "/opt/rustwide/target/release/examples/rustc6u8mkZ/symbols.o" "<2 object files omitted>" "-Wl,--as-needed" "-Wl,-Bstatic" "/opt/rustwide/target/release/deps/{libwasm_bus_webgl-a6d2226fdb301103,libwasm_bus-f7404164f26f4791,libserde_json-ab5590a4314ff523,libryu-17ffb69ea84478ce,libitoa-775aa4ef328e5376,libbincode-504a5296e7cf4d19,libcooked_waker-fd5e3fee1a2f00dd,libonce_cell-aee21abafa3942f4,libwasm_bus_types-bf431ac7b231b605,libtracing-0b6ba5dd8aee3a0b,libpin_project_lite-f61c297262a2a027,libtracing_core-d04b5139236816ac,liblazy_static-480433dca0d17907,liblog-e415bcecd1bd4763,libcfg_if-193575a6b29a3ab9,libserde-95123543e8dc9b8c}.rlib" "<sysroot>/lib/rustlib/x86_64-unknown-linux-gnu/lib/{libstd-*,libpanic_unwind-*,libobject-*,libmemchr-*,libaddr2line-*,libgimli-*,libcfg_if-*,librustc_demangle-*,libstd_detect-*,libhashbrown-*,librustc_std_workspace_alloc-*,libminiz_oxide-*,libadler2-*,libunwind-*,liblibc-*,librustc_std_workspace_core-*,liballoc-*,libcore-*,libcompiler_builtins-*}.rlib" "-Wl,-Bdynamic" "-lgcc_s" "-lutil" "-lrt" "-lpthread" "-lm" "-ldl" "-lc" "-L" "/opt/rustwide/target/release/examples/rustc6u8mkZ/raw-dylibs" "-B<sysroot>/lib/rustlib/x86_64-unknown-linux-gnu/bin/gcc-ld" "-fuse-ld=lld" "-Wl,--eh-frame-hdr" "-Wl,-z,noexecstack" "-L" "<sysroot>/lib/rustlib/x86_64-unknown-linux-gnu/lib" "-o" "/opt/rustwide/target/release/examples/triangle-b75105313025d9cb" "-Wl,--gc-sections" "-pie" "-Wl,-z,relro,-z,now" "-Wl,-O1" "-Wl,--strip-debug" "-nodefaultlibs"
[INFO] [stdout]   = note: some arguments are omitted. use `--verbose` to show all linker arguments
[INFO] [stdout]   = note: rust-lld: error: undefined symbol: call_instance
[INFO] [stdout]           >>> referenced by wasm_bus.a04fbc9cddfb16a2-cgu.5
[INFO] [stdout]           >>>               wasm_bus-f7404164f26f4791.wasm_bus.a04fbc9cddfb16a2-cgu.5.rcgu.o:(<wasm_bus::abi::call::CallBuilder>::invoke_internal) in archive /opt/rustwide/target/release/deps/libwasm_bus-f7404164f26f4791.rlib
[INFO] [stdout]           
[INFO] [stdout]           rust-lld: error: undefined symbol: call
[INFO] [stdout]           >>> referenced by wasm_bus.a04fbc9cddfb16a2-cgu.5
[INFO] [stdout]           >>>               wasm_bus-f7404164f26f4791.wasm_bus.a04fbc9cddfb16a2-cgu.5.rcgu.o:(<wasm_bus::abi::call::CallBuilder>::invoke_internal) in archive /opt/rustwide/target/release/deps/libwasm_bus-f7404164f26f4791.rlib
[INFO] [stdout]           collect2: error: ld returned 1 exit status
[INFO] [stdout]           
[INFO] [stdout] 
[INFO] [stdout] 
[INFO] [stderr] error: could not compile `wasm-bus-webgl` (example "triangle") due to 1 previous error
[INFO] [stderr] warning: build failed, waiting for other jobs to finish...
[INFO] [stdout] warning: this function depends on never type fallback being `()`
[INFO] [stdout]  --> src/api/mod.rs:8:1
[INFO] [stdout]   |
[INFO] [stdout] 8 | #[wasm_bus(format = "bincode")]
[INFO] [stdout]   | ^^^^^^^^^^^^^^^^^^^^^^^^^^^^^^^
[INFO] [stdout]   |
[INFO] [stdout]   = help: specify the types explicitly
[INFO] [stdout] note: in edition 2024, the requirement `for<'de> !: api::_::_serde::Deserialize<'de>` will fail
[INFO] [stdout]  --> src/api/mod.rs:8:1
[INFO] [stdout]   |
[INFO] [stdout] 8 | #[wasm_bus(format = "bincode")]
[INFO] [stdout]   | ^^^^^^^^^^^^^^^^^^^^^^^^^^^^^^^
[INFO] [stdout]   = warning: this was previously accepted by the compiler but is being phased out; it will become a hard error in Rust 2024 and in a future release in all editions!
[INFO] [stdout]   = note: for more information, see <https://doc.rust-lang.org/edition-guide/rust-2024/never-type-fallback.html>
[INFO] [stdout]   = note: `#[warn(dependency_on_unit_never_type_fallback)]` (part of `#[warn(rust_2024_compatibility)]`) on by default
[INFO] [stdout]   = note: this warning originates in the attribute macro `wasm_bus` (in Nightly builds, run with -Z macro-backtrace for more info)
[INFO] [stdout] 
[INFO] [stdout] 
[INFO] [stdout] warning: this function depends on never type fallback being `()`
[INFO] [stdout]   --> src/api/mod.rs:13:1
[INFO] [stdout]    |
[INFO] [stdout] 13 | #[wasm_bus(format = "bincode")]
[INFO] [stdout]    | ^^^^^^^^^^^^^^^^^^^^^^^^^^^^^^^
[INFO] [stdout]    |
[INFO] [stdout]    = help: specify the types explicitly
[INFO] [stdout] note: in edition 2024, the requirement `for<'de> !: api::_::_serde::Deserialize<'de>` will fail
[INFO] [stdout]   --> src/api/mod.rs:13:1
[INFO] [stdout]    |
[INFO] [stdout] 13 | #[wasm_bus(format = "bincode")]
[INFO] [stdout]    | ^^^^^^^^^^^^^^^^^^^^^^^^^^^^^^^
[INFO] [stdout]    = warning: this was previously accepted by the compiler but is being phased out; it will become a hard error in Rust 2024 and in a future release in all editions!
[INFO] [stdout]    = note: for more information, see <https://doc.rust-lang.org/edition-guide/rust-2024/never-type-fallback.html>
[INFO] [stdout]    = note: this warning originates in the attribute macro `wasm_bus` (in Nightly builds, run with -Z macro-backtrace for more info)
[INFO] [stdout] 
[INFO] [stdout] 
[INFO] [stdout] warning: this function depends on never type fallback being `()`
[INFO] [stdout]   --> src/api/mod.rs:26:1
[INFO] [stdout]    |
[INFO] [stdout] 26 | #[wasm_bus(format = "bincode")]
[INFO] [stdout]    | ^^^^^^^^^^^^^^^^^^^^^^^^^^^^^^^
[INFO] [stdout]    |
[INFO] [stdout]    = help: specify the types explicitly
[INFO] [stdout] note: in edition 2024, the requirement `for<'de> !: api::_::_serde::Deserialize<'de>` will fail
[INFO] [stdout]   --> src/api/mod.rs:26:1
[INFO] [stdout]    |
[INFO] [stdout] 26 | #[wasm_bus(format = "bincode")]
[INFO] [stdout]    | ^^^^^^^^^^^^^^^^^^^^^^^^^^^^^^^
[INFO] [stdout]    = warning: this was previously accepted by the compiler but is being phased out; it will become a hard error in Rust 2024 and in a future release in all editions!
[INFO] [stdout]    = note: for more information, see <https://doc.rust-lang.org/edition-guide/rust-2024/never-type-fallback.html>
[INFO] [stdout]    = note: this warning originates in the attribute macro `wasm_bus` (in Nightly builds, run with -Z macro-backtrace for more info)
[INFO] [stdout] 
[INFO] [stdout] 
[INFO] [stdout] warning: this function depends on never type fallback being `()`
[INFO] [stdout]   --> src/api/mod.rs:31:1
[INFO] [stdout]    |
[INFO] [stdout] 31 | #[wasm_bus(format = "bincode")]
[INFO] [stdout]    | ^^^^^^^^^^^^^^^^^^^^^^^^^^^^^^^
[INFO] [stdout]    |
[INFO] [stdout]    = help: specify the types explicitly
[INFO] [stdout] note: in edition 2024, the requirement `for<'de> !: api::_::_serde::Deserialize<'de>` will fail
[INFO] [stdout]   --> src/api/mod.rs:31:1
[INFO] [stdout]    |
[INFO] [stdout] 31 | #[wasm_bus(format = "bincode")]
[INFO] [stdout]    | ^^^^^^^^^^^^^^^^^^^^^^^^^^^^^^^
[INFO] [stdout]    = warning: this was previously accepted by the compiler but is being phased out; it will become a hard error in Rust 2024 and in a future release in all editions!
[INFO] [stdout]    = note: for more information, see <https://doc.rust-lang.org/edition-guide/rust-2024/never-type-fallback.html>
[INFO] [stdout]    = note: this warning originates in the attribute macro `wasm_bus` (in Nightly builds, run with -Z macro-backtrace for more info)
[INFO] [stdout] 
[INFO] [stdout] 
[INFO] [stdout] warning: this function depends on never type fallback being `()`
[INFO] [stdout]   --> src/api/mod.rs:42:1
[INFO] [stdout]    |
[INFO] [stdout] 42 | #[wasm_bus(format = "bincode")]
[INFO] [stdout]    | ^^^^^^^^^^^^^^^^^^^^^^^^^^^^^^^
[INFO] [stdout]    |
[INFO] [stdout]    = help: specify the types explicitly
[INFO] [stdout] note: in edition 2024, the requirement `for<'de> !: api::_::_serde::Deserialize<'de>` will fail
[INFO] [stdout]   --> src/api/mod.rs:42:1
[INFO] [stdout]    |
[INFO] [stdout] 42 | #[wasm_bus(format = "bincode")]
[INFO] [stdout]    | ^^^^^^^^^^^^^^^^^^^^^^^^^^^^^^^
[INFO] [stdout]    = warning: this was previously accepted by the compiler but is being phased out; it will become a hard error in Rust 2024 and in a future release in all editions!
[INFO] [stdout]    = note: for more information, see <https://doc.rust-lang.org/edition-guide/rust-2024/never-type-fallback.html>
[INFO] [stdout]    = note: this warning originates in the attribute macro `wasm_bus` (in Nightly builds, run with -Z macro-backtrace for more info)
[INFO] [stdout] 
[INFO] [stdout] 
[INFO] [stdout] warning: this function depends on never type fallback being `()`
[INFO] [stdout]    --> src/api/mod.rs:109:1
[INFO] [stdout]     |
[INFO] [stdout] 109 | #[wasm_bus(format = "bincode")]
[INFO] [stdout]     | ^^^^^^^^^^^^^^^^^^^^^^^^^^^^^^^
[INFO] [stdout]     |
[INFO] [stdout]     = help: specify the types explicitly
[INFO] [stdout] note: in edition 2024, the requirement `for<'de> !: api::_::_serde::Deserialize<'de>` will fail
[INFO] [stdout]    --> src/api/mod.rs:109:1
[INFO] [stdout]     |
[INFO] [stdout] 109 | #[wasm_bus(format = "bincode")]
[INFO] [stdout]     | ^^^^^^^^^^^^^^^^^^^^^^^^^^^^^^^
[INFO] [stdout]     = warning: this was previously accepted by the compiler but is being phased out; it will become a hard error in Rust 2024 and in a future release in all editions!
[INFO] [stdout]     = note: for more information, see <https://doc.rust-lang.org/edition-guide/rust-2024/never-type-fallback.html>
[INFO] [stdout]     = note: this warning originates in the attribute macro `wasm_bus` (in Nightly builds, run with -Z macro-backtrace for more info)
[INFO] [stdout] 
[INFO] [stdout] 
[INFO] [stdout] warning: this function depends on never type fallback being `()`
[INFO] [stdout]    --> src/api/mod.rs:114:1
[INFO] [stdout]     |
[INFO] [stdout] 114 | #[wasm_bus(format = "bincode")]
[INFO] [stdout]     | ^^^^^^^^^^^^^^^^^^^^^^^^^^^^^^^
[INFO] [stdout]     |
[INFO] [stdout]     = help: specify the types explicitly
[INFO] [stdout] note: in edition 2024, the requirement `for<'de> !: api::_::_serde::Deserialize<'de>` will fail
[INFO] [stdout]    --> src/api/mod.rs:114:1
[INFO] [stdout]     |
[INFO] [stdout] 114 | #[wasm_bus(format = "bincode")]
[INFO] [stdout]     | ^^^^^^^^^^^^^^^^^^^^^^^^^^^^^^^
[INFO] [stdout]     = warning: this was previously accepted by the compiler but is being phased out; it will become a hard error in Rust 2024 and in a future release in all editions!
[INFO] [stdout]     = note: for more information, see <https://doc.rust-lang.org/edition-guide/rust-2024/never-type-fallback.html>
[INFO] [stdout]     = note: this warning originates in the attribute macro `wasm_bus` (in Nightly builds, run with -Z macro-backtrace for more info)
[INFO] [stdout] 
[INFO] [stdout] 
[INFO] [stdout] warning: this function depends on never type fallback being `()`
[INFO] [stdout]    --> src/api/mod.rs:129:1
[INFO] [stdout]     |
[INFO] [stdout] 129 | #[wasm_bus(format = "bincode")]
[INFO] [stdout]     | ^^^^^^^^^^^^^^^^^^^^^^^^^^^^^^^
[INFO] [stdout]     |
[INFO] [stdout]     = help: specify the types explicitly
[INFO] [stdout] note: in edition 2024, the requirement `for<'de> !: api::_::_serde::Deserialize<'de>` will fail
[INFO] [stdout]    --> src/api/mod.rs:129:1
[INFO] [stdout]     |
[INFO] [stdout] 129 | #[wasm_bus(format = "bincode")]
[INFO] [stdout]     | ^^^^^^^^^^^^^^^^^^^^^^^^^^^^^^^
[INFO] [stdout]     = warning: this was previously accepted by the compiler but is being phased out; it will become a hard error in Rust 2024 and in a future release in all editions!
[INFO] [stdout]     = note: for more information, see <https://doc.rust-lang.org/edition-guide/rust-2024/never-type-fallback.html>
[INFO] [stdout]     = note: this warning originates in the attribute macro `wasm_bus` (in Nightly builds, run with -Z macro-backtrace for more info)
[INFO] [stdout] 
[INFO] [stdout] 
[INFO] [stdout] warning: this function depends on never type fallback being `()`
[INFO] [stdout]    --> src/api/mod.rs:133:1
[INFO] [stdout]     |
[INFO] [stdout] 133 | #[wasm_bus(format = "bincode")]
[INFO] [stdout]     | ^^^^^^^^^^^^^^^^^^^^^^^^^^^^^^^
[INFO] [stdout]     |
[INFO] [stdout]     = help: specify the types explicitly
[INFO] [stdout] note: in edition 2024, the requirement `for<'de> !: api::_::_serde::Deserialize<'de>` will fail
[INFO] [stdout]    --> src/api/mod.rs:133:1
[INFO] [stdout]     |
[INFO] [stdout] 133 | #[wasm_bus(format = "bincode")]
[INFO] [stdout]     | ^^^^^^^^^^^^^^^^^^^^^^^^^^^^^^^
[INFO] [stdout]     = warning: this was previously accepted by the compiler but is being phased out; it will become a hard error in Rust 2024 and in a future release in all editions!
[INFO] [stdout]     = note: for more information, see <https://doc.rust-lang.org/edition-guide/rust-2024/never-type-fallback.html>
[INFO] [stdout]     = note: this warning originates in the attribute macro `wasm_bus` (in Nightly builds, run with -Z macro-backtrace for more info)
[INFO] [stdout] 
[INFO] [stdout] 
[INFO] [stdout] warning: this function depends on never type fallback being `()`
[INFO] [stdout]    --> src/api/mod.rs:142:1
[INFO] [stdout]     |
[INFO] [stdout] 142 | #[wasm_bus(format = "bincode")]
[INFO] [stdout]     | ^^^^^^^^^^^^^^^^^^^^^^^^^^^^^^^
[INFO] [stdout]     |
[INFO] [stdout]     = help: specify the types explicitly
[INFO] [stdout] note: in edition 2024, the requirement `for<'de> !: api::_::_serde::Deserialize<'de>` will fail
[INFO] [stdout]    --> src/api/mod.rs:142:1
[INFO] [stdout]     |
[INFO] [stdout] 142 | #[wasm_bus(format = "bincode")]
[INFO] [stdout]     | ^^^^^^^^^^^^^^^^^^^^^^^^^^^^^^^
[INFO] [stdout]     = warning: this was previously accepted by the compiler but is being phased out; it will become a hard error in Rust 2024 and in a future release in all editions!
[INFO] [stdout]     = note: for more information, see <https://doc.rust-lang.org/edition-guide/rust-2024/never-type-fallback.html>
[INFO] [stdout]     = note: this warning originates in the attribute macro `wasm_bus` (in Nightly builds, run with -Z macro-backtrace for more info)
[INFO] [stdout] 
[INFO] [stdout] 
[INFO] [stdout] warning: this function depends on never type fallback being `()`
[INFO] [stdout]    --> src/api/mod.rs:149:1
[INFO] [stdout]     |
[INFO] [stdout] 149 | #[wasm_bus(format = "bincode")]
[INFO] [stdout]     | ^^^^^^^^^^^^^^^^^^^^^^^^^^^^^^^
[INFO] [stdout]     |
[INFO] [stdout]     = help: specify the types explicitly
[INFO] [stdout] note: in edition 2024, the requirement `for<'de> !: api::_::_serde::Deserialize<'de>` will fail
[INFO] [stdout]    --> src/api/mod.rs:149:1
[INFO] [stdout]     |
[INFO] [stdout] 149 | #[wasm_bus(format = "bincode")]
[INFO] [stdout]     | ^^^^^^^^^^^^^^^^^^^^^^^^^^^^^^^
[INFO] [stdout]     = warning: this was previously accepted by the compiler but is being phased out; it will become a hard error in Rust 2024 and in a future release in all editions!
[INFO] [stdout]     = note: for more information, see <https://doc.rust-lang.org/edition-guide/rust-2024/never-type-fallback.html>
[INFO] [stdout]     = note: this warning originates in the attribute macro `wasm_bus` (in Nightly builds, run with -Z macro-backtrace for more info)
[INFO] [stdout] 
[INFO] [stdout] 
[INFO] [stdout] warning: this function depends on never type fallback being `()`
[INFO] [stdout]    --> src/api/mod.rs:168:1
[INFO] [stdout]     |
[INFO] [stdout] 168 | #[wasm_bus(format = "bincode")]
[INFO] [stdout]     | ^^^^^^^^^^^^^^^^^^^^^^^^^^^^^^^
[INFO] [stdout]     |
[INFO] [stdout]     = help: specify the types explicitly
[INFO] [stdout] note: in edition 2024, the requirement `for<'de> !: api::_::_serde::Deserialize<'de>` will fail
[INFO] [stdout]    --> src/api/mod.rs:168:1
[INFO] [stdout]     |
[INFO] [stdout] 168 | #[wasm_bus(format = "bincode")]
[INFO] [stdout]     | ^^^^^^^^^^^^^^^^^^^^^^^^^^^^^^^
[INFO] [stdout]     = warning: this was previously accepted by the compiler but is being phased out; it will become a hard error in Rust 2024 and in a future release in all editions!
[INFO] [stdout]     = note: for more information, see <https://doc.rust-lang.org/edition-guide/rust-2024/never-type-fallback.html>
[INFO] [stdout]     = note: this warning originates in the attribute macro `wasm_bus` (in Nightly builds, run with -Z macro-backtrace for more info)
[INFO] [stdout] 
[INFO] [stdout] 
[INFO] running `Command { std: "docker" "inspect" "e492451cb5aef73b3590d387e687cfccbde7a84a67f01eb3fb45b418350343d1", kill_on_drop: false }`
[INFO] running `Command { std: "docker" "rm" "-f" "e492451cb5aef73b3590d387e687cfccbde7a84a67f01eb3fb45b418350343d1", kill_on_drop: false }`
[INFO] [stdout] e492451cb5aef73b3590d387e687cfccbde7a84a67f01eb3fb45b418350343d1
