[INFO] fetching crate wasm-bus-fuse 1.1.0...
[INFO] testing wasm-bus-fuse-1.1.0 against 1.100.0-beta.1+cargoflags=--release for beta-release-1.100-2
[INFO] extracting crate wasm-bus-fuse 1.1.0 into /workspace/builds/worker-5-tc2/source
[INFO] started tweaking crates.io crate wasm-bus-fuse 1.1.0
[INFO] finished tweaking crates.io crate wasm-bus-fuse 1.1.0
[INFO] tweaked toml for crates.io crate wasm-bus-fuse 1.1.0 written to /workspace/builds/worker-5-tc2/source/Cargo.toml
[INFO] validating manifest of crates.io crate wasm-bus-fuse 1.1.0 on toolchain 1.100.0-beta.1
[INFO] running `Command { std: CARGO_HOME="/workspace/cargo-home" RUSTUP_HOME="/workspace/rustup-home" "/workspace/cargo-home/bin/cargo" "+1.100.0-beta.1" "metadata" "--manifest-path" "Cargo.toml" "--no-deps", kill_on_drop: false }`
[INFO] crate crates.io crate wasm-bus-fuse 1.1.0 already has a lockfile, it will not be regenerated
[INFO] running `Command { std: CARGO_HOME="/workspace/cargo-home" RUSTUP_HOME="/workspace/rustup-home" "/workspace/cargo-home/bin/cargo" "+1.100.0-beta.1" "fetch" "--manifest-path" "Cargo.toml", kill_on_drop: false }`
[INFO] [stderr] warning: Cargo.toml: `default_features` is deprecated in favor of `default-features` and will not work in the 2024 edition
[INFO] [stderr] (in the `tokio` dependency)
[INFO] [stderr] warning: Cargo.toml: `default_features` is deprecated in favor of `default-features` and will not work in the 2024 edition
[INFO] [stderr] (in the `wasm-bus` dependency)
[INFO] [stderr] warning: `wasm-bus-fuse` (manifest) generated 2 warnings
[INFO] running `Command { std: "docker" "create" "-v" "/var/lib/crater-agent-workspace/builds/worker-5-tc2/source:/opt/rustwide/workdir:ro,Z" "-v" "/var/lib/crater-agent-workspace/builds/worker-5-tc2/target:/opt/rustwide/target:rw,Z" "-v" "/var/lib/crater-agent-workspace/cargo-home:/opt/rustwide/cargo-home:ro,Z" "-v" "/var/lib/crater-agent-workspace/rustup-home:/opt/rustwide/rustup-home:ro,Z" "-m" "1610612736" "--network" "none" "ghcr.io/rust-lang/crates-build-env/linux@sha256:77db811e55d90add9212f6832c23229e3de5f1c1f9905e8cb07319ea15df73ac" "sleep" "infinity", kill_on_drop: false }`
[INFO] [stdout] 6911b033432d08b5ef9b934306c50a4981de9437879e30171a3e2ad3c2f6c4ac
[INFO] running `Command { std: "docker" "start" "6911b033432d08b5ef9b934306c50a4981de9437879e30171a3e2ad3c2f6c4ac", kill_on_drop: false }`
[INFO] running `Command { std: "docker" "inspect" "6911b033432d08b5ef9b934306c50a4981de9437879e30171a3e2ad3c2f6c4ac", kill_on_drop: false }`
[INFO] running `Command { std: "docker" "exec" "-e" "SOURCE_DIR=/opt/rustwide/workdir" "-e" "CARGO_HOME=/opt/rustwide/cargo-home" "-e" "RUSTUP_HOME=/opt/rustwide/rustup-home" "-e" "CARGO_TARGET_DIR=/opt/rustwide/target" "-w" "/opt/rustwide/workdir" "--user" "0:0" "6911b033432d08b5ef9b934306c50a4981de9437879e30171a3e2ad3c2f6c4ac" "/opt/rustwide/cargo-home/bin/cargo" "+1.100.0-beta.1" "metadata" "--no-deps" "--format-version=1", kill_on_drop: false }`
[INFO] running `Command { std: "docker" "inspect" "6911b033432d08b5ef9b934306c50a4981de9437879e30171a3e2ad3c2f6c4ac", kill_on_drop: false }`
[INFO] running `Command { std: "docker" "exec" "-e" "SOURCE_DIR=/opt/rustwide/workdir" "-e" "CARGO_HOME=/opt/rustwide/cargo-home" "-e" "RUSTUP_HOME=/opt/rustwide/rustup-home" "-e" "CARGO_TARGET_DIR=/opt/rustwide/target" "-e" "CARGO_INCREMENTAL=0" "-e" "RUST_BACKTRACE=full" "-e" "RUSTFLAGS=--cap-lints=warn" "-e" "RUSTDOCFLAGS=--cap-lints=warn" "-w" "/opt/rustwide/workdir" "--user" "0:0" "6911b033432d08b5ef9b934306c50a4981de9437879e30171a3e2ad3c2f6c4ac" "/opt/rustwide/cargo-home/bin/cargo" "+1.100.0-beta.1" "build" "--frozen" "--message-format=json" "--release", kill_on_drop: false }`
[INFO] [stderr] warning: Cargo.toml: `default_features` is deprecated in favor of `default-features` and will not work in the 2024 edition
[INFO] [stderr] (in the `tokio` dependency)
[INFO] [stderr] warning: Cargo.toml: `default_features` is deprecated in favor of `default-features` and will not work in the 2024 edition
[INFO] [stderr] (in the `wasm-bus` dependency)
[INFO] [stderr] warning: `wasm-bus-fuse` (manifest) generated 2 warnings
[INFO] [stderr]    Compiling proc-macro2 v1.0.36
[INFO] [stderr]    Compiling unicode-xid v0.2.2
[INFO] [stderr]    Compiling syn v1.0.86
[INFO] [stderr]    Compiling serde_derive v1.0.136
[INFO] [stderr]    Compiling serde v1.0.136
[INFO] [stderr]    Compiling log v0.4.14
[INFO] [stderr]    Compiling serde_json v1.0.79
[INFO] [stderr]    Compiling lazy_static v1.4.0
[INFO] [stderr]    Compiling cfg-if v1.0.0
[INFO] [stderr]    Compiling pin-project-lite v0.2.8
[INFO] [stderr]    Compiling ryu v1.0.9
[INFO] [stderr]    Compiling async-trait v0.1.52
[INFO] [stderr]    Compiling convert_case v0.5.0
[INFO] [stderr]    Compiling itoa v1.0.1
[INFO] [stderr]    Compiling wasm-bus-types v1.0.0
[INFO] [stderr]    Compiling base64 v0.13.0
[INFO] [stderr]    Compiling once_cell v1.10.0
[INFO] [stderr]    Compiling tracing-core v0.1.22
[INFO] [stderr]    Compiling cooked-waker v5.0.0
[INFO] [stderr]    Compiling quote v1.0.15
[INFO] [stderr]    Compiling tokio-macros v1.7.0
[INFO] [stderr]    Compiling tracing-attributes v0.1.19
[INFO] [stderr]    Compiling derivative v2.2.0
[INFO] [stderr]    Compiling tokio v1.17.0
[INFO] [stderr]    Compiling tracing v0.1.31
[INFO] [stderr]    Compiling wasm-bus-macros v1.1.0
[INFO] [stderr]    Compiling bincode v1.3.3
[INFO] [stderr]    Compiling wasm-bus v1.1.0
[INFO] [stderr]    Compiling wasm-bus-fuse v1.1.0 (/opt/rustwide/workdir)
[INFO] [stdout] error[E0277]: the trait bound `!: DeserializeOwned` is not satisfied
[INFO] [stdout]    --> src/api/mod.rs:7:1
[INFO] [stdout]     |
[INFO] [stdout]   7 | #[wasm_bus(format = "json")]
[INFO] [stdout]     | ^^^^^^^^^^^^^^^^^^^^^^^^^^^^ the trait `for<'de> api::_::_serde::Deserialize<'de>` is not implemented for `!`
[INFO] [stdout]     |
[INFO] [stdout]     = help: the following other types implement trait `api::_::_serde::Deserialize<'de>`:
[INFO] [stdout]               &'a Path
[INFO] [stdout]               &'a [u8]
[INFO] [stdout]               &'a str
[INFO] [stdout]               ()
[INFO] [stdout]               (T0, T1)
[INFO] [stdout]               (T0, T1, T2)
[INFO] [stdout]               (T0, T1, T2, T3)
[INFO] [stdout]               (T0, T1, T2, T3, T4)
[INFO] [stdout]             and 178 others
[INFO] [stdout]     = note: this error might have been caused by changes to Rust's type-inference algorithm (see issue #148922 <https://github.com/rust-lang/rust/issues/148922> for more information)
[INFO] [stdout]     = help: you might have intended to use the type `()` here instead
[INFO] [stdout]     = note: required for `!` to implement `DeserializeOwned`
[INFO] [stdout] note: required by a bound in `CallJoin::<T>::wait`
[INFO] [stdout]    --> /opt/rustwide/cargo-home/registry/src/index.crates.io-1949cf8c6b5b557f/wasm-bus-1.1.0/src/abi/call.rs:345:8
[INFO] [stdout]     |
[INFO] [stdout] 343 | impl<T> CallJoin<T>
[INFO] [stdout] 344 | where
[INFO] [stdout] 345 |     T: de::DeserializeOwned,
[INFO] [stdout]     |        ^^^^^^^^^^^^^^^^^^^^ required by this bound in `CallJoin::<T>::wait`
[INFO] [stdout] ...
[INFO] [stdout] 357 |     pub fn wait(self) -> Result<T, CallError> {
[INFO] [stdout]     = note: the full name for the type has been written to '/opt/rustwide/target/release/build/wasm-bus-fuse/fafd7202f41a286a/out/wasm_bus_fuse-fafd7202f41a286a.long-type-6620978814710352673.txt'
[INFO] [stdout]     = note: consider using `--verbose` to print the full type name to the console
[INFO] [stdout]     = note: this error originates in the attribute macro `wasm_bus` (in Nightly builds, run with -Z macro-backtrace for more info)
[INFO] [stdout] 
[INFO] [stdout] 
[INFO] [stdout] error[E0277]: the trait bound `!: DeserializeOwned` is not satisfied
[INFO] [stdout]    --> src/api/mod.rs:12:1
[INFO] [stdout]     |
[INFO] [stdout]  12 | #[wasm_bus(format = "json")]
[INFO] [stdout]     | ^^^^^^^^^^^^^^^^^^^^^^^^^^^^ the trait `for<'de> api::_::_serde::Deserialize<'de>` is not implemented for `!`
[INFO] [stdout]     |
[INFO] [stdout]     = help: the following other types implement trait `api::_::_serde::Deserialize<'de>`:
[INFO] [stdout]               &'a Path
[INFO] [stdout]               &'a [u8]
[INFO] [stdout]               &'a str
[INFO] [stdout]               ()
[INFO] [stdout]               (T0, T1)
[INFO] [stdout]               (T0, T1, T2)
[INFO] [stdout]               (T0, T1, T2, T3)
[INFO] [stdout]               (T0, T1, T2, T3, T4)
[INFO] [stdout]             and 178 others
[INFO] [stdout]     = note: this error might have been caused by changes to Rust's type-inference algorithm (see issue #148922 <https://github.com/rust-lang/rust/issues/148922> for more information)
[INFO] [stdout]     = help: you might have intended to use the type `()` here instead
[INFO] [stdout]     = note: required for `!` to implement `DeserializeOwned`
[INFO] [stdout] note: required by a bound in `CallJoin::<T>::wait`
[INFO] [stdout]    --> /opt/rustwide/cargo-home/registry/src/index.crates.io-1949cf8c6b5b557f/wasm-bus-1.1.0/src/abi/call.rs:345:8
[INFO] [stdout]     |
[INFO] [stdout] 343 | impl<T> CallJoin<T>
[INFO] [stdout] 344 | where
[INFO] [stdout] 345 |     T: de::DeserializeOwned,
[INFO] [stdout]     |        ^^^^^^^^^^^^^^^^^^^^ required by this bound in `CallJoin::<T>::wait`
[INFO] [stdout] ...
[INFO] [stdout] 357 |     pub fn wait(self) -> Result<T, CallError> {
[INFO] [stdout]     = note: the full name for the type has been written to '/opt/rustwide/target/release/build/wasm-bus-fuse/fafd7202f41a286a/out/wasm_bus_fuse-fafd7202f41a286a.long-type-6620978814710352673.txt'
[INFO] [stdout]     = note: consider using `--verbose` to print the full type name to the console
[INFO] [stdout]     = note: this error originates in the attribute macro `wasm_bus` (in Nightly builds, run with -Z macro-backtrace for more info)
[INFO] [stdout] 
[INFO] [stdout] 
[INFO] [stdout] error[E0277]: the trait bound `!: DeserializeOwned` is not satisfied
[INFO] [stdout]    --> src/api/mod.rs:25:1
[INFO] [stdout]     |
[INFO] [stdout]  25 | #[wasm_bus(format = "json")]
[INFO] [stdout]     | ^^^^^^^^^^^^^^^^^^^^^^^^^^^^ the trait `for<'de> api::_::_serde::Deserialize<'de>` is not implemented for `!`
[INFO] [stdout]     |
[INFO] [stdout]     = help: the following other types implement trait `api::_::_serde::Deserialize<'de>`:
[INFO] [stdout]               &'a Path
[INFO] [stdout]               &'a [u8]
[INFO] [stdout]               &'a str
[INFO] [stdout]               ()
[INFO] [stdout]               (T0, T1)
[INFO] [stdout]               (T0, T1, T2)
[INFO] [stdout]               (T0, T1, T2, T3)
[INFO] [stdout]               (T0, T1, T2, T3, T4)
[INFO] [stdout]             and 178 others
[INFO] [stdout]     = note: this error might have been caused by changes to Rust's type-inference algorithm (see issue #148922 <https://github.com/rust-lang/rust/issues/148922> for more information)
[INFO] [stdout]     = help: you might have intended to use the type `()` here instead
[INFO] [stdout]     = note: required for `!` to implement `DeserializeOwned`
[INFO] [stdout] note: required by a bound in `CallJoin::<T>::wait`
[INFO] [stdout]    --> /opt/rustwide/cargo-home/registry/src/index.crates.io-1949cf8c6b5b557f/wasm-bus-1.1.0/src/abi/call.rs:345:8
[INFO] [stdout]     |
[INFO] [stdout] 343 | impl<T> CallJoin<T>
[INFO] [stdout] 344 | where
[INFO] [stdout] 345 |     T: de::DeserializeOwned,
[INFO] [stdout]     |        ^^^^^^^^^^^^^^^^^^^^ required by this bound in `CallJoin::<T>::wait`
[INFO] [stdout] ...
[INFO] [stdout] 357 |     pub fn wait(self) -> Result<T, CallError> {
[INFO] [stdout]     = note: the full name for the type has been written to '/opt/rustwide/target/release/build/wasm-bus-fuse/fafd7202f41a286a/out/wasm_bus_fuse-fafd7202f41a286a.long-type-6620978814710352673.txt'
[INFO] [stdout]     = note: consider using `--verbose` to print the full type name to the console
[INFO] [stdout]     = note: this error originates in the attribute macro `wasm_bus` (in Nightly builds, run with -Z macro-backtrace for more info)
[INFO] [stdout] 
[INFO] [stdout] 
[INFO] [stdout] error[E0277]: the trait bound `!: DeserializeOwned` is not satisfied
[INFO] [stdout]    --> src/api/mod.rs:33:1
[INFO] [stdout]     |
[INFO] [stdout]  33 | #[wasm_bus(format = "bincode")]
[INFO] [stdout]     | ^^^^^^^^^^^^^^^^^^^^^^^^^^^^^^^ the trait `for<'de> api::_::_serde::Deserialize<'de>` is not implemented for `!`
[INFO] [stdout]     |
[INFO] [stdout]     = help: the following other types implement trait `api::_::_serde::Deserialize<'de>`:
[INFO] [stdout]               &'a Path
[INFO] [stdout]               &'a [u8]
[INFO] [stdout]               &'a str
[INFO] [stdout]               ()
[INFO] [stdout]               (T0, T1)
[INFO] [stdout]               (T0, T1, T2)
[INFO] [stdout]               (T0, T1, T2, T3)
[INFO] [stdout]               (T0, T1, T2, T3, T4)
[INFO] [stdout]             and 178 others
[INFO] [stdout]     = note: this error might have been caused by changes to Rust's type-inference algorithm (see issue #148922 <https://github.com/rust-lang/rust/issues/148922> for more information)
[INFO] [stdout]     = help: you might have intended to use the type `()` here instead
[INFO] [stdout]     = note: required for `!` to implement `DeserializeOwned`
[INFO] [stdout] note: required by a bound in `CallJoin::<T>::wait`
[INFO] [stdout]    --> /opt/rustwide/cargo-home/registry/src/index.crates.io-1949cf8c6b5b557f/wasm-bus-1.1.0/src/abi/call.rs:345:8
[INFO] [stdout]     |
[INFO] [stdout] 343 | impl<T> CallJoin<T>
[INFO] [stdout] 344 | where
[INFO] [stdout] 345 |     T: de::DeserializeOwned,
[INFO] [stdout]     |        ^^^^^^^^^^^^^^^^^^^^ required by this bound in `CallJoin::<T>::wait`
[INFO] [stdout] ...
[INFO] [stdout] 357 |     pub fn wait(self) -> Result<T, CallError> {
[INFO] [stdout]     = note: the full name for the type has been written to '/opt/rustwide/target/release/build/wasm-bus-fuse/fafd7202f41a286a/out/wasm_bus_fuse-fafd7202f41a286a.long-type-6620978814710352673.txt'
[INFO] [stdout]     = note: consider using `--verbose` to print the full type name to the console
[INFO] [stdout]     = note: this error originates in the attribute macro `wasm_bus` (in Nightly builds, run with -Z macro-backtrace for more info)
[INFO] [stdout] 
[INFO] [stdout] 
[INFO] [stdout] For more information about this error, try `rustc --explain E0277`.
[INFO] [stdout] 
[INFO] [stderr] error: could not compile `wasm-bus-fuse` (lib) due to 4 previous errors
[INFO] running `Command { std: "docker" "inspect" "6911b033432d08b5ef9b934306c50a4981de9437879e30171a3e2ad3c2f6c4ac", kill_on_drop: false }`
[INFO] running `Command { std: "docker" "rm" "-f" "6911b033432d08b5ef9b934306c50a4981de9437879e30171a3e2ad3c2f6c4ac", kill_on_drop: false }`
[INFO] [stdout] 6911b033432d08b5ef9b934306c50a4981de9437879e30171a3e2ad3c2f6c4ac
