[INFO] fetching crate wasm-bridge-js 0.3.0...
[INFO] testing wasm-bridge-js-0.3.0 against 1.99.0-beta.8+cargoflags=--release for beta-release-1.100-2
[INFO] extracting crate wasm-bridge-js 0.3.0 into /workspace/builds/worker-0-tc1/source
[INFO] started tweaking crates.io crate wasm-bridge-js 0.3.0
[INFO] finished tweaking crates.io crate wasm-bridge-js 0.3.0
[INFO] tweaked toml for crates.io crate wasm-bridge-js 0.3.0 written to /workspace/builds/worker-0-tc1/source/Cargo.toml
[INFO] validating manifest of crates.io crate wasm-bridge-js 0.3.0 on toolchain 1.99.0-beta.8
[INFO] running `Command { std: CARGO_HOME="/workspace/cargo-home" RUSTUP_HOME="/workspace/rustup-home" "/workspace/cargo-home/bin/cargo" "+1.99.0-beta.8" "metadata" "--manifest-path" "Cargo.toml" "--no-deps", kill_on_drop: false }`
[INFO] running `Command { std: CARGO_HOME="/workspace/cargo-home" RUSTUP_HOME="/workspace/rustup-home" "/workspace/cargo-home/bin/cargo" "+1.99.0-beta.8" "generate-lockfile" "--manifest-path" "Cargo.toml", kill_on_drop: false }`
[INFO] [stderr]     Updating crates.io index
[INFO] [stderr]      Locking 106 packages to highest compatible versions
[INFO] [stderr]       Adding js-component-bindgen v0.14.2 (available: v2.16.0)
[INFO] [stderr]       Adding minicov v0.3.8 (available: v0.3.9)
[INFO] [stderr]       Adding wasm-bridge-macros v0.3.2 (available: v0.4.0)
[INFO] running `Command { std: CARGO_HOME="/workspace/cargo-home" RUSTUP_HOME="/workspace/rustup-home" "/workspace/cargo-home/bin/cargo" "+1.99.0-beta.8" "fetch" "--manifest-path" "Cargo.toml", kill_on_drop: false }`
[INFO] [stderr]  Downloading crates ...
[INFO] [stderr]   Downloaded wasm-bridge-macros v0.3.2
[INFO] [stderr]   Downloaded wasmtime-component-util v16.0.0
[INFO] [stderr]   Downloaded wasmtime-types v16.0.0
[INFO] [stderr]   Downloaded wasm-encoder v0.262.0
[INFO] [stderr]   Downloaded wasm-metadata v0.10.20
[INFO] [stderr]   Downloaded wat v1.262.0
[INFO] [stderr]   Downloaded wasmtime-component-util v15.0.1
[INFO] [stderr]   Downloaded wasmtime-wit-bindgen v15.0.1
[INFO] [stderr]   Downloaded wit-bindgen-core v0.16.0
[INFO] [stderr]   Downloaded js-component-bindgen v0.14.2
[INFO] [stderr]   Downloaded cranelift-entity v0.103.0
[INFO] [stderr]   Downloaded wasm-encoder v0.38.1
[INFO] [stderr]   Downloaded wasmprinter v0.2.80
[INFO] [stderr]   Downloaded wasm-encoder v0.41.2
[INFO] [stderr]   Downloaded wasm-encoder v0.39.0
[INFO] [stderr]   Downloaded wit-parser v0.13.2
[INFO] [stderr]   Downloaded wit-component v0.18.2
[INFO] [stderr]   Downloaded wasmtime-environ v16.0.0
[INFO] [stderr]   Downloaded wast v262.0.0
[INFO] [stderr]   Downloaded wasmparser v0.121.2
[INFO] [stderr]   Downloaded wasmparser v0.118.2
[INFO] [stderr]   Downloaded wit-component v0.19.1
[INFO] [stderr]   Downloaded wasmparser v0.119.0
[INFO] [stderr]   Downloaded wasmparser v0.262.0
[INFO] running `Command { std: "docker" "create" "-v" "/var/lib/crater-agent-workspace/builds/worker-0-tc1/source:/opt/rustwide/workdir:ro,Z" "-v" "/var/lib/crater-agent-workspace/builds/worker-0-tc1/target:/opt/rustwide/target:rw,Z" "-v" "/var/lib/crater-agent-workspace/cargo-home:/opt/rustwide/cargo-home:ro,Z" "-v" "/var/lib/crater-agent-workspace/rustup-home:/opt/rustwide/rustup-home:ro,Z" "-m" "1610612736" "--network" "none" "ghcr.io/rust-lang/crates-build-env/linux@sha256:77db811e55d90add9212f6832c23229e3de5f1c1f9905e8cb07319ea15df73ac" "sleep" "infinity", kill_on_drop: false }`
[INFO] [stdout] fc9f3b085c6811ca23852eb50cc2bcf09f51734295a66cdfd21c8975d21b9d1a
[INFO] running `Command { std: "docker" "start" "fc9f3b085c6811ca23852eb50cc2bcf09f51734295a66cdfd21c8975d21b9d1a", kill_on_drop: false }`
[INFO] running `Command { std: "docker" "inspect" "fc9f3b085c6811ca23852eb50cc2bcf09f51734295a66cdfd21c8975d21b9d1a", kill_on_drop: false }`
[INFO] running `Command { std: "docker" "exec" "-e" "SOURCE_DIR=/opt/rustwide/workdir" "-e" "CARGO_HOME=/opt/rustwide/cargo-home" "-e" "RUSTUP_HOME=/opt/rustwide/rustup-home" "-e" "CARGO_TARGET_DIR=/opt/rustwide/target" "-w" "/opt/rustwide/workdir" "--user" "0:0" "fc9f3b085c6811ca23852eb50cc2bcf09f51734295a66cdfd21c8975d21b9d1a" "/opt/rustwide/cargo-home/bin/cargo" "+1.99.0-beta.8" "metadata" "--no-deps" "--format-version=1", kill_on_drop: false }`
[INFO] running `Command { std: "docker" "inspect" "fc9f3b085c6811ca23852eb50cc2bcf09f51734295a66cdfd21c8975d21b9d1a", kill_on_drop: false }`
[INFO] running `Command { std: "docker" "exec" "-e" "SOURCE_DIR=/opt/rustwide/workdir" "-e" "CARGO_HOME=/opt/rustwide/cargo-home" "-e" "RUSTUP_HOME=/opt/rustwide/rustup-home" "-e" "CARGO_TARGET_DIR=/opt/rustwide/target" "-e" "CARGO_INCREMENTAL=0" "-e" "RUST_BACKTRACE=full" "-e" "RUSTFLAGS=--cap-lints=warn" "-e" "RUSTDOCFLAGS=--cap-lints=warn" "-w" "/opt/rustwide/workdir" "--user" "0:0" "fc9f3b085c6811ca23852eb50cc2bcf09f51734295a66cdfd21c8975d21b9d1a" "/opt/rustwide/cargo-home/bin/cargo" "+1.99.0-beta.8" "build" "--frozen" "--message-format=json" "--release", kill_on_drop: false }`
[INFO] [stderr]    Compiling wasm-bindgen-shared v0.2.129
[INFO] [stderr]    Compiling bumpalo v3.20.3
[INFO] [stderr]    Compiling unicode-ident v1.0.27
[INFO] [stderr]    Compiling once_cell v1.21.4
[INFO] [stderr]    Compiling anyhow v1.0.104
[INFO] [stderr]    Compiling wasm-bindgen v0.2.129
[INFO] [stderr]    Compiling syn v3.0.9
[INFO] [stderr]    Compiling wasm-bindgen-macro-support v0.2.129
[INFO] [stderr]    Compiling wasm-bindgen-macro v0.2.129
[INFO] [stderr]    Compiling js-sys v0.3.106
[INFO] [stderr]    Compiling wasm-bindgen-futures v0.4.79
[INFO] [stderr]    Compiling wasm-bridge-js v0.3.0 (/opt/rustwide/workdir)
[INFO] [stdout] error[E0425]: cannot find function `eval` in crate `js_sys`
[INFO] [stdout]    --> src/no_bindgen/linker.rs:173:41
[INFO] [stdout]     |
[INFO] [stdout] 173 |     let transformer: Function = js_sys::eval(r#"(func) => (...args) => func(args)"#)
[INFO] [stdout]     |                                         ^^^^ not found in `js_sys`
[INFO] [stdout]     |
[INFO] [stdout] note: found an item that was configured out
[INFO] [stdout]    --> /opt/rustwide/cargo-home/registry/src/index.crates.io-1949cf8c6b5b557f/js-sys-0.3.106/src/lib.rs:405:12
[INFO] [stdout]     |
[INFO] [stdout] 403 |     #[cfg(feature = "unsafe-eval")]
[INFO] [stdout]     |           ----------------------- the item is gated behind the `unsafe-eval` feature
[INFO] [stdout] 404 |     #[wasm_bindgen(catch)]
[INFO] [stdout] 405 |     pub fn eval(js_source_text: &str) -> Result<JsValue, JsValue>;
[INFO] [stdout]     |            ^^^^
[INFO] [stdout] 
[INFO] [stdout] 
[INFO] [stdout] error[E0425]: cannot find function `eval` in crate `js_sys`
[INFO] [stdout]    --> src/helpers.rs:10:42
[INFO] [stdout]     |
[INFO] [stdout]  10 |     let console_warn: Function = js_sys::eval("console.warn").unwrap().into();
[INFO] [stdout]     |                                          ^^^^ not found in `js_sys`
[INFO] [stdout]     |
[INFO] [stdout] note: found an item that was configured out
[INFO] [stdout]    --> /opt/rustwide/cargo-home/registry/src/index.crates.io-1949cf8c6b5b557f/js-sys-0.3.106/src/lib.rs:405:12
[INFO] [stdout]     |
[INFO] [stdout] 403 |     #[cfg(feature = "unsafe-eval")]
[INFO] [stdout]     |           ----------------------- the item is gated behind the `unsafe-eval` feature
[INFO] [stdout] 404 |     #[wasm_bindgen(catch)]
[INFO] [stdout] 405 |     pub fn eval(js_source_text: &str) -> Result<JsValue, JsValue>;
[INFO] [stdout]     |            ^^^^
[INFO] [stdout] 
[INFO] [stdout] 
[INFO] [stdout] error[E0425]: cannot find function `eval` in crate `js_sys`
[INFO] [stdout]    --> src/helpers.rs:19:41
[INFO] [stdout]     |
[INFO] [stdout]  19 |     let console_log: Function = js_sys::eval("console.log").unwrap().into();
[INFO] [stdout]     |                                         ^^^^ not found in `js_sys`
[INFO] [stdout]     |
[INFO] [stdout] note: found an item that was configured out
[INFO] [stdout]    --> /opt/rustwide/cargo-home/registry/src/index.crates.io-1949cf8c6b5b557f/js-sys-0.3.106/src/lib.rs:405:12
[INFO] [stdout]     |
[INFO] [stdout] 403 |     #[cfg(feature = "unsafe-eval")]
[INFO] [stdout]     |           ----------------------- the item is gated behind the `unsafe-eval` feature
[INFO] [stdout] 404 |     #[wasm_bindgen(catch)]
[INFO] [stdout] 405 |     pub fn eval(js_source_text: &str) -> Result<JsValue, JsValue>;
[INFO] [stdout]     |            ^^^^
[INFO] [stdout] 
[INFO] [stdout] 
[INFO] [stdout] error[E0425]: cannot find function `eval` in crate `js_sys`
[INFO] [stdout]    --> src/helpers.rs:28:43
[INFO] [stdout]     |
[INFO] [stdout]  28 |     let console_error: Function = js_sys::eval("console.error").unwrap().into();
[INFO] [stdout]     |                                           ^^^^ not found in `js_sys`
[INFO] [stdout]     |
[INFO] [stdout] note: found an item that was configured out
[INFO] [stdout]    --> /opt/rustwide/cargo-home/registry/src/index.crates.io-1949cf8c6b5b557f/js-sys-0.3.106/src/lib.rs:405:12
[INFO] [stdout]     |
[INFO] [stdout] 403 |     #[cfg(feature = "unsafe-eval")]
[INFO] [stdout]     |           ----------------------- the item is gated behind the `unsafe-eval` feature
[INFO] [stdout] 404 |     #[wasm_bindgen(catch)]
[INFO] [stdout] 405 |     pub fn eval(js_source_text: &str) -> Result<JsValue, JsValue>;
[INFO] [stdout]     |            ^^^^
[INFO] [stdout] 
[INFO] [stdout] 
[INFO] [stdout] error[E0425]: cannot find function `eval` in crate `js_sys`
[INFO] [stdout]    --> src/helpers.rs:37:41
[INFO] [stdout]     |
[INFO] [stdout]  37 |     let console_log: Function = js_sys::eval("console.log").unwrap().into();
[INFO] [stdout]     |                                         ^^^^ not found in `js_sys`
[INFO] [stdout]     |
[INFO] [stdout] note: found an item that was configured out
[INFO] [stdout]    --> /opt/rustwide/cargo-home/registry/src/index.crates.io-1949cf8c6b5b557f/js-sys-0.3.106/src/lib.rs:405:12
[INFO] [stdout]     |
[INFO] [stdout] 403 |     #[cfg(feature = "unsafe-eval")]
[INFO] [stdout]     |           ----------------------- the item is gated behind the `unsafe-eval` feature
[INFO] [stdout] 404 |     #[wasm_bindgen(catch)]
[INFO] [stdout] 405 |     pub fn eval(js_source_text: &str) -> Result<JsValue, JsValue>;
[INFO] [stdout]     |            ^^^^
[INFO] [stdout] 
[INFO] [stdout] 
[INFO] [stdout] For more information about this error, try `rustc --explain E0425`.
[INFO] [stdout] 
[INFO] [stderr] error: could not compile `wasm-bridge-js` (lib) due to 5 previous errors
[INFO] [stderr] warning: build failed, waiting for other jobs to finish...
[INFO] running `Command { std: "docker" "inspect" "fc9f3b085c6811ca23852eb50cc2bcf09f51734295a66cdfd21c8975d21b9d1a", kill_on_drop: false }`
[INFO] running `Command { std: "docker" "rm" "-f" "fc9f3b085c6811ca23852eb50cc2bcf09f51734295a66cdfd21c8975d21b9d1a", kill_on_drop: false }`
[INFO] [stdout] fc9f3b085c6811ca23852eb50cc2bcf09f51734295a66cdfd21c8975d21b9d1a
