[INFO] fetching crate wasm-bindgen-struct 0.1.0...
[INFO] testing wasm-bindgen-struct-0.1.0 against 1.100.0-beta.1+cargoflags=--release for beta-release-1.100-2
[INFO] extracting crate wasm-bindgen-struct 0.1.0 into /workspace/builds/worker-7-tc2/source
[INFO] started tweaking crates.io crate wasm-bindgen-struct 0.1.0
[INFO] finished tweaking crates.io crate wasm-bindgen-struct 0.1.0
[INFO] tweaked toml for crates.io crate wasm-bindgen-struct 0.1.0 written to /workspace/builds/worker-7-tc2/source/Cargo.toml
[INFO] validating manifest of crates.io crate wasm-bindgen-struct 0.1.0 on toolchain 1.100.0-beta.1
[INFO] running `Command { std: CARGO_HOME="/workspace/cargo-home" RUSTUP_HOME="/workspace/rustup-home" "/workspace/cargo-home/bin/cargo" "+1.100.0-beta.1" "metadata" "--manifest-path" "Cargo.toml" "--no-deps", kill_on_drop: false }`
[INFO] running `Command { std: CARGO_HOME="/workspace/cargo-home" RUSTUP_HOME="/workspace/rustup-home" "/workspace/cargo-home/bin/cargo" "+1.100.0-beta.1" "generate-lockfile" "--manifest-path" "Cargo.toml", kill_on_drop: false }`
[INFO] [stderr]     Updating crates.io index
[INFO] [stderr]      Locking 68 packages to highest compatible versions
[INFO] [stderr]       Adding attribute-derive v0.6.1 (available: v0.11.0)
[INFO] [stderr]       Adding prettyplease v0.2.37 (available: v0.3.0)
[INFO] [stderr]       Adding syn v2.0.119 (available: v3.0.9)
[INFO] [stderr]       Adding termdiff v3.1.5 (available: v4.2.2)
[INFO] running `Command { std: CARGO_HOME="/workspace/cargo-home" RUSTUP_HOME="/workspace/rustup-home" "/workspace/cargo-home/bin/cargo" "+1.100.0-beta.1" "fetch" "--manifest-path" "Cargo.toml", kill_on_drop: false }`
[INFO] running `Command { std: "docker" "create" "-v" "/var/lib/crater-agent-workspace/builds/worker-7-tc2/source:/opt/rustwide/workdir:ro,Z" "-v" "/var/lib/crater-agent-workspace/builds/worker-7-tc2/target:/opt/rustwide/target:rw,Z" "-v" "/var/lib/crater-agent-workspace/cargo-home:/opt/rustwide/cargo-home:ro,Z" "-v" "/var/lib/crater-agent-workspace/rustup-home:/opt/rustwide/rustup-home:ro,Z" "-m" "1610612736" "--network" "none" "ghcr.io/rust-lang/crates-build-env/linux@sha256:77db811e55d90add9212f6832c23229e3de5f1c1f9905e8cb07319ea15df73ac" "sleep" "infinity", kill_on_drop: false }`
[INFO] [stdout] b12c4b9e92156f24ce3b7376656ab904ea9111db2ca40a6e7cad4c376a49d33c
[INFO] running `Command { std: "docker" "start" "b12c4b9e92156f24ce3b7376656ab904ea9111db2ca40a6e7cad4c376a49d33c", kill_on_drop: false }`
[INFO] running `Command { std: "docker" "inspect" "b12c4b9e92156f24ce3b7376656ab904ea9111db2ca40a6e7cad4c376a49d33c", kill_on_drop: false }`
[INFO] running `Command { std: "docker" "exec" "-e" "SOURCE_DIR=/opt/rustwide/workdir" "-e" "CARGO_HOME=/opt/rustwide/cargo-home" "-e" "RUSTUP_HOME=/opt/rustwide/rustup-home" "-e" "CARGO_TARGET_DIR=/opt/rustwide/target" "-w" "/opt/rustwide/workdir" "--user" "0:0" "b12c4b9e92156f24ce3b7376656ab904ea9111db2ca40a6e7cad4c376a49d33c" "/opt/rustwide/cargo-home/bin/cargo" "+1.100.0-beta.1" "metadata" "--no-deps" "--format-version=1", kill_on_drop: false }`
[INFO] running `Command { std: "docker" "inspect" "b12c4b9e92156f24ce3b7376656ab904ea9111db2ca40a6e7cad4c376a49d33c", kill_on_drop: false }`
[INFO] running `Command { std: "docker" "exec" "-e" "SOURCE_DIR=/opt/rustwide/workdir" "-e" "CARGO_HOME=/opt/rustwide/cargo-home" "-e" "RUSTUP_HOME=/opt/rustwide/rustup-home" "-e" "CARGO_TARGET_DIR=/opt/rustwide/target" "-e" "CARGO_INCREMENTAL=0" "-e" "RUST_BACKTRACE=full" "-e" "RUSTFLAGS=--cap-lints=warn" "-e" "RUSTDOCFLAGS=--cap-lints=warn" "-w" "/opt/rustwide/workdir" "--user" "0:0" "b12c4b9e92156f24ce3b7376656ab904ea9111db2ca40a6e7cad4c376a49d33c" "/opt/rustwide/cargo-home/bin/cargo" "+1.100.0-beta.1" "build" "--frozen" "--message-format=json" "--release", kill_on_drop: false }`
[INFO] [stderr]    Compiling smallvec v1.16.3
[INFO] [stderr]    Compiling interpolator v0.5.0
[INFO] [stderr]    Compiling prettyplease v0.2.37
[INFO] [stderr]    Compiling collection_literals v1.0.3
[INFO] [stderr]    Compiling syn v1.0.109
[INFO] [stderr]    Compiling syn v2.0.119
[INFO] [stderr]    Compiling syn v3.0.9
[INFO] [stderr]    Compiling proc-macro-error-attr v1.0.4
[INFO] [stderr]    Compiling proc-macro-utils v0.8.0
[INFO] [stderr]    Compiling proc-macro-error v1.0.4
[INFO] [stderr]    Compiling derive-where v1.7.0
[INFO] [stderr]    Compiling quote-use-macros v0.7.2
[INFO] [stderr]    Compiling quote-use v0.7.2
[INFO] [stderr]    Compiling attribute-derive-macro v0.6.1
[INFO] [stderr]    Compiling attribute-derive v0.6.1
[INFO] [stderr]    Compiling wasm-bindgen-struct v0.1.0 (/opt/rustwide/workdir)
[INFO] [stdout] warning: macro `quote` is private
[INFO] [stdout]    --> src/model.rs:132:21
[INFO] [stdout]     |
[INFO] [stdout] 132 |       .map(|module| quote! { (module = #module) })
[INFO] [stdout]     |                     ^^^^^
[INFO] [stdout]     |
[INFO] [stdout]     = warning: this was previously accepted by the compiler but is being phased out; it will become a hard error in a future release!
[INFO] [stdout]     = note: for more information, see issue #120192 <https://github.com/rust-lang/rust/issues/120192>
[INFO] [stdout]     = note: `#[warn(private_macro_use)]` on by default
[INFO] [stdout] 
[INFO] [stdout] 
[INFO] [stdout] warning: macro `quote` is private
[INFO] [stdout]    --> src/model.rs:137:29
[INFO] [stdout]     |
[INFO] [stdout] 137 |           .map(|raw_module| quote! { (raw_module = #raw_module) })
[INFO] [stdout]     |                             ^^^^^
[INFO] [stdout]     |
[INFO] [stdout]     = warning: this was previously accepted by the compiler but is being phased out; it will become a hard error in a future release!
[INFO] [stdout]     = note: for more information, see issue #120192 <https://github.com/rust-lang/rust/issues/120192>
[INFO] [stdout] 
[INFO] [stdout] 
[INFO] [stdout] warning: macro `quote` is private
[INFO] [stdout]    --> src/model.rs:140:18
[INFO] [stdout]     |
[INFO] [stdout] 140 |     let output = quote! {
[INFO] [stdout]     |                  ^^^^^
[INFO] [stdout]     |
[INFO] [stdout]     = warning: this was previously accepted by the compiler but is being phased out; it will become a hard error in a future release!
[INFO] [stdout]     = note: for more information, see issue #120192 <https://github.com/rust-lang/rust/issues/120192>
[INFO] [stdout] 
[INFO] [stdout] 
[INFO] [stdout] warning: macro `quote` is private
[INFO] [stdout]    --> src/model.rs:179:14
[INFO] [stdout]     |
[INFO] [stdout] 179 |       return quote! {};
[INFO] [stdout]     |              ^^^^^
[INFO] [stdout]     |
[INFO] [stdout]     = warning: this was previously accepted by the compiler but is being phased out; it will become a hard error in a future release!
[INFO] [stdout]     = note: for more information, see issue #120192 <https://github.com/rust-lang/rust/issues/120192>
[INFO] [stdout] 
[INFO] [stdout] 
[INFO] [stdout] warning: macro `quote` is private
[INFO] [stdout]    --> src/model.rs:184:22
[INFO] [stdout]     |
[INFO] [stdout] 184 |       .map(|js_name| quote! { #[wasm_bindgen(js_name = #js_name)] });
[INFO] [stdout]     |                      ^^^^^
[INFO] [stdout]     |
[INFO] [stdout]     = warning: this was previously accepted by the compiler but is being phased out; it will become a hard error in a future release!
[INFO] [stdout]     = note: for more information, see issue #120192 <https://github.com/rust-lang/rust/issues/120192>
[INFO] [stdout] 
[INFO] [stdout] 
[INFO] [stdout] warning: macro `quote` is private
[INFO] [stdout]    --> src/model.rs:188:22
[INFO] [stdout]     |
[INFO] [stdout] 188 |       .map(|extends| quote! { #[wasm_bindgen(extends = #extends)] });
[INFO] [stdout]     |                      ^^^^^
[INFO] [stdout]     |
[INFO] [stdout]     = warning: this was previously accepted by the compiler but is being phased out; it will become a hard error in a future release!
[INFO] [stdout]     = note: for more information, see issue #120192 <https://github.com/rust-lang/rust/issues/120192>
[INFO] [stdout] 
[INFO] [stdout] 
[INFO] [stdout] warning: macro `quote` is private
[INFO] [stdout]    --> src/model.rs:190:5
[INFO] [stdout]     |
[INFO] [stdout] 190 |     quote! {
[INFO] [stdout]     |     ^^^^^
[INFO] [stdout]     |
[INFO] [stdout]     = warning: this was previously accepted by the compiler but is being phased out; it will become a hard error in a future release!
[INFO] [stdout]     = note: for more information, see issue #120192 <https://github.com/rust-lang/rust/issues/120192>
[INFO] [stdout] 
[INFO] [stdout] 
[INFO] [stdout] warning: macro `quote` is private
[INFO] [stdout]    --> src/model.rs:237:18
[INFO] [stdout]     |
[INFO] [stdout] 237 |     let output = quote! {
[INFO] [stdout]     |                  ^^^^^
[INFO] [stdout]     |
[INFO] [stdout]     = warning: this was previously accepted by the compiler but is being phased out; it will become a hard error in a future release!
[INFO] [stdout]     = note: for more information, see issue #120192 <https://github.com/rust-lang/rust/issues/120192>
[INFO] [stdout] 
[INFO] [stdout] 
[INFO] [stdout] warning: macro `quote` is private
[INFO] [stdout]    --> src/model.rs:316:17
[INFO] [stdout]     |
[INFO] [stdout] 316 |       .map(|on| quote! { #on })
[INFO] [stdout]     |                 ^^^^^
[INFO] [stdout]     |
[INFO] [stdout]     = warning: this was previously accepted by the compiler but is being phased out; it will become a hard error in a future release!
[INFO] [stdout]     = note: for more information, see issue #120192 <https://github.com/rust-lang/rust/issues/120192>
[INFO] [stdout] 
[INFO] [stdout] 
[INFO] [stdout] warning: macro `quote` is private
[INFO] [stdout]    --> src/model.rs:317:26
[INFO] [stdout]     |
[INFO] [stdout] 317 |       .unwrap_or_else(|| quote! { #name });
[INFO] [stdout]     |                          ^^^^^
[INFO] [stdout]     |
[INFO] [stdout]     = warning: this was previously accepted by the compiler but is being phased out; it will become a hard error in a future release!
[INFO] [stdout]     = note: for more information, see issue #120192 <https://github.com/rust-lang/rust/issues/120192>
[INFO] [stdout] 
[INFO] [stdout] 
[INFO] [stdout] warning: macro `quote` is private
[INFO] [stdout]    --> src/model.rs:341:16
[INFO] [stdout]     |
[INFO] [stdout] 341 |       .then(|| quote! { #[wasm_bindgen(final)] });
[INFO] [stdout]     |                ^^^^^
[INFO] [stdout]     |
[INFO] [stdout]     = warning: this was previously accepted by the compiler but is being phased out; it will become a hard error in a future release!
[INFO] [stdout]     = note: for more information, see issue #120192 <https://github.com/rust-lang/rust/issues/120192>
[INFO] [stdout] 
[INFO] [stdout] 
[INFO] [stdout] warning: macro `quote` is private
[INFO] [stdout]    --> src/model.rs:345:23
[INFO] [stdout]     |
[INFO] [stdout] 345 |       .map(|js_class| quote! { #[wasm_bindgen(js_class = #js_class)] });
[INFO] [stdout]     |                       ^^^^^
[INFO] [stdout]     |
[INFO] [stdout]     = warning: this was previously accepted by the compiler but is being phased out; it will become a hard error in a future release!
[INFO] [stdout]     = note: for more information, see issue #120192 <https://github.com/rust-lang/rust/issues/120192>
[INFO] [stdout] 
[INFO] [stdout] 
[INFO] [stdout] warning: macro `quote` is private
[INFO] [stdout]    --> src/model.rs:349:22
[INFO] [stdout]     |
[INFO] [stdout] 349 |       .map(|js_name| quote! { #[wasm_bindgen(js_name = #js_name)] })
[INFO] [stdout]     |                      ^^^^^
[INFO] [stdout]     |
[INFO] [stdout]     = warning: this was previously accepted by the compiler but is being phased out; it will become a hard error in a future release!
[INFO] [stdout]     = note: for more information, see issue #120192 <https://github.com/rust-lang/rust/issues/120192>
[INFO] [stdout] 
[INFO] [stdout] 
[INFO] [stdout] warning: macro `quote` is private
[INFO] [stdout]    --> src/model.rs:359:16
[INFO] [stdout]     |
[INFO] [stdout] 359 |       .then(|| quote! { #[wasm_bindgen(js_namespace = [#(#js_namespace),*])] });
[INFO] [stdout]     |                ^^^^^
[INFO] [stdout]     |
[INFO] [stdout]     = warning: this was previously accepted by the compiler but is being phased out; it will become a hard error in a future release!
[INFO] [stdout]     = note: for more information, see issue #120192 <https://github.com/rust-lang/rust/issues/120192>
[INFO] [stdout] 
[INFO] [stdout] 
[INFO] [stdout] warning: macro `quote` is private
[INFO] [stdout]    --> src/model.rs:364:9
[INFO] [stdout]     |
[INFO] [stdout] 364 |         quote! {
[INFO] [stdout]     |         ^^^^^
[INFO] [stdout]     |
[INFO] [stdout]     = warning: this was previously accepted by the compiler but is being phased out; it will become a hard error in a future release!
[INFO] [stdout]     = note: for more information, see issue #120192 <https://github.com/rust-lang/rust/issues/120192>
[INFO] [stdout] 
[INFO] [stdout] 
[INFO] [stdout] warning: macro `quote` is private
[INFO] [stdout]    --> src/model.rs:379:9
[INFO] [stdout]     |
[INFO] [stdout] 379 |         quote! {
[INFO] [stdout]     |         ^^^^^
[INFO] [stdout]     |
[INFO] [stdout]     = warning: this was previously accepted by the compiler but is being phased out; it will become a hard error in a future release!
[INFO] [stdout]     = note: for more information, see issue #120192 <https://github.com/rust-lang/rust/issues/120192>
[INFO] [stdout] 
[INFO] [stdout] 
[INFO] [stdout] warning: macro `quote` is private
[INFO] [stdout]    --> src/model.rs:389:5
[INFO] [stdout]     |
[INFO] [stdout] 389 |     quote! {
[INFO] [stdout]     |     ^^^^^
[INFO] [stdout]     |
[INFO] [stdout]     = warning: this was previously accepted by the compiler but is being phased out; it will become a hard error in a future release!
[INFO] [stdout]     = note: for more information, see issue #120192 <https://github.com/rust-lang/rust/issues/120192>
[INFO] [stdout] 
[INFO] [stdout] 
[INFO] [stdout] warning: macro `quote` is private
[INFO] [stdout]    --> src/model.rs:569:47
[INFO] [stdout]     |
[INFO] [stdout] 569 |     let module = module.as_ref().map(|module| quote! { (module = #module) });
[INFO] [stdout]     |                                               ^^^^^
[INFO] [stdout]     |
[INFO] [stdout]     = warning: this was previously accepted by the compiler but is being phased out; it will become a hard error in a future release!
[INFO] [stdout]     = note: for more information, see issue #120192 <https://github.com/rust-lang/rust/issues/120192>
[INFO] [stdout] 
[INFO] [stdout] 
[INFO] [stdout] warning: macro `quote` is private
[INFO] [stdout]    --> src/model.rs:573:25
[INFO] [stdout]     |
[INFO] [stdout] 573 |       .map(|raw_module| quote! { (raw_module = #raw_module) });
[INFO] [stdout]     |                         ^^^^^
[INFO] [stdout]     |
[INFO] [stdout]     = warning: this was previously accepted by the compiler but is being phased out; it will become a hard error in a future release!
[INFO] [stdout]     = note: for more information, see issue #120192 <https://github.com/rust-lang/rust/issues/120192>
[INFO] [stdout] 
[INFO] [stdout] 
[INFO] [stdout] warning: macro `quote` is private
[INFO] [stdout]    --> src/model.rs:577:16
[INFO] [stdout]     |
[INFO] [stdout] 577 |       .then(|| quote! { #[wasm_bindgen(static_method_of = #ty)] });
[INFO] [stdout]     |                ^^^^^
[INFO] [stdout]     |
[INFO] [stdout]     = warning: this was previously accepted by the compiler but is being phased out; it will become a hard error in a future release!
[INFO] [stdout]     = note: for more information, see issue #120192 <https://github.com/rust-lang/rust/issues/120192>
[INFO] [stdout] 
[INFO] [stdout] 
[INFO] [stdout] warning: macro `quote` is private
[INFO] [stdout]    --> src/model.rs:580:35
[INFO] [stdout]     |
[INFO] [stdout] 580 |       (!self.is_static()).then(|| quote! { #[wasm_bindgen(method)] });
[INFO] [stdout]     |                                   ^^^^^
[INFO] [stdout]     |
[INFO] [stdout]     = warning: this was previously accepted by the compiler but is being phased out; it will become a hard error in a future release!
[INFO] [stdout]     = note: for more information, see issue #120192 <https://github.com/rust-lang/rust/issues/120192>
[INFO] [stdout] 
[INFO] [stdout] 
[INFO] [stdout] warning: macro `quote` is private
[INFO] [stdout]    --> src/model.rs:583:27
[INFO] [stdout]     |
[INFO] [stdout] 583 |       constructor.then(|| quote! { #[wasm_bindgen(constructor)] });
[INFO] [stdout]     |                           ^^^^^
[INFO] [stdout]     |
[INFO] [stdout]     = warning: this was previously accepted by the compiler but is being phased out; it will become a hard error in a future release!
[INFO] [stdout]     = note: for more information, see issue #120192 <https://github.com/rust-lang/rust/issues/120192>
[INFO] [stdout] 
[INFO] [stdout] 
[INFO] [stdout] warning: macro `quote` is private
[INFO] [stdout]    --> src/model.rs:586:16
[INFO] [stdout]     |
[INFO] [stdout] 586 |       .then(|| quote! { #[wasm_bindgen(final)] });
[INFO] [stdout]     |                ^^^^^
[INFO] [stdout]     |
[INFO] [stdout]     = warning: this was previously accepted by the compiler but is being phased out; it will become a hard error in a future release!
[INFO] [stdout]     = note: for more information, see issue #120192 <https://github.com/rust-lang/rust/issues/120192>
[INFO] [stdout] 
[INFO] [stdout] 
[INFO] [stdout] warning: macro `quote` is private
[INFO] [stdout]    --> src/model.rs:590:23
[INFO] [stdout]     |
[INFO] [stdout] 590 |       .map(|js_class| quote! { 3[wasm_bindgen(js_class = #js_class)] });
[INFO] [stdout]     |                       ^^^^^
[INFO] [stdout]     |
[INFO] [stdout]     = warning: this was previously accepted by the compiler but is being phased out; it will become a hard error in a future release!
[INFO] [stdout]     = note: for more information, see issue #120192 <https://github.com/rust-lang/rust/issues/120192>
[INFO] [stdout] 
[INFO] [stdout] 
[INFO] [stdout] warning: macro `quote` is private
[INFO] [stdout]    --> src/model.rs:594:22
[INFO] [stdout]     |
[INFO] [stdout] 594 |       .map(|js_name| quote! { #[wasm_bindgen(js_name = #js_name)] })
[INFO] [stdout]     |                      ^^^^^
[INFO] [stdout]     |
[INFO] [stdout]     = warning: this was previously accepted by the compiler but is being phased out; it will become a hard error in a future release!
[INFO] [stdout]     = note: for more information, see issue #120192 <https://github.com/rust-lang/rust/issues/120192>
[INFO] [stdout] 
[INFO] [stdout] 
[INFO] [stdout] warning: macro `quote` is private
[INFO] [stdout]    --> src/model.rs:598:9
[INFO] [stdout]     |
[INFO] [stdout] 598 |         quote! { #[wasm_bindgen(js_name = #ident)] }
[INFO] [stdout]     |         ^^^^^
[INFO] [stdout]     |
[INFO] [stdout]     = warning: this was previously accepted by the compiler but is being phased out; it will become a hard error in a future release!
[INFO] [stdout]     = note: for more information, see issue #120192 <https://github.com/rust-lang/rust/issues/120192>
[INFO] [stdout] 
[INFO] [stdout] 
[INFO] [stdout] warning: macro `quote` is private
[INFO] [stdout]    --> src/model.rs:602:50
[INFO] [stdout]     |
[INFO] [stdout] 602 |       let parts = js_namespace.iter().map(|part| quote! { #part });
[INFO] [stdout]     |                                                  ^^^^^
[INFO] [stdout]     |
[INFO] [stdout]     = warning: this was previously accepted by the compiler but is being phased out; it will become a hard error in a future release!
[INFO] [stdout]     = note: for more information, see issue #120192 <https://github.com/rust-lang/rust/issues/120192>
[INFO] [stdout] 
[INFO] [stdout] 
[INFO] [stdout] warning: macro `quote` is private
[INFO] [stdout]    --> src/model.rs:604:7
[INFO] [stdout]     |
[INFO] [stdout] 604 |       quote! { #[wasm_bindgen(js_namespace = [#(#parts),*])] }
[INFO] [stdout]     |       ^^^^^
[INFO] [stdout]     |
[INFO] [stdout]     = warning: this was previously accepted by the compiler but is being phased out; it will become a hard error in a future release!
[INFO] [stdout]     = note: for more information, see issue #120192 <https://github.com/rust-lang/rust/issues/120192>
[INFO] [stdout] 
[INFO] [stdout] 
[INFO] [stdout] warning: macro `quote` is private
[INFO] [stdout]    --> src/model.rs:607:33
[INFO] [stdout]     |
[INFO] [stdout] 607 |     let getter = getter.then(|| quote! { #[wasm_bindgen(getter)] });
[INFO] [stdout]     |                                 ^^^^^
[INFO] [stdout]     |
[INFO] [stdout]     = warning: this was previously accepted by the compiler but is being phased out; it will become a hard error in a future release!
[INFO] [stdout]     = note: for more information, see issue #120192 <https://github.com/rust-lang/rust/issues/120192>
[INFO] [stdout] 
[INFO] [stdout] 
[INFO] [stdout] warning: macro `quote` is private
[INFO] [stdout]    --> src/model.rs:608:33
[INFO] [stdout]     |
[INFO] [stdout] 608 |     let setter = setter.then(|| quote! { #[wasm_bindgen(setter)] });
[INFO] [stdout]     |                                 ^^^^^
[INFO] [stdout]     |
[INFO] [stdout]     = warning: this was previously accepted by the compiler but is being phased out; it will become a hard error in a future release!
[INFO] [stdout]     = note: for more information, see issue #120192 <https://github.com/rust-lang/rust/issues/120192>
[INFO] [stdout] 
[INFO] [stdout] 
[INFO] [stdout] warning: macro `quote` is private
[INFO] [stdout]    --> src/model.rs:611:31
[INFO] [stdout]     |
[INFO] [stdout] 611 |       indexing_getter.then(|| quote! { #[wasm_bindgen(indexing_getter)] });
[INFO] [stdout]     |                               ^^^^^
[INFO] [stdout]     |
[INFO] [stdout]     = warning: this was previously accepted by the compiler but is being phased out; it will become a hard error in a future release!
[INFO] [stdout]     = note: for more information, see issue #120192 <https://github.com/rust-lang/rust/issues/120192>
[INFO] [stdout] 
[INFO] [stdout] 
[INFO] [stdout] warning: macro `quote` is private
[INFO] [stdout]    --> src/model.rs:614:31
[INFO] [stdout]     |
[INFO] [stdout] 614 |       indexing_setter.then(|| quote! { #[wasm_bindgen(indexing_setter)] });
[INFO] [stdout]     |                               ^^^^^
[INFO] [stdout]     |
[INFO] [stdout]     = warning: this was previously accepted by the compiler but is being phased out; it will become a hard error in a future release!
[INFO] [stdout]     = note: for more information, see issue #120192 <https://github.com/rust-lang/rust/issues/120192>
[INFO] [stdout] 
[INFO] [stdout] 
[INFO] [stdout] warning: macro `quote` is private
[INFO] [stdout]    --> src/model.rs:617:32
[INFO] [stdout]     |
[INFO] [stdout] 617 |       indexing_deleter.then(|| quote! { #[wasm_bindgen(indexing_deleter)] });
[INFO] [stdout]     |                                ^^^^^
[INFO] [stdout]     |
[INFO] [stdout]     = warning: this was previously accepted by the compiler but is being phased out; it will become a hard error in a future release!
[INFO] [stdout]     = note: for more information, see issue #120192 <https://github.com/rust-lang/rust/issues/120192>
[INFO] [stdout] 
[INFO] [stdout] 
[INFO] [stdout] warning: macro `quote` is private
[INFO] [stdout]    --> src/model.rs:619:37
[INFO] [stdout]     |
[INFO] [stdout] 619 |     let variadic = variadic.then(|| quote! { #[wasm_bindgen(variadic)] });
[INFO] [stdout]     |                                     ^^^^^
[INFO] [stdout]     |
[INFO] [stdout]     = warning: this was previously accepted by the compiler but is being phased out; it will become a hard error in a future release!
[INFO] [stdout]     = note: for more information, see issue #120192 <https://github.com/rust-lang/rust/issues/120192>
[INFO] [stdout] 
[INFO] [stdout] 
[INFO] [stdout] warning: macro `quote` is private
[INFO] [stdout]    --> src/model.rs:638:57
[INFO] [stdout]     |
[INFO] [stdout] 638 |         let ref_ = receiver.reference.is_some().then(|| quote! { & });
[INFO] [stdout]     |                                                         ^^^^^
[INFO] [stdout]     |
[INFO] [stdout]     = warning: this was previously accepted by the compiler but is being phased out; it will become a hard error in a future release!
[INFO] [stdout]     = note: for more information, see issue #120192 <https://github.com/rust-lang/rust/issues/120192>
[INFO] [stdout] 
[INFO] [stdout] 
[INFO] [stdout] warning: macro `quote` is private
[INFO] [stdout]    --> src/model.rs:647:18
[INFO] [stdout]     |
[INFO] [stdout] 647 |         .then(|| quote! { #[wasm_bindgen(catch)] });
[INFO] [stdout]     |                  ^^^^^
[INFO] [stdout]     |
[INFO] [stdout]     = warning: this was previously accepted by the compiler but is being phased out; it will become a hard error in a future release!
[INFO] [stdout]     = note: for more information, see issue #120192 <https://github.com/rust-lang/rust/issues/120192>
[INFO] [stdout] 
[INFO] [stdout] 
[INFO] [stdout] warning: macro `quote` is private
[INFO] [stdout]    --> src/model.rs:659:5
[INFO] [stdout]     |
[INFO] [stdout] 659 |     quote! {
[INFO] [stdout]     |     ^^^^^
[INFO] [stdout]     |
[INFO] [stdout]     = warning: this was previously accepted by the compiler but is being phased out; it will become a hard error in a future release!
[INFO] [stdout]     = note: for more information, see issue #120192 <https://github.com/rust-lang/rust/issues/120192>
[INFO] [stdout] 
[INFO] [stdout] 
[INFO] [stdout] warning: macro `quote` is private
[INFO] [stdout]    --> src/model.rs:709:9
[INFO] [stdout]     |
[INFO] [stdout] 709 |         quote! { #(#stmts)* }
[INFO] [stdout]     |         ^^^^^
[INFO] [stdout]     |
[INFO] [stdout]     = warning: this was previously accepted by the compiler but is being phased out; it will become a hard error in a future release!
[INFO] [stdout]     = note: for more information, see issue #120192 <https://github.com/rust-lang/rust/issues/120192>
[INFO] [stdout] 
[INFO] [stdout] 
[INFO] [stdout] warning: macro `quote` is private
[INFO] [stdout]    --> src/model.rs:712:58
[INFO] [stdout]     |
[INFO] [stdout] 712 |         let async_ = self.sig.asyncness.as_ref().map(|_| quote! { .await });
[INFO] [stdout]     |                                                          ^^^^^
[INFO] [stdout]     |
[INFO] [stdout]     = warning: this was previously accepted by the compiler but is being phased out; it will become a hard error in a future release!
[INFO] [stdout]     = note: for more information, see issue #120192 <https://github.com/rust-lang/rust/issues/120192>
[INFO] [stdout] 
[INFO] [stdout] 
[INFO] [stdout] warning: macro `quote` is private
[INFO] [stdout]    --> src/model.rs:726:11
[INFO] [stdout]     |
[INFO] [stdout] 726 |           quote! { self.#fn_name(#inputs) #async_ }
[INFO] [stdout]     |           ^^^^^
[INFO] [stdout]     |
[INFO] [stdout]     = warning: this was previously accepted by the compiler but is being phased out; it will become a hard error in a future release!
[INFO] [stdout]     = note: for more information, see issue #120192 <https://github.com/rust-lang/rust/issues/120192>
[INFO] [stdout] 
[INFO] [stdout] 
[INFO] [stdout] warning: macro `quote` is private
[INFO] [stdout]    --> src/model.rs:736:11
[INFO] [stdout]     |
[INFO] [stdout] 736 |           quote! { Self::#fn_name(#inputs) #async_ }
[INFO] [stdout]     |           ^^^^^
[INFO] [stdout]     |
[INFO] [stdout]     = warning: this was previously accepted by the compiler but is being phased out; it will become a hard error in a future release!
[INFO] [stdout]     = note: for more information, see issue #120192 <https://github.com/rust-lang/rust/issues/120192>
[INFO] [stdout] 
[INFO] [stdout] 
[INFO] [stdout] error[E0277]: `Visibility` doesn't implement `Debug`
[INFO] [stdout]   --> src/model.rs:57:3
[INFO] [stdout]    |
[INFO] [stdout] 53 | #[derive(Debug)]
[INFO] [stdout]    |          ----- in this derive macro expansion
[INFO] [stdout] ...
[INFO] [stdout] 57 |   vis: syn::Visibility,
[INFO] [stdout]    |   ^^^^^^^^^^^^^^^^^^^^ the trait `Debug` is not implemented for `Visibility`
[INFO] [stdout] 
[INFO] [stdout] 
[INFO] [stdout] error[E0277]: `syn::Attribute` doesn't implement `Debug`
[INFO] [stdout]   --> src/model.rs:56:3
[INFO] [stdout]    |
[INFO] [stdout] 53 | #[derive(Debug)]
[INFO] [stdout]    |          ----- in this derive macro expansion
[INFO] [stdout] ...
[INFO] [stdout] 56 |   attrs: Vec<syn::Attribute>,
[INFO] [stdout]    |   ^^^^^^^^^^^^^^^^^^^^^^^^^^ the trait `Debug` is not implemented for `syn::Attribute`
[INFO] [stdout]    |
[INFO] [stdout] help: the trait `Debug` is conditionally implemented for `Vec<T, A>`
[INFO] [stdout]   --> /rustc/e3feeb59cd1bdd011a2bfcc0747b55125d9b8527/library/alloc/src/vec/mod.rs:4417:8
[INFO] [stdout]    |
[INFO] [stdout]    = note: unsatisfied requirement introduced here: `syn::Attribute: Debug`
[INFO] [stdout] 
[INFO] [stdout] 
[INFO] [stdout] error[E0277]: `syn::Type` doesn't implement `Debug`
[INFO] [stdout]   --> src/model.rs:59:3
[INFO] [stdout]    |
[INFO] [stdout] 53 | #[derive(Debug)]
[INFO] [stdout]    |          ----- in this derive macro expansion
[INFO] [stdout] ...
[INFO] [stdout] 59 |   on: Option<syn::Type>,
[INFO] [stdout]    |   ^^^^^^^^^^^^^^^^^^^^^ the trait `Debug` is not implemented for `syn::Type`
[INFO] [stdout]    |
[INFO] [stdout] help: the trait `Debug` is conditionally implemented for `Option<T>`
[INFO] [stdout]   --> /rustc/e3feeb59cd1bdd011a2bfcc0747b55125d9b8527/library/core/src/option.rs:592:15
[INFO] [stdout]   ::: /rustc/e3feeb59cd1bdd011a2bfcc0747b55125d9b8527/library/core/src/option.rs:598:16
[INFO] [stdout]    |
[INFO] [stdout]    = note: unsatisfied requirement introduced here: `syn::Type: Debug`
[INFO] [stdout] 
[INFO] [stdout] 
[INFO] [stdout] error[E0277]: `syn::Lit` doesn't implement `Debug`
[INFO] [stdout]   --> src/model.rs:62:3
[INFO] [stdout]    |
[INFO] [stdout] 53 | #[derive(Debug)]
[INFO] [stdout]    |          ----- in this derive macro expansion
[INFO] [stdout] ...
[INFO] [stdout] 62 |   js_name: Option<syn::Lit>,
[INFO] [stdout]    |   ^^^^^^^^^^^^^^^^^^^^^^^^^ the trait `Debug` is not implemented for `syn::Lit`
[INFO] [stdout]    |
[INFO] [stdout] help: the trait `Debug` is conditionally implemented for `Option<T>`
[INFO] [stdout]   --> /rustc/e3feeb59cd1bdd011a2bfcc0747b55125d9b8527/library/core/src/option.rs:592:15
[INFO] [stdout]   ::: /rustc/e3feeb59cd1bdd011a2bfcc0747b55125d9b8527/library/core/src/option.rs:598:16
[INFO] [stdout]    |
[INFO] [stdout]    = note: unsatisfied requirement introduced here: `syn::Lit: Debug`
[INFO] [stdout] 
[INFO] [stdout] 
[INFO] [stdout] error[E0277]: `syn::Type` doesn't implement `Debug`
[INFO] [stdout]    --> src/model.rs:202:3
[INFO] [stdout]     |
[INFO] [stdout] 199 | #[derive(Debug)]
[INFO] [stdout]     |          ----- in this derive macro expansion
[INFO] [stdout] ...
[INFO] [stdout] 202 |   ty: syn::Type,
[INFO] [stdout]     |   ^^^^^^^^^^^^^ the trait `Debug` is not implemented for `syn::Type`
[INFO] [stdout] 
[INFO] [stdout] 
[INFO] [stdout] error[E0277]: `syn::Attribute` doesn't implement `Debug`
[INFO] [stdout]    --> src/model.rs:201:3
[INFO] [stdout]     |
[INFO] [stdout] 199 | #[derive(Debug)]
[INFO] [stdout]     |          ----- in this derive macro expansion
[INFO] [stdout] 200 | pub struct Impl {
[INFO] [stdout] 201 |   attrs: Vec<syn::Attribute>,
[INFO] [stdout]     |   ^^^^^^^^^^^^^^^^^^^^^^^^^^ the trait `Debug` is not implemented for `syn::Attribute`
[INFO] [stdout]     |
[INFO] [stdout] help: the trait `Debug` is conditionally implemented for `Vec<T, A>`
[INFO] [stdout]    --> /rustc/e3feeb59cd1bdd011a2bfcc0747b55125d9b8527/library/alloc/src/vec/mod.rs:4417:8
[INFO] [stdout]     |
[INFO] [stdout]     = note: unsatisfied requirement introduced here: `syn::Attribute: Debug`
[INFO] [stdout] 
[INFO] [stdout] 
[INFO] [stdout] error[E0277]: `Visibility` doesn't implement `Debug`
[INFO] [stdout]    --> src/model.rs:258:3
[INFO] [stdout]     |
[INFO] [stdout] 255 | #[derive(Debug)]
[INFO] [stdout]     |          ----- in this derive macro expansion
[INFO] [stdout] ...
[INFO] [stdout] 258 |   vis: syn::Visibility,
[INFO] [stdout]     |   ^^^^^^^^^^^^^^^^^^^^ the trait `Debug` is not implemented for `Visibility`
[INFO] [stdout] 
[INFO] [stdout] 
[INFO] [stdout] error[E0277]: `syn::Attribute` doesn't implement `Debug`
[INFO] [stdout]    --> src/model.rs:257:3
[INFO] [stdout]     |
[INFO] [stdout] 255 | #[derive(Debug)]
[INFO] [stdout]     |          ----- in this derive macro expansion
[INFO] [stdout] 256 | struct Field {
[INFO] [stdout] 257 |   attrs: Vec<syn::Attribute>,
[INFO] [stdout]     |   ^^^^^^^^^^^^^^^^^^^^^^^^^^ the trait `Debug` is not implemented for `syn::Attribute`
[INFO] [stdout]     |
[INFO] [stdout] help: the trait `Debug` is conditionally implemented for `Vec<T, A>`
[INFO] [stdout]    --> /rustc/e3feeb59cd1bdd011a2bfcc0747b55125d9b8527/library/alloc/src/vec/mod.rs:4417:8
[INFO] [stdout]     |
[INFO] [stdout]     = note: unsatisfied requirement introduced here: `syn::Attribute: Debug`
[INFO] [stdout] 
[INFO] [stdout] 
[INFO] [stdout] error[E0277]: `syn::Lit` doesn't implement `Debug`
[INFO] [stdout]    --> src/model.rs:262:3
[INFO] [stdout]     |
[INFO] [stdout] 255 | #[derive(Debug)]
[INFO] [stdout]     |          ----- in this derive macro expansion
[INFO] [stdout] ...
[INFO] [stdout] 262 |   js_name: Option<syn::Lit>,
[INFO] [stdout]     |   ^^^^^^^^^^^^^^^^^^^^^^^^^ the trait `Debug` is not implemented for `syn::Lit`
[INFO] [stdout]     |
[INFO] [stdout] help: the trait `Debug` is conditionally implemented for `Option<T>`
[INFO] [stdout]    --> /rustc/e3feeb59cd1bdd011a2bfcc0747b55125d9b8527/library/core/src/option.rs:592:15
[INFO] [stdout]    ::: /rustc/e3feeb59cd1bdd011a2bfcc0747b55125d9b8527/library/core/src/option.rs:598:16
[INFO] [stdout]     |
[INFO] [stdout]     = note: unsatisfied requirement introduced here: `syn::Lit: Debug`
[INFO] [stdout] 
[INFO] [stdout] 
[INFO] [stdout] error[E0277]: `syn::Type` doesn't implement `Debug`
[INFO] [stdout]    --> src/model.rs:264:3
[INFO] [stdout]     |
[INFO] [stdout] 255 | #[derive(Debug)]
[INFO] [stdout]     |          ----- in this derive macro expansion
[INFO] [stdout] ...
[INFO] [stdout] 264 |   ty: syn::Type,
[INFO] [stdout]     |   ^^^^^^^^^^^^^ the trait `Debug` is not implemented for `syn::Type`
[INFO] [stdout] 
[INFO] [stdout] 
[INFO] [stdout] error[E0277]: `Visibility` doesn't implement `Debug`
[INFO] [stdout]    --> src/model.rs:462:3
[INFO] [stdout]     |
[INFO] [stdout] 459 | #[derive(Debug)]
[INFO] [stdout]     |          ----- in this derive macro expansion
[INFO] [stdout] ...
[INFO] [stdout] 462 |   vis: syn::Visibility,
[INFO] [stdout]     |   ^^^^^^^^^^^^^^^^^^^^ the trait `Debug` is not implemented for `Visibility`
[INFO] [stdout] 
[INFO] [stdout] 
[INFO] [stdout] error[E0277]: `Signature` doesn't implement `Debug`
[INFO] [stdout]    --> src/model.rs:463:3
[INFO] [stdout]     |
[INFO] [stdout] 459 | #[derive(Debug)]
[INFO] [stdout]     |          ----- in this derive macro expansion
[INFO] [stdout] ...
[INFO] [stdout] 463 |   sig: syn::Signature,
[INFO] [stdout]     |   ^^^^^^^^^^^^^^^^^^^ the trait `Debug` is not implemented for `Signature`
[INFO] [stdout] 
[INFO] [stdout] 
[INFO] [stdout] error[E0277]: `syn::Attribute` doesn't implement `Debug`
[INFO] [stdout]    --> src/model.rs:461:3
[INFO] [stdout]     |
[INFO] [stdout] 459 | #[derive(Debug)]
[INFO] [stdout]     |          ----- in this derive macro expansion
[INFO] [stdout] 460 | struct Method {
[INFO] [stdout] 461 |   attrs: Vec<syn::Attribute>,
[INFO] [stdout]     |   ^^^^^^^^^^^^^^^^^^^^^^^^^^ the trait `Debug` is not implemented for `syn::Attribute`
[INFO] [stdout]     |
[INFO] [stdout] help: the trait `Debug` is conditionally implemented for `Vec<T, A>`
[INFO] [stdout]    --> /rustc/e3feeb59cd1bdd011a2bfcc0747b55125d9b8527/library/alloc/src/vec/mod.rs:4417:8
[INFO] [stdout]     |
[INFO] [stdout]     = note: unsatisfied requirement introduced here: `syn::Attribute: Debug`
[INFO] [stdout] 
[INFO] [stdout] 
[INFO] [stdout] error[E0277]: `syn::Block` doesn't implement `Debug`
[INFO] [stdout]    --> src/model.rs:464:3
[INFO] [stdout]     |
[INFO] [stdout] 459 | #[derive(Debug)]
[INFO] [stdout]     |          ----- in this derive macro expansion
[INFO] [stdout] ...
[INFO] [stdout] 464 |   body: Option<syn::Block>,
[INFO] [stdout]     |   ^^^^^^^^^^^^^^^^^^^^^^^^ the trait `Debug` is not implemented for `syn::Block`
[INFO] [stdout]     |
[INFO] [stdout] help: the trait `Debug` is conditionally implemented for `Option<T>`
[INFO] [stdout]    --> /rustc/e3feeb59cd1bdd011a2bfcc0747b55125d9b8527/library/core/src/option.rs:592:15
[INFO] [stdout]    ::: /rustc/e3feeb59cd1bdd011a2bfcc0747b55125d9b8527/library/core/src/option.rs:598:16
[INFO] [stdout]     |
[INFO] [stdout]     = note: unsatisfied requirement introduced here: `syn::Block: Debug`
[INFO] [stdout] 
[INFO] [stdout] 
[INFO] [stdout] error[E0277]: `syn::Lit` doesn't implement `Debug`
[INFO] [stdout]    --> src/model.rs:468:3
[INFO] [stdout]     |
[INFO] [stdout] 459 | #[derive(Debug)]
[INFO] [stdout]     |          ----- in this derive macro expansion
[INFO] [stdout] ...
[INFO] [stdout] 468 |   js_name: Option<syn::Lit>,
[INFO] [stdout]     |   ^^^^^^^^^^^^^^^^^^^^^^^^^ the trait `Debug` is not implemented for `syn::Lit`
[INFO] [stdout]     |
[INFO] [stdout] help: the trait `Debug` is conditionally implemented for `Option<T>`
[INFO] [stdout]    --> /rustc/e3feeb59cd1bdd011a2bfcc0747b55125d9b8527/library/core/src/option.rs:592:15
[INFO] [stdout]    ::: /rustc/e3feeb59cd1bdd011a2bfcc0747b55125d9b8527/library/core/src/option.rs:598:16
[INFO] [stdout]     |
[INFO] [stdout]     = note: unsatisfied requirement introduced here: `syn::Lit: Debug`
[INFO] [stdout] 
[INFO] [stdout] 
[INFO] [stdout] error[E0277]: `syn::Lit` doesn't implement `Debug`
[INFO] [stdout]    --> src/model.rs:837:3
[INFO] [stdout]     |
[INFO] [stdout] 830 | #[derive(Debug, Attribute)]
[INFO] [stdout]     |          ----- in this derive macro expansion
[INFO] [stdout] ...
[INFO] [stdout] 837 |   js_name: Option<syn::Lit>,
[INFO] [stdout]     |   ^^^^^^^^^^^^^^^^^^^^^^^^^ the trait `Debug` is not implemented for `syn::Lit`
[INFO] [stdout]     |
[INFO] [stdout] help: the trait `Debug` is implemented for `Option<T>`
[INFO] [stdout]    --> /rustc/e3feeb59cd1bdd011a2bfcc0747b55125d9b8527/library/core/src/option.rs:592:15
[INFO] [stdout] 
[INFO] [stdout] 
[INFO] [stdout] error[E0277]: `syn::Lit` doesn't implement `Debug`
[INFO] [stdout]    --> src/model.rs:845:3
[INFO] [stdout]     |
[INFO] [stdout] 840 | #[derive(Debug, Attribute)]
[INFO] [stdout]     |          ----- in this derive macro expansion
[INFO] [stdout] ...
[INFO] [stdout] 845 |   js_name: Option<syn::Lit>,
[INFO] [stdout]     |   ^^^^^^^^^^^^^^^^^^^^^^^^^ the trait `Debug` is not implemented for `syn::Lit`
[INFO] [stdout]     |
[INFO] [stdout] help: the trait `Debug` is conditionally implemented for `Option<T>`
[INFO] [stdout]    --> /rustc/e3feeb59cd1bdd011a2bfcc0747b55125d9b8527/library/core/src/option.rs:592:15
[INFO] [stdout]    ::: /rustc/e3feeb59cd1bdd011a2bfcc0747b55125d9b8527/library/core/src/option.rs:598:16
[INFO] [stdout]     |
[INFO] [stdout]     = note: unsatisfied requirement introduced here: `syn::Lit: Debug`
[INFO] [stdout] 
[INFO] [stdout] 
[INFO] [stdout] error[E0277]: `syn::Lit` doesn't implement `Debug`
[INFO] [stdout]    --> src/model.rs:865:3
[INFO] [stdout]     |
[INFO] [stdout] 854 | #[derive(Debug, Attribute)]
[INFO] [stdout]     |          ----- in this derive macro expansion
[INFO] [stdout] ...
[INFO] [stdout] 865 |   js_name: Option<syn::Lit>,
[INFO] [stdout]     |   ^^^^^^^^^^^^^^^^^^^^^^^^^ the trait `Debug` is not implemented for `syn::Lit`
[INFO] [stdout]     |
[INFO] [stdout] help: the trait `Debug` is conditionally implemented for `Option<T>`
[INFO] [stdout]    --> /rustc/e3feeb59cd1bdd011a2bfcc0747b55125d9b8527/library/core/src/option.rs:592:15
[INFO] [stdout]    ::: /rustc/e3feeb59cd1bdd011a2bfcc0747b55125d9b8527/library/core/src/option.rs:598:16
[INFO] [stdout]     |
[INFO] [stdout]     = note: unsatisfied requirement introduced here: `syn::Lit: Debug`
[INFO] [stdout] 
[INFO] [stdout] 
[INFO] [stdout] error[E0369]: binary operation `==` cannot be applied to type `syn::Type`
[INFO] [stdout]    --> src/model.rs:938:11
[INFO] [stdout]     |
[INFO] [stdout] 938 |   self_ty == *ty
[INFO] [stdout]     |   ------- ^^ --- syn::Type
[INFO] [stdout]     |   |
[INFO] [stdout]     |   syn::Type
[INFO] [stdout]     |
[INFO] [stdout] note: `syn::Type` does not implement `PartialEq`
[INFO] [stdout]    --> /opt/rustwide/cargo-home/registry/src/index.crates.io-1949cf8c6b5b557f/syn-2.0.119/src/macros.rs:61:27
[INFO] [stdout]     |
[INFO] [stdout]  61 |           $(#[$enum_attr])* $pub $enum $name $body
[INFO] [stdout]     |                             ^^^^^^^^^^^^^^^^^^^^^^ `syn::Type` is defined in another crate
[INFO] [stdout]     |
[INFO] [stdout]    ::: /opt/rustwide/cargo-home/registry/src/index.crates.io-1949cf8c6b5b557f/syn-2.0.119/src/ty.rs:15:1
[INFO] [stdout]     |
[INFO] [stdout]  15 | / ast_enum_of_structs! {
[INFO] [stdout]  16 | |     /// The possible types that a Rust value could have.
[INFO] [stdout]  17 | |     ///
[INFO] [stdout]  18 | |     /// # Syntax tree enum
[INFO] [stdout] ...   |
[INFO] [stdout]  92 | | }
[INFO] [stdout]     | |_- in this macro invocation
[INFO] [stdout]     = note: this error originates in the macro `ast_enum_of_structs` (in Nightly builds, run with -Z macro-backtrace for more info)
[INFO] [stdout] 
[INFO] [stdout] 
[INFO] [stdout] Some errors have detailed explanations: E0277, E0369.
[INFO] [stdout] 
[INFO] [stdout] For more information about an error, try `rustc --explain E0277`.
[INFO] [stdout] 
[INFO] [stderr] error: could not compile `wasm-bindgen-struct` (lib) due to 19 previous errors; 82 warnings emitted
[INFO] running `Command { std: "docker" "inspect" "b12c4b9e92156f24ce3b7376656ab904ea9111db2ca40a6e7cad4c376a49d33c", kill_on_drop: false }`
[INFO] running `Command { std: "docker" "rm" "-f" "b12c4b9e92156f24ce3b7376656ab904ea9111db2ca40a6e7cad4c376a49d33c", kill_on_drop: false }`
[INFO] [stdout] b12c4b9e92156f24ce3b7376656ab904ea9111db2ca40a6e7cad4c376a49d33c
