[INFO] fetching crate wasi-crypto-guest 0.1.7...
[INFO] testing wasi-crypto-guest-0.1.7 against 1.100.0-beta.1+cargoflags=--release for beta-release-1.100-2
[INFO] extracting crate wasi-crypto-guest 0.1.7 into /workspace/builds/worker-3-tc2/source
[INFO] started tweaking crates.io crate wasi-crypto-guest 0.1.7
[INFO] finished tweaking crates.io crate wasi-crypto-guest 0.1.7
[INFO] tweaked toml for crates.io crate wasi-crypto-guest 0.1.7 written to /workspace/builds/worker-3-tc2/source/Cargo.toml
[INFO] validating manifest of crates.io crate wasi-crypto-guest 0.1.7 on toolchain 1.100.0-beta.1
[INFO] running `Command { std: CARGO_HOME="/workspace/cargo-home" RUSTUP_HOME="/workspace/rustup-home" "/workspace/cargo-home/bin/cargo" "+1.100.0-beta.1" "metadata" "--manifest-path" "Cargo.toml" "--no-deps", kill_on_drop: false }`
[INFO] crate crates.io crate wasi-crypto-guest 0.1.7 already has a lockfile, it will not be regenerated
[INFO] running `Command { std: CARGO_HOME="/workspace/cargo-home" RUSTUP_HOME="/workspace/rustup-home" "/workspace/cargo-home/bin/cargo" "+1.100.0-beta.1" "fetch" "--manifest-path" "Cargo.toml", kill_on_drop: false }`
[INFO] running `Command { std: "docker" "create" "-v" "/var/lib/crater-agent-workspace/builds/worker-3-tc2/source:/opt/rustwide/workdir:ro,Z" "-v" "/var/lib/crater-agent-workspace/builds/worker-3-tc2/target:/opt/rustwide/target:rw,Z" "-v" "/var/lib/crater-agent-workspace/cargo-home:/opt/rustwide/cargo-home:ro,Z" "-v" "/var/lib/crater-agent-workspace/rustup-home:/opt/rustwide/rustup-home:ro,Z" "-m" "1610612736" "--network" "none" "ghcr.io/rust-lang/crates-build-env/linux@sha256:77db811e55d90add9212f6832c23229e3de5f1c1f9905e8cb07319ea15df73ac" "sleep" "infinity", kill_on_drop: false }`
[INFO] [stdout] 57ae5bf6575b78a4fcd6d0cc1ce48f61e8bedee5b4737227a6cfc337e0999517
[INFO] running `Command { std: "docker" "start" "57ae5bf6575b78a4fcd6d0cc1ce48f61e8bedee5b4737227a6cfc337e0999517", kill_on_drop: false }`
[INFO] running `Command { std: "docker" "inspect" "57ae5bf6575b78a4fcd6d0cc1ce48f61e8bedee5b4737227a6cfc337e0999517", kill_on_drop: false }`
[INFO] running `Command { std: "docker" "exec" "-e" "SOURCE_DIR=/opt/rustwide/workdir" "-e" "CARGO_HOME=/opt/rustwide/cargo-home" "-e" "RUSTUP_HOME=/opt/rustwide/rustup-home" "-e" "CARGO_TARGET_DIR=/opt/rustwide/target" "-w" "/opt/rustwide/workdir" "--user" "0:0" "57ae5bf6575b78a4fcd6d0cc1ce48f61e8bedee5b4737227a6cfc337e0999517" "/opt/rustwide/cargo-home/bin/cargo" "+1.100.0-beta.1" "metadata" "--no-deps" "--format-version=1", kill_on_drop: false }`
[INFO] running `Command { std: "docker" "inspect" "57ae5bf6575b78a4fcd6d0cc1ce48f61e8bedee5b4737227a6cfc337e0999517", kill_on_drop: false }`
[INFO] running `Command { std: "docker" "exec" "-e" "SOURCE_DIR=/opt/rustwide/workdir" "-e" "CARGO_HOME=/opt/rustwide/cargo-home" "-e" "RUSTUP_HOME=/opt/rustwide/rustup-home" "-e" "CARGO_TARGET_DIR=/opt/rustwide/target" "-e" "CARGO_INCREMENTAL=0" "-e" "RUST_BACKTRACE=full" "-e" "RUSTFLAGS=--cap-lints=warn" "-e" "RUSTDOCFLAGS=--cap-lints=warn" "-w" "/opt/rustwide/workdir" "--user" "0:0" "57ae5bf6575b78a4fcd6d0cc1ce48f61e8bedee5b4737227a6cfc337e0999517" "/opt/rustwide/cargo-home/bin/cargo" "+1.100.0-beta.1" "build" "--frozen" "--message-format=json" "--release", kill_on_drop: false }`
[INFO] [stderr]    Compiling winnow v1.0.3
[INFO] [stderr]    Compiling toml_datetime v1.1.1+spec-1.1.0
[INFO] [stderr]    Compiling rustversion v1.0.22
[INFO] [stderr]    Compiling indexmap v2.14.0
[INFO] [stderr]    Compiling syn v2.0.117
[INFO] [stderr]    Compiling toml_parser v1.1.2+spec-1.1.0
[INFO] [stderr]    Compiling toml_edit v0.25.12+spec-1.1.0
[INFO] [stderr]    Compiling proc-macro-crate v3.5.0
[INFO] [stderr]    Compiling num_enum_derive v0.7.6
[INFO] [stderr]    Compiling num_enum v0.7.6
[INFO] [stderr]    Compiling wasi-crypto-guest v0.1.7 (/opt/rustwide/workdir)
[INFO] [stderr]     Finished `release` profile [optimized] target(s) in 5.84s
[INFO] running `Command { std: "docker" "inspect" "57ae5bf6575b78a4fcd6d0cc1ce48f61e8bedee5b4737227a6cfc337e0999517", kill_on_drop: false }`
[INFO] running `Command { std: "docker" "exec" "-e" "SOURCE_DIR=/opt/rustwide/workdir" "-e" "CARGO_HOME=/opt/rustwide/cargo-home" "-e" "RUSTUP_HOME=/opt/rustwide/rustup-home" "-e" "CARGO_TARGET_DIR=/opt/rustwide/target" "-e" "CARGO_INCREMENTAL=0" "-e" "RUST_BACKTRACE=full" "-e" "RUSTFLAGS=--cap-lints=warn" "-e" "RUSTDOCFLAGS=--cap-lints=warn" "-w" "/opt/rustwide/workdir" "--user" "0:0" "57ae5bf6575b78a4fcd6d0cc1ce48f61e8bedee5b4737227a6cfc337e0999517" "/opt/rustwide/cargo-home/bin/cargo" "+1.100.0-beta.1" "test" "--frozen" "--no-run" "--message-format=json" "--release", kill_on_drop: false }`
[INFO] [stderr]    Compiling wasi-crypto-guest v0.1.7 (/opt/rustwide/workdir)
[INFO] [stdout] error: linking with `cc` failed: exit status: 1
[INFO] [stdout]   |
[INFO] [stdout]   = note:  "cc" "-m64" "/opt/rustwide/target/release/build/wasi-crypto-guest/95642964f644097a/out/rustchw1zaZ/symbols.o" "<3 object files omitted>" "-Wl,--as-needed" "-Wl,-Bstatic" "<sysroot>/lib/rustlib/x86_64-unknown-linux-gnu/lib/{libtest-*,libgetopts-*,librustc_std_workspace_std-*}.rlib" "/opt/rustwide/target/release/build/num_enum/212162f6b68e5a9e/out/libnum_enum-212162f6b68e5a9e.rlib" "<sysroot>/lib/rustlib/x86_64-unknown-linux-gnu/lib/{libstd-*,libpanic_unwind-*,libobject-*,libmemchr-*,libaddr2line-*,libgimli-*,libcfg_if-*,librustc_demangle-*,libstd_detect-*,libhashbrown-*,librustc_std_workspace_alloc-*,libminiz_oxide-*,libadler2-*,libunwind-*,liblibc-*,librustc_std_workspace_core-*,liballoc-*,libcore-*,libcompiler_builtins-*}.rlib" "-Wl,-Bdynamic" "-lgcc_s" "-lutil" "-lrt" "-lpthread" "-lm" "-ldl" "-lc" "-L" "/opt/rustwide/target/release/build/wasi-crypto-guest/95642964f644097a/out/rustchw1zaZ/raw-dylibs" "-B<sysroot>/lib/rustlib/x86_64-unknown-linux-gnu/bin/gcc-ld" "-fuse-ld=lld" "-Wl,--eh-frame-hdr" "-Wl,-z,noexecstack" "-L" "<sysroot>/lib/rustlib/x86_64-unknown-linux-gnu/lib" "-o" "/opt/rustwide/target/release/build/wasi-crypto-guest/95642964f644097a/out/wasi_crypto_guest-95642964f644097a" "-Wl,--gc-sections" "-pie" "-Wl,-z,relro,-z,now" "-Wl,-O1" "-Wl,--strip-debug" "-nodefaultlibs"
[INFO] [stdout]   = note: some arguments are omitted. use `--verbose` to show all linker arguments
[INFO] [stdout]   = note: rust-lld: error: undefined symbol: symmetric_state_decrypt_detached
[INFO] [stdout]           >>> referenced by wasi_crypto_guest.b3569e3ec3d57088-cgu.0
[INFO] [stdout]           >>>               /opt/rustwide/target/release/build/wasi-crypto-guest/95642964f644097a/out/wasi_crypto_guest-95642964f644097a.wasi_crypto_guest.b3569e3ec3d57088-cgu.0.rcgu.o:(<wasi_crypto_guest::symmetric::low::state::SymmetricState>::decrypt_detached::<&mut alloc::vec::Vec<u8>, &alloc::vec::Vec<u8>, &alloc::vec::Vec<u8>>)
[INFO] [stdout]           
[INFO] [stdout]           rust-lld: error: undefined symbol: symmetric_state_encrypt_detached
[INFO] [stdout]           >>> referenced by wasi_crypto_guest.b3569e3ec3d57088-cgu.0
[INFO] [stdout]           >>>               /opt/rustwide/target/release/build/wasi-crypto-guest/95642964f644097a/out/wasi_crypto_guest-95642964f644097a.wasi_crypto_guest.b3569e3ec3d57088-cgu.0.rcgu.o:(<wasi_crypto_guest::symmetric::low::state::SymmetricState>::encrypt_detached::<&mut alloc::vec::Vec<u8>, &[u8; 4]>)
[INFO] [stdout]           
[INFO] [stdout]           rust-lld: error: undefined symbol: symmetric_state_absorb
[INFO] [stdout]           >>> referenced by wasi_crypto_guest.b3569e3ec3d57088-cgu.0
[INFO] [stdout]           >>>               /opt/rustwide/target/release/build/wasi-crypto-guest/95642964f644097a/out/wasi_crypto_guest-95642964f644097a.wasi_crypto_guest.b3569e3ec3d57088-cgu.0.rcgu.o:(<wasi_crypto_guest::symmetric::low::state::SymmetricState>::absorb::<&[u8; 4]>)
[INFO] [stdout]           >>> referenced by wasi_crypto_guest.b3569e3ec3d57088-cgu.1
[INFO] [stdout]           >>>               /opt/rustwide/target/release/build/wasi-crypto-guest/95642964f644097a/out/wasi_crypto_guest-95642964f644097a.wasi_crypto_guest.b3569e3ec3d57088-cgu.1.rcgu.o:(<wasi_crypto_guest::symmetric::high::auth::Auth>::auth_verify::<&str, alloc::vec::Vec<u8>>)
[INFO] [stdout]           >>> referenced by wasi_crypto_guest.b3569e3ec3d57088-cgu.1
[INFO] [stdout]           >>>               /opt/rustwide/target/release/build/wasi-crypto-guest/95642964f644097a/out/wasi_crypto_guest-95642964f644097a.wasi_crypto_guest.b3569e3ec3d57088-cgu.1.rcgu.o:(<wasi_crypto_guest::symmetric::high::auth::Auth>::auth::<&str>)
[INFO] [stdout]           >>> referenced 4 more times
[INFO] [stdout]           
[INFO] [stdout]           rust-lld: error: undefined symbol: symmetric_state_squeeze_tag
[INFO] [stdout]           >>> referenced by wasi_crypto_guest.b3569e3ec3d57088-cgu.0
[INFO] [stdout]           >>>               /opt/rustwide/target/release/build/wasi-crypto-guest/95642964f644097a/out/wasi_crypto_guest-95642964f644097a.wasi_crypto_guest.b3569e3ec3d57088-cgu.0.rcgu.o:(<wasi_crypto_guest::symmetric::low::state::SymmetricState>::verify::<alloc::vec::Vec<u8>>)
[INFO] [stdout]           >>> referenced by wasi_crypto_guest.b3569e3ec3d57088-cgu.0
[INFO] [stdout]           >>>               /opt/rustwide/target/release/build/wasi-crypto-guest/95642964f644097a/out/wasi_crypto_guest-95642964f644097a.wasi_crypto_guest.b3569e3ec3d57088-cgu.0.rcgu.o:(<wasi_crypto_guest::symmetric::low::state::SymmetricState>::verify::<&alloc::vec::Vec<u8>>)
[INFO] [stdout]           >>> referenced by wasi_crypto_guest.b3569e3ec3d57088-cgu.0
[INFO] [stdout]           >>>               /opt/rustwide/target/release/build/wasi-crypto-guest/95642964f644097a/out/wasi_crypto_guest-95642964f644097a.wasi_crypto_guest.b3569e3ec3d57088-cgu.0.rcgu.o:(<wasi_crypto_guest::symmetric::low::state::SymmetricState>::squeeze_tag)
[INFO] [stdout]           >>> referenced 1 more times
[INFO] [stdout]           
[INFO] [stdout]           rust-lld: error: undefined symbol: symmetric_tag_verify
[INFO] [stdout]           >>> referenced by wasi_crypto_guest.b3569e3ec3d57088-cgu.0
[INFO] [stdout]           >>>               /opt/rustwide/target/release/build/wasi-crypto-guest/95642964f644097a/out/wasi_crypto_guest-95642964f644097a.wasi_crypto_guest.b3569e3ec3d57088-cgu.0.rcgu.o:(<wasi_crypto_guest::symmetric::low::state::SymmetricState>::verify::<&alloc::vec::Vec<u8>>)
[INFO] [stdout]           >>> referenced by wasi_crypto_guest.b3569e3ec3d57088-cgu.1
[INFO] [stdout]           >>>               /opt/rustwide/target/release/build/wasi-crypto-guest/95642964f644097a/out/wasi_crypto_guest-95642964f644097a.wasi_crypto_guest.b3569e3ec3d57088-cgu.1.rcgu.o:(<wasi_crypto_guest::symmetric::low::Tag>::verify::<alloc::vec::Vec<u8>>)
[INFO] [stdout]           
[INFO] [stdout]           rust-lld: error: undefined symbol: symmetric_tag_close
[INFO] [stdout]           >>> referenced by wasi_crypto_guest.b3569e3ec3d57088-cgu.0
[INFO] [stdout]           >>>               /opt/rustwide/target/release/build/wasi-crypto-guest/95642964f644097a/out/wasi_crypto_guest-95642964f644097a.wasi_crypto_guest.b3569e3ec3d57088-cgu.0.rcgu.o:(<wasi_crypto_guest::symmetric::low::state::SymmetricState>::verify::<&alloc::vec::Vec<u8>>)
[INFO] [stdout]           >>> referenced by wasi_crypto_guest.b3569e3ec3d57088-cgu.0
[INFO] [stdout]           >>>               /opt/rustwide/target/release/build/wasi-crypto-guest/95642964f644097a/out/wasi_crypto_guest-95642964f644097a.wasi_crypto_guest.b3569e3ec3d57088-cgu.0.rcgu.o:(<wasi_crypto_guest::symmetric::low::state::SymmetricState>::verify::<&alloc::vec::Vec<u8>>)
[INFO] [stdout]           >>> referenced by wasi_crypto_guest.b3569e3ec3d57088-cgu.1
[INFO] [stdout]           >>>               /opt/rustwide/target/release/build/wasi-crypto-guest/95642964f644097a/out/wasi_crypto_guest-95642964f644097a.wasi_crypto_guest.b3569e3ec3d57088-cgu.1.rcgu.o:(<wasi_crypto_guest::symmetric::low::Tag>::verify::<alloc::vec::Vec<u8>>)
[INFO] [stdout]           >>> referenced 2 more times
[INFO] [stdout]           
[INFO] [stdout]           rust-lld: error: undefined symbol: symmetric_state_open
[INFO] [stdout]           >>> referenced by wasi_crypto_guest.b3569e3ec3d57088-cgu.0
[INFO] [stdout]           >>>               /opt/rustwide/target/release/build/wasi-crypto-guest/95642964f644097a/out/wasi_crypto_guest-95642964f644097a.wasi_crypto_guest.b3569e3ec3d57088-cgu.0.rcgu.o:(<wasi_crypto_guest::symmetric::low::state::SymmetricState>::new)
[INFO] [stdout]           >>> referenced by wasi_crypto_guest.b3569e3ec3d57088-cgu.0
[INFO] [stdout]           >>>               /opt/rustwide/target/release/build/wasi-crypto-guest/95642964f644097a/out/wasi_crypto_guest-95642964f644097a.wasi_crypto_guest.b3569e3ec3d57088-cgu.0.rcgu.o:(<wasi_crypto_guest::test::test::test_symmetric::{closure#0} as core::ops::function::FnOnce<()>>::call_once (.llvm.6558719676954398457))
[INFO] [stdout]           >>> referenced by wasi_crypto_guest.b3569e3ec3d57088-cgu.0
[INFO] [stdout]           >>>               /opt/rustwide/target/release/build/wasi-crypto-guest/95642964f644097a/out/wasi_crypto_guest-95642964f644097a.wasi_crypto_guest.b3569e3ec3d57088-cgu.0.rcgu.o:(<wasi_crypto_guest::test::test::test_symmetric::{closure#0} as core::ops::function::FnOnce<()>>::call_once (.llvm.6558719676954398457))
[INFO] [stdout]           >>> referenced 1 more times
[INFO] [stdout]           
[INFO] [stdout]           rust-lld: error: undefined symbol: symmetric_state_ratchet
[INFO] [stdout]           >>> referenced by wasi_crypto_guest.b3569e3ec3d57088-cgu.0
[INFO] [stdout]           >>>               /opt/rustwide/target/release/build/wasi-crypto-guest/95642964f644097a/out/wasi_crypto_guest-95642964f644097a.wasi_crypto_guest.b3569e3ec3d57088-cgu.0.rcgu.o:(<wasi_crypto_guest::symmetric::low::state::SymmetricState>::ratchet)
[INFO] [stdout]           
[INFO] [stdout]           rust-lld: error: undefined symbol: symmetric_state_squeeze
[INFO] [stdout]           >>> referenced by wasi_crypto_guest.b3569e3ec3d57088-cgu.0
[INFO] [stdout]           >>>               /opt/rustwide/target/release/build/wasi-crypto-guest/95642964f644097a/out/wasi_crypto_guest-95642964f644097a.wasi_crypto_guest.b3569e3ec3d57088-cgu.0.rcgu.o:(<wasi_crypto_guest::symmetric::low::state::SymmetricState>::squeeze)
[INFO] [stdout]           
[INFO] [stdout]           rust-lld: error: undefined symbol: options_open
[INFO] [stdout]           >>> referenced by wasi_crypto_guest.b3569e3ec3d57088-cgu.0
[INFO] [stdout]           >>>               /opt/rustwide/target/release/build/wasi-crypto-guest/95642964f644097a/out/wasi_crypto_guest-95642964f644097a.wasi_crypto_guest.b3569e3ec3d57088-cgu.0.rcgu.o:(<wasi_crypto_guest::test::test::test_symmetric::{closure#0} as core::ops::function::FnOnce<()>>::call_once (.llvm.6558719676954398457))
[INFO] [stdout]           >>> referenced by wasi_crypto_guest.b3569e3ec3d57088-cgu.0
[INFO] [stdout]           >>>               /opt/rustwide/target/release/build/wasi-crypto-guest/95642964f644097a/out/wasi_crypto_guest-95642964f644097a.wasi_crypto_guest.b3569e3ec3d57088-cgu.0.rcgu.o:(<wasi_crypto_guest::test::test::test_keygen_options::{closure#0} as core::ops::function::FnOnce<()>>::call_once (.llvm.6558719676954398457))
[INFO] [stdout]           >>> referenced by wasi_crypto_guest.b3569e3ec3d57088-cgu.0
[INFO] [stdout]           >>>               /opt/rustwide/target/release/build/wasi-crypto-guest/95642964f644097a/out/wasi_crypto_guest-95642964f644097a.wasi_crypto_guest.b3569e3ec3d57088-cgu.0.rcgu.o:(<wasi_crypto_guest::test::test::test_keygen_options::{closure#0} as core::ops::function::FnOnce<()>>::call_once (.llvm.6558719676954398457))
[INFO] [stdout]           >>> referenced 3 more times
[INFO] [stdout]           
[INFO] [stdout]           rust-lld: error: undefined symbol: options_set
[INFO] [stdout]           >>> referenced by wasi_crypto_guest.b3569e3ec3d57088-cgu.0
[INFO] [stdout]           >>>               /opt/rustwide/target/release/build/wasi-crypto-guest/95642964f644097a/out/wasi_crypto_guest-95642964f644097a.wasi_crypto_guest.b3569e3ec3d57088-cgu.0.rcgu.o:(<wasi_crypto_guest::test::test::test_symmetric::{closure#0} as core::ops::function::FnOnce<()>>::call_once (.llvm.6558719676954398457))
[INFO] [stdout]           >>> referenced by wasi_crypto_guest.b3569e3ec3d57088-cgu.1
[INFO] [stdout]           >>>               /opt/rustwide/target/release/build/wasi-crypto-guest/95642964f644097a/out/wasi_crypto_guest-95642964f644097a.wasi_crypto_guest.b3569e3ec3d57088-cgu.1.rcgu.o:(<wasi_crypto_guest::symmetric::high::aead::Aead>::new)
[INFO] [stdout]           
[INFO] [stdout]           rust-lld: error: undefined symbol: options_close
[INFO] [stdout]           >>> referenced by wasi_crypto_guest.b3569e3ec3d57088-cgu.0
[INFO] [stdout]           >>>               /opt/rustwide/target/release/build/wasi-crypto-guest/95642964f644097a/out/wasi_crypto_guest-95642964f644097a.wasi_crypto_guest.b3569e3ec3d57088-cgu.0.rcgu.o:(<wasi_crypto_guest::test::test::test_symmetric::{closure#0} as core::ops::function::FnOnce<()>>::call_once (.llvm.6558719676954398457))
[INFO] [stdout]           >>> referenced by wasi_crypto_guest.b3569e3ec3d57088-cgu.0
[INFO] [stdout]           >>>               /opt/rustwide/target/release/build/wasi-crypto-guest/95642964f644097a/out/wasi_crypto_guest-95642964f644097a.wasi_crypto_guest.b3569e3ec3d57088-cgu.0.rcgu.o:(<wasi_crypto_guest::test::test::test_symmetric::{closure#0} as core::ops::function::FnOnce<()>>::call_once (.llvm.6558719676954398457))
[INFO] [stdout]           >>> referenced by wasi_crypto_guest.b3569e3ec3d57088-cgu.0
[INFO] [stdout]           >>>               /opt/rustwide/target/release/build/wasi-crypto-guest/95642964f644097a/out/wasi_crypto_guest-95642964f644097a.wasi_crypto_guest.b3569e3ec3d57088-cgu.0.rcgu.o:(<wasi_crypto_guest::test::test::test_symmetric::{closure#0} as core::ops::function::FnOnce<()>>::call_once (.llvm.6558719676954398457))
[INFO] [stdout]           >>> referenced 13 more times
[INFO] [stdout]           
[INFO] [stdout]           rust-lld: error: undefined symbol: symmetric_key_generate
[INFO] [stdout]           >>> referenced by wasi_crypto_guest.b3569e3ec3d57088-cgu.0
[INFO] [stdout]           >>>               /opt/rustwide/target/release/build/wasi-crypto-guest/95642964f644097a/out/wasi_crypto_guest-95642964f644097a.wasi_crypto_guest.b3569e3ec3d57088-cgu.0.rcgu.o:(<wasi_crypto_guest::test::test::test_symmetric::{closure#0} as core::ops::function::FnOnce<()>>::call_once (.llvm.6558719676954398457))
[INFO] [stdout]           >>> referenced by wasi_crypto_guest.b3569e3ec3d57088-cgu.0
[INFO] [stdout]           >>>               /opt/rustwide/target/release/build/wasi-crypto-guest/95642964f644097a/out/wasi_crypto_guest-95642964f644097a.wasi_crypto_guest.b3569e3ec3d57088-cgu.0.rcgu.o:(<wasi_crypto_guest::test::test::test_symmetric_aead::{closure#0} as core::ops::function::FnOnce<()>>::call_once (.llvm.6558719676954398457))
[INFO] [stdout]           >>> referenced by wasi_crypto_guest.b3569e3ec3d57088-cgu.0
[INFO] [stdout]           >>>               /opt/rustwide/target/release/build/wasi-crypto-guest/95642964f644097a/out/wasi_crypto_guest-95642964f644097a.wasi_crypto_guest.b3569e3ec3d57088-cgu.0.rcgu.o:(<wasi_crypto_guest::test::test::test_symmetric_auth::{closure#0} as core::ops::function::FnOnce<()>>::call_once (.llvm.6558719676954398457))
[INFO] [stdout]           >>> referenced 2 more times
[INFO] [stdout]           
[INFO] [stdout]           rust-lld: error: undefined symbol: symmetric_state_max_tag_len
[INFO] [stdout]           >>> referenced by wasi_crypto_guest.b3569e3ec3d57088-cgu.0
[INFO] [stdout]           >>>               /opt/rustwide/target/release/build/wasi-crypto-guest/95642964f644097a/out/wasi_crypto_guest-95642964f644097a.wasi_crypto_guest.b3569e3ec3d57088-cgu.0.rcgu.o:(<wasi_crypto_guest::test::test::test_symmetric::{closure#0} as core::ops::function::FnOnce<()>>::call_once (.llvm.6558719676954398457))
[INFO] [stdout]           >>> referenced by wasi_crypto_guest.b3569e3ec3d57088-cgu.0
[INFO] [stdout]           >>>               /opt/rustwide/target/release/build/wasi-crypto-guest/95642964f644097a/out/wasi_crypto_guest-95642964f644097a.wasi_crypto_guest.b3569e3ec3d57088-cgu.0.rcgu.o:(<wasi_crypto_guest::test::test::test_symmetric::{closure#0} as core::ops::function::FnOnce<()>>::call_once (.llvm.6558719676954398457))
[INFO] [stdout]           >>> referenced by wasi_crypto_guest.b3569e3ec3d57088-cgu.0
[INFO] [stdout]           >>>               /opt/rustwide/target/release/build/wasi-crypto-guest/95642964f644097a/out/wasi_crypto_guest-95642964f644097a.wasi_crypto_guest.b3569e3ec3d57088-cgu.0.rcgu.o:(<wasi_crypto_guest::test::test::test_symmetric_aead::{closure#0} as core::ops::function::FnOnce<()>>::call_once (.llvm.6558719676954398457))
[INFO] [stdout]           >>> referenced 1 more times
[INFO] [stdout]           
[INFO] [stdout]           rust-lld: error: undefined symbol: symmetric_state_encrypt
[INFO] [stdout]           >>> referenced by wasi_crypto_guest.b3569e3ec3d57088-cgu.0
[INFO] [stdout]           >>>               /opt/rustwide/target/release/build/wasi-crypto-guest/95642964f644097a/out/wasi_crypto_guest-95642964f644097a.wasi_crypto_guest.b3569e3ec3d57088-cgu.0.rcgu.o:(<wasi_crypto_guest::test::test::test_symmetric::{closure#0} as core::ops::function::FnOnce<()>>::call_once (.llvm.6558719676954398457))
[INFO] [stdout]           >>> referenced by wasi_crypto_guest.b3569e3ec3d57088-cgu.0
[INFO] [stdout]           >>>               /opt/rustwide/target/release/build/wasi-crypto-guest/95642964f644097a/out/wasi_crypto_guest-95642964f644097a.wasi_crypto_guest.b3569e3ec3d57088-cgu.0.rcgu.o:(<wasi_crypto_guest::test::test::test_symmetric_aead::{closure#0} as core::ops::function::FnOnce<()>>::call_once (.llvm.6558719676954398457))
[INFO] [stdout]           
[INFO] [stdout]           rust-lld: error: undefined symbol: symmetric_state_close
[INFO] [stdout]           >>> referenced by wasi_crypto_guest.b3569e3ec3d57088-cgu.0
[INFO] [stdout]           >>>               /opt/rustwide/target/release/build/wasi-crypto-guest/95642964f644097a/out/wasi_crypto_guest-95642964f644097a.wasi_crypto_guest.b3569e3ec3d57088-cgu.0.rcgu.o:(<wasi_crypto_guest::test::test::test_symmetric::{closure#0} as core::ops::function::FnOnce<()>>::call_once (.llvm.6558719676954398457))
[INFO] [stdout]           >>> referenced by wasi_crypto_guest.b3569e3ec3d57088-cgu.0
[INFO] [stdout]           >>>               /opt/rustwide/target/release/build/wasi-crypto-guest/95642964f644097a/out/wasi_crypto_guest-95642964f644097a.wasi_crypto_guest.b3569e3ec3d57088-cgu.0.rcgu.o:(<wasi_crypto_guest::test::test::test_symmetric::{closure#0} as core::ops::function::FnOnce<()>>::call_once (.llvm.6558719676954398457))
[INFO] [stdout]           >>> referenced by wasi_crypto_guest.b3569e3ec3d57088-cgu.0
[INFO] [stdout]           >>>               /opt/rustwide/target/release/build/wasi-crypto-guest/95642964f644097a/out/wasi_crypto_guest-95642964f644097a.wasi_crypto_guest.b3569e3ec3d57088-cgu.0.rcgu.o:(<wasi_crypto_guest::test::test::test_symmetric::{closure#0} as core::ops::function::FnOnce<()>>::call_once (.llvm.6558719676954398457))
[INFO] [stdout]           >>> referenced 31 more times
[INFO] [stdout]           
[INFO] [stdout]           rust-lld: error: undefined symbol: symmetric_key_close
[INFO] [stdout]           >>> referenced by wasi_crypto_guest.b3569e3ec3d57088-cgu.0
[INFO] [stdout]           >>>               /opt/rustwide/target/release/build/wasi-crypto-guest/95642964f644097a/out/wasi_crypto_guest-95642964f644097a.wasi_crypto_guest.b3569e3ec3d57088-cgu.0.rcgu.o:(<wasi_crypto_guest::test::test::test_symmetric::{closure#0} as core::ops::function::FnOnce<()>>::call_once (.llvm.6558719676954398457))
[INFO] [stdout]           >>> referenced by wasi_crypto_guest.b3569e3ec3d57088-cgu.0
[INFO] [stdout]           >>>               /opt/rustwide/target/release/build/wasi-crypto-guest/95642964f644097a/out/wasi_crypto_guest-95642964f644097a.wasi_crypto_guest.b3569e3ec3d57088-cgu.0.rcgu.o:(<wasi_crypto_guest::test::test::test_symmetric::{closure#0} as core::ops::function::FnOnce<()>>::call_once (.llvm.6558719676954398457))
[INFO] [stdout]           >>> referenced by wasi_crypto_guest.b3569e3ec3d57088-cgu.0
[INFO] [stdout]           >>>               /opt/rustwide/target/release/build/wasi-crypto-guest/95642964f644097a/out/wasi_crypto_guest-95642964f644097a.wasi_crypto_guest.b3569e3ec3d57088-cgu.0.rcgu.o:(<wasi_crypto_guest::test::test::test_symmetric::{closure#0} as core::ops::function::FnOnce<()>>::call_once (.llvm.6558719676954398457))
[INFO] [stdout]           >>> referenced 16 more times
[INFO] [stdout]           
[INFO] [stdout]           rust-lld: error: undefined symbol: symmetric_state_decrypt
[INFO] [stdout]           >>> referenced by wasi_crypto_guest.b3569e3ec3d57088-cgu.0
[INFO] [stdout]           >>>               /opt/rustwide/target/release/build/wasi-crypto-guest/95642964f644097a/out/wasi_crypto_guest-95642964f644097a.wasi_crypto_guest.b3569e3ec3d57088-cgu.0.rcgu.o:(<wasi_crypto_guest::test::test::test_symmetric::{closure#0} as core::ops::function::FnOnce<()>>::call_once (.llvm.6558719676954398457))
[INFO] [stdout]           >>> referenced by wasi_crypto_guest.b3569e3ec3d57088-cgu.0
[INFO] [stdout]           >>>               /opt/rustwide/target/release/build/wasi-crypto-guest/95642964f644097a/out/wasi_crypto_guest-95642964f644097a.wasi_crypto_guest.b3569e3ec3d57088-cgu.0.rcgu.o:(<wasi_crypto_guest::test::test::test_symmetric_aead::{closure#0} as core::ops::function::FnOnce<()>>::call_once (.llvm.6558719676954398457))
[INFO] [stdout]           
[INFO] [stdout]           rust-lld: error: undefined symbol: publickey_import
[INFO] [stdout]           >>> referenced by wasi_crypto_guest.b3569e3ec3d57088-cgu.0
[INFO] [stdout]           >>>               /opt/rustwide/target/release/build/wasi-crypto-guest/95642964f644097a/out/wasi_crypto_guest-95642964f644097a.wasi_crypto_guest.b3569e3ec3d57088-cgu.0.rcgu.o:(<wasi_crypto_guest::test::test::test_signatures::{closure#0} as core::ops::function::FnOnce<()>>::call_once (.llvm.6558719676954398457))
[INFO] [stdout]           
[INFO] [stdout]           rust-lld: error: undefined symbol: publickey_close
[INFO] [stdout]           >>> referenced by wasi_crypto_guest.b3569e3ec3d57088-cgu.0
[INFO] [stdout]           >>>               /opt/rustwide/target/release/build/wasi-crypto-guest/95642964f644097a/out/wasi_crypto_guest-95642964f644097a.wasi_crypto_guest.b3569e3ec3d57088-cgu.0.rcgu.o:(<wasi_crypto_guest::test::test::test_signatures::{closure#0} as core::ops::function::FnOnce<()>>::call_once (.llvm.6558719676954398457))
[INFO] [stdout]           >>> referenced by wasi_crypto_guest.b3569e3ec3d57088-cgu.0
[INFO] [stdout]           >>>               /opt/rustwide/target/release/build/wasi-crypto-guest/95642964f644097a/out/wasi_crypto_guest-95642964f644097a.wasi_crypto_guest.b3569e3ec3d57088-cgu.0.rcgu.o:(<wasi_crypto_guest::test::test::test_signatures::{closure#0} as core::ops::function::FnOnce<()>>::call_once (.llvm.6558719676954398457))
[INFO] [stdout]           >>> referenced by wasi_crypto_guest.b3569e3ec3d57088-cgu.0
[INFO] [stdout]           >>>               /opt/rustwide/target/release/build/wasi-crypto-guest/95642964f644097a/out/wasi_crypto_guest-95642964f644097a.wasi_crypto_guest.b3569e3ec3d57088-cgu.0.rcgu.o:(<wasi_crypto_guest::test::test::test_signatures::{closure#0} as core::ops::function::FnOnce<()>>::call_once (.llvm.6558719676954398457))
[INFO] [stdout]           >>> referenced 18 more times
[INFO] [stdout]           
[INFO] [stdout]           rust-lld: error: too many errors emitted, stopping now (use --error-limit=0 to see all errors)
[INFO] [stdout]           collect2: error: ld returned 1 exit status
[INFO] [stdout]           
[INFO] [stdout] 
[INFO] [stdout] 
[INFO] [stderr] error: could not compile `wasi-crypto-guest` (lib test) due to 1 previous error
[INFO] running `Command { std: "docker" "inspect" "57ae5bf6575b78a4fcd6d0cc1ce48f61e8bedee5b4737227a6cfc337e0999517", kill_on_drop: false }`
[INFO] running `Command { std: "docker" "rm" "-f" "57ae5bf6575b78a4fcd6d0cc1ce48f61e8bedee5b4737227a6cfc337e0999517", kill_on_drop: false }`
[INFO] [stdout] 57ae5bf6575b78a4fcd6d0cc1ce48f61e8bedee5b4737227a6cfc337e0999517
