[INFO] fetching crate wars-macro 0.6.0...
[INFO] testing wars-macro-0.6.0 against 1.100.0-beta.1+cargoflags=--release for beta-release-1.100-2
[INFO] extracting crate wars-macro 0.6.0 into /workspace/builds/worker-7-tc2/source
[INFO] started tweaking crates.io crate wars-macro 0.6.0
[INFO] removed 0 missing tests
[INFO] finished tweaking crates.io crate wars-macro 0.6.0
[INFO] tweaked toml for crates.io crate wars-macro 0.6.0 written to /workspace/builds/worker-7-tc2/source/Cargo.toml
[INFO] validating manifest of crates.io crate wars-macro 0.6.0 on toolchain 1.100.0-beta.1
[INFO] running `Command { std: CARGO_HOME="/workspace/cargo-home" RUSTUP_HOME="/workspace/rustup-home" "/workspace/cargo-home/bin/cargo" "+1.100.0-beta.1" "metadata" "--manifest-path" "Cargo.toml" "--no-deps", kill_on_drop: false }`
[INFO] running `Command { std: CARGO_HOME="/workspace/cargo-home" RUSTUP_HOME="/workspace/rustup-home" "/workspace/cargo-home/bin/cargo" "+1.100.0-beta.1" "generate-lockfile" "--manifest-path" "Cargo.toml", kill_on_drop: false }`
[INFO] [stderr]     Updating crates.io index
[INFO] [stderr]      Locking 170 packages to highest compatible versions
[INFO] [stderr]       Adding generic-array v0.14.7 (available: v0.14.9)
[INFO] [stderr]       Adding syn v2.0.119 (available: v3.0.9)
[INFO] [stderr]       Adding wars v0.6.2 (available: v0.8.1)
[INFO] [stderr]       Adding wars-pit-plugin v0.6.0 (available: v0.7.0)
[INFO] running `Command { std: CARGO_HOME="/workspace/cargo-home" RUSTUP_HOME="/workspace/rustup-home" "/workspace/cargo-home/bin/cargo" "+1.100.0-beta.1" "fetch" "--manifest-path" "Cargo.toml", kill_on_drop: false }`
[INFO] [stderr]     Blocking waiting for file lock on package cache
[INFO] running `Command { std: "docker" "create" "-v" "/var/lib/crater-agent-workspace/builds/worker-7-tc2/source:/opt/rustwide/workdir:ro,Z" "-v" "/var/lib/crater-agent-workspace/builds/worker-7-tc2/target:/opt/rustwide/target:rw,Z" "-v" "/var/lib/crater-agent-workspace/cargo-home:/opt/rustwide/cargo-home:ro,Z" "-v" "/var/lib/crater-agent-workspace/rustup-home:/opt/rustwide/rustup-home:ro,Z" "-m" "1610612736" "--network" "none" "ghcr.io/rust-lang/crates-build-env/linux@sha256:77db811e55d90add9212f6832c23229e3de5f1c1f9905e8cb07319ea15df73ac" "sleep" "infinity", kill_on_drop: false }`
[INFO] [stdout] 2f3d7b97ac5f65ade7f7aaad4c31812e5b7ebbe5d1b35d5d066d49d01ea45846
[INFO] running `Command { std: "docker" "start" "2f3d7b97ac5f65ade7f7aaad4c31812e5b7ebbe5d1b35d5d066d49d01ea45846", kill_on_drop: false }`
[INFO] running `Command { std: "docker" "inspect" "2f3d7b97ac5f65ade7f7aaad4c31812e5b7ebbe5d1b35d5d066d49d01ea45846", kill_on_drop: false }`
[INFO] running `Command { std: "docker" "exec" "-e" "SOURCE_DIR=/opt/rustwide/workdir" "-e" "CARGO_HOME=/opt/rustwide/cargo-home" "-e" "RUSTUP_HOME=/opt/rustwide/rustup-home" "-e" "CARGO_TARGET_DIR=/opt/rustwide/target" "-w" "/opt/rustwide/workdir" "--user" "0:0" "2f3d7b97ac5f65ade7f7aaad4c31812e5b7ebbe5d1b35d5d066d49d01ea45846" "/opt/rustwide/cargo-home/bin/cargo" "+1.100.0-beta.1" "metadata" "--no-deps" "--format-version=1", kill_on_drop: false }`
[INFO] running `Command { std: "docker" "inspect" "2f3d7b97ac5f65ade7f7aaad4c31812e5b7ebbe5d1b35d5d066d49d01ea45846", kill_on_drop: false }`
[INFO] running `Command { std: "docker" "exec" "-e" "SOURCE_DIR=/opt/rustwide/workdir" "-e" "CARGO_HOME=/opt/rustwide/cargo-home" "-e" "RUSTUP_HOME=/opt/rustwide/rustup-home" "-e" "CARGO_TARGET_DIR=/opt/rustwide/target" "-e" "CARGO_INCREMENTAL=0" "-e" "RUST_BACKTRACE=full" "-e" "RUSTFLAGS=--cap-lints=warn" "-e" "RUSTDOCFLAGS=--cap-lints=warn" "-w" "/opt/rustwide/workdir" "--user" "0:0" "2f3d7b97ac5f65ade7f7aaad4c31812e5b7ebbe5d1b35d5d066d49d01ea45846" "/opt/rustwide/cargo-home/bin/cargo" "+1.100.0-beta.1" "build" "--frozen" "--message-format=json" "--release", kill_on_drop: false }`
[INFO] [stderr]    Compiling syn v1.0.109
[INFO] [stderr]    Compiling object v0.39.1
[INFO] [stderr]    Compiling crossbeam-utils v0.8.23
[INFO] [stderr]    Compiling macro_rules_attribute-proc_macro v0.1.3
[INFO] [stderr]    Compiling crossbeam-epoch v0.9.21
[INFO] [stderr]    Compiling crc32fast v1.5.2
[INFO] [stderr]    Compiling arena-traits v0.2.3
[INFO] [stderr]    Compiling regex-syntax v0.8.11
[INFO] [stderr]    Compiling simd-adler32 v0.3.10
[INFO] [stderr]    Compiling crossbeam-deque v0.8.8
[INFO] [stderr]    Compiling twox-hash v1.6.3
[INFO] [stderr]    Compiling ahash v0.8.12
[INFO] [stderr]    Compiling cpp_demangle v0.4.5
[INFO] [stderr]    Compiling utf8parse v0.2.2
[INFO] [stderr]    Compiling unicode-width v0.1.14
[INFO] [stderr]    Compiling polonius-the-crab v0.2.1
[INFO] [stderr]    Compiling never-say-never v6.6.666
[INFO] [stderr]    Compiling rayon-core v1.13.0
[INFO] [stderr]    Compiling heck v0.3.3
[INFO] [stderr]    Compiling serde v1.0.229
[INFO] [stderr]    Compiling anstyle-parse v1.0.0
[INFO] [stderr]    Compiling atty v0.2.14
[INFO] [stderr]    Compiling stacker v0.1.25
[INFO] [stderr]    Compiling colorchoice v1.0.5
[INFO] [stderr]    Compiling anstyle-query v1.1.5
[INFO] [stderr]    Compiling strsim v0.8.0
[INFO] [stderr]    Compiling miniz_oxide v0.9.1
[INFO] [stderr]    Compiling macro_rules_attribute v0.1.3
[INFO] [stderr]    Compiling textwrap v0.11.0
[INFO] [stderr]    Compiling is_terminal_polyfill v1.70.2
[INFO] [stderr]    Compiling jiff-core v0.1.1
[INFO] [stderr]    Compiling ansi_term v0.12.1
[INFO] [stderr]    Compiling vec_map v0.8.2
[INFO] [stderr]    Compiling anstyle v1.0.14
[INFO] [stderr]    Compiling log v0.4.34
[INFO] [stderr]    Compiling ruzstd v0.5.0
[INFO] [stderr]    Compiling stable_deref_trait v1.2.1
[INFO] [stderr]    Compiling indexmap v2.14.2
[INFO] [stderr]    Compiling clap v2.34.0
[INFO] [stderr]    Compiling gimli v0.28.1
[INFO] [stderr]    Compiling cfg-traits v0.2.3
[INFO] [stderr]    Compiling memmap2 v0.5.10
[INFO] [stderr]    Compiling leb128 v0.2.7
[INFO] [stderr]    Compiling smallvec v1.16.3
[INFO] [stderr]    Compiling anstream v1.0.0
[INFO] [stderr]    Compiling bitflags v2.13.2
[INFO] [stderr]    Compiling rustc-demangle v0.1.28
[INFO] [stderr]    Compiling hashbrown v0.14.5
[INFO] [stderr]    Compiling fallible-iterator v0.3.0
[INFO] [stderr]    Compiling wasm-encoder v0.212.0
[INFO] [stderr]    Compiling ssa-traits v0.2.3
[INFO] [stderr]    Compiling regex-automata v0.4.18
[INFO] [stderr]    Compiling flate2 v1.1.10
[INFO] [stderr]    Compiling fxhash v0.2.1
[INFO] [stderr]    Compiling keccak v0.1.6
[INFO] [stderr]    Compiling fixedbitset v0.2.0
[INFO] [stderr]    Compiling nom v7.1.3
[INFO] [stderr]    Compiling quasiquote-proc-macro v0.1.0
[INFO] [stderr]    Compiling sha3 v0.10.9
[INFO] [stderr]    Compiling petgraph v0.5.1
[INFO] [stderr]    Compiling jiff v0.2.38
[INFO] [stderr]    Compiling object v0.32.2
[INFO] [stderr]    Compiling wasmparser v0.212.0
[INFO] [stderr]    Compiling rayon v1.12.0
[INFO] [stderr]    Compiling prettyplease v0.2.37
[INFO] [stderr]    Compiling quasiquote v0.1.1
[INFO] [stderr]    Compiling fs-err v2.11.0
[INFO] [stderr]    Compiling bimap v0.6.3
[INFO] [stderr]    Compiling leb128fmt v0.1.0
[INFO] [stderr]    Compiling unicode-width v0.2.2
[INFO] [stderr]    Compiling expander v2.2.1
[INFO] [stderr]    Compiling wasm-encoder v0.262.0
[INFO] [stderr]    Compiling blake2 v0.10.6
[INFO] [stderr]    Compiling file-guard v0.2.0
[INFO] [stderr]    Compiling relooper v0.1.0
[INFO] [stderr]    Compiling wast v262.0.0
[INFO] [stderr]    Compiling proc-macro-error v1.0.4
[INFO] [stderr]    Compiling pit-core v0.3.2
[INFO] [stderr]    Compiling regex v1.13.1
[INFO] [stderr]    Compiling env_filter v2.0.0
[INFO] [stderr]    Compiling pit-rust-guest v0.3.2
[INFO] [stderr]    Compiling ext-trait-proc_macros v1.0.1
[INFO] [stderr]    Compiling nougat-proc_macros v0.2.4
[INFO] [stderr]    Compiling lending-iterator-proc_macros v0.1.7
[INFO] [stderr]    Compiling structopt-derive v0.4.18
[INFO] [stderr]    Compiling ext-trait v1.0.1
[INFO] [stderr]    Compiling extension-traits v1.0.1
[INFO] [stderr]    Compiling ar_archive_writer v0.5.3
[INFO] [stderr]    Compiling env_logger v0.11.11
[INFO] [stderr]    Compiling nougat v0.2.4
[INFO] [stderr]    Compiling lending-iterator v0.1.7
[INFO] [stderr]    Compiling cfg-traits v0.3.0-alpha.2
[INFO] [stderr]    Compiling ssa-traits v0.3.0-alpha.2
[INFO] [stderr]    Compiling structopt v0.3.26
[INFO] [stderr]    Compiling psm v0.1.32
[INFO] [stderr]    Compiling addr2line v0.21.0
[INFO] [stderr]    Compiling portal-pc-waffle v0.3.8
[INFO] [stdout] error[E0053]: method `targets` has an incompatible type for trait
[INFO] [stdout]    --> /opt/rustwide/cargo-home/registry/src/index.crates.io-1949cf8c6b5b557f/portal-pc-waffle-0.3.8/src/ssa_traits_impls_03.rs:227:5
[INFO] [stdout]     |
[INFO] [stdout] 227 | /     fn targets<'a>(&'a self) -> Box<(dyn std::iter::Iterator<Item = &'a crate::BlockTarget> + 'a)>
[INFO] [stdout] 228 | |     where
[INFO] [stdout] 229 | |         FunctionBody: 'a,
[INFO] [stdout]     | |_________________________^ expected trait `LendingIteratorDyn`, found trait `Iterator`
[INFO] [stdout]     |
[INFO] [stdout]     = note: expected signature `fn(&'a BlockTarget) -> Box<(dyn lending_iterator::lending_iterator::LendingIteratorDyn<Item = lending_iterator::HKT<(dyn for<'b> WithLifetime<'b, T = Box<(dyn std::ops::Deref<Target = func::BlockTarget> + 'b)>> + 'static)>> + 'a)>`
[INFO] [stdout]                found signature `fn(&'a BlockTarget) -> Box<(dyn std::iter::Iterator<Item = &'a func::BlockTarget> + 'a)>`
[INFO] [stdout] 
[INFO] [stdout] 
[INFO] [stdout] error[E0053]: method `targets_mut` has an incompatible type for trait
[INFO] [stdout]    --> /opt/rustwide/cargo-home/registry/src/index.crates.io-1949cf8c6b5b557f/portal-pc-waffle-0.3.8/src/ssa_traits_impls_03.rs:234:5
[INFO] [stdout]     |
[INFO] [stdout] 234 | /     fn targets_mut<'a>(
[INFO] [stdout] 235 | |         &'a mut self,
[INFO] [stdout] 236 | |     ) -> Box<(dyn std::iter::Iterator<Item = &'a mut crate::BlockTarget> + 'a)>
[INFO] [stdout] 237 | |     where
[INFO] [stdout] 238 | |         FunctionBody: 'a,
[INFO] [stdout]     | |_________________________^ expected trait `LendingIteratorDyn`, found trait `Iterator`
[INFO] [stdout]     |
[INFO] [stdout]     = note: expected signature `fn(&'a mut BlockTarget) -> Box<(dyn lending_iterator::lending_iterator::LendingIteratorDyn<Item = lending_iterator::HKT<(dyn for<'b> WithLifetime<'b, T = Box<(dyn DerefMut<Target = func::BlockTarget> + 'b)>> + 'static)>> + 'a)>`
[INFO] [stdout]                found signature `fn(&'a mut BlockTarget) -> Box<(dyn std::iter::Iterator<Item = &'a mut func::BlockTarget> + 'a)>`
[INFO] [stdout] 
[INFO] [stdout] 
[INFO] [stdout] error[E0053]: method `targets` has an incompatible type for trait
[INFO] [stdout]    --> /opt/rustwide/cargo-home/registry/src/index.crates.io-1949cf8c6b5b557f/portal-pc-waffle-0.3.8/src/ssa_traits_impls_03.rs:265:5
[INFO] [stdout]     |
[INFO] [stdout] 265 | /     fn targets<'a>(&'a self) -> Box<(dyn std::iter::Iterator<Item = &'a crate::BlockTarget> + 'a)>
[INFO] [stdout] 266 | |     where
[INFO] [stdout] 267 | |         FunctionBody: 'a,
[INFO] [stdout]     | |_________________________^ expected trait `LendingIteratorDyn`, found trait `Iterator`
[INFO] [stdout]     |
[INFO] [stdout]     = note: expected signature `fn(&'a Terminator) -> Box<(dyn lending_iterator::lending_iterator::LendingIteratorDyn<Item = lending_iterator::HKT<(dyn for<'b> WithLifetime<'b, T = Box<(dyn std::ops::Deref<Target = func::BlockTarget> + 'b)>> + 'static)>> + 'a)>`
[INFO] [stdout]                found signature `fn(&'a Terminator) -> Box<(dyn std::iter::Iterator<Item = &'a func::BlockTarget> + 'a)>`
[INFO] [stdout] 
[INFO] [stdout] 
[INFO] [stdout] error[E0053]: method `targets_mut` has an incompatible type for trait
[INFO] [stdout]    --> /opt/rustwide/cargo-home/registry/src/index.crates.io-1949cf8c6b5b557f/portal-pc-waffle-0.3.8/src/ssa_traits_impls_03.rs:290:5
[INFO] [stdout]     |
[INFO] [stdout] 290 | /     fn targets_mut<'a>(
[INFO] [stdout] 291 | |         &'a mut self,
[INFO] [stdout] 292 | |     ) -> Box<(dyn std::iter::Iterator<Item = &'a mut crate::BlockTarget> + 'a)>
[INFO] [stdout] 293 | |     where
[INFO] [stdout] 294 | |         FunctionBody: 'a,
[INFO] [stdout]     | |_________________________^ expected trait `LendingIteratorDyn`, found trait `Iterator`
[INFO] [stdout]     |
[INFO] [stdout]     = note: expected signature `fn(&'a mut Terminator) -> Box<(dyn lending_iterator::lending_iterator::LendingIteratorDyn<Item = lending_iterator::HKT<(dyn for<'b> WithLifetime<'b, T = Box<(dyn DerefMut<Target = func::BlockTarget> + 'b)>> + 'static)>> + 'a)>`
[INFO] [stdout]                found signature `fn(&'a mut Terminator) -> Box<(dyn std::iter::Iterator<Item = &'a mut func::BlockTarget> + 'a)>`
[INFO] [stdout] 
[INFO] [stdout] 
[INFO] [stderr]    Compiling wat v1.262.0
[INFO] [stdout] For more information about this error, try `rustc --explain E0053`.
[INFO] [stdout] 
[INFO] [stderr] error: could not compile `portal-pc-waffle` (lib) due to 4 previous errors
[INFO] running `Command { std: "docker" "inspect" "2f3d7b97ac5f65ade7f7aaad4c31812e5b7ebbe5d1b35d5d066d49d01ea45846", kill_on_drop: false }`
[INFO] running `Command { std: "docker" "rm" "-f" "2f3d7b97ac5f65ade7f7aaad4c31812e5b7ebbe5d1b35d5d066d49d01ea45846", kill_on_drop: false }`
[INFO] [stdout] 2f3d7b97ac5f65ade7f7aaad4c31812e5b7ebbe5d1b35d5d066d49d01ea45846
