[INFO] fetching crate warpsock 4.3.0...
[INFO] testing warpsock-4.3.0 against 1.99.0-beta.8+cargoflags=--release for beta-release-1.100-2
[INFO] extracting crate warpsock 4.3.0 into /workspace/builds/worker-2-tc1/source
[INFO] started tweaking crates.io crate warpsock 4.3.0
[INFO] removed 0 missing tests
[INFO] finished tweaking crates.io crate warpsock 4.3.0
[INFO] tweaked toml for crates.io crate warpsock 4.3.0 written to /workspace/builds/worker-2-tc1/source/Cargo.toml
[INFO] validating manifest of crates.io crate warpsock 4.3.0 on toolchain 1.99.0-beta.8
[INFO] running `Command { std: CARGO_HOME="/workspace/cargo-home" RUSTUP_HOME="/workspace/rustup-home" "/workspace/cargo-home/bin/cargo" "+1.99.0-beta.8" "metadata" "--manifest-path" "Cargo.toml" "--no-deps", kill_on_drop: false }`
[INFO] crate crates.io crate warpsock 4.3.0 already has a lockfile, it will not be regenerated
[INFO] running `Command { std: CARGO_HOME="/workspace/cargo-home" RUSTUP_HOME="/workspace/rustup-home" "/workspace/cargo-home/bin/cargo" "+1.99.0-beta.8" "fetch" "--manifest-path" "Cargo.toml", kill_on_drop: false }`
[INFO] [stderr]     Updating crates.io index
[INFO] [stderr]  Downloading crates ...
[INFO] [stderr]   Downloaded tokio-boring v4.22.0
[INFO] [stderr]   Downloaded fastwebsockets v0.10.0
[INFO] [stderr]   Downloaded rcgen v0.14.8
[INFO] [stderr]   Downloaded yasna v0.6.0
[INFO] [stderr]   Downloaded boring v4.22.0
[INFO] [stderr]   Downloaded async-compression v0.4.42
[INFO] [stderr]   Downloaded psl v2.1.210
[INFO] [stderr]   Downloaded boring-sys v4.22.0
[INFO] running `Command { std: "docker" "create" "-v" "/var/lib/crater-agent-workspace/builds/worker-2-tc1/source:/opt/rustwide/workdir:ro,Z" "-v" "/var/lib/crater-agent-workspace/builds/worker-2-tc1/target:/opt/rustwide/target:rw,Z" "-v" "/var/lib/crater-agent-workspace/cargo-home:/opt/rustwide/cargo-home:ro,Z" "-v" "/var/lib/crater-agent-workspace/rustup-home:/opt/rustwide/rustup-home:ro,Z" "-m" "1610612736" "--network" "none" "ghcr.io/rust-lang/crates-build-env/linux@sha256:77db811e55d90add9212f6832c23229e3de5f1c1f9905e8cb07319ea15df73ac" "sleep" "infinity", kill_on_drop: false }`
[INFO] [stdout] d443855747ec3e74549d744bb07aab3af4ba06615b6da853b419a5bb9c75b4e2
[INFO] running `Command { std: "docker" "start" "d443855747ec3e74549d744bb07aab3af4ba06615b6da853b419a5bb9c75b4e2", kill_on_drop: false }`
[INFO] running `Command { std: "docker" "inspect" "d443855747ec3e74549d744bb07aab3af4ba06615b6da853b419a5bb9c75b4e2", kill_on_drop: false }`
[INFO] running `Command { std: "docker" "exec" "-e" "SOURCE_DIR=/opt/rustwide/workdir" "-e" "CARGO_HOME=/opt/rustwide/cargo-home" "-e" "RUSTUP_HOME=/opt/rustwide/rustup-home" "-e" "CARGO_TARGET_DIR=/opt/rustwide/target" "-w" "/opt/rustwide/workdir" "--user" "0:0" "d443855747ec3e74549d744bb07aab3af4ba06615b6da853b419a5bb9c75b4e2" "/opt/rustwide/cargo-home/bin/cargo" "+1.99.0-beta.8" "metadata" "--no-deps" "--format-version=1", kill_on_drop: false }`
[INFO] running `Command { std: "docker" "inspect" "d443855747ec3e74549d744bb07aab3af4ba06615b6da853b419a5bb9c75b4e2", kill_on_drop: false }`
[INFO] running `Command { std: "docker" "exec" "-e" "SOURCE_DIR=/opt/rustwide/workdir" "-e" "CARGO_HOME=/opt/rustwide/cargo-home" "-e" "RUSTUP_HOME=/opt/rustwide/rustup-home" "-e" "CARGO_TARGET_DIR=/opt/rustwide/target" "-e" "CARGO_INCREMENTAL=0" "-e" "RUST_BACKTRACE=full" "-e" "RUSTFLAGS=--cap-lints=warn" "-e" "RUSTDOCFLAGS=--cap-lints=warn" "-w" "/opt/rustwide/workdir" "--user" "0:0" "d443855747ec3e74549d744bb07aab3af4ba06615b6da853b419a5bb9c75b4e2" "/opt/rustwide/cargo-home/bin/cargo" "+1.99.0-beta.8" "build" "--frozen" "--message-format=json" "--release", kill_on_drop: false }`
[INFO] [stderr]    Compiling libc v0.2.186
[INFO] [stderr]    Compiling proc-macro2 v1.0.106
[INFO] [stderr]    Compiling unicode-ident v1.0.24
[INFO] [stderr]    Compiling quote v1.0.45
[INFO] [stderr]    Compiling shlex v1.3.0
[INFO] [stderr]    Compiling find-msvc-tools v0.1.9
[INFO] [stderr]    Compiling glob v0.3.3
[INFO] [stderr]    Compiling pkg-config v0.3.33
[INFO] [stderr]    Compiling cfg-if v1.0.4
[INFO] [stderr]    Compiling memchr v2.8.0
[INFO] [stderr]    Compiling minimal-lexical v0.2.1
[INFO] [stderr]    Compiling regex-syntax v0.8.10
[INFO] [stderr]    Compiling bindgen v0.72.1
[INFO] [stderr]    Compiling version_check v0.9.5
[INFO] [stderr]    Compiling either v1.16.0
[INFO] [stderr]    Compiling bitflags v2.11.1
[INFO] [stderr]    Compiling libloading v0.8.9
[INFO] [stderr]    Compiling serde_core v1.0.228
[INFO] [stderr]    Compiling rustc-hash v2.1.2
[INFO] [stderr]    Compiling bytes v1.11.1
[INFO] [stderr]    Compiling itertools v0.13.0
[INFO] [stderr]    Compiling typenum v1.20.0
[INFO] [stderr]    Compiling alloc-no-stdlib v2.0.4
[INFO] [stderr]    Compiling fs_extra v1.3.0
[INFO] [stderr]    Compiling crc32fast v1.5.0
[INFO] [stderr]    Compiling zstd-safe v7.2.4
[INFO] [stderr]    Compiling generic-array v0.14.7
[INFO] [stderr]    Compiling alloc-stdlib v0.2.2
[INFO] [stderr]    Compiling serde v1.0.228
[INFO] [stderr]    Compiling clang-sys v1.8.1
[INFO] [stderr]    Compiling nom v7.1.3
[INFO] [stderr]    Compiling adler2 v2.0.1
[INFO] [stderr]    Compiling itoa v1.0.18
[INFO] [stderr]    Compiling autocfg v1.5.1
[INFO] [stderr]    Compiling pin-project-lite v0.2.17
[INFO] [stderr]    Compiling simd-adler32 v0.3.9
[INFO] [stderr]    Compiling brotli-decompressor v5.0.0
[INFO] [stderr]    Compiling zmij v1.0.21
[INFO] [stderr]    Compiling parking_lot_core v0.9.12
[INFO] [stderr]    Compiling foreign-types-shared v0.3.1
[INFO] [stderr]    Compiling num-traits v0.2.19
[INFO] [stderr]    Compiling smallvec v1.15.1
[INFO] [stderr]    Compiling getrandom v0.3.4
[INFO] [stderr]    Compiling serde_json v1.0.150
[INFO] [stderr]    Compiling syn v2.0.117
[INFO] [stderr]    Compiling thiserror v2.0.18
[INFO] [stderr]    Compiling miniz_oxide v0.8.9
[INFO] [stderr]    Compiling compression-core v0.4.32
[INFO] [stderr]    Compiling httparse v1.10.1
[INFO] [stderr]    Compiling regex-automata v0.4.14
[INFO] [stderr]    Compiling percent-encoding v2.3.2
[INFO] [stderr]    Compiling scopeguard v1.2.0
[INFO] [stderr]    Compiling once_cell v1.21.4
[INFO] [stderr]    Compiling zeroize v1.8.2
[INFO] [stderr]    Compiling flate2 v1.1.9
[INFO] [stderr]    Compiling socket2 v0.6.3
[INFO] [stderr]    Compiling mio v1.2.0
[INFO] [stderr]    Compiling jobserver v0.1.34
[INFO] [stderr]    Compiling fslock v0.2.1
[INFO] [stderr]    Compiling block-buffer v0.10.4
[INFO] [stderr]    Compiling cc v1.2.62
[INFO] [stderr]    Compiling crypto-common v0.1.7
[INFO] [stderr]    Compiling brotli v8.0.2
[INFO] [stderr]    Compiling digest v0.10.7
[INFO] [stderr]    Compiling tracing-core v0.1.36
[INFO] [stderr]    Compiling rustls-pki-types v1.14.1
[INFO] [stderr]    Compiling form_urlencoded v1.2.2
[INFO] [stderr]    Compiling lock_api v0.4.14
[INFO] [stderr]    Compiling http v1.4.0
[INFO] [stderr]    Compiling cpufeatures v0.2.17
[INFO] [stderr]    Compiling iana-time-zone v0.1.65
[INFO] [stderr]    Compiling ryu v1.0.23
[INFO] [stderr]    Compiling openssl-probe v0.2.1
[INFO] [stderr]    Compiling psl-types v2.0.11
[INFO] [stderr]    Compiling psl v2.1.210
[INFO] [stderr]    Compiling rustls-native-certs v0.8.3
[INFO] [stderr]    Compiling sha2 v0.10.9
[INFO] [stderr]    Compiling parking_lot v0.12.5
[INFO] [stderr]    Compiling cexpr v0.6.0
[INFO] [stderr]    Compiling base64 v0.22.1
[INFO] [stderr]    Compiling atomic-waker v1.1.2
[INFO] [stderr]    Compiling cmake v0.1.58
[INFO] [stderr]    Compiling regex v1.12.3
[INFO] [stderr]    Compiling hex v0.4.3
[INFO] [stderr]    Compiling http-body v1.0.1
[INFO] [stderr]    Compiling futures-core v0.3.32
[INFO] [stderr]    Compiling zstd-sys v2.0.16+zstd.1.5.7
[INFO] [stderr]    Compiling foreign-types-macros v0.2.3
[INFO] [stderr]    Compiling tokio-macros v2.7.0
[INFO] [stderr]    Compiling serde_derive v1.0.228
[INFO] [stderr]    Compiling foreign-types v0.5.0
[INFO] [stderr]    Compiling openssl-macros v0.1.1
[INFO] [stderr]    Compiling tracing-attributes v0.1.31
[INFO] [stderr]    Compiling thiserror-impl v2.0.18
[INFO] [stderr]    Compiling tokio v1.52.3
[INFO] [stderr]    Compiling tracing v0.1.44
[INFO] [stderr]    Compiling chrono v0.4.44
[INFO] [stderr]    Compiling serde_urlencoded v0.7.1
[INFO] [stderr]    Compiling boring-sys v4.22.0
[INFO] [stderr]    Compiling zstd v0.13.3
[INFO] [stderr]    Compiling compression-codecs v0.4.38
[INFO] [stderr]    Compiling async-compression v0.4.42
[INFO] [stderr]    Compiling boring v4.22.0
[INFO] [stderr]    Compiling tokio-boring v4.22.0
[INFO] [stderr]    Compiling warpsock v4.3.0 (/opt/rustwide/workdir)
[INFO] [stdout] warning: use of deprecated method `std::sync::atomic::Atomic::<usize>::fetch_update`: renamed to `try_update` for consistency
[INFO] [stdout]    --> src/transport/h3/tunnel.rs:213:23
[INFO] [stdout]     |
[INFO] [stdout] 213 |     let _ = available.fetch_update(Ordering::AcqRel, Ordering::Acquire, |current| {
[INFO] [stdout]     |                       ^^^^^^^^^^^^
[INFO] [stdout]     |
[INFO] [stdout]     = note: `#[warn(deprecated)]` on by default
[INFO] [stdout] help: replace the use of the deprecated method
[INFO] [stdout]     |
[INFO] [stdout] 213 -     let _ = available.fetch_update(Ordering::AcqRel, Ordering::Acquire, |current| {
[INFO] [stdout] 213 +     let _ = available.try_update(Ordering::AcqRel, Ordering::Acquire, |current| {
[INFO] [stdout]     |
[INFO] [stdout] 
[INFO] [stdout] 
[INFO] [stderr]     Finished `release` profile [optimized + debuginfo] target(s) in 2m 58s
[INFO] running `Command { std: "docker" "inspect" "d443855747ec3e74549d744bb07aab3af4ba06615b6da853b419a5bb9c75b4e2", kill_on_drop: false }`
[INFO] running `Command { std: "docker" "exec" "-e" "SOURCE_DIR=/opt/rustwide/workdir" "-e" "CARGO_HOME=/opt/rustwide/cargo-home" "-e" "RUSTUP_HOME=/opt/rustwide/rustup-home" "-e" "CARGO_TARGET_DIR=/opt/rustwide/target" "-e" "CARGO_INCREMENTAL=0" "-e" "RUST_BACKTRACE=full" "-e" "RUSTFLAGS=--cap-lints=warn" "-e" "RUSTDOCFLAGS=--cap-lints=warn" "-w" "/opt/rustwide/workdir" "--user" "0:0" "d443855747ec3e74549d744bb07aab3af4ba06615b6da853b419a5bb9c75b4e2" "/opt/rustwide/cargo-home/bin/cargo" "+1.99.0-beta.8" "test" "--frozen" "--no-run" "--message-format=json" "--release", kill_on_drop: false }`
[INFO] [stderr]    Compiling stable_deref_trait v1.2.1
[INFO] [stderr]    Compiling smallvec v1.15.1
[INFO] [stderr]    Compiling futures-sink v0.3.32
[INFO] [stderr]    Compiling tracing-core v0.1.36
[INFO] [stderr]    Compiling writeable v0.6.3
[INFO] [stderr]    Compiling litemap v0.8.2
[INFO] [stderr]    Compiling syn v2.0.117
[INFO] [stderr]    Compiling getrandom v0.2.17
[INFO] [stderr]    Compiling slab v0.4.12
[INFO] [stderr]    Compiling untrusted v0.9.0
[INFO] [stderr]    Compiling zerocopy v0.8.48
[INFO] [stderr]    Compiling ring v0.17.14
[INFO] [stderr]    Compiling percent-encoding v2.3.2
[INFO] [stderr]    Compiling icu_normalizer_data v2.2.0
[INFO] [stderr]    Compiling utf8_iter v1.0.4
[INFO] [stderr]    Compiling icu_properties_data v2.2.0
[INFO] [stderr]    Compiling rustls v0.23.40
[INFO] [stderr]    Compiling futures-task v0.3.32
[INFO] [stderr]    Compiling equivalent v1.0.2
[INFO] [stderr]    Compiling subtle v2.6.1
[INFO] [stderr]    Compiling hashbrown v0.17.1
[INFO] [stderr]    Compiling form_urlencoded v1.2.2
[INFO] [stderr]    Compiling rand_core v0.6.4
[INFO] [stderr]    Compiling try-lock v0.2.5
[INFO] [stderr]    Compiling log v0.4.30
[INFO] [stderr]    Compiling thiserror v1.0.69
[INFO] [stderr]    Compiling fnv v1.0.7
[INFO] [stderr]    Compiling tower-service v0.3.3
[INFO] [stderr]    Compiling webpki-roots v1.0.7
[INFO] [stderr]    Compiling futures-channel v0.3.32
[INFO] [stderr]    Compiling want v0.3.1
[INFO] [stderr]    Compiling powerfmt v0.2.0
[INFO] [stderr]    Compiling sync_wrapper v1.0.2
[INFO] [stderr]    Compiling time-core v0.1.8
[INFO] [stderr]    Compiling regex-syntax v0.8.10
[INFO] [stderr]    Compiling ipnet v2.12.0
[INFO] [stderr]    Compiling tower-layer v0.3.3
[INFO] [stderr]    Compiling utf-8 v0.7.6
[INFO] [stderr]    Compiling num-conv v0.2.2
[INFO] [stderr]    Compiling sha1 v0.10.6
[INFO] [stderr]    Compiling deranged v0.5.8
[INFO] [stderr]    Compiling lazy_static v1.5.0
[INFO] [stderr]    Compiling data-encoding v2.11.0
[INFO] [stderr]    Compiling byteorder v1.5.0
[INFO] [stderr]    Compiling sharded-slab v0.1.7
[INFO] [stderr]    Compiling webpki-roots v0.26.11
[INFO] [stderr]    Compiling pem v3.0.6
[INFO] [stderr]    Compiling http-body-util v0.1.3
[INFO] [stderr]    Compiling parking_lot_core v0.9.12
[INFO] [stderr]    Compiling indexmap v2.14.0
[INFO] [stderr]    Compiling thread_local v1.1.9
[INFO] [stderr]    Compiling tracing-log v0.2.0
[INFO] [stderr]    Compiling parking_lot v0.12.5
[INFO] [stderr]    Compiling nu-ansi-term v0.50.3
[INFO] [stderr]    Compiling simdutf8 v0.1.5
[INFO] [stderr]    Compiling time v0.3.47
[INFO] [stderr]    Compiling regex-automata v0.4.14
[INFO] [stderr]    Compiling yasna v0.6.0
[INFO] [stderr]    Compiling synstructure v0.13.2
[INFO] [stderr]    Compiling bindgen v0.72.1
[INFO] [stderr]    Compiling tokio-macros v2.7.0
[INFO] [stderr]    Compiling zerofrom-derive v0.1.7
[INFO] [stderr]    Compiling yoke-derive v0.8.2
[INFO] [stderr]    Compiling zerovec-derive v0.11.3
[INFO] [stderr]    Compiling displaydoc v0.2.5
[INFO] [stderr]    Compiling tracing-attributes v0.1.31
[INFO] [stderr]    Compiling futures-macro v0.3.32
[INFO] [stderr]    Compiling serde_derive v1.0.228
[INFO] [stderr]    Compiling thiserror-impl v1.0.69
[INFO] [stderr]    Compiling foreign-types-macros v0.2.3
[INFO] [stderr]    Compiling ppv-lite86 v0.2.21
[INFO] [stderr]    Compiling openssl-macros v0.1.1
[INFO] [stderr]    Compiling foreign-types v0.5.0
[INFO] [stderr]    Compiling futures-util v0.3.32
[INFO] [stderr]    Compiling thiserror-impl v2.0.18
[INFO] [stderr]    Compiling tokio v1.52.3
[INFO] [stderr]    Compiling rand_chacha v0.3.1
[INFO] [stderr]    Compiling matchers v0.2.0
[INFO] [stderr]    Compiling tracing v0.1.44
[INFO] [stderr]    Compiling rand v0.8.6
[INFO] [stderr]    Compiling zerofrom v0.1.8
[INFO] [stderr]    Compiling yoke v0.8.2
[INFO] [stderr]    Compiling tracing-subscriber v0.3.23
[INFO] [stderr]    Compiling zerovec v0.11.6
[INFO] [stderr]    Compiling zerotrie v0.2.4
[INFO] [stderr]    Compiling thiserror v2.0.18
[INFO] [stderr]    Compiling tinystr v0.8.3
[INFO] [stderr]    Compiling potential_utf v0.1.5
[INFO] [stderr]    Compiling icu_collections v2.2.0
[INFO] [stderr]    Compiling icu_locale_core v2.2.0
[INFO] [stderr]    Compiling serde v1.0.228
[INFO] [stderr]    Compiling icu_provider v2.2.0
[INFO] [stderr]    Compiling icu_properties v2.2.0
[INFO] [stderr]    Compiling icu_normalizer v2.2.0
[INFO] [stderr]    Compiling serde_urlencoded v0.7.1
[INFO] [stderr]    Compiling chrono v0.4.44
[INFO] [stderr]    Compiling boring-sys v4.22.0
[INFO] [stderr]    Compiling idna_adapter v1.2.2
[INFO] [stderr]    Compiling idna v1.1.0
[INFO] [stderr]    Compiling rustls-webpki v0.103.13
[INFO] [stderr]    Compiling rcgen v0.14.8
[INFO] [stderr]    Compiling url v2.5.8
[INFO] [stderr]    Compiling tokio-util v0.7.18
[INFO] [stderr]    Compiling tower v0.5.3
[INFO] [stderr]    Compiling tokio-stream v0.1.18
[INFO] [stderr]    Compiling async-compression v0.4.42
[INFO] [stderr]    Compiling fastwebsockets v0.10.0
[INFO] [stderr]    Compiling h2 v0.4.14
[INFO] [stderr]    Compiling tokio-test v0.4.5
[INFO] [stderr]    Compiling tower-http v0.6.11
[INFO] [stderr]    Compiling tokio-rustls v0.26.4
[INFO] [stderr]    Compiling tungstenite v0.24.0
[INFO] [stderr]    Compiling hyper v1.9.0
[INFO] [stderr]    Compiling tokio-tungstenite v0.24.0
[INFO] [stderr]    Compiling hyper-util v0.1.20
[INFO] [stderr]    Compiling hyper-rustls v0.27.9
[INFO] [stderr]    Compiling reqwest v0.12.28
[INFO] [stderr] error: could not compile `reqwest` (lib)
[INFO] [stderr] 
[INFO] [stderr] Caused by:
[INFO] [stderr]   process didn't exit successfully: `/opt/rustwide/rustup-home/toolchains/1.99.0-beta.8-x86_64-unknown-linux-gnu/bin/rustc --crate-name reqwest --edition=2021 /opt/rustwide/cargo-home/registry/src/index.crates.io-1949cf8c6b5b557f/reqwest-0.12.28/src/lib.rs --error-format=json --json=diagnostic-rendered-ansi,artifacts,future-incompat --crate-type lib --emit=dep-info,metadata,link -C opt-level=3 -C linker-plugin-lto -C codegen-units=1 -C debuginfo=line-tables-only --cfg 'feature="__rustls"' --cfg 'feature="__rustls-ring"' --cfg 'feature="__tls"' --cfg 'feature="h2"' --cfg 'feature="http2"' --cfg 'feature="rustls-tls"' --cfg 'feature="rustls-tls-webpki-roots"' --cfg 'feature="rustls-tls-webpki-roots-no-provider"' --cfg 'feature="stream"' --check-cfg 'cfg(docsrs,test)' --check-cfg 'cfg(feature, values("__rustls", "__rustls-ring", "__tls", "blocking", "brotli", "charset", "cookies", "default", "default-tls", "deflate", "gzip", "h2", "hickory-dns", "http2", "http3", "json", "macos-system-configuration", "multipart", "native-tls", "native-tls-alpn", "native-tls-vendored", "rustls-tls", "rustls-tls-manual-roots", "rustls-tls-manual-roots-no-provider", "rustls-tls-native-roots", "rustls-tls-native-roots-no-provider", "rustls-tls-no-provider", "rustls-tls-webpki-roots", "rustls-tls-webpki-roots-no-provider", "socks", "stream", "system-proxy", "trust-dns", "zstd"))' -C metadata=82080e4203496176 -C extra-filename=-b179f8ab2af65f44 --out-dir /opt/rustwide/target/release/deps -L dependency=/opt/rustwide/target/release/deps --extern base64=/opt/rustwide/target/release/deps/libbase64-072b8a1b81e42f06.rmeta --extern bytes=/opt/rustwide/target/release/deps/libbytes-86bbc462d0957ac1.rmeta --extern futures_core=/opt/rustwide/target/release/deps/libfutures_core-1421f8168311510c.rmeta --extern futures_util=/opt/rustwide/target/release/deps/libfutures_util-b3ec71dc838f14f4.rmeta --extern h2=/opt/rustwide/target/release/deps/libh2-b4528b5517dde9b1.rmeta --extern http=/opt/rustwide/target/release/deps/libhttp-9d7e2be12d208542.rmeta --extern http_body=/opt/rustwide/target/release/deps/libhttp_body-aa8f068a117633bb.rmeta --extern http_body_util=/opt/rustwide/target/release/deps/libhttp_body_util-35f7f46a44083173.rmeta --extern hyper=/opt/rustwide/target/release/deps/libhyper-31d1010d078f03eb.rmeta --extern hyper_rustls=/opt/rustwide/target/release/deps/libhyper_rustls-62f2ee360a2ccaee.rmeta --extern hyper_util=/opt/rustwide/target/release/deps/libhyper_util-08eb43920f692aa7.rmeta --extern log=/opt/rustwide/target/release/deps/liblog-7b4baeda5c810ab7.rmeta --extern percent_encoding=/opt/rustwide/target/release/deps/libpercent_encoding-f5c18d72fb0fb889.rmeta --extern pin_project_lite=/opt/rustwide/target/release/deps/libpin_project_lite-069c9b003e46d59f.rmeta --extern rustls=/opt/rustwide/target/release/deps/librustls-132c9895cdfd632b.rmeta --extern rustls_pki_types=/opt/rustwide/target/release/deps/librustls_pki_types-253017d55bd07a7f.rmeta --extern serde=/opt/rustwide/target/release/deps/libserde-f33c025ff3daf7ee.rmeta --extern serde_urlencoded=/opt/rustwide/target/release/deps/libserde_urlencoded-132e23187341349f.rmeta --extern sync_wrapper=/opt/rustwide/target/release/deps/libsync_wrapper-6ab492ff24f9dc3a.rmeta --extern tokio=/opt/rustwide/target/release/deps/libtokio-5ab89c467b25df6f.rmeta --extern tokio_rustls=/opt/rustwide/target/release/deps/libtokio_rustls-70398373027a27f6.rmeta --extern tokio_util=/opt/rustwide/target/release/deps/libtokio_util-3eb6792f899344b0.rmeta --extern tower=/opt/rustwide/target/release/deps/libtower-fdc51a5b34b12ac3.rmeta --extern tower_http=/opt/rustwide/target/release/deps/libtower_http-92f86c94600e421e.rmeta --extern tower_service=/opt/rustwide/target/release/deps/libtower_service-7acde4a2a92a89ce.rmeta --extern url=/opt/rustwide/target/release/deps/liburl-a93f110021ba7dbe.rmeta --extern webpki_roots=/opt/rustwide/target/release/deps/libwebpki_roots-feeebe6a795e10f1.rmeta --cap-lints allow --cap-lints=warn -L native=/opt/rustwide/target/release/build/ring-e1ed445c7386983d/out` (signal: 9, SIGKILL: kill)
[INFO] [stderr] warning: build failed, waiting for other jobs to finish...
[INFO] [stderr] error: failed to run custom build command for `boring-sys v4.22.0`
[INFO] [stderr] note: To improve backtraces for build dependencies, set the CARGO_PROFILE_RELEASE_BUILD_OVERRIDE_DEBUG=true environment variable to enable debug information generation.
[INFO] [stderr] 
[INFO] [stderr] Caused by:
[INFO] [stderr]   process didn't exit successfully: `/opt/rustwide/target/release/build/boring-sys-015ee24b10fd92f6/build-script-main` (exit status: 101)
[INFO] [stderr]   --- stdout
[INFO] [stderr]   cargo:rerun-if-env-changed=BORING_BSSL_PATH_x86_64-unknown-linux-gnu
[INFO] [stderr]   cargo:rerun-if-env-changed=BORING_BSSL_PATH_x86_64_unknown_linux_gnu
[INFO] [stderr]   cargo:rerun-if-env-changed=HOST_BORING_BSSL_PATH
[INFO] [stderr]   cargo:rerun-if-env-changed=BORING_BSSL_PATH
[INFO] [stderr]   cargo:rerun-if-env-changed=BORING_BSSL_INCLUDE_PATH_x86_64-unknown-linux-gnu
[INFO] [stderr]   cargo:rerun-if-env-changed=BORING_BSSL_INCLUDE_PATH_x86_64_unknown_linux_gnu
[INFO] [stderr]   cargo:rerun-if-env-changed=HOST_BORING_BSSL_INCLUDE_PATH
[INFO] [stderr]   cargo:rerun-if-env-changed=BORING_BSSL_INCLUDE_PATH
[INFO] [stderr]   cargo:rerun-if-env-changed=BORING_BSSL_SOURCE_PATH_x86_64-unknown-linux-gnu
[INFO] [stderr]   cargo:rerun-if-env-changed=BORING_BSSL_SOURCE_PATH_x86_64_unknown_linux_gnu
[INFO] [stderr]   cargo:rerun-if-env-changed=HOST_BORING_BSSL_SOURCE_PATH
[INFO] [stderr]   cargo:rerun-if-env-changed=BORING_BSSL_SOURCE_PATH
[INFO] [stderr]   cargo:rerun-if-env-changed=BORING_BSSL_PRECOMPILED_BCM_O_x86_64-unknown-linux-gnu
[INFO] [stderr]   cargo:rerun-if-env-changed=BORING_BSSL_PRECOMPILED_BCM_O_x86_64_unknown_linux_gnu
[INFO] [stderr]   cargo:rerun-if-env-changed=HOST_BORING_BSSL_PRECOMPILED_BCM_O
[INFO] [stderr]   cargo:rerun-if-env-changed=BORING_BSSL_PRECOMPILED_BCM_O
[INFO] [stderr]   cargo:rerun-if-env-changed=BORING_BSSL_ASSUME_PATCHED_x86_64-unknown-linux-gnu
[INFO] [stderr]   cargo:rerun-if-env-changed=BORING_BSSL_ASSUME_PATCHED_x86_64_unknown_linux_gnu
[INFO] [stderr]   cargo:rerun-if-env-changed=HOST_BORING_BSSL_ASSUME_PATCHED
[INFO] [stderr]   cargo:rerun-if-env-changed=BORING_BSSL_ASSUME_PATCHED
[INFO] [stderr]   cargo:rerun-if-env-changed=BORING_BSSL_SYSROOT_x86_64-unknown-linux-gnu
[INFO] [stderr]   cargo:rerun-if-env-changed=BORING_BSSL_SYSROOT_x86_64_unknown_linux_gnu
[INFO] [stderr]   cargo:rerun-if-env-changed=HOST_BORING_BSSL_SYSROOT
[INFO] [stderr]   cargo:rerun-if-env-changed=BORING_BSSL_SYSROOT
[INFO] [stderr]   cargo:rerun-if-env-changed=BORING_BSSL_COMPILER_EXTERNAL_TOOLCHAIN_x86_64-unknown-linux-gnu
[INFO] [stderr]   cargo:rerun-if-env-changed=BORING_BSSL_COMPILER_EXTERNAL_TOOLCHAIN_x86_64_unknown_linux_gnu
[INFO] [stderr]   cargo:rerun-if-env-changed=HOST_BORING_BSSL_COMPILER_EXTERNAL_TOOLCHAIN
[INFO] [stderr]   cargo:rerun-if-env-changed=BORING_BSSL_COMPILER_EXTERNAL_TOOLCHAIN
[INFO] [stderr]   cargo:rerun-if-env-changed=DEBUG_x86_64-unknown-linux-gnu
[INFO] [stderr]   cargo:rerun-if-env-changed=DEBUG_x86_64_unknown_linux_gnu
[INFO] [stderr]   cargo:rerun-if-env-changed=HOST_DEBUG
[INFO] [stderr]   cargo:rerun-if-env-changed=DEBUG
[INFO] [stderr]   cargo:rerun-if-env-changed=OPT_LEVEL_x86_64-unknown-linux-gnu
[INFO] [stderr]   cargo:rerun-if-env-changed=OPT_LEVEL_x86_64_unknown_linux_gnu
[INFO] [stderr]   cargo:rerun-if-env-changed=HOST_OPT_LEVEL
[INFO] [stderr]   cargo:rerun-if-env-changed=OPT_LEVEL
[INFO] [stderr]   cargo:rerun-if-env-changed=ANDROID_NDK_HOME_x86_64-unknown-linux-gnu
[INFO] [stderr]   cargo:rerun-if-env-changed=ANDROID_NDK_HOME_x86_64_unknown_linux_gnu
[INFO] [stderr]   cargo:rerun-if-env-changed=HOST_ANDROID_NDK_HOME
[INFO] [stderr]   cargo:rerun-if-env-changed=ANDROID_NDK_HOME
[INFO] [stderr]   cargo:rerun-if-env-changed=CMAKE_TOOLCHAIN_FILE_x86_64-unknown-linux-gnu
[INFO] [stderr]   cargo:rerun-if-env-changed=CMAKE_TOOLCHAIN_FILE_x86_64_unknown_linux_gnu
[INFO] [stderr]   cargo:rerun-if-env-changed=HOST_CMAKE_TOOLCHAIN_FILE
[INFO] [stderr]   cargo:rerun-if-env-changed=CMAKE_TOOLCHAIN_FILE
[INFO] [stderr]   cargo:rerun-if-env-changed=BORING_BSSL_RUST_CPPLIB_x86_64-unknown-linux-gnu
[INFO] [stderr]   cargo:rerun-if-env-changed=BORING_BSSL_RUST_CPPLIB_x86_64_unknown_linux_gnu
[INFO] [stderr]   cargo:rerun-if-env-changed=HOST_BORING_BSSL_RUST_CPPLIB
[INFO] [stderr]   cargo:rerun-if-env-changed=BORING_BSSL_RUST_CPPLIB
[INFO] [stderr]   cargo:rerun-if-env-changed=CC_x86_64-unknown-linux-gnu
[INFO] [stderr]   cargo:rerun-if-env-changed=CC_x86_64_unknown_linux_gnu
[INFO] [stderr]   cargo:rerun-if-env-changed=HOST_CC
[INFO] [stderr]   cargo:rerun-if-env-changed=CXX_x86_64-unknown-linux-gnu
[INFO] [stderr]   cargo:rerun-if-env-changed=CXX_x86_64_unknown_linux_gnu
[INFO] [stderr]   cargo:rerun-if-env-changed=HOST_CXX
[INFO] [stderr]   cargo:rerun-if-env-changed=DOCS_RS
[INFO] [stderr]   Initialized empty Git repository in /opt/rustwide/target/release/build/boring-sys-2129909b688f9cb7/out/boringssl/.git/
[INFO] [stderr] 
[INFO] [stderr]   CMAKE_TOOLCHAIN_FILE_x86_64-unknown-linux-gnu = None
[INFO] [stderr]   CMAKE_TOOLCHAIN_FILE_x86_64_unknown_linux_gnu = None
[INFO] [stderr]   HOST_CMAKE_TOOLCHAIN_FILE = None
[INFO] [stderr]   CMAKE_TOOLCHAIN_FILE = None
[INFO] [stderr]   CMAKE_GENERATOR_x86_64-unknown-linux-gnu = None
[INFO] [stderr]   CMAKE_GENERATOR_x86_64_unknown_linux_gnu = None
[INFO] [stderr]   HOST_CMAKE_GENERATOR = None
[INFO] [stderr]   CMAKE_GENERATOR = None
[INFO] [stderr]   CMAKE_PREFIX_PATH_x86_64-unknown-linux-gnu = None
[INFO] [stderr]   CMAKE_PREFIX_PATH_x86_64_unknown_linux_gnu = None
[INFO] [stderr]   HOST_CMAKE_PREFIX_PATH = None
[INFO] [stderr]   CMAKE_PREFIX_PATH = None
[INFO] [stderr]   CMAKE_x86_64-unknown-linux-gnu = None
[INFO] [stderr]   CMAKE_x86_64_unknown_linux_gnu = None
[INFO] [stderr]   HOST_CMAKE = None
[INFO] [stderr]   CMAKE = None
[INFO] [stderr]   -- The C compiler identification is GNU 15.2.0
[INFO] [stderr]   -- The CXX compiler identification is GNU 15.2.0
[INFO] [stderr]   -- Detecting C compiler ABI info
[INFO] [stderr]   -- Detecting C compiler ABI info - done
[INFO] [stderr]   -- Check for working C compiler: /usr/bin/cc - skipped
[INFO] [stderr]   -- Detecting C compile features
[INFO] [stderr]   -- Detecting C compile features - done
[INFO] [stderr]   -- Detecting CXX compiler ABI info
[INFO] [stderr]   -- Detecting CXX compiler ABI info - done
[INFO] [stderr]   -- Check for working CXX compiler: /usr/bin/c++ - skipped
[INFO] [stderr]   -- Detecting CXX compile features
[INFO] [stderr]   -- Detecting CXX compile features - done
[INFO] [stderr]   -- The ASM compiler identification is GNU
[INFO] [stderr]   -- Found assembler: /usr/bin/cc
[INFO] [stderr]   -- Performing Test CMAKE_HAVE_LIBC_PTHREAD
[INFO] [stderr]   -- Performing Test CMAKE_HAVE_LIBC_PTHREAD - Success
[INFO] [stderr]   -- Found Threads: TRUE
[INFO] [stderr]   -- Configuring done (3.1s)
[INFO] [stderr]   -- Generating done (0.9s)
[INFO] [stderr]   -- Build files have been written to: /opt/rustwide/target/release/build/boring-sys-2129909b688f9cb7/out/build
[INFO] [stderr]   [  1%] Building ASM object CMakeFiles/crypto.dir/apple-aarch64/crypto/fipsmodule/aesv8-armv8-apple.S.o
[INFO] [stderr]   [  1%] Building ASM object CMakeFiles/crypto.dir/apple-aarch64/crypto/cipher_extra/chacha20_poly1305_armv8-apple.S.o
[INFO] [stderr]   [  1%] Building ASM object CMakeFiles/crypto.dir/apple-aarch64/crypto/fipsmodule/aesv8-gcm-armv8-apple.S.o
[INFO] [stderr]   [  1%] Building ASM object CMakeFiles/crypto.dir/apple-aarch64/crypto/chacha/chacha-armv8-apple.S.o
[INFO] [stderr]   [  2%] Building ASM object CMakeFiles/crypto.dir/apple-aarch64/crypto/fipsmodule/ghash-neon-armv8-apple.S.o
[INFO] [stderr]   [  2%] Building ASM object CMakeFiles/crypto.dir/apple-aarch64/crypto/fipsmodule/p256-armv8-asm-apple.S.o
[INFO] [stderr]   [  2%] Building ASM object CMakeFiles/crypto.dir/apple-aarch64/crypto/fipsmodule/sha1-armv8-apple.S.o
[INFO] [stderr]   [  2%] Building ASM object CMakeFiles/crypto.dir/apple-aarch64/crypto/fipsmodule/armv8-mont-apple.S.o
[INFO] [stderr]   [  2%] Building ASM object CMakeFiles/crypto.dir/apple-aarch64/crypto/fipsmodule/bn-armv8-apple.S.o
[INFO] [stderr]   [  2%] Building ASM object CMakeFiles/crypto.dir/apple-aarch64/crypto/fipsmodule/ghashv8-armv8-apple.S.o
[INFO] [stderr]   [  2%] Building ASM object CMakeFiles/crypto.dir/apple-aarch64/crypto/fipsmodule/p256_beeu-armv8-asm-apple.S.o
[INFO] [stderr]   [  3%] Building ASM object CMakeFiles/crypto.dir/apple-aarch64/crypto/fipsmodule/sha256-armv8-apple.S.o
[INFO] [stderr]   [  3%] Building ASM object CMakeFiles/crypto.dir/apple-aarch64/crypto/fipsmodule/sha512-armv8-apple.S.o
[INFO] [stderr]   [  3%] Building ASM object CMakeFiles/crypto.dir/apple-arm/crypto/fipsmodule/aesv8-armv7-apple.S.o
[INFO] [stderr]   [  3%] Building ASM object CMakeFiles/crypto.dir/apple-aarch64/crypto/fipsmodule/vpaes-armv8-apple.S.o
[INFO] [stderr]   [  3%] Building ASM object CMakeFiles/crypto.dir/apple-arm/crypto/fipsmodule/armv4-mont-apple.S.o
[INFO] [stderr]   [  3%] Building ASM object CMakeFiles/crypto.dir/apple-arm/crypto/fipsmodule/bsaes-armv7-apple.S.o
[INFO] [stderr]   [  4%] Building ASM object CMakeFiles/crypto.dir/apple-arm/crypto/chacha/chacha-armv4-apple.S.o
[INFO] [stderr]   [  5%] Building ASM object CMakeFiles/crypto.dir/apple-arm/crypto/fipsmodule/ghash-armv4-apple.S.o
[INFO] [stderr]   [  5%] Building ASM object CMakeFiles/crypto.dir/apple-aarch64/crypto/test/trampoline-armv8-apple.S.o
[INFO] [stderr]   [  5%] Building ASM object CMakeFiles/crypto.dir/apple-arm/crypto/fipsmodule/ghashv8-armv7-apple.S.o
[INFO] [stderr]   [  5%] Building ASM object CMakeFiles/crypto.dir/apple-arm/crypto/fipsmodule/sha1-armv4-large-apple.S.o
[INFO] [stderr]   [  6%] Building ASM object CMakeFiles/crypto.dir/apple-x86/crypto/fipsmodule/aesni-x86-apple.S.o
[INFO] [stderr]   [  6%] Building ASM object CMakeFiles/crypto.dir/apple-arm/crypto/fipsmodule/sha256-armv4-apple.S.o
[INFO] [stderr]   [  6%] Building ASM object CMakeFiles/crypto.dir/apple-x86/crypto/chacha/chacha-x86-apple.S.o
[INFO] [stderr]   [  6%] Building ASM object CMakeFiles/crypto.dir/apple-x86/crypto/fipsmodule/bn-586-apple.S.o
[INFO] [stderr]   [  6%] Building ASM object CMakeFiles/crypto.dir/apple-arm/crypto/test/trampoline-armv4-apple.S.o
[INFO] [stderr]   [  6%] Building ASM object CMakeFiles/crypto.dir/apple-x86/crypto/fipsmodule/ghash-ssse3-x86-apple.S.o
[INFO] [stderr]   [  7%] Building ASM object CMakeFiles/crypto.dir/apple-x86/crypto/fipsmodule/ghash-x86-apple.S.o
[INFO] [stderr]   [  7%] Building ASM object CMakeFiles/crypto.dir/apple-x86/crypto/fipsmodule/md5-586-apple.S.o
[INFO] [stderr]   [  7%] Building ASM object CMakeFiles/crypto.dir/apple-x86/crypto/fipsmodule/sha1-586-apple.S.o
[INFO] [stderr]   [  8%] Building ASM object CMakeFiles/crypto.dir/apple-arm/crypto/fipsmodule/sha512-armv4-apple.S.o
[INFO] [stderr]   [  8%] Building ASM object CMakeFiles/crypto.dir/apple-arm/crypto/fipsmodule/vpaes-armv7-apple.S.o
[INFO] [stderr]   [  9%] Building ASM object CMakeFiles/crypto.dir/apple-x86/crypto/fipsmodule/sha512-586-apple.S.o
[INFO] [stderr]   [  9%] Building ASM object CMakeFiles/crypto.dir/apple-x86/crypto/fipsmodule/sha256-586-apple.S.o
[INFO] [stderr]   [  9%] Building ASM object CMakeFiles/crypto.dir/apple-x86/crypto/fipsmodule/co-586-apple.S.o
[INFO] [stderr]   [  9%] Building ASM object CMakeFiles/crypto.dir/apple-x86/crypto/fipsmodule/x86-mont-apple.S.o
[INFO] [stderr]   [  9%] Building ASM object CMakeFiles/crypto.dir/apple-x86/crypto/fipsmodule/vpaes-x86-apple.S.o
[INFO] [stderr]   [  9%] Building ASM object CMakeFiles/crypto.dir/apple-x86_64/crypto/fipsmodule/aesni-gcm-x86_64-apple.S.o
[INFO] [stderr]   [ 10%] Building ASM object CMakeFiles/crypto.dir/apple-x86_64/crypto/cipher_extra/aes128gcmsiv-x86_64-apple.S.o
[INFO] [stderr]   [ 10%] Building ASM object CMakeFiles/crypto.dir/apple-x86/crypto/test/trampoline-x86-apple.S.o
[INFO] [stderr]   [ 10%] Building ASM object CMakeFiles/crypto.dir/apple-x86_64/crypto/fipsmodule/aesni-x86_64-apple.S.o
[INFO] [stderr]   [ 10%] Building ASM object CMakeFiles/crypto.dir/apple-x86_64/crypto/chacha/chacha-x86_64-apple.S.o
[INFO] [stderr]   [ 10%] Building ASM object CMakeFiles/crypto.dir/apple-x86_64/crypto/fipsmodule/md5-x86_64-apple.S.o
[INFO] [stderr]   [ 10%] Building ASM object CMakeFiles/crypto.dir/apple-x86_64/crypto/cipher_extra/chacha20_poly1305_x86_64-apple.S.o
[INFO] [stderr]   [ 11%] Building ASM object CMakeFiles/crypto.dir/apple-x86_64/crypto/fipsmodule/p256_beeu-x86_64-asm-apple.S.o
[INFO] [stderr]   [ 11%] Building ASM object CMakeFiles/crypto.dir/apple-x86_64/crypto/fipsmodule/ghash-x86_64-apple.S.o
[INFO] [stderr]   [ 12%] Building ASM object CMakeFiles/crypto.dir/apple-x86_64/crypto/fipsmodule/ghash-ssse3-x86_64-apple.S.o
[INFO] [stderr]   [ 12%] Building ASM object CMakeFiles/crypto.dir/apple-x86_64/crypto/fipsmodule/p256-x86_64-asm-apple.S.o
[INFO] [stderr]   [ 13%] Building ASM object CMakeFiles/crypto.dir/apple-x86_64/crypto/fipsmodule/sha256-x86_64-apple.S.o
[INFO] [stderr]   [ 13%] Building ASM object CMakeFiles/crypto.dir/apple-x86_64/crypto/fipsmodule/rdrand-x86_64-apple.S.o
[INFO] [stderr]   [ 13%] Building ASM object CMakeFiles/crypto.dir/apple-x86_64/crypto/fipsmodule/sha1-x86_64-apple.S.o
[INFO] [stderr]   [ 13%] Building ASM object CMakeFiles/crypto.dir/apple-x86_64/crypto/fipsmodule/rsaz-avx2-apple.S.o
[INFO] [stderr]   [ 14%] Building ASM object CMakeFiles/crypto.dir/apple-x86_64/crypto/fipsmodule/x86_64-mont5-apple.S.o
[INFO] [stderr]   [ 14%] Building ASM object CMakeFiles/crypto.dir/apple-x86_64/crypto/fipsmodule/sha512-x86_64-apple.S.o
[INFO] [stderr]   [ 14%] Building ASM object CMakeFiles/crypto.dir/apple-x86_64/crypto/fipsmodule/vpaes-x86_64-apple.S.o
[INFO] [stderr]   [ 14%] Building ASM object CMakeFiles/crypto.dir/linux-aarch64/crypto/fipsmodule/bn-armv8-linux.S.o
[INFO] [stderr]   [ 14%] Building ASM object CMakeFiles/crypto.dir/apple-x86_64/crypto/fipsmodule/x86_64-mont-apple.S.o
[INFO] [stderr]   [ 14%] Building ASM object CMakeFiles/crypto.dir/apple-x86_64/crypto/test/trampoline-x86_64-apple.S.o
[INFO] [stderr]   [ 14%] Building ASM object CMakeFiles/crypto.dir/linux-aarch64/crypto/cipher_extra/chacha20_poly1305_armv8-linux.S.o
[INFO] [stderr]   [ 14%] Building ASM object CMakeFiles/crypto.dir/linux-aarch64/crypto/chacha/chacha-armv8-linux.S.o
[INFO] [stderr]   [ 14%] Building ASM object CMakeFiles/crypto.dir/linux-aarch64/crypto/fipsmodule/aesv8-gcm-armv8-linux.S.o
[INFO] [stderr]   [ 15%] Building ASM object CMakeFiles/crypto.dir/linux-aarch64/crypto/fipsmodule/ghash-neon-armv8-linux.S.o
[INFO] [stderr]   [ 16%] Building ASM object CMakeFiles/crypto.dir/linux-aarch64/crypto/fipsmodule/aesv8-armv8-linux.S.o
[INFO] [stderr]   [ 16%] Building ASM object CMakeFiles/crypto.dir/linux-aarch64/crypto/fipsmodule/p256-armv8-asm-linux.S.o
[INFO] [stderr]   [ 16%] Building ASM object CMakeFiles/crypto.dir/linux-aarch64/crypto/fipsmodule/armv8-mont-linux.S.o
[INFO] [stderr]   [ 16%] Building ASM object CMakeFiles/crypto.dir/linux-aarch64/crypto/fipsmodule/ghashv8-armv8-linux.S.o
[INFO] [stderr]   [ 16%] Building ASM object CMakeFiles/crypto.dir/linux-aarch64/crypto/test/trampoline-armv8-linux.S.o
[INFO] [stderr]   [ 16%] Building ASM object CMakeFiles/crypto.dir/linux-aarch64/crypto/fipsmodule/sha1-armv8-linux.S.o
[INFO] [stderr]   [ 16%] Building ASM object CMakeFiles/crypto.dir/linux-aarch64/crypto/fipsmodule/p256_beeu-armv8-asm-linux.S.o
[INFO] [stderr]   [ 17%] Building ASM object CMakeFiles/crypto.dir/linux-arm/crypto/fipsmodule/ghash-armv4-linux.S.o
[INFO] [stderr]   [ 17%] Building ASM object CMakeFiles/crypto.dir/linux-arm/crypto/fipsmodule/ghashv8-armv7-linux.S.o
[INFO] [stderr]   [ 17%] Building ASM object CMakeFiles/crypto.dir/linux-arm/crypto/fipsmodule/armv4-mont-linux.S.o
[INFO] [stderr]   [ 17%] Building ASM object CMakeFiles/crypto.dir/linux-aarch64/crypto/fipsmodule/vpaes-armv8-linux.S.o
[INFO] [stderr]   [ 17%] Building ASM object CMakeFiles/crypto.dir/linux-arm/crypto/fipsmodule/aesv8-armv7-linux.S.o
[INFO] [stderr]   [ 18%] Building ASM object CMakeFiles/crypto.dir/linux-arm/crypto/chacha/chacha-armv4-linux.S.o
[INFO] [stderr]   [ 19%] Building ASM object CMakeFiles/crypto.dir/linux-aarch64/crypto/fipsmodule/sha256-armv8-linux.S.o
[INFO] [stderr]   [ 19%] Building ASM object CMakeFiles/crypto.dir/linux-arm/crypto/fipsmodule/bsaes-armv7-linux.S.o
[INFO] [stderr]   [ 19%] Building ASM object CMakeFiles/crypto.dir/linux-aarch64/crypto/fipsmodule/sha512-armv8-linux.S.o
[INFO] [stderr]   [ 19%] Building ASM object CMakeFiles/crypto.dir/linux-arm/crypto/fipsmodule/sha256-armv4-linux.S.o
[INFO] [stderr]   [ 19%] Building ASM object CMakeFiles/crypto.dir/linux-arm/crypto/fipsmodule/sha1-armv4-large-linux.S.o
[INFO] [stderr]   [ 19%] Building ASM object CMakeFiles/crypto.dir/linux-arm/crypto/test/trampoline-armv4-linux.S.o
[INFO] [stderr]   [ 20%] Building ASM object CMakeFiles/crypto.dir/linux-arm/crypto/fipsmodule/sha512-armv4-linux.S.o
[INFO] [stderr]   [ 21%] Building ASM object CMakeFiles/crypto.dir/linux-x86/crypto/fipsmodule/aesni-x86-linux.S.o
[INFO] [stderr]   [ 21%] Building ASM object CMakeFiles/crypto.dir/linux-x86/crypto/fipsmodule/md5-586-linux.S.o
[INFO] [stderr]   [ 21%] Building ASM object CMakeFiles/crypto.dir/linux-arm/crypto/fipsmodule/vpaes-armv7-linux.S.o
[INFO] [stderr]   [ 21%] Building ASM object CMakeFiles/crypto.dir/linux-x86/crypto/chacha/chacha-x86-linux.S.o
[INFO] [stderr]   [ 21%] Building ASM object CMakeFiles/crypto.dir/linux-x86/crypto/fipsmodule/sha1-586-linux.S.o
[INFO] [stderr]   [ 21%] Building ASM object CMakeFiles/crypto.dir/linux-x86/crypto/fipsmodule/sha256-586-linux.S.o
[INFO] [stderr]   [ 22%] Building ASM object CMakeFiles/crypto.dir/linux-x86/crypto/fipsmodule/ghash-x86-linux.S.o
[INFO] [stderr]   [ 22%] Building ASM object CMakeFiles/crypto.dir/linux-x86/crypto/fipsmodule/co-586-linux.S.o
[INFO] [stderr]   [ 22%] Building ASM object CMakeFiles/crypto.dir/linux-x86/crypto/fipsmodule/sha512-586-linux.S.o
[INFO] [stderr]   [ 22%] Building ASM object CMakeFiles/crypto.dir/linux-x86/crypto/fipsmodule/ghash-ssse3-x86-linux.S.o
[INFO] [stderr]   [ 22%] Building ASM object CMakeFiles/crypto.dir/linux-x86/crypto/fipsmodule/bn-586-linux.S.o
[INFO] [stderr]   [ 22%] Building ASM object CMakeFiles/crypto.dir/linux-x86/crypto/test/trampoline-x86-linux.S.o
[INFO] [stderr]   [ 23%] Building ASM object CMakeFiles/crypto.dir/linux-x86_64/crypto/cipher_extra/aes128gcmsiv-x86_64-linux.S.o
[INFO] [stderr]   [ 23%] Building ASM object CMakeFiles/crypto.dir/linux-x86_64/crypto/chacha/chacha-x86_64-linux.S.o
[INFO] [stderr]   [ 25%] Building ASM object CMakeFiles/crypto.dir/linux-x86/crypto/fipsmodule/vpaes-x86-linux.S.o
[INFO] [stderr]   [ 25%] Building ASM object CMakeFiles/crypto.dir/linux-x86_64/crypto/cipher_extra/chacha20_poly1305_x86_64-linux.S.o
[INFO] [stderr]   [ 25%] Building ASM object CMakeFiles/crypto.dir/linux-x86/crypto/fipsmodule/x86-mont-linux.S.o
[INFO] [stderr]   [ 25%] Building ASM object CMakeFiles/crypto.dir/linux-x86_64/crypto/fipsmodule/aesni-x86_64-linux.S.o
[INFO] [stderr]   [ 26%] Building ASM object CMakeFiles/crypto.dir/linux-x86_64/crypto/fipsmodule/aesni-gcm-x86_64-linux.S.o
[INFO] [stderr]   [ 26%] Building ASM object CMakeFiles/crypto.dir/linux-x86_64/crypto/fipsmodule/ghash-ssse3-x86_64-linux.S.o
[INFO] [stderr]   [ 26%] Building ASM object CMakeFiles/crypto.dir/linux-x86_64/crypto/fipsmodule/p256-x86_64-asm-linux.S.o
[INFO] [stderr]   [ 26%] Building ASM object CMakeFiles/crypto.dir/linux-x86_64/crypto/fipsmodule/ghash-x86_64-linux.S.o
[INFO] [stderr]   [ 27%] Building ASM object CMakeFiles/crypto.dir/linux-x86_64/crypto/fipsmodule/rdrand-x86_64-linux.S.o
[INFO] [stderr]   [ 27%] Building ASM object CMakeFiles/crypto.dir/linux-x86_64/crypto/fipsmodule/p256_beeu-x86_64-asm-linux.S.o
[INFO] [stderr]   [ 27%] Building ASM object CMakeFiles/crypto.dir/linux-x86_64/crypto/fipsmodule/sha1-x86_64-linux.S.o
[INFO] [stderr]   [ 27%] Building ASM object CMakeFiles/crypto.dir/linux-x86_64/crypto/fipsmodule/md5-x86_64-linux.S.o
[INFO] [stderr]   [ 27%] Building ASM object CMakeFiles/crypto.dir/linux-x86_64/crypto/fipsmodule/sha512-x86_64-linux.S.o
[INFO] [stderr]   [ 27%] Building ASM object CMakeFiles/crypto.dir/linux-x86_64/crypto/fipsmodule/x86_64-mont-linux.S.o
[INFO] [stderr]   [ 27%] Building ASM object CMakeFiles/crypto.dir/linux-x86_64/crypto/fipsmodule/rsaz-avx2-linux.S.o
[INFO] [stderr]   [ 27%] Building ASM object CMakeFiles/crypto.dir/linux-x86_64/crypto/test/trampoline-x86_64-linux.S.o
[INFO] [stderr]   [ 27%] Building ASM object CMakeFiles/crypto.dir/src/crypto/hrss/asm/poly_rq_mul.S.o
[INFO] [stderr]   [ 28%] Building ASM object CMakeFiles/crypto.dir/linux-x86_64/crypto/fipsmodule/x86_64-mont5-linux.S.o
[INFO] [stderr]   [ 28%] Building ASM object CMakeFiles/crypto.dir/linux-x86_64/crypto/fipsmodule/vpaes-x86_64-linux.S.o
[INFO] [stderr]   [ 29%] Building ASM object CMakeFiles/crypto.dir/src/crypto/poly1305/poly1305_arm_asm.S.o
[INFO] [stderr]   [ 30%] Building ASM object CMakeFiles/crypto.dir/linux-x86_64/crypto/fipsmodule/sha256-x86_64-linux.S.o
[INFO] [stderr]   [ 30%] Building ASM object CMakeFiles/crypto.dir/win-aarch64/crypto/cipher_extra/chacha20_poly1305_armv8-win.S.o
[INFO] [stderr]   [ 30%] Building ASM object CMakeFiles/crypto.dir/src/crypto/curve25519/asm/x25519-asm-arm.S.o
[INFO] [stderr]   [ 30%] Building ASM object CMakeFiles/crypto.dir/win-aarch64/crypto/fipsmodule/aesv8-armv8-win.S.o
[INFO] [stderr]   [ 30%] Building ASM object CMakeFiles/crypto.dir/win-aarch64/crypto/chacha/chacha-armv8-win.S.o
[INFO] [stderr]   [ 30%] Building ASM object CMakeFiles/crypto.dir/win-aarch64/crypto/fipsmodule/aesv8-gcm-armv8-win.S.o
[INFO] [stderr]   [ 30%] Building ASM object CMakeFiles/crypto.dir/win-aarch64/crypto/fipsmodule/ghashv8-armv8-win.S.o
[INFO] [stderr]   [ 30%] Building ASM object CMakeFiles/crypto.dir/win-aarch64/crypto/fipsmodule/ghash-neon-armv8-win.S.o
[INFO] [stderr]   [ 30%] Building ASM object CMakeFiles/crypto.dir/win-aarch64/crypto/fipsmodule/bn-armv8-win.S.o
[INFO] [stderr]   [ 31%] Building ASM object CMakeFiles/crypto.dir/win-aarch64/crypto/fipsmodule/armv8-mont-win.S.o
[INFO] [stderr]   [ 32%] Building ASM object CMakeFiles/crypto.dir/win-aarch64/crypto/fipsmodule/p256-armv8-asm-win.S.o
[INFO] [stderr]   [ 32%] Building ASM object CMakeFiles/crypto.dir/win-aarch64/crypto/fipsmodule/vpaes-armv8-win.S.o
[INFO] [stderr]   [ 32%] Building ASM object CMakeFiles/crypto.dir/win-aarch64/crypto/test/trampoline-armv8-win.S.o
[INFO] [stderr]   [ 33%] Building ASM object CMakeFiles/crypto.dir/win-aarch64/crypto/fipsmodule/sha512-armv8-win.S.o
[INFO] [stderr]   [ 34%] Building C object CMakeFiles/crypto.dir/src/crypto/asn1/a_bitstr.c.o
[INFO] [stderr]   [ 34%] Building ASM object CMakeFiles/crypto.dir/win-aarch64/crypto/fipsmodule/sha1-armv8-win.S.o
[INFO] [stderr]   [ 34%] Building C object CMakeFiles/crypto.dir/src/crypto/asn1/a_d2i_fp.c.o
[INFO] [stderr]   [ 34%] Building ASM object CMakeFiles/crypto.dir/win-aarch64/crypto/fipsmodule/p256_beeu-armv8-asm-win.S.o
[INFO] [stderr]   [ 34%] Building C object CMakeFiles/crypto.dir/src/crypto/asn1/a_dup.c.o
[INFO] [stderr]   [ 35%] Building C object CMakeFiles/crypto.dir/err_data.c.o
[INFO] [stderr]   [ 35%] Building C object CMakeFiles/crypto.dir/src/crypto/asn1/a_gentm.c.o
[INFO] [stderr]   [ 35%] Building C object CMakeFiles/crypto.dir/src/crypto/asn1/a_i2d_fp.c.o
[INFO] [stderr]   [ 35%] Building ASM object CMakeFiles/crypto.dir/win-aarch64/crypto/fipsmodule/sha256-armv8-win.S.o
[INFO] [stderr]   [ 35%] Building C object CMakeFiles/crypto.dir/src/crypto/asn1/a_mbstr.c.o
[INFO] [stderr]   [ 35%] Building C object CMakeFiles/crypto.dir/src/crypto/asn1/a_bool.c.o
[INFO] [stderr]   [ 36%] Building C object CMakeFiles/crypto.dir/src/crypto/asn1/a_object.c.o
[INFO] [stderr]   [ 36%] Building C object CMakeFiles/crypto.dir/src/crypto/asn1/a_strex.c.o
[INFO] [stderr]   [ 36%] Building C object CMakeFiles/crypto.dir/src/crypto/asn1/a_int.c.o
[INFO] [stderr]   [ 36%] Building C object CMakeFiles/crypto.dir/src/crypto/asn1/a_octet.c.o
[INFO] [stderr]   [ 36%] Building C object CMakeFiles/crypto.dir/src/crypto/asn1/a_strnid.c.o
[INFO] [stderr]   [ 37%] Building C object CMakeFiles/crypto.dir/src/crypto/asn1/a_utctm.c.o
[INFO] [stderr]   [ 37%] Building C object CMakeFiles/crypto.dir/src/crypto/asn1/a_time.c.o
[INFO] [stderr]   [ 37%] Building C object CMakeFiles/crypto.dir/src/crypto/asn1/a_type.c.o
[INFO] [stderr]   [ 38%] Building C object CMakeFiles/crypto.dir/src/crypto/asn1/asn_pack.c.o
[INFO] [stderr]   [ 38%] Building C object CMakeFiles/crypto.dir/src/crypto/asn1/asn1_lib.c.o
[INFO] [stderr]   [ 38%] Building C object CMakeFiles/crypto.dir/src/crypto/asn1/asn1_par.c.o
[INFO] [stderr]   [ 38%] Building C object CMakeFiles/crypto.dir/src/crypto/asn1/f_int.c.o
[INFO] [stderr]   [ 38%] Building C object CMakeFiles/crypto.dir/src/crypto/asn1/f_string.c.o
[INFO] [stderr]   [ 38%] Building C object CMakeFiles/crypto.dir/src/crypto/asn1/posix_time.c.o
[INFO] [stderr]   [ 39%] Building C object CMakeFiles/crypto.dir/src/crypto/asn1/tasn_dec.c.o
[INFO] [stderr]   [ 39%] Building C object CMakeFiles/crypto.dir/src/crypto/asn1/tasn_enc.c.o
[INFO] [stderr]   [ 39%] Building C object CMakeFiles/crypto.dir/src/crypto/asn1/tasn_fre.c.o
[INFO] [stderr]   [ 39%] Building C object CMakeFiles/crypto.dir/src/crypto/asn1/tasn_new.c.o
[INFO] [stderr]   [ 39%] Building C object CMakeFiles/crypto.dir/src/crypto/asn1/tasn_utl.c.o
[INFO] [stderr]   [ 40%] Building C object CMakeFiles/crypto.dir/src/crypto/asn1/tasn_typ.c.o
[INFO] [stderr]   [ 40%] Building C object CMakeFiles/crypto.dir/src/crypto/base64/base64.c.o
[INFO] [stderr]   [ 41%] Building C object CMakeFiles/crypto.dir/src/crypto/bio/bio_mem.c.o
[INFO] [stderr]   [ 41%] Building C object CMakeFiles/crypto.dir/src/crypto/bio/bio.c.o
[INFO] [stderr]   [ 41%] Building C object CMakeFiles/crypto.dir/src/crypto/bio/connect.c.o
[INFO] [stderr]   [ 41%] Building C object CMakeFiles/crypto.dir/src/crypto/bio/fd.c.o
[INFO] [stderr]   [ 41%] Building C object CMakeFiles/crypto.dir/src/crypto/bio/file.c.o
[INFO] [stderr]   [ 42%] Building C object CMakeFiles/crypto.dir/src/crypto/bio/hexdump.c.o
[INFO] [stderr]   [ 42%] Building C object CMakeFiles/crypto.dir/src/crypto/bio/pair.c.o
[INFO] [stderr]   [ 42%] Building C object CMakeFiles/crypto.dir/src/crypto/bio/printf.c.o
[INFO] [stderr]   [ 42%] Building C object CMakeFiles/crypto.dir/src/crypto/bio/socket.c.o
[INFO] [stderr]   [ 43%] Building C object CMakeFiles/crypto.dir/src/crypto/bio/socket_helper.c.o
[INFO] [stderr]   [ 43%] Building C object CMakeFiles/crypto.dir/src/crypto/blake2/blake2.c.o
[INFO] [stderr]   [ 43%] Building C object CMakeFiles/crypto.dir/src/crypto/bn_extra/convert.c.o
[INFO] [stderr]   [ 43%] Building C object CMakeFiles/crypto.dir/src/crypto/buf/buf.c.o
[INFO] [stderr]   [ 43%] Building C object CMakeFiles/crypto.dir/src/crypto/bn_extra/bn_asn1.c.o
[INFO] [stderr]   [ 44%] Building C object CMakeFiles/crypto.dir/src/crypto/bytestring/asn1_compat.c.o
[INFO] [stderr]   [ 44%] Building C object CMakeFiles/crypto.dir/src/crypto/bytestring/ber.c.o
[INFO] [stderr]   [ 44%] Building C object CMakeFiles/crypto.dir/src/crypto/bytestring/cbb.c.o
[INFO] [stderr]   [ 44%] Building C object CMakeFiles/crypto.dir/src/crypto/bytestring/cbs.c.o
[INFO] [stderr]   [ 45%] Building C object CMakeFiles/crypto.dir/src/crypto/bytestring/unicode.c.o
[INFO] [stderr]   [ 45%] Building C object CMakeFiles/crypto.dir/src/crypto/chacha/chacha.c.o
[INFO] [stderr]   [ 46%] Building C object CMakeFiles/crypto.dir/src/crypto/cipher_extra/e_aesctrhmac.c.o
[INFO] [stderr]   [ 46%] Building C object CMakeFiles/crypto.dir/src/crypto/cipher_extra/cipher_extra.c.o
[INFO] [stderr]   [ 46%] Building C object CMakeFiles/crypto.dir/src/crypto/cipher_extra/derive_key.c.o
[INFO] [stderr]   [ 46%] Building C object CMakeFiles/crypto.dir/src/crypto/cipher_extra/e_aesgcmsiv.c.o
[INFO] [stderr]   [ 46%] Building C object CMakeFiles/crypto.dir/src/crypto/cipher_extra/e_des.c.o
[INFO] [stderr]   [ 47%] Building C object CMakeFiles/crypto.dir/src/crypto/cipher_extra/e_null.c.o
[INFO] [stderr]   [ 47%] Building C object CMakeFiles/crypto.dir/src/crypto/cipher_extra/e_chacha20poly1305.c.o
[INFO] [stderr]   [ 47%] Building C object CMakeFiles/crypto.dir/src/crypto/cipher_extra/e_rc2.c.o
[INFO] [stderr]   [ 47%] Building C object CMakeFiles/crypto.dir/src/crypto/cipher_extra/e_rc4.c.o
[INFO] [stderr]   [ 47%] Building C object CMakeFiles/crypto.dir/src/crypto/cipher_extra/e_tls.c.o
[INFO] [stderr]   [ 48%] Building C object CMakeFiles/crypto.dir/src/crypto/cipher_extra/tls_cbc.c.o
[INFO] [stderr]   [ 48%] Building C object CMakeFiles/crypto.dir/src/crypto/conf/conf.c.o
[INFO] [stderr]   [ 48%] Building C object CMakeFiles/crypto.dir/src/crypto/cpu_aarch64_freebsd.c.o
[INFO] [stderr]   [ 50%] Building C object CMakeFiles/crypto.dir/src/crypto/cpu_aarch64_fuchsia.c.o
[INFO] [stderr]   [ 50%] Building C object CMakeFiles/crypto.dir/src/crypto/cpu_aarch64_apple.c.o
[INFO] [stderr]   [ 50%] Building C object CMakeFiles/crypto.dir/src/crypto/cpu_aarch64_win.c.o
[INFO] [stderr]   [ 50%] Building C object CMakeFiles/crypto.dir/src/crypto/cpu_aarch64_linux.c.o
[INFO] [stderr]   [ 51%] Building C object CMakeFiles/crypto.dir/src/crypto/cpu_arm_freebsd.c.o
[INFO] [stderr]   [ 51%] Building C object CMakeFiles/crypto.dir/src/crypto/cpu_arm.c.o
[INFO] [stderr]   [ 51%] Building C object CMakeFiles/crypto.dir/src/crypto/cpu_arm_linux.c.o
[INFO] [stderr]   [ 51%] Building C object CMakeFiles/crypto.dir/src/crypto/cpu_intel.c.o
[INFO] [stderr]   [ 51%] Building C object CMakeFiles/crypto.dir/src/crypto/curve25519/curve25519.c.o
[INFO] [stderr]   [ 52%] Building C object CMakeFiles/crypto.dir/src/crypto/curve25519/spake25519.c.o
[INFO] [stderr]   [ 52%] Building C object CMakeFiles/crypto.dir/src/crypto/des/des.c.o
[INFO] [stderr]   [ 52%] Building C object CMakeFiles/crypto.dir/src/crypto/dh_extra/dh_asn1.c.o
[INFO] [stderr]   [ 52%] Building C object CMakeFiles/crypto.dir/src/crypto/dh_extra/params.c.o
[INFO] [stderr]   [ 52%] Building C object CMakeFiles/crypto.dir/src/crypto/crypto.c.o
[INFO] [stderr]   [ 52%] Building C object CMakeFiles/crypto.dir/src/crypto/dsa/dsa.c.o
[INFO] [stderr]   [ 53%] Building C object CMakeFiles/crypto.dir/src/crypto/digest_extra/digest_extra.c.o
[INFO] [stderr]   [ 53%] Building C object CMakeFiles/crypto.dir/src/crypto/dsa/dsa_asn1.c.o
[INFO] [stderr]   [ 53%] Building C object CMakeFiles/crypto.dir/src/crypto/ec_extra/ec_asn1.c.o
[INFO] [stderr]   [ 54%] Building C object CMakeFiles/crypto.dir/src/crypto/ec_extra/ec_derive.c.o
[INFO] [stderr]   [ 54%] Building C object CMakeFiles/crypto.dir/src/crypto/ecdh_extra/ecdh_extra.c.o
[INFO] [stderr]   [ 54%] Building C object CMakeFiles/crypto.dir/src/crypto/ec_extra/hash_to_curve.c.o
[INFO] [stderr]   [ 54%] Building C object CMakeFiles/crypto.dir/src/crypto/ecdsa_extra/ecdsa_asn1.c.o
[INFO] [stderr]   [ 55%] Building C object CMakeFiles/crypto.dir/src/crypto/evp/evp_asn1.c.o
[INFO] [stderr]   [ 55%] Building C object CMakeFiles/crypto.dir/src/crypto/engine/engine.c.o
[INFO] [stderr]   [ 55%] Building C object CMakeFiles/crypto.dir/src/crypto/evp/evp.c.o
[INFO] [stderr]   [ 55%] Building C object CMakeFiles/crypto.dir/src/crypto/err/err.c.o
[INFO] [stderr]   [ 56%] Building C object CMakeFiles/crypto.dir/src/crypto/evp/evp_ctx.c.o
[INFO] [stderr]   [ 56%] Building C object CMakeFiles/crypto.dir/src/crypto/evp/p_dsa_asn1.c.o
[INFO] [stderr]   [ 56%] Building C object CMakeFiles/crypto.dir/src/crypto/evp/p_ec.c.o
[INFO] [stderr]   [ 56%] Building C object CMakeFiles/crypto.dir/src/crypto/evp/p_ec_asn1.c.o
[INFO] [stderr]   [ 57%] Building C object CMakeFiles/crypto.dir/src/crypto/evp/p_ed25519.c.o
[INFO] [stderr]   [ 57%] Building C object CMakeFiles/crypto.dir/src/crypto/evp/p_ed25519_asn1.c.o
[INFO] [stderr]   [ 57%] Building C object CMakeFiles/crypto.dir/src/crypto/evp/p_hkdf.c.o
[INFO] [stderr]   [ 57%] Building C object CMakeFiles/crypto.dir/src/crypto/evp/p_rsa.c.o
[INFO] [stderr]   [ 58%] Building C object CMakeFiles/crypto.dir/src/crypto/evp/p_rsa_asn1.c.o
[INFO] [stderr]   [ 58%] Building C object CMakeFiles/crypto.dir/src/crypto/evp/p_x25519_asn1.c.o
[INFO] [stderr]   [ 58%] Building C object CMakeFiles/crypto.dir/src/crypto/evp/p_x25519.c.o
[INFO] [stderr]   [ 58%] Building C object CMakeFiles/crypto.dir/src/crypto/evp/pbkdf.c.o
[INFO] [stderr]   [ 58%] Building C object CMakeFiles/crypto.dir/src/crypto/evp/print.c.o
[INFO] [stderr]   [ 59%] Building C object CMakeFiles/crypto.dir/src/crypto/evp/scrypt.c.o
[INFO] [stderr]   [ 59%] Building C object CMakeFiles/crypto.dir/src/crypto/evp/sign.c.o
[INFO] [stderr]   [ 59%] Building C object CMakeFiles/crypto.dir/src/crypto/ex_data.c.o
[INFO] [stderr]   [ 60%] Building C object CMakeFiles/crypto.dir/src/crypto/fipsmodule/fips_shared_support.c.o
[INFO] [stderr]   [ 60%] Building C object CMakeFiles/crypto.dir/src/crypto/fipsmodule/bcm.c.o
[INFO] [stderr]   [ 60%] Building C object CMakeFiles/crypto.dir/src/crypto/hpke/hpke.c.o
[INFO] [stderr]   [ 60%] Building C object CMakeFiles/crypto.dir/src/crypto/hrss/hrss.c.o
[INFO] [stderr]   [ 60%] Building C object CMakeFiles/crypto.dir/src/crypto/kyber/keccak.c.o
[INFO] [stderr]   [ 61%] Building C object CMakeFiles/crypto.dir/src/crypto/kyber/kyber.c.o
[INFO] [stderr]   [ 61%] Building C object CMakeFiles/crypto.dir/src/crypto/lhash/lhash.c.o
[INFO] [stderr]   [ 61%] Building C object CMakeFiles/crypto.dir/src/crypto/obj/obj.c.o
[INFO] [stderr]   [ 61%] Building C object CMakeFiles/crypto.dir/src/crypto/mem.c.o
[INFO] [stderr]   [ 61%] Building C object CMakeFiles/crypto.dir/src/crypto/pem/pem_all.c.o
[INFO] [stderr]   [ 62%] Building C object CMakeFiles/crypto.dir/src/crypto/obj/obj_xref.c.o
[INFO] [stderr]   [ 62%] Building C object CMakeFiles/crypto.dir/src/crypto/pem/pem_info.c.o
[INFO] [stderr]   [ 62%] Building C object CMakeFiles/crypto.dir/src/crypto/pem/pem_lib.c.o
[INFO] [stderr]   [ 63%] Building C object CMakeFiles/crypto.dir/src/crypto/pem/pem_oth.c.o
[INFO] [stderr]   [ 63%] Building C object CMakeFiles/crypto.dir/src/crypto/pem/pem_pk8.c.o
[INFO] [stderr]   [ 63%] Building C object CMakeFiles/crypto.dir/src/crypto/pem/pem_pkey.c.o
[INFO] [stderr]   [ 63%] Building C object CMakeFiles/crypto.dir/src/crypto/pem/pem_x509.c.o
[INFO] [stderr]   [ 63%] Building C object CMakeFiles/crypto.dir/src/crypto/pkcs7/pkcs7_x509.c.o
[INFO] [stderr]   [ 64%] Building C object CMakeFiles/crypto.dir/src/crypto/pem/pem_xaux.c.o
[INFO] [stderr]   [ 64%] Building C object CMakeFiles/crypto.dir/src/crypto/pkcs7/pkcs7.c.o
[INFO] [stderr]   [ 64%] Building C object CMakeFiles/crypto.dir/src/crypto/pkcs8/p5_pbev2.c.o
[INFO] [stderr]   [ 64%] Building C object CMakeFiles/crypto.dir/src/crypto/pkcs8/pkcs8.c.o
[INFO] [stderr]   [ 65%] Building C object CMakeFiles/crypto.dir/src/crypto/pkcs8/pkcs8_x509.c.o
[INFO] [stderr]   [ 65%] Building C object CMakeFiles/crypto.dir/src/crypto/poly1305/poly1305.c.o
[INFO] [stderr]   [ 65%] Building C object CMakeFiles/crypto.dir/src/crypto/poly1305/poly1305_arm.c.o
[INFO] [stderr]   [ 65%] Building C object CMakeFiles/crypto.dir/src/crypto/poly1305/poly1305_vec.c.o
[INFO] [stderr]   [ 66%] Building C object CMakeFiles/crypto.dir/src/crypto/pool/pool.c.o
[INFO] [stderr]   [ 66%] Building C object CMakeFiles/crypto.dir/src/crypto/rand_extra/deterministic.c.o
[INFO] [stderr]   [ 66%] Building C object CMakeFiles/crypto.dir/src/crypto/rand_extra/forkunsafe.c.o
[INFO] [stderr]   [ 67%] Building C object CMakeFiles/crypto.dir/src/crypto/rand_extra/passive.c.o
[INFO] [stderr]   [ 67%] Building C object CMakeFiles/crypto.dir/src/crypto/rand_extra/fuchsia.c.o
[INFO] [stderr]   [ 67%] Building C object CMakeFiles/crypto.dir/src/crypto/rand_extra/rand_extra.c.o
[INFO] [stderr]   [ 67%] Building C object CMakeFiles/crypto.dir/src/crypto/rand_extra/windows.c.o
[INFO] [stderr]   [ 67%] Building C object CMakeFiles/crypto.dir/src/crypto/rc4/rc4.c.o
[INFO] [stderr]   [ 68%] Building C object CMakeFiles/crypto.dir/src/crypto/refcount_c11.c.o
[INFO] [stderr]   [ 68%] Building C object CMakeFiles/crypto.dir/src/crypto/refcount_lock.c.o
[INFO] [stderr]   [ 68%] Building C object CMakeFiles/crypto.dir/src/crypto/rsa_extra/rsa_asn1.c.o
[INFO] [stderr]   [ 68%] Building C object CMakeFiles/crypto.dir/src/crypto/siphash/siphash.c.o
[INFO] [stderr]   [ 69%] Building C object CMakeFiles/crypto.dir/src/crypto/rsa_extra/rsa_print.c.o
[INFO] [stderr]   [ 69%] Building C object CMakeFiles/crypto.dir/src/crypto/rsa_extra/rsa_crypt.c.o
[INFO] [stderr]   [ 69%] Building C object CMakeFiles/crypto.dir/src/crypto/stack/stack.c.o
[INFO] [stderr]   [ 69%] Building C object CMakeFiles/crypto.dir/src/crypto/thread.c.o
[INFO] [stderr]   [ 70%] Building C object CMakeFiles/crypto.dir/src/crypto/thread_none.c.o
[INFO] [stderr]   [ 70%] Building C object CMakeFiles/crypto.dir/src/crypto/thread_pthread.c.o
[INFO] [stderr]   [ 70%] Building C object CMakeFiles/crypto.dir/src/crypto/thread_win.c.o
[INFO] [stderr]   [ 70%] Building C object CMakeFiles/crypto.dir/src/crypto/x509/a_sign.c.o
[INFO] [stderr]   [ 70%] Building C object CMakeFiles/crypto.dir/src/crypto/trust_token/pmbtoken.c.o
[INFO] [stderr]   [ 70%] Building C object CMakeFiles/crypto.dir/src/crypto/trust_token/voprf.c.o
[INFO] [stderr]   [ 71%] Building C object CMakeFiles/crypto.dir/src/crypto/trust_token/trust_token.c.o
[INFO] [stderr]   [ 71%] Building C object CMakeFiles/crypto.dir/src/crypto/x509/a_digest.c.o
[INFO] [stderr]   [ 71%] Building C object CMakeFiles/crypto.dir/src/crypto/x509/a_verify.c.o
[INFO] [stderr]   [ 72%] Building C object CMakeFiles/crypto.dir/src/crypto/x509/algorithm.c.o
[INFO] [stderr]   [ 72%] Building C object CMakeFiles/crypto.dir/src/crypto/x509/asn1_gen.c.o
[INFO] [stderr]   [ 72%] Building C object CMakeFiles/crypto.dir/src/crypto/x509/by_dir.c.o
[INFO] [stderr]   [ 72%] Building C object CMakeFiles/crypto.dir/src/crypto/x509/by_file.c.o
[INFO] [stderr]   [ 73%] Building C object CMakeFiles/crypto.dir/src/crypto/x509/i2d_pr.c.o
[INFO] [stderr]   [ 73%] Building C object CMakeFiles/crypto.dir/src/crypto/x509/name_print.c.o
[INFO] [stderr]   [ 73%] Building C object CMakeFiles/crypto.dir/src/crypto/x509/rsa_pss.c.o
[INFO] [stderr]   [ 73%] Building C object CMakeFiles/crypto.dir/src/crypto/x509/t_req.c.o
[INFO] [stderr]   [ 75%] Building C object CMakeFiles/crypto.dir/src/crypto/x509/t_crl.c.o
[INFO] [stderr]   [ 75%] Building C object CMakeFiles/crypto.dir/src/crypto/x509/policy.c.o
[INFO] [stderr]   [ 75%] Building C object CMakeFiles/crypto.dir/src/crypto/x509/t_x509a.c.o
[INFO] [stderr]   [ 75%] Building C object CMakeFiles/crypto.dir/src/crypto/x509/t_x509.c.o
[INFO] [stderr]   [ 76%] Building C object CMakeFiles/crypto.dir/src/crypto/x509/x509.c.o
[INFO] [stderr]   [ 76%] Building C object CMakeFiles/crypto.dir/src/crypto/x509/x509_att.c.o
[INFO] [stderr]   [ 76%] Building C object CMakeFiles/crypto.dir/src/crypto/x509/x509_cmp.c.o
[INFO] [stderr]   [ 76%] Building C object CMakeFiles/crypto.dir/src/crypto/x509/x509_d2.c.o
[INFO] [stderr]   [ 77%] Building C object CMakeFiles/crypto.dir/src/crypto/x509/x509_def.c.o
[INFO] [stderr]   [ 77%] Building C object CMakeFiles/crypto.dir/src/crypto/x509/x509_lu.c.o
[INFO] [stderr]   [ 77%] Building C object CMakeFiles/crypto.dir/src/crypto/x509/x509_ext.c.o
[INFO] [stderr]   [ 77%] Building C object CMakeFiles/crypto.dir/src/crypto/x509/x509_obj.c.o
[INFO] [stderr]   [ 78%] Building C object CMakeFiles/crypto.dir/src/crypto/x509/x509_req.c.o
[INFO] [stderr]   [ 78%] Building C object CMakeFiles/crypto.dir/src/crypto/x509/x509_trs.c.o
[INFO] [stderr]   [ 78%] Building C object CMakeFiles/crypto.dir/src/crypto/x509/x509_set.c.o
[INFO] [stderr]   [ 78%] Building C object CMakeFiles/crypto.dir/src/crypto/x509/x509_txt.c.o
[INFO] [stderr]   [ 79%] Building C object CMakeFiles/crypto.dir/src/crypto/x509/x509_v3.c.o
[INFO] [stderr]   [ 79%] Building C object CMakeFiles/crypto.dir/src/crypto/x509/x509_vpm.c.o
[INFO] [stderr]   [ 79%] Building C object CMakeFiles/crypto.dir/src/crypto/x509/x509_vfy.c.o
[INFO] [stderr]   [ 79%] Building C object CMakeFiles/crypto.dir/src/crypto/x509/x509cset.c.o
[INFO] [stderr]   [ 79%] Building C object CMakeFiles/crypto.dir/src/crypto/x509/x509name.c.o
[INFO] [stderr]   [ 79%] Building C object CMakeFiles/crypto.dir/src/crypto/x509/x509spki.c.o
[INFO] [stderr]   [ 80%] Building C object CMakeFiles/crypto.dir/src/crypto/x509/x509rset.c.o
[INFO] [stderr]   [ 80%] Building C object CMakeFiles/crypto.dir/src/crypto/x509/x_algor.c.o
[INFO] [stderr]   [ 80%] Building C object CMakeFiles/crypto.dir/src/crypto/x509/x_all.c.o
[INFO] [stderr]   [ 80%] Building C object CMakeFiles/crypto.dir/src/crypto/x509/x_exten.c.o
[INFO] [stderr]   [ 81%] Building C object CMakeFiles/crypto.dir/src/crypto/x509/x_attrib.c.o
[INFO] [stderr]   [ 81%] Building C object CMakeFiles/crypto.dir/src/crypto/x509/x_crl.c.o
[INFO] [stderr]   [ 82%] Building C object CMakeFiles/crypto.dir/src/crypto/x509/x_name.c.o
[INFO] [stderr]   [ 82%] Building C object CMakeFiles/crypto.dir/src/crypto/x509/x_info.c.o
[INFO] [stderr]   [ 82%] Building C object CMakeFiles/crypto.dir/src/crypto/x509/x_pkey.c.o
[INFO] [stderr]   [ 82%] Building C object CMakeFiles/crypto.dir/src/crypto/x509/x_pubkey.c.o
[INFO] [stderr]   [ 83%] Building C object CMakeFiles/crypto.dir/src/crypto/x509/x_sig.c.o
[INFO] [stderr]   [ 83%] Building C object CMakeFiles/crypto.dir/src/crypto/x509/x_req.c.o
[INFO] [stderr]   [ 83%] Building C object CMakeFiles/crypto.dir/src/crypto/x509/x_spki.c.o
[INFO] [stderr]   [ 83%] Building C object CMakeFiles/crypto.dir/src/crypto/x509/x_val.c.o
[INFO] [stderr]   [ 83%] Building C object CMakeFiles/crypto.dir/src/crypto/x509/x_x509.c.o
[INFO] [stderr]   [ 84%] Building C object CMakeFiles/crypto.dir/src/crypto/x509/x_x509a.c.o
[INFO] [stderr]   [ 84%] Building C object CMakeFiles/crypto.dir/src/crypto/x509v3/v3_akeya.c.o
[INFO] [stderr]   [ 84%] Building C object CMakeFiles/crypto.dir/src/crypto/x509v3/v3_akey.c.o
[INFO] [stderr]   [ 84%] Building C object CMakeFiles/crypto.dir/src/crypto/x509v3/v3_alt.c.o
[INFO] [stderr]   [ 85%] Building C object CMakeFiles/crypto.dir/src/crypto/x509v3/v3_bcons.c.o
[INFO] [stderr]   [ 85%] Building C object CMakeFiles/crypto.dir/src/crypto/x509v3/v3_bitst.c.o
[INFO] [stderr]   [ 85%] Building C object CMakeFiles/crypto.dir/src/crypto/x509v3/v3_conf.c.o
[INFO] [stderr]   [ 86%] Building C object CMakeFiles/crypto.dir/src/crypto/x509v3/v3_enum.c.o
[INFO] [stderr]   [ 86%] Building C object CMakeFiles/crypto.dir/src/crypto/x509v3/v3_cpols.c.o
[INFO] [stderr]   [ 86%] Building C object CMakeFiles/crypto.dir/src/crypto/x509v3/v3_crld.c.o
[INFO] [stderr]   [ 86%] Building C object CMakeFiles/crypto.dir/src/crypto/x509v3/v3_extku.c.o
[INFO] [stderr]   [ 86%] Building C object CMakeFiles/crypto.dir/src/crypto/x509v3/v3_genn.c.o
[INFO] [stderr]   [ 86%] Building C object CMakeFiles/crypto.dir/src/crypto/x509v3/v3_ia5.c.o
[INFO] [stderr]   [ 87%] Building C object CMakeFiles/crypto.dir/src/crypto/x509v3/v3_info.c.o
[INFO] [stderr]   [ 87%] Building C object CMakeFiles/crypto.dir/src/crypto/x509v3/v3_int.c.o
[INFO] [stderr]   [ 87%] Building C object CMakeFiles/crypto.dir/src/crypto/x509v3/v3_lib.c.o
[INFO] [stderr]   [ 87%] Building C object CMakeFiles/crypto.dir/src/crypto/x509v3/v3_ncons.c.o
[INFO] [stderr]   [ 88%] Building C object CMakeFiles/crypto.dir/src/crypto/x509v3/v3_ocsp.c.o
[INFO] [stderr]   [ 88%] Building C object CMakeFiles/crypto.dir/src/crypto/x509v3/v3_pcons.c.o
[INFO] [stderr]   [ 88%] Building C object CMakeFiles/crypto.dir/src/crypto/x509v3/v3_pmaps.c.o
[INFO] [stderr]   [ 88%] Building C object CMakeFiles/crypto.dir/src/crypto/x509v3/v3_prn.c.o
[INFO] [stderr]   [ 89%] Building C object CMakeFiles/crypto.dir/src/crypto/x509v3/v3_purp.c.o
[INFO] [stderr]   [ 89%] Building C object CMakeFiles/crypto.dir/src/crypto/x509v3/v3_skey.c.o
[INFO] [stderr]   [ 89%] Building C object CMakeFiles/crypto.dir/src/crypto/x509v3/v3_utl.c.o
[INFO] [stderr]   [ 89%] Linking C static library libcrypto.a
[INFO] [stderr]   [ 89%] Built target crypto
[INFO] [stderr]   [ 89%] Building CXX object CMakeFiles/ssl.dir/src/ssl/d1_lib.cc.o
[INFO] [stderr]   [ 90%] Building CXX object CMakeFiles/ssl.dir/src/ssl/bio_ssl.cc.o
[INFO] [stderr]   [ 90%] Building CXX object CMakeFiles/ssl.dir/src/ssl/d1_both.cc.o
[INFO] [stderr]   [ 90%] Building CXX object CMakeFiles/ssl.dir/src/ssl/handshake.cc.o
[INFO] [stderr]   [ 90%] Building CXX object CMakeFiles/ssl.dir/src/ssl/dtls_record.cc.o
[INFO] [stderr]   [ 90%] Building CXX object CMakeFiles/ssl.dir/src/ssl/encrypted_client_hello.cc.o
[INFO] [stderr]   [ 90%] Building CXX object CMakeFiles/ssl.dir/src/ssl/s3_lib.cc.o
[INFO] [stderr]   [ 90%] Building CXX object CMakeFiles/ssl.dir/src/ssl/handshake_server.cc.o
[INFO] [stderr]   [ 90%] Building CXX object CMakeFiles/ssl.dir/src/ssl/dtls_method.cc.o
[INFO] [stderr]   [ 91%] Building CXX object CMakeFiles/ssl.dir/src/ssl/s3_both.cc.o
[INFO] [stderr]   [ 91%] Building CXX object CMakeFiles/ssl.dir/src/ssl/s3_pkt.cc.o
[INFO] [stderr]   [ 92%] Building CXX object CMakeFiles/ssl.dir/src/ssl/d1_srtp.cc.o
[INFO] [stderr]   [ 92%] Building CXX object CMakeFiles/ssl.dir/src/ssl/handshake_client.cc.o
[INFO] [stderr]   [ 92%] Building CXX object CMakeFiles/ssl.dir/src/ssl/handoff.cc.o
[INFO] [stderr]   [ 93%] Building CXX object CMakeFiles/ssl.dir/src/ssl/extensions.cc.o
[INFO] [stderr]   [ 91%] Building CXX object CMakeFiles/ssl.dir/src/ssl/d1_pkt.cc.o
[INFO] [stderr]   [ 93%] Building CXX object CMakeFiles/ssl.dir/src/ssl/ssl_aead_ctx.cc.o
[INFO] [stderr]   [ 94%] Building CXX object CMakeFiles/ssl.dir/src/ssl/ssl_asn1.cc.o
[INFO] [stderr] 
[INFO] [stderr]   --- stderr
[INFO] [stderr]   hint: Using 'master' as the name for the initial branch. This default branch name
[INFO] [stderr]   hint: will change to "main" in Git 3.0. To configure the initial branch name
[INFO] [stderr]   hint: to use in all of your new repositories, which will suppress this warning,
[INFO] [stderr]   hint: call:
[INFO] [stderr]   hint:
[INFO] [stderr]   hint: 	git config --global init.defaultBranch <name>
[INFO] [stderr]   hint:
[INFO] [stderr]   hint: Names commonly chosen instead of 'master' are 'main', 'trunk' and
[INFO] [stderr]   hint: 'development'. The just-created branch can be renamed via this command:
[INFO] [stderr]   hint:
[INFO] [stderr]   hint: 	git branch -m <name>
[INFO] [stderr]   hint:
[INFO] [stderr]   hint: Disable this message with "git config set advice.defaultBranchName false"
[INFO] [stderr] 
[INFO] [stderr]   running: cd "/opt/rustwide/target/release/build/boring-sys-2129909b688f9cb7/out/build" && CMAKE_BUILD_PARALLEL_LEVEL="16" CMAKE_PREFIX_PATH="" LC_ALL="C" "cmake" "/opt/rustwide/target/release/build/boring-sys-2129909b688f9cb7/out/boringssl" "-B" "/opt/rustwide/target/release/build/boring-sys-2129909b688f9cb7/out/build" "-DCMAKE_INSTALL_PREFIX=/opt/rustwide/target/release/build/boring-sys-2129909b688f9cb7/out" "-DCMAKE_C_FLAGS= -ffunction-sections -fdata-sections -fPIC -m64 -w" "-DCMAKE_C_COMPILER=/usr/bin/cc" "-DCMAKE_CXX_FLAGS= -ffunction-sections -fdata-sections -fPIC -m64 -w" "-DCMAKE_CXX_COMPILER=/usr/bin/c++" "-DCMAKE_ASM_FLAGS= -ffunction-sections -fdata-sections -fPIC -m64 -w" "-DCMAKE_ASM_COMPILER=/usr/bin/cc" "-DCMAKE_BUILD_TYPE=RelWithDebInfo"
[INFO] [stderr]   running: cd "/opt/rustwide/target/release/build/boring-sys-2129909b688f9cb7/out/build" && CMAKE_BUILD_PARALLEL_LEVEL="16" LC_ALL="C" MAKEFLAGS="-j --jobserver-fds=4,5 --jobserver-auth=4,5" "cmake" "--build" "/opt/rustwide/target/release/build/boring-sys-2129909b688f9cb7/out/build" "--target" "ssl" "--config" "RelWithDebInfo"
[INFO] [stderr]   gmake: warning: -j16 forced in submake: resetting jobserver mode.
[INFO] [stderr]   c++: fatal error: Killed signal terminated program cc1plus
[INFO] [stderr]   compilation terminated.
[INFO] [stderr]   gmake[3]: *** [CMakeFiles/ssl.dir/build.make:219: CMakeFiles/ssl.dir/src/ssl/handshake.cc.o] Error 1
[INFO] [stderr]   gmake[3]: *** Waiting for unfinished jobs....
[INFO] [stderr]   gmake[2]: *** [CMakeFiles/Makefile2:125: CMakeFiles/ssl.dir/all] Error 2
[INFO] [stderr]   gmake[1]: *** [CMakeFiles/Makefile2:132: CMakeFiles/ssl.dir/rule] Error 2
[INFO] [stderr]   gmake: *** [Makefile:137: ssl] Error 2
[INFO] [stderr] 
[INFO] [stderr]   thread 'main' (5425) panicked at /opt/rustwide/cargo-home/registry/src/index.crates.io-1949cf8c6b5b557f/cmake-0.1.58/src/lib.rs:1132:5:
[INFO] [stderr] 
[INFO] [stderr]   command did not execute successfully, got: exit status: 2
[INFO] [stderr] 
[INFO] [stderr]   build script failed, must exit now
[INFO] [stderr]   stack backtrace:
[INFO] [stderr]      0:     0x6148126a6351 - std[70759c8f55707aa4]::backtrace_rs::backtrace::libunwind::trace
[INFO] [stderr]                                  at /rustc/dfb0accb7f508ae8be965d8629557221c889dd98/library/std/src/../../backtrace/src/backtrace/libunwind.rs:117:9
[INFO] [stderr]      1:     0x6148126a6351 - std[70759c8f55707aa4]::backtrace_rs::backtrace::trace_unsynchronized::<std[70759c8f55707aa4]::sys::backtrace::_print_fmt::{closure#1}>
[INFO] [stderr]                                  at /rustc/dfb0accb7f508ae8be965d8629557221c889dd98/library/std/src/../../backtrace/src/backtrace/mod.rs:66:14
[INFO] [stderr]      2:     0x6148126a6351 - std[70759c8f55707aa4]::sys::backtrace::_print_fmt
[INFO] [stderr]                                  at /rustc/dfb0accb7f508ae8be965d8629557221c889dd98/library/std/src/sys/backtrace.rs:74:9
[INFO] [stderr]      3:     0x6148126a6351 - <<std[70759c8f55707aa4]::sys::backtrace::BacktraceLock>::print::DisplayBacktrace as core[df12db4294e9bfd3]::fmt::Display>::fmt
[INFO] [stderr]                                  at /rustc/dfb0accb7f508ae8be965d8629557221c889dd98/library/std/src/sys/backtrace.rs:44:26
[INFO] [stderr]      4:     0x6148126be47a - <core[df12db4294e9bfd3]::fmt::rt::Argument>::fmt
[INFO] [stderr]                                  at /rustc/dfb0accb7f508ae8be965d8629557221c889dd98/library/core/src/fmt/rt.rs:152:76
[INFO] [stderr]      5:     0x6148126be47a - core[df12db4294e9bfd3]::fmt::write
[INFO] [stderr]      6:     0x6148126ac9bc - core[df12db4294e9bfd3]::io::write::default_write_fmt::<std[70759c8f55707aa4]::sys::stdio::unix::Stderr>
[INFO] [stderr]                                  at /rustc/dfb0accb7f508ae8be965d8629557221c889dd98/library/core/src/io/write.rs:402:11
[INFO] [stderr]      7:     0x6148126ac9bc - <std[70759c8f55707aa4]::sys::stdio::unix::Stderr as core[df12db4294e9bfd3]::io::write::Write>::write_fmt
[INFO] [stderr]                                  at /rustc/dfb0accb7f508ae8be965d8629557221c889dd98/library/core/src/io/write.rs:335:13
[INFO] [stderr]      8:     0x61481267f826 - <std[70759c8f55707aa4]::sys::backtrace::BacktraceLock>::print
[INFO] [stderr]                                  at /rustc/dfb0accb7f508ae8be965d8629557221c889dd98/library/std/src/sys/backtrace.rs:47:9
[INFO] [stderr]      9:     0x61481267f826 - std[70759c8f55707aa4]::panicking::default_hook::{closure#0}
[INFO] [stderr]                                  at /rustc/dfb0accb7f508ae8be965d8629557221c889dd98/library/std/src/panicking.rs:292:27
[INFO] [stderr]     10:     0x61481269cfc1 - std[70759c8f55707aa4]::panicking::default_hook
[INFO] [stderr]                                  at /rustc/dfb0accb7f508ae8be965d8629557221c889dd98/library/std/src/panicking.rs:319:9
[INFO] [stderr]     11:     0x61481269d2eb - std[70759c8f55707aa4]::panicking::panic_with_hook
[INFO] [stderr]                                  at /rustc/dfb0accb7f508ae8be965d8629557221c889dd98/library/std/src/panicking.rs:815:13
[INFO] [stderr]     12:     0x61481267f8d2 - std[70759c8f55707aa4]::panicking::panic_handler::{closure#0}
[INFO] [stderr]                                  at /rustc/dfb0accb7f508ae8be965d8629557221c889dd98/library/std/src/panicking.rs:688:13
[INFO] [stderr]     13:     0x614812678469 - std[70759c8f55707aa4]::sys::backtrace::__rust_end_short_backtrace::<std[70759c8f55707aa4]::panicking::panic_handler::{closure#0}, !>
[INFO] [stderr]                                  at /rustc/dfb0accb7f508ae8be965d8629557221c889dd98/library/std/src/sys/backtrace.rs:182:18
[INFO] [stderr]     14:     0x6148126804bd - __rustc[8fa7c3cbc660c2b3]::rust_begin_unwind
[INFO] [stderr]                                  at /rustc/dfb0accb7f508ae8be965d8629557221c889dd98/library/std/src/panicking.rs:679:5
[INFO] [stderr]     15:     0x6148126bec9c - core[df12db4294e9bfd3]::panicking::panic_fmt
[INFO] [stderr]                                  at /rustc/dfb0accb7f508ae8be965d8629557221c889dd98/library/core/src/panicking.rs:80:14
[INFO] [stderr]     16:     0x6148126097b7 - cmake[a88a2166f5776995]::fail
[INFO] [stderr]     17:     0x614812609443 - cmake[a88a2166f5776995]::run
[INFO] [stderr]     18:     0x61481260f4d5 - <cmake[a88a2166f5776995]::Config>::build
[INFO] [stderr]     19:     0x614812178a2a - build_script_main[5bda6143f284edc4]::built_boring_source_path::{closure#0}
[INFO] [stderr]     20:     0x61481216d6c7 - <std[70759c8f55707aa4]::sync::once_lock::OnceLock<std[70759c8f55707aa4]::path::PathBuf>>::get_or_init::<build_script_main[5bda6143f284edc4]::built_boring_source_path::{closure#0}>::{closure#0}
[INFO] [stderr]     21:     0x61481216d544 - <std[70759c8f55707aa4]::sync::once_lock::OnceLock<std[70759c8f55707aa4]::path::PathBuf>>::initialize::<<std[70759c8f55707aa4]::sync::once_lock::OnceLock<std[70759c8f55707aa4]::path::PathBuf>>::get_or_init<build_script_main[5bda6143f284edc4]::built_boring_source_path::{closure#0}>::{closure#0}, !>::{closure#0}
[INFO] [stderr]     22:     0x614812175ce2 - <std[70759c8f55707aa4]::sync::once::Once>::call_once_force::<<std[70759c8f55707aa4]::sync::once_lock::OnceLock<std[70759c8f55707aa4]::path::PathBuf>>::initialize<<std[70759c8f55707aa4]::sync::once_lock::OnceLock<std[70759c8f55707aa4]::path::PathBuf>>::get_or_init<build_script_main[5bda6143f284edc4]::built_boring_source_path::{closure#0}>::{closure#0}, !>::{closure#0}>::{closure#0}
[INFO] [stderr]     23:     0x6148126851d9 - <std[70759c8f55707aa4]::sys::sync::once::futex::Once>::call
[INFO] [stderr]                                  at /rustc/dfb0accb7f508ae8be965d8629557221c889dd98/library/std/src/sys/sync/once/futex.rs:183:21
[INFO] [stderr]     24:     0x614812173648 - <std[70759c8f55707aa4]::sync::once::Once>::call_once_force::<<std[70759c8f55707aa4]::sync::once_lock::OnceLock<std[70759c8f55707aa4]::path::PathBuf>>::initialize<<std[70759c8f55707aa4]::sync::once_lock::OnceLock<std[70759c8f55707aa4]::path::PathBuf>>::get_or_init<build_script_main[5bda6143f284edc4]::built_boring_source_path::{closure#0}>::{closure#0}, !>::{closure#0}>
[INFO] [stderr]     25:     0x614812168f7f - <std[70759c8f55707aa4]::sync::once_lock::OnceLock<std[70759c8f55707aa4]::path::PathBuf>>::initialize::<<std[70759c8f55707aa4]::sync::once_lock::OnceLock<std[70759c8f55707aa4]::path::PathBuf>>::get_or_init<build_script_main[5bda6143f284edc4]::built_boring_source_path::{closure#0}>::{closure#0}, !>
[INFO] [stderr]     26:     0x614812169013 - <std[70759c8f55707aa4]::sync::once_lock::OnceLock<std[70759c8f55707aa4]::path::PathBuf>>::get_or_try_init::<<std[70759c8f55707aa4]::sync::once_lock::OnceLock<std[70759c8f55707aa4]::path::PathBuf>>::get_or_init<build_script_main[5bda6143f284edc4]::built_boring_source_path::{closure#0}>::{closure#0}, !>
[INFO] [stderr]     27:     0x614812168fbe - <std[70759c8f55707aa4]::sync::once_lock::OnceLock<std[70759c8f55707aa4]::path::PathBuf>>::get_or_init::<build_script_main[5bda6143f284edc4]::built_boring_source_path::{closure#0}>
[INFO] [stderr]     28:     0x61481217c8f9 - build_script_main[5bda6143f284edc4]::built_boring_source_path
[INFO] [stderr]     29:     0x61481217bb99 - build_script_main[5bda6143f284edc4]::emit_link_directives
[INFO] [stderr]     30:     0x6148121808fc - build_script_main[5bda6143f284edc4]::main
[INFO] [stderr]     31:     0x614812178243 - <fn() as core[df12db4294e9bfd3]::ops::function::FnOnce<()>>::call_once
[INFO] [stderr]     32:     0x61481216d366 - std[70759c8f55707aa4]::sys::backtrace::__rust_begin_short_backtrace::<fn(), ()>
[INFO] [stderr]     33:     0x614812175db9 - std[70759c8f55707aa4]::rt::lang_start::<()>::{closure#0}
[INFO] [stderr]     34:     0x61481269c279 - <&dyn core[df12db4294e9bfd3]::ops::function::Fn<(), Output = i32> + core[df12db4294e9bfd3]::panic::unwind_safe::RefUnwindSafe + core[df12db4294e9bfd3]::marker::Sync as core[df12db4294e9bfd3]::ops::function::FnOnce<()>>::call_once
[INFO] [stderr]                                  at /rustc/dfb0accb7f508ae8be965d8629557221c889dd98/library/core/src/ops/function.rs:287:21
[INFO] [stderr]     35:     0x61481269c279 - std[70759c8f55707aa4]::panicking::catch_unwind::do_call::<&dyn core[df12db4294e9bfd3]::ops::function::Fn<(), Output = i32> + core[df12db4294e9bfd3]::panic::unwind_safe::RefUnwindSafe + core[df12db4294e9bfd3]::marker::Sync, i32>
[INFO] [stderr]                                  at /rustc/dfb0accb7f508ae8be965d8629557221c889dd98/library/std/src/panicking.rs:576:43
[INFO] [stderr]     36:     0x61481269c279 - std[70759c8f55707aa4]::panicking::catch_unwind::<i32, &dyn core[df12db4294e9bfd3]::ops::function::Fn<(), Output = i32> + core[df12db4294e9bfd3]::panic::unwind_safe::RefUnwindSafe + core[df12db4294e9bfd3]::marker::Sync>
[INFO] [stderr]                                  at /rustc/dfb0accb7f508ae8be965d8629557221c889dd98/library/std/src/panicking.rs:544:19
[INFO] [stderr]     37:     0x61481269c279 - std[70759c8f55707aa4]::panic::catch_unwind::<&dyn core[df12db4294e9bfd3]::ops::function::Fn<(), Output = i32> + core[df12db4294e9bfd3]::panic::unwind_safe::RefUnwindSafe + core[df12db4294e9bfd3]::marker::Sync, i32>
[INFO] [stderr]                                  at /rustc/dfb0accb7f508ae8be965d8629557221c889dd98/library/std/src/panic.rs:359:14
[INFO] [stderr]     38:     0x61481269c279 - std[70759c8f55707aa4]::rt::lang_start_internal::{closure#0}
[INFO] [stderr]                                  at /rustc/dfb0accb7f508ae8be965d8629557221c889dd98/library/std/src/rt.rs:175:24
[INFO] [stderr]     39:     0x61481269c279 - std[70759c8f55707aa4]::panicking::catch_unwind::do_call::<std[70759c8f55707aa4]::rt::lang_start_internal::{closure#0}, isize>
[INFO] [stderr]                                  at /rustc/dfb0accb7f508ae8be965d8629557221c889dd98/library/std/src/panicking.rs:576:43
[INFO] [stderr]     40:     0x61481269c279 - std[70759c8f55707aa4]::panicking::catch_unwind::<isize, std[70759c8f55707aa4]::rt::lang_start_internal::{closure#0}>
[INFO] [stderr]                                  at /rustc/dfb0accb7f508ae8be965d8629557221c889dd98/library/std/src/panicking.rs:544:19
[INFO] [stderr]     41:     0x61481269c279 - std[70759c8f55707aa4]::panic::catch_unwind::<std[70759c8f55707aa4]::rt::lang_start_internal::{closure#0}, isize>
[INFO] [stderr]                                  at /rustc/dfb0accb7f508ae8be965d8629557221c889dd98/library/std/src/panic.rs:359:14
[INFO] [stderr]     42:     0x61481269c279 - std[70759c8f55707aa4]::rt::lang_start_internal
[INFO] [stderr]                                  at /rustc/dfb0accb7f508ae8be965d8629557221c889dd98/library/std/src/rt.rs:171:5
[INFO] [stderr]     43:     0x614812174901 - std[70759c8f55707aa4]::rt::lang_start::<()>
[INFO] [stderr]     44:     0x614812180d85 - main
[INFO] [stderr]     45:     0x716c670fe601 - <unknown>
[INFO] [stderr]     46:     0x716c670fe718 - __libc_start_main
[INFO] [stderr]     47:     0x614812168d85 - _start
[INFO] [stderr]     48:                0x0 - <unknown>
[INFO] running `Command { std: "docker" "inspect" "d443855747ec3e74549d744bb07aab3af4ba06615b6da853b419a5bb9c75b4e2", kill_on_drop: false }`
[INFO] running `Command { std: "docker" "rm" "-f" "d443855747ec3e74549d744bb07aab3af4ba06615b6da853b419a5bb9c75b4e2", kill_on_drop: false }`
[INFO] [stdout] d443855747ec3e74549d744bb07aab3af4ba06615b6da853b419a5bb9c75b4e2
