[INFO] fetching crate wallexerr 0.3.3...
[INFO] testing wallexerr-0.3.3 against 1.100.0-beta.1+cargoflags=--release for beta-release-1.100-2
[INFO] extracting crate wallexerr 0.3.3 into /workspace/builds/worker-2-tc2/source
[INFO] started tweaking crates.io crate wallexerr 0.3.3
[INFO] finished tweaking crates.io crate wallexerr 0.3.3
[INFO] tweaked toml for crates.io crate wallexerr 0.3.3 written to /workspace/builds/worker-2-tc2/source/Cargo.toml
[INFO] validating manifest of crates.io crate wallexerr 0.3.3 on toolchain 1.100.0-beta.1
[INFO] running `Command { std: CARGO_HOME="/workspace/cargo-home" RUSTUP_HOME="/workspace/rustup-home" "/workspace/cargo-home/bin/cargo" "+1.100.0-beta.1" "metadata" "--manifest-path" "Cargo.toml" "--no-deps", kill_on_drop: false }`
[INFO] running `Command { std: CARGO_HOME="/workspace/cargo-home" RUSTUP_HOME="/workspace/rustup-home" "/workspace/cargo-home/bin/cargo" "+1.100.0-beta.1" "generate-lockfile" "--manifest-path" "Cargo.toml", kill_on_drop: false }`
[INFO] [stderr]     Updating crates.io index
[INFO] [stderr]      Locking 282 packages to highest compatible versions
[INFO] [stderr]       Adding base64 v0.22.1 (available: v0.23.1)
[INFO] [stderr]       Adding generic-array v0.14.7 (available: v0.14.9)
[INFO] [stderr]       Adding rust-argon2 v2.1.0 (available: v3.0.0)
[INFO] [stderr]       Adding secp256k1 v0.29.1 (available: v0.33.1)
[INFO] [stderr]       Adding sha2 v0.10.9 (available: v0.11.1)
[INFO] [stderr]       Adding tiny-bip39 v1.0.0 (available: v2.0.0)
[INFO] running `Command { std: CARGO_HOME="/workspace/cargo-home" RUSTUP_HOME="/workspace/rustup-home" "/workspace/cargo-home/bin/cargo" "+1.100.0-beta.1" "fetch" "--manifest-path" "Cargo.toml", kill_on_drop: false }`
[INFO] [stderr] warning: `package.homepage` is redundant with `package.repository`
[INFO] [stderr]   --> Cargo.toml:66:12
[INFO] [stderr]    |
[INFO] [stderr] 66 | homepage = "https://github.com/wildonion/wallexerr/"
[INFO] [stderr]    |            ^^^^^^^^^^^^^^^^^^^^^^^^^^^^^^^^^^^^^^^^^
[INFO] [stderr] ...
[INFO] [stderr] 71 | repository = "https://github.com/wildonion/wallexerr/"
[INFO] [stderr]    |              -----------------------------------------
[INFO] [stderr]    |
[INFO] [stderr]    = note: `cargo::redundant_homepage` is set to `warn` by default
[INFO] [stderr] help: consider removing `package.homepage`
[INFO] [stderr] warning: `wallexerr` (manifest) generated 1 warning
[INFO] running `Command { std: "docker" "create" "-v" "/var/lib/crater-agent-workspace/builds/worker-2-tc2/source:/opt/rustwide/workdir:ro,Z" "-v" "/var/lib/crater-agent-workspace/builds/worker-2-tc2/target:/opt/rustwide/target:rw,Z" "-v" "/var/lib/crater-agent-workspace/cargo-home:/opt/rustwide/cargo-home:ro,Z" "-v" "/var/lib/crater-agent-workspace/rustup-home:/opt/rustwide/rustup-home:ro,Z" "-m" "1610612736" "--network" "none" "ghcr.io/rust-lang/crates-build-env/linux@sha256:77db811e55d90add9212f6832c23229e3de5f1c1f9905e8cb07319ea15df73ac" "sleep" "infinity", kill_on_drop: false }`
[INFO] [stdout] 639f9c4a6d6259233f626d0f4354652286c7da0f0a9b4c781a2a6684b4bf4b6b
[INFO] running `Command { std: "docker" "start" "639f9c4a6d6259233f626d0f4354652286c7da0f0a9b4c781a2a6684b4bf4b6b", kill_on_drop: false }`
[INFO] running `Command { std: "docker" "inspect" "639f9c4a6d6259233f626d0f4354652286c7da0f0a9b4c781a2a6684b4bf4b6b", kill_on_drop: false }`
[INFO] running `Command { std: "docker" "exec" "-e" "SOURCE_DIR=/opt/rustwide/workdir" "-e" "CARGO_HOME=/opt/rustwide/cargo-home" "-e" "RUSTUP_HOME=/opt/rustwide/rustup-home" "-e" "CARGO_TARGET_DIR=/opt/rustwide/target" "-w" "/opt/rustwide/workdir" "--user" "0:0" "639f9c4a6d6259233f626d0f4354652286c7da0f0a9b4c781a2a6684b4bf4b6b" "/opt/rustwide/cargo-home/bin/cargo" "+1.100.0-beta.1" "metadata" "--no-deps" "--format-version=1", kill_on_drop: false }`
[INFO] running `Command { std: "docker" "inspect" "639f9c4a6d6259233f626d0f4354652286c7da0f0a9b4c781a2a6684b4bf4b6b", kill_on_drop: false }`
[INFO] running `Command { std: "docker" "exec" "-e" "SOURCE_DIR=/opt/rustwide/workdir" "-e" "CARGO_HOME=/opt/rustwide/cargo-home" "-e" "RUSTUP_HOME=/opt/rustwide/rustup-home" "-e" "CARGO_TARGET_DIR=/opt/rustwide/target" "-e" "CARGO_INCREMENTAL=0" "-e" "RUST_BACKTRACE=full" "-e" "RUSTFLAGS=--cap-lints=warn" "-e" "RUSTDOCFLAGS=--cap-lints=warn" "-w" "/opt/rustwide/workdir" "--user" "0:0" "639f9c4a6d6259233f626d0f4354652286c7da0f0a9b4c781a2a6684b4bf4b6b" "/opt/rustwide/cargo-home/bin/cargo" "+1.100.0-beta.1" "build" "--frozen" "--message-format=json" "--release", kill_on_drop: false }`
[INFO] [stderr] warning: `package.homepage` is redundant with `package.repository`
[INFO] [stderr]   --> Cargo.toml:66:12
[INFO] [stderr]    |
[INFO] [stderr] 66 | homepage = "https://github.com/wildonion/wallexerr/"
[INFO] [stderr]    |            ^^^^^^^^^^^^^^^^^^^^^^^^^^^^^^^^^^^^^^^^^
[INFO] [stderr] ...
[INFO] [stderr] 71 | repository = "https://github.com/wildonion/wallexerr/"
[INFO] [stderr]    |              -----------------------------------------
[INFO] [stderr]    |
[INFO] [stderr]    = note: `cargo::redundant_homepage` is set to `warn` by default
[INFO] [stderr] help: consider removing `package.homepage`
[INFO] [stderr] warning: `wallexerr` (manifest) generated 1 warning
[INFO] [stderr]    Compiling proc-macro2 v1.0.107
[INFO] [stderr]    Compiling unicode-ident v1.0.27
[INFO] [stderr]    Compiling quote v1.0.47
[INFO] [stderr]    Compiling libc v0.2.191
[INFO] [stderr]    Compiling cfg-if v1.0.5
[INFO] [stderr]    Compiling shlex v2.0.1
[INFO] [stderr]    Compiling find-msvc-tools v0.1.14
[INFO] [stderr]    Compiling version_check v0.9.5
[INFO] [stderr]    Compiling typenum v1.20.1
[INFO] [stderr]    Compiling cc v1.8.0
[INFO] [stderr]    Compiling bytes v1.12.1
[INFO] [stderr]    Compiling pin-project-lite v0.2.17
[INFO] [stderr]    Compiling stable_deref_trait v1.2.1
[INFO] [stderr]    Compiling smallvec v1.16.3
[INFO] [stderr]    Compiling pkg-config v0.3.34
[INFO] [stderr]    Compiling generic-array v0.14.7
[INFO] [stderr]    Compiling memchr v2.8.3
[INFO] [stderr]    Compiling serde_core v1.0.229
[INFO] [stderr]    Compiling zerocopy v0.8.63
[INFO] [stderr]    Compiling futures-core v0.3.34
[INFO] [stderr]    Compiling parking_lot_core v0.9.12
[INFO] [stderr]    Compiling itoa v1.0.18
[INFO] [stderr]    Compiling syn v3.0.9
[INFO] [stderr]    Compiling syn v2.0.119
[INFO] [stderr]    Compiling scopeguard v1.2.0
[INFO] [stderr]    Compiling subtle v2.6.1
[INFO] [stderr]    Compiling getrandom v0.2.17
[INFO] [stderr]    Compiling serde v1.0.229
[INFO] [stderr]    Compiling crypto-common v0.1.7
[INFO] [stderr]    Compiling vcpkg v0.2.15
[INFO] [stderr]    Compiling futures-sink v0.3.34
[INFO] [stderr]    Compiling rand_core v0.6.4
[INFO] [stderr]    Compiling errno v0.3.14
[INFO] [stderr]    Compiling lock_api v0.4.14
[INFO] [stderr]    Compiling futures-io v0.3.34
[INFO] [stderr]    Compiling signal-hook-registry v1.4.8
[INFO] [stderr]    Compiling parking_lot v0.12.5
[INFO] [stderr]    Compiling futures-channel v0.3.34
[INFO] [stderr]    Compiling openssl-sys v0.9.117
[INFO] [stderr]    Compiling block-buffer v0.10.4
[INFO] [stderr]    Compiling mio v1.2.4
[INFO] [stderr]    Compiling socket2 v0.6.5
[INFO] [stderr]    Compiling futures-task v0.3.34
[INFO] [stderr]    Compiling slab v0.4.12
[INFO] [stderr]    Compiling cpufeatures v0.2.17
[INFO] [stderr]    Compiling litemap v0.8.3
[INFO] [stderr]    Compiling writeable v0.6.4
[INFO] [stderr]    Compiling digest v0.10.7
[INFO] [stderr]    Compiling icu_normalizer_data v2.3.0
[INFO] [stderr]    Compiling once_cell v1.21.4
[INFO] [stderr]    Compiling utf8_iter v1.0.4
[INFO] [stderr]    Compiling fnv v1.0.7
[INFO] [stderr]    Compiling crunchy v0.2.4
[INFO] [stderr]    Compiling icu_properties_data v2.3.0
[INFO] [stderr]    Compiling http v0.2.12
[INFO] [stderr]    Compiling log v0.4.34
[INFO] [stderr]    Compiling foreign-types-shared v0.1.1
[INFO] [stderr]    Compiling openssl v0.10.81
[INFO] [stderr]    Compiling rustc-hex v2.1.0
[INFO] [stderr]    Compiling foreign-types v0.3.2
[INFO] [stderr]    Compiling byteorder v1.5.0
[INFO] [stderr]    Compiling bitflags v2.13.2
[INFO] [stderr]    Compiling httparse v1.10.1
[INFO] [stderr]    Compiling native-tls v0.2.18
[INFO] [stderr]    Compiling zmij v1.0.23
[INFO] [stderr]    Compiling rustversion v1.0.23
[INFO] [stderr]    Compiling static_assertions v1.1.0
[INFO] [stderr]    Compiling rlp v0.5.2
[INFO] [stderr]    Compiling tracing-core v0.1.36
[INFO] [stderr]    Compiling serde_json v1.0.154
[INFO] [stderr]    Compiling thiserror v1.0.69
[INFO] [stderr]    Compiling equivalent v1.0.3
[INFO] [stderr]    Compiling hashbrown v0.17.1
[INFO] [stderr]    Compiling openssl-probe v0.2.1
[INFO] [stderr]    Compiling tiny-keccak v2.0.2
[INFO] [stderr]    Compiling percent-encoding v2.3.2
[INFO] [stderr]    Compiling tracing v0.1.44
[INFO] [stderr]    Compiling form_urlencoded v1.2.2
[INFO] [stderr]    Compiling impl-rlp v0.3.0
[INFO] [stderr]    Compiling hex v0.4.3
[INFO] [stderr]    Compiling synstructure v0.14.0
[INFO] [stderr]    Compiling indexmap v2.14.2
[INFO] [stderr]    Compiling httpdate v1.0.3
[INFO] [stderr]    Compiling opaque-debug v0.3.1
[INFO] [stderr]    Compiling base64 v0.21.7
[INFO] [stderr]    Compiling try-lock v0.2.5
[INFO] [stderr]    Compiling want v0.3.2
[INFO] [stderr]    Compiling encoding_rs v0.8.42
[INFO] [stderr]    Compiling uint v0.9.5
[INFO] [stderr]    Compiling ppv-lite86 v0.2.21
[INFO] [stderr]    Compiling http-body v0.4.6
[INFO] [stderr]    Compiling secp256k1-sys v0.8.2
[INFO] [stderr]    Compiling inout v0.1.4
[INFO] [stderr]    Compiling socket2 v0.5.10
[INFO] [stderr]    Compiling aho-corasick v1.1.5
[INFO] [stderr]    Compiling rand_chacha v0.3.1
[INFO] [stderr]    Compiling tinyvec v1.13.3
[INFO] [stderr]    Compiling regex-syntax v0.8.11
[INFO] [stderr]    Compiling rand v0.8.8
[INFO] [stderr]    Compiling autocfg v1.5.1
[INFO] [stderr]    Compiling tower-service v0.3.3
[INFO] [stderr]    Compiling num-traits v0.2.19
[INFO] [stderr]    Compiling unicode-normalization v0.1.26
[INFO] [stderr]    Compiling zerofrom-derive v0.1.8
[INFO] [stderr]    Compiling yoke-derive v0.8.4
[INFO] [stderr]    Compiling zerovec-derive v0.11.6
[INFO] [stderr]    Compiling displaydoc v0.2.7
[INFO] [stderr]    Compiling serde_derive v1.0.229
[INFO] [stderr]    Compiling futures-macro v0.3.34
[INFO] [stderr]    Compiling tokio-macros v2.7.2
[INFO] [stderr]    Compiling openssl-macros v0.1.1
[INFO] [stderr]    Compiling zerofrom v0.1.8
[INFO] [stderr]    Compiling yoke v0.8.3
[INFO] [stderr]    Compiling zerovec v0.11.8
[INFO] [stderr]    Compiling tokio v1.53.3
[INFO] [stderr]    Compiling futures-util v0.3.34
[INFO] [stderr]    Compiling tinystr v0.8.4
[INFO] [stderr]    Compiling icu_locale_core v2.3.0
[INFO] [stderr]    Compiling potential_utf v0.1.6
[INFO] [stderr]    Compiling zerotrie v0.2.5
[INFO] [stderr]    Compiling icu_provider v2.3.1
[INFO] [stderr]    Compiling icu_collections v2.3.0
[INFO] [stderr]    Compiling icu_properties v2.3.0
[INFO] [stderr]    Compiling icu_normalizer v2.3.0
[INFO] [stderr]    Compiling fixed-hash v0.8.0
[INFO] [stderr]    Compiling thiserror-impl v1.0.69
[INFO] [stderr]    Compiling impl-serde v0.4.0
[INFO] [stderr]    Compiling futures-executor v0.3.34
[INFO] [stderr]    Compiling zeroize_derive v1.5.0
[INFO] [stderr]    Compiling futures v0.3.34
[INFO] [stderr]    Compiling ethbloom v0.13.0
[INFO] [stderr]    Compiling primitive-types v0.12.2
[INFO] [stderr]    Compiling regex-automata v0.4.18
[INFO] [stderr]    Compiling zeroize v1.9.1
[INFO] [stderr]    Compiling cipher v0.4.4
[INFO] [stderr]    Compiling libthemis-sys v0.14.0
[INFO] [stderr]    Compiling idna_adapter v1.2.2
[INFO] [stderr]    Compiling secp256k1-sys v0.10.1
[INFO] [stderr]    Compiling idna v1.1.0
[INFO] [stderr]    Compiling digest v0.9.0
[INFO] [stderr]    Compiling block-buffer v0.9.0
[INFO] [stderr]    Compiling core_detect v1.0.0
[INFO] [stderr]    Compiling anyhow v1.0.104
[INFO] [stderr]    Compiling simdutf8 v0.1.5
[INFO] [stderr]    Compiling multiversion_no_op v1.0.0
[INFO] [stderr]    Compiling url v2.5.8
[INFO] [stderr]    Compiling arrayvec v0.7.8
[INFO] [stderr]    Compiling mime v0.3.17
[INFO] [stderr]    Compiling keccak v0.1.6
[INFO] [stderr]    Compiling ryu v1.0.23
[INFO] [stderr]    Compiling serde_urlencoded v0.7.1
[INFO] [stderr]    Compiling ethereum-types v0.14.1
[INFO] [stderr]    Compiling sha3 v0.10.9
[INFO] [stderr]    Compiling sha-1 v0.9.8
[INFO] [stderr]    Compiling tokio-util v0.7.20
[INFO] [stderr]    Compiling tokio-native-tls v0.3.1
[INFO] [stderr] warning: libthemis-sys@0.14.0: src/dummy.c:17:10: fatal error: themis/themis.h: No such file or directory
[INFO] [stderr] warning: libthemis-sys@0.14.0:    17 | #include <themis/themis.h>
[INFO] [stderr] warning: libthemis-sys@0.14.0:       |          ^~~~~~~~~~~~~~~~~
[INFO] [stderr] warning: libthemis-sys@0.14.0: compilation terminated.
[INFO] [stderr] error: failed to run custom build command for `libthemis-sys v0.14.0`
[INFO] [stderr] note: To improve backtraces for build dependencies, set the CARGO_PROFILE_RELEASE_BUILD_OVERRIDE_DEBUG=true environment variable to enable debug information generation.
[INFO] [stderr] 
[INFO] [stderr] Caused by:
[INFO] [stderr]   process didn't exit successfully: `/opt/rustwide/target/release/build/libthemis-sys/5e784bbaef4a2e95/out/build_script_build` (exit status: 101)
[INFO] [stderr]   --- stdout
[INFO] [stderr]   cargo:rerun-if-env-changed=LIBTHEMIS_NO_PKG_CONFIG
[INFO] [stderr]   cargo:rerun-if-env-changed=PKG_CONFIG_x86_64-unknown-linux-gnu
[INFO] [stderr]   cargo:rerun-if-env-changed=PKG_CONFIG_x86_64_unknown_linux_gnu
[INFO] [stderr]   cargo:rerun-if-env-changed=HOST_PKG_CONFIG
[INFO] [stderr]   cargo:rerun-if-env-changed=PKG_CONFIG
[INFO] [stderr]   cargo:rerun-if-env-changed=LIBTHEMIS_STATIC
[INFO] [stderr]   cargo:rerun-if-env-changed=LIBTHEMIS_DYNAMIC
[INFO] [stderr]   cargo:rerun-if-env-changed=PKG_CONFIG_ALL_STATIC
[INFO] [stderr]   cargo:rerun-if-env-changed=PKG_CONFIG_ALL_DYNAMIC
[INFO] [stderr]   cargo:rerun-if-env-changed=PKG_CONFIG_PATH_x86_64-unknown-linux-gnu
[INFO] [stderr]   cargo:rerun-if-env-changed=PKG_CONFIG_PATH_x86_64_unknown_linux_gnu
[INFO] [stderr]   cargo:rerun-if-env-changed=HOST_PKG_CONFIG_PATH
[INFO] [stderr]   cargo:rerun-if-env-changed=PKG_CONFIG_PATH
[INFO] [stderr]   cargo:rerun-if-env-changed=PKG_CONFIG_LIBDIR_x86_64-unknown-linux-gnu
[INFO] [stderr]   cargo:rerun-if-env-changed=PKG_CONFIG_LIBDIR_x86_64_unknown_linux_gnu
[INFO] [stderr]   cargo:rerun-if-env-changed=HOST_PKG_CONFIG_LIBDIR
[INFO] [stderr]   cargo:rerun-if-env-changed=PKG_CONFIG_LIBDIR
[INFO] [stderr]   cargo:rerun-if-env-changed=PKG_CONFIG_SYSROOT_DIR_x86_64-unknown-linux-gnu
[INFO] [stderr]   cargo:rerun-if-env-changed=PKG_CONFIG_SYSROOT_DIR_x86_64_unknown_linux_gnu
[INFO] [stderr]   cargo:rerun-if-env-changed=HOST_PKG_CONFIG_SYSROOT_DIR
[INFO] [stderr]   cargo:rerun-if-env-changed=PKG_CONFIG_SYSROOT_DIR
[INFO] [stderr]   cargo:rerun-if-env-changed=CC_FORCE_DISABLE
[INFO] [stderr]   CC_FORCE_DISABLE = None
[INFO] [stderr]   cargo:rerun-if-env-changed=CC_x86_64-unknown-linux-gnu
[INFO] [stderr]   CC_x86_64-unknown-linux-gnu = None
[INFO] [stderr]   cargo:rerun-if-env-changed=CC_x86_64_unknown_linux_gnu
[INFO] [stderr]   CC_x86_64_unknown_linux_gnu = None
[INFO] [stderr]   cargo:rerun-if-env-changed=HOST_CC
[INFO] [stderr]   HOST_CC = None
[INFO] [stderr]   cargo:rerun-if-env-changed=CC
[INFO] [stderr]   CC = None
[INFO] [stderr]   cargo:rerun-if-env-changed=CC_ENABLE_DEBUG_OUTPUT
[INFO] [stderr]   cargo:rerun-if-env-changed=CRATE_CC_NO_DEFAULTS
[INFO] [stderr]   CRATE_CC_NO_DEFAULTS = None
[INFO] [stderr]   cargo:rerun-if-env-changed=CFLAGS
[INFO] [stderr]   CFLAGS = None
[INFO] [stderr]   cargo:rerun-if-env-changed=HOST_CFLAGS
[INFO] [stderr]   HOST_CFLAGS = None
[INFO] [stderr]   cargo:rerun-if-env-changed=CFLAGS_x86_64_unknown_linux_gnu
[INFO] [stderr]   CFLAGS_x86_64_unknown_linux_gnu = None
[INFO] [stderr]   cargo:rerun-if-env-changed=CFLAGS_x86_64-unknown-linux-gnu
[INFO] [stderr]   CFLAGS_x86_64-unknown-linux-gnu = None
[INFO] [stderr]   cargo:warning=src/dummy.c:17:10: fatal error: themis/themis.h: No such file or directory
[INFO] [stderr]   cargo:warning=   17 | #include <themis/themis.h>
[INFO] [stderr]   cargo:warning=      |          ^~~~~~~~~~~~~~~~~
[INFO] [stderr]   cargo:warning=compilation terminated.
[INFO] [stderr] 
[INFO] [stderr]   --- stderr
[INFO] [stderr] 
[INFO] [stderr]   `libthemis-sys` could not find Themis installation in your system.
[INFO] [stderr] 
[INFO] [stderr]   Please make sure you have appropriate development package installed.
[INFO] [stderr]   On Linux it's called `libthemis-dev`, not just `libthemis`.
[INFO] [stderr]   On macOS Homebrew formula is called `libthemis`.
[INFO] [stderr] 
[INFO] [stderr]   Please refer to the documentation for installation instructions:
[INFO] [stderr] 
[INFO] [stderr]       https://github.com/cossacklabs/themis#quickstart
[INFO] [stderr] 
[INFO] [stderr]   This crate uses `pkg-config` to locate the library. If you use
[INFO] [stderr]   non-standard installation of Themis then you can help pkg-config
[INFO] [stderr]   to locate your library by setting the PKG_CONFIG_PATH environment
[INFO] [stderr]   variable to the path where `libthemis.pc` file is located.
[INFO] [stderr] 
[INFO] [stderr] 
[INFO] [stderr]   pkg-config exited with status code 1
[INFO] [stderr]   > PKG_CONFIG_ALLOW_SYSTEM_LIBS=1 PKG_CONFIG_ALLOW_SYSTEM_CFLAGS=1 pkg-config --libs --cflags libthemis
[INFO] [stderr] 
[INFO] [stderr]   pkg-config output:
[INFO] [stderr]     Package libthemis was not found in the pkg-config search path.
[INFO] [stderr]     Perhaps you should add the directory containing `libthemis.pc'
[INFO] [stderr]     to the PKG_CONFIG_PATH environment variable
[INFO] [stderr]     Package 'libthemis' not found
[INFO] [stderr] 
[INFO] [stderr]   The system library `libthemis` required by crate `libthemis-sys` was not found.
[INFO] [stderr]   The file `libthemis.pc` needs to be installed and the PKG_CONFIG_PATH environment variable must contain its parent directory.
[INFO] [stderr]   The PKG_CONFIG_PATH environment variable is not set.
[INFO] [stderr] 
[INFO] [stderr]   HINT: if you have installed the library, try setting PKG_CONFIG_PATH to the directory containing `libthemis.pc`.
[INFO] [stderr] 
[INFO] [stderr]   `libthemis-sys` also tried to use standard system paths, but without success.
[INFO] [stderr]   It seems that Themis is really not installed in your system.
[INFO] [stderr] 
[INFO] [stderr] 
[INFO] [stderr]   thread 'main' (1962) panicked at /opt/rustwide/cargo-home/registry/src/index.crates.io-1949cf8c6b5b557f/libthemis-sys-0.14.0/build.rs:66:17:
[INFO] [stderr]   Themis Core not installed
[INFO] [stderr]   stack backtrace:
[INFO] [stderr]      0:     0x57191dcc3ec1 - <<std[617be2ca0a6fd877]::sys::backtrace::BacktraceLock>::print::DisplayBacktrace as core[a373ad73a504971]::fmt::Display>::fmt
[INFO] [stderr]      1:     0x57191dcd69fa - core[a373ad73a504971]::fmt::write
[INFO] [stderr]      2:     0x57191dcc81ac - <std[617be2ca0a6fd877]::sys::stdio::unix::Stderr as core[a373ad73a504971]::io::write::Write>::write_fmt
[INFO] [stderr]      3:     0x57191dca18d6 - std[617be2ca0a6fd877]::panicking::default_hook::{closure#0}
[INFO] [stderr]      4:     0x57191dcbe5a1 - std[617be2ca0a6fd877]::panicking::default_hook
[INFO] [stderr]      5:     0x57191dcbe75b - std[617be2ca0a6fd877]::panicking::panic_with_hook
[INFO] [stderr]      6:     0x57191dca0e8c - std[617be2ca0a6fd877]::panicking::begin_panic::<&str>::{closure#0}
[INFO] [stderr]      7:     0x57191dc9a569 - std[617be2ca0a6fd877]::sys::backtrace::__rust_end_short_backtrace::<std[617be2ca0a6fd877]::panicking::begin_panic<&str>::{closure#0}, !>
[INFO] [stderr]      8:     0x57191dc982bb - std[617be2ca0a6fd877]::panicking::begin_panic::<&str>
[INFO] [stderr]      9:     0x57191dbe7139 - build_script_build[81f764245a98a902]::main
[INFO] [stderr]     10:     0x57191dbe74db - <fn() as core[a373ad73a504971]::ops::function::FnOnce<()>>::call_once
[INFO] [stderr]     11:     0x57191dbe6c2e - std[617be2ca0a6fd877]::sys::backtrace::__rust_begin_short_backtrace::<fn(), ()>
[INFO] [stderr]     12:     0x57191dbe6c39 - std[617be2ca0a6fd877]::rt::lang_start::<()>::{closure#0}
[INFO] [stderr]     13:     0x57191dcbd518 - std[617be2ca0a6fd877]::rt::lang_start_internal
[INFO] [stderr]     14:     0x57191dbe6be1 - std[617be2ca0a6fd877]::rt::lang_start::<()>
[INFO] [stderr]     15:     0x57191dbe7515 - main
[INFO] [stderr]     16:     0x73041017e601 - <unknown>
[INFO] [stderr]     17:     0x73041017e718 - __libc_start_main
[INFO] [stderr]     18:     0x57191dbe69c5 - _start
[INFO] [stderr]     19:                0x0 - <unknown>
[INFO] [stderr] warning: build failed, waiting for other jobs to finish...
[INFO] running `Command { std: "docker" "inspect" "639f9c4a6d6259233f626d0f4354652286c7da0f0a9b4c781a2a6684b4bf4b6b", kill_on_drop: false }`
[INFO] running `Command { std: "docker" "rm" "-f" "639f9c4a6d6259233f626d0f4354652286c7da0f0a9b4c781a2a6684b4bf4b6b", kill_on_drop: false }`
[INFO] [stdout] 639f9c4a6d6259233f626d0f4354652286c7da0f0a9b4c781a2a6684b4bf4b6b
