[INFO] fetching crate wae-tools 0.0.1...
[INFO] testing wae-tools-0.0.1 against 1.99.0-beta.8+cargoflags=--release for beta-release-1.100-2
[INFO] extracting crate wae-tools 0.0.1 into /workspace/builds/worker-6-tc1/source
[INFO] started tweaking crates.io crate wae-tools 0.0.1
[INFO] removed 0 missing tests
[INFO] finished tweaking crates.io crate wae-tools 0.0.1
[INFO] tweaked toml for crates.io crate wae-tools 0.0.1 written to /workspace/builds/worker-6-tc1/source/Cargo.toml
[INFO] validating manifest of crates.io crate wae-tools 0.0.1 on toolchain 1.99.0-beta.8
[INFO] running `Command { std: CARGO_HOME="/workspace/cargo-home" RUSTUP_HOME="/workspace/rustup-home" "/workspace/cargo-home/bin/cargo" "+1.99.0-beta.8" "metadata" "--manifest-path" "Cargo.toml" "--no-deps", kill_on_drop: false }`
[INFO] crate crates.io crate wae-tools 0.0.1 already has a lockfile, it will not be regenerated
[INFO] running `Command { std: CARGO_HOME="/workspace/cargo-home" RUSTUP_HOME="/workspace/rustup-home" "/workspace/cargo-home/bin/cargo" "+1.99.0-beta.8" "fetch" "--manifest-path" "Cargo.toml", kill_on_drop: false }`
[INFO] [stderr]     Updating crates.io index
[INFO] [stderr]  Downloading crates ...
[INFO] [stderr]   Downloaded turso_sync_sdk_kit v0.5.1
[INFO] [stderr]   Downloaded wae-database v0.0.1
[INFO] [stderr]   Downloaded wae-types v0.0.1
[INFO] [stderr]   Downloaded turso_ext v0.5.1
[INFO] [stderr]   Downloaded generator v0.8.8
[INFO] [stderr]   Downloaded crc32c v0.6.8
[INFO] [stderr]   Downloaded pack1 v1.0.0
[INFO] [stderr]   Downloaded turso v0.5.1
[INFO] [stderr]   Downloaded branches v0.4.4
[INFO] [stderr]   Downloaded rustc_version_runtime v0.3.0
[INFO] [stderr]   Downloaded genawaiter-macro v0.99.1
[INFO] [stderr]   Downloaded turso_sdk_kit_macros v0.5.1
[INFO] [stderr]   Downloaded cfg_block v0.1.1
[INFO] [stderr]   Downloaded linkme-impl v0.3.35
[INFO] [stderr]   Downloaded softaes v0.1.3
[INFO] [stderr]   Downloaded turso_macros v0.5.1
[INFO] [stderr]   Downloaded turso_sync_engine v0.5.1
[INFO] [stderr]   Downloaded fastbloom v0.14.1
[INFO] [stderr]   Downloaded linkme v0.3.35
[INFO] [stderr]   Downloaded whoami v2.1.1
[INFO] [stderr]   Downloaded genawaiter v0.99.1
[INFO] [stderr]   Downloaded crossbeam-skiplist v0.1.3
[INFO] [stderr]   Downloaded prost v0.14.3
[INFO] [stderr]   Downloaded prost-derive v0.14.3
[INFO] [stderr]   Downloaded turso_sdk_kit v0.5.1
[INFO] [stderr]   Downloaded tracing-appender v0.2.4
[INFO] [stderr]   Downloaded rapidhash v4.4.1
[INFO] [stderr]   Downloaded postgres-protocol v0.6.10
[INFO] [stderr]   Downloaded antithesis_sdk v0.2.8
[INFO] [stderr]   Downloaded intrusive-collections v0.9.7
[INFO] [stderr]   Downloaded turso_parser v0.5.1
[INFO] [stderr]   Downloaded arc-swap v1.8.2
[INFO] [stderr]   Downloaded io-uring v0.7.11
[INFO] [stderr]   Downloaded tokio-postgres v0.7.16
[INFO] [stderr]   Downloaded simsimd v6.5.16
[INFO] [stderr]   Downloaded mysql-common-derive v0.32.1
[INFO] [stderr]   Downloaded postgres-types v0.2.12
[INFO] [stderr]   Downloaded mysql_async v0.36.1
[INFO] [stderr]   Downloaded shuttle v0.8.1
[INFO] [stderr]   Downloaded saturating v0.1.0
[INFO] [stderr]   Downloaded btoi v0.4.3
[INFO] [stderr]   Downloaded deadpool-postgres v0.14.1
[INFO] [stderr]   Downloaded mysql_common v0.35.5
[INFO] [stderr]   Downloaded notify-debouncer-mini v0.7.0
[INFO] [stderr]   Downloaded lru v0.14.0
[INFO] [stderr]   Downloaded inotify v0.11.1
[INFO] [stderr]   Downloaded keyed_priority_queue v0.4.2
[INFO] [stderr]   Downloaded aegis v0.9.7
[INFO] [stderr]   Downloaded turso_core v0.5.1
[INFO] running `Command { std: "docker" "create" "-v" "/var/lib/crater-agent-workspace/builds/worker-6-tc1/source:/opt/rustwide/workdir:ro,Z" "-v" "/var/lib/crater-agent-workspace/builds/worker-6-tc1/target:/opt/rustwide/target:rw,Z" "-v" "/var/lib/crater-agent-workspace/cargo-home:/opt/rustwide/cargo-home:ro,Z" "-v" "/var/lib/crater-agent-workspace/rustup-home:/opt/rustwide/rustup-home:ro,Z" "-m" "1610612736" "--network" "none" "ghcr.io/rust-lang/crates-build-env/linux@sha256:77db811e55d90add9212f6832c23229e3de5f1c1f9905e8cb07319ea15df73ac" "sleep" "infinity", kill_on_drop: false }`
[INFO] [stdout] 7bc2c1fe75a1f82780fda6a3906c3685da3ed240a20ec281cd3235f3c4ee5c46
[INFO] running `Command { std: "docker" "start" "7bc2c1fe75a1f82780fda6a3906c3685da3ed240a20ec281cd3235f3c4ee5c46", kill_on_drop: false }`
[INFO] running `Command { std: "docker" "inspect" "7bc2c1fe75a1f82780fda6a3906c3685da3ed240a20ec281cd3235f3c4ee5c46", kill_on_drop: false }`
[INFO] running `Command { std: "docker" "exec" "-e" "SOURCE_DIR=/opt/rustwide/workdir" "-e" "CARGO_HOME=/opt/rustwide/cargo-home" "-e" "RUSTUP_HOME=/opt/rustwide/rustup-home" "-e" "CARGO_TARGET_DIR=/opt/rustwide/target" "-w" "/opt/rustwide/workdir" "--user" "0:0" "7bc2c1fe75a1f82780fda6a3906c3685da3ed240a20ec281cd3235f3c4ee5c46" "/opt/rustwide/cargo-home/bin/cargo" "+1.99.0-beta.8" "metadata" "--no-deps" "--format-version=1", kill_on_drop: false }`
[INFO] running `Command { std: "docker" "inspect" "7bc2c1fe75a1f82780fda6a3906c3685da3ed240a20ec281cd3235f3c4ee5c46", kill_on_drop: false }`
[INFO] running `Command { std: "docker" "exec" "-e" "SOURCE_DIR=/opt/rustwide/workdir" "-e" "CARGO_HOME=/opt/rustwide/cargo-home" "-e" "RUSTUP_HOME=/opt/rustwide/rustup-home" "-e" "CARGO_TARGET_DIR=/opt/rustwide/target" "-e" "CARGO_INCREMENTAL=0" "-e" "RUST_BACKTRACE=full" "-e" "RUSTFLAGS=--cap-lints=warn" "-e" "RUSTDOCFLAGS=--cap-lints=warn" "-w" "/opt/rustwide/workdir" "--user" "0:0" "7bc2c1fe75a1f82780fda6a3906c3685da3ed240a20ec281cd3235f3c4ee5c46" "/opt/rustwide/cargo-home/bin/cargo" "+1.99.0-beta.8" "build" "--frozen" "--message-format=json" "--release", kill_on_drop: false }`
[INFO] [stderr]    Compiling proc-macro2-diagnostics v0.10.1
[INFO] [stderr]    Compiling num-traits v0.2.19
[INFO] [stderr]    Compiling hashbrown v0.16.1
[INFO] [stderr]    Compiling itoa v1.0.17
[INFO] [stderr]    Compiling serde v1.0.228
[INFO] [stderr]    Compiling yansi v1.0.1
[INFO] [stderr]    Compiling anstyle-parse v0.2.7
[INFO] [stderr]    Compiling mio v1.1.1
[INFO] [stderr]    Compiling inotify-sys v0.1.5
[INFO] [stderr]    Compiling uncased v0.9.10
[INFO] [stderr]    Compiling colorchoice v1.0.4
[INFO] [stderr]    Compiling winnow v0.7.15
[INFO] [stderr]    Compiling anstyle v1.0.13
[INFO] [stderr]    Compiling toml_write v0.1.2
[INFO] [stderr]    Compiling smallvec v1.15.1
[INFO] [stderr]    Compiling rust_decimal v1.40.0
[INFO] [stderr]    Compiling pear_codegen v0.2.9
[INFO] [stderr]    Compiling anstream v0.6.21
[INFO] [stderr]    Compiling parking_lot_core v0.9.12
[INFO] [stderr]    Compiling indexmap v2.13.0
[INFO] [stderr]    Compiling toml_datetime v0.6.11
[INFO] [stderr]    Compiling serde_spanned v0.6.9
[INFO] [stderr]    Compiling inotify v0.11.1
[INFO] [stderr]    Compiling getrandom v0.4.2
[INFO] [stderr]    Compiling notify-types v2.1.0
[INFO] [stderr]    Compiling figment v0.10.19
[INFO] [stderr]    Compiling arrayvec v0.7.6
[INFO] [stderr]    Compiling inlinable_string v0.1.15
[INFO] [stderr]    Compiling clap_lex v1.0.0
[INFO] [stderr]    Compiling unsafe-libyaml v0.2.11
[INFO] [stderr]    Compiling memchr v2.8.0
[INFO] [stderr]    Compiling tempfile v3.27.0
[INFO] [stderr]    Compiling clap_builder v4.5.60
[INFO] [stderr]    Compiling notify v8.2.0
[INFO] [stderr]    Compiling pear v0.2.9
[INFO] [stderr]    Compiling toml_edit v0.22.27
[INFO] [stderr]    Compiling serde_yaml v0.9.34+deprecated
[INFO] [stderr]    Compiling serde_json v1.0.149
[INFO] [stderr]    Compiling clap_derive v4.5.55
[INFO] [stderr]    Compiling parking_lot v0.12.5
[INFO] [stderr]    Compiling tracing-core v0.1.36
[INFO] [stderr]    Compiling toml v0.8.23
[INFO] [stderr]    Compiling rust_decimal_macros v1.40.0
[INFO] [stderr]    Compiling tokio-macros v2.6.1
[INFO] [stderr]    Compiling socket2 v0.6.3
[INFO] [stderr]    Compiling chrono v0.4.44
[INFO] [stderr]    Compiling tokio v1.50.0
[INFO] [stderr]    Compiling tracing v0.1.44
[INFO] [stderr]    Compiling wae-types v0.0.1
[INFO] [stderr]    Compiling clap v4.5.60
[INFO] [stderr]    Compiling notify-debouncer-mini v0.7.0
[INFO] [stderr]    Compiling wae-tools v0.0.1 (/opt/rustwide/workdir)
[INFO] [stderr]     Finished `release` profile [optimized] target(s) in 1m 38s
[INFO] running `Command { std: "docker" "inspect" "7bc2c1fe75a1f82780fda6a3906c3685da3ed240a20ec281cd3235f3c4ee5c46", kill_on_drop: false }`
[INFO] running `Command { std: "docker" "exec" "-e" "SOURCE_DIR=/opt/rustwide/workdir" "-e" "CARGO_HOME=/opt/rustwide/cargo-home" "-e" "RUSTUP_HOME=/opt/rustwide/rustup-home" "-e" "CARGO_TARGET_DIR=/opt/rustwide/target" "-e" "CARGO_INCREMENTAL=0" "-e" "RUST_BACKTRACE=full" "-e" "RUSTFLAGS=--cap-lints=warn" "-e" "RUSTDOCFLAGS=--cap-lints=warn" "-w" "/opt/rustwide/workdir" "--user" "0:0" "7bc2c1fe75a1f82780fda6a3906c3685da3ed240a20ec281cd3235f3c4ee5c46" "/opt/rustwide/cargo-home/bin/cargo" "+1.99.0-beta.8" "test" "--frozen" "--no-run" "--message-format=json" "--release", kill_on_drop: false }`
[INFO] [stderr]    Compiling wae-tools v0.0.1 (/opt/rustwide/workdir)
[INFO] [stdout] warning: unused import: `wae_tools::*`
[INFO] [stdout]  --> tests/main.rs:1:5
[INFO] [stdout]   |
[INFO] [stdout] 1 | use wae_tools::*;
[INFO] [stdout]   |     ^^^^^^^^^^^^
[INFO] [stdout]   |
[INFO] [stdout]   = note: `#[warn(unused_imports)]` (part of `#[warn(unused)]`) on by default
[INFO] [stdout] 
[INFO] [stdout] 
[INFO] [stdout] error[E0432]: unresolved import `wae_tools::migration`
[INFO] [stdout]  --> tests/migration_tests.rs:1:16
[INFO] [stdout]   |
[INFO] [stdout] 1 | use wae_tools::migration::*;
[INFO] [stdout]   |                ^^^^^^^^^ could not find `migration` in `wae_tools`
[INFO] [stdout] 
[INFO] [stdout] 
[INFO] [stdout] error[E0432]: unresolved import `wae_tools::auto_migrate`
[INFO] [stdout]  --> tests/auto_migrate_tests.rs:2:16
[INFO] [stdout]   |
[INFO] [stdout] 2 | use wae_tools::auto_migrate::{AutoMigrator, MigrationPlan};
[INFO] [stdout]   |                ^^^^^^^^^^^^ could not find `auto_migrate` in `wae_tools`
[INFO] [stdout]   |
[INFO] [stdout] note: found an item that was configured out
[INFO] [stdout]  --> src/lib.rs:7:9
[INFO] [stdout]   |
[INFO] [stdout] 6 | #[cfg(any(feature = "database-turso", feature = "database-postgres", feature = "database-mysql"))]
[INFO] [stdout]   |          --------------------------------------------------------------------------------------- the item is gated here
[INFO] [stdout] 7 | pub mod auto_migrate;
[INFO] [stdout]   |         ^^^^^^^^^^^^
[INFO] [stdout] 
[INFO] [stdout] 
[INFO] [stdout] error[E0432]: unresolved import `wae_database`
[INFO] [stdout]  --> tests/auto_migrate_tests.rs:1:5
[INFO] [stdout]   |
[INFO] [stdout] 1 | use wae_database::{TableSchema, col};
[INFO] [stdout]   |     ^^^^^^^^^^^^ use of unresolved module or unlinked crate `wae_database`
[INFO] [stdout]   |
[INFO] [stdout]   = help: if you wanted to use a crate named `wae_database`, use `cargo add wae_database` to add it to your `Cargo.toml`
[INFO] [stdout] 
[INFO] [stdout] 
[INFO] [stdout] For more information about this error, try `rustc --explain E0432`.
[INFO] [stdout] 
[INFO] [stderr] error: could not compile `wae-tools` (test "auto_migrate_tests") due to 2 previous errors
[INFO] [stderr] warning: build failed, waiting for other jobs to finish...
[INFO] [stdout] For more information about this error, try `rustc --explain E0432`.
[INFO] [stdout] 
[INFO] [stderr] error: could not compile `wae-tools` (test "migration_tests") due to 1 previous error
[INFO] running `Command { std: "docker" "inspect" "7bc2c1fe75a1f82780fda6a3906c3685da3ed240a20ec281cd3235f3c4ee5c46", kill_on_drop: false }`
[INFO] running `Command { std: "docker" "rm" "-f" "7bc2c1fe75a1f82780fda6a3906c3685da3ed240a20ec281cd3235f3c4ee5c46", kill_on_drop: false }`
[INFO] [stdout] 7bc2c1fe75a1f82780fda6a3906c3685da3ed240a20ec281cd3235f3c4ee5c46
