[INFO] fetching crate waddling-errors-macros 0.7.3...
[INFO] testing waddling-errors-macros-0.7.3 against 1.100.0-beta.1+cargoflags=--release for beta-release-1.100-2
[INFO] extracting crate waddling-errors-macros 0.7.3 into /workspace/builds/worker-5-tc2/source
[INFO] started tweaking crates.io crate waddling-errors-macros 0.7.3
[INFO] removed 0 missing examples
[INFO] removed 0 missing tests
[INFO] finished tweaking crates.io crate waddling-errors-macros 0.7.3
[INFO] tweaked toml for crates.io crate waddling-errors-macros 0.7.3 written to /workspace/builds/worker-5-tc2/source/Cargo.toml
[INFO] validating manifest of crates.io crate waddling-errors-macros 0.7.3 on toolchain 1.100.0-beta.1
[INFO] running `Command { std: CARGO_HOME="/workspace/cargo-home" RUSTUP_HOME="/workspace/rustup-home" "/workspace/cargo-home/bin/cargo" "+1.100.0-beta.1" "metadata" "--manifest-path" "Cargo.toml" "--no-deps", kill_on_drop: false }`
[INFO] crate crates.io crate waddling-errors-macros 0.7.3 already has a lockfile, it will not be regenerated
[INFO] running `Command { std: CARGO_HOME="/workspace/cargo-home" RUSTUP_HOME="/workspace/rustup-home" "/workspace/cargo-home/bin/cargo" "+1.100.0-beta.1" "fetch" "--manifest-path" "Cargo.toml", kill_on_drop: false }`
[INFO] running `Command { std: "docker" "create" "-v" "/var/lib/crater-agent-workspace/builds/worker-5-tc2/source:/opt/rustwide/workdir:ro,Z" "-v" "/var/lib/crater-agent-workspace/builds/worker-5-tc2/target:/opt/rustwide/target:rw,Z" "-v" "/var/lib/crater-agent-workspace/cargo-home:/opt/rustwide/cargo-home:ro,Z" "-v" "/var/lib/crater-agent-workspace/rustup-home:/opt/rustwide/rustup-home:ro,Z" "-m" "1610612736" "--network" "none" "ghcr.io/rust-lang/crates-build-env/linux@sha256:77db811e55d90add9212f6832c23229e3de5f1c1f9905e8cb07319ea15df73ac" "sleep" "infinity", kill_on_drop: false }`
[INFO] [stdout] cd9b124feea8aa75db4055725a2d65e0d6408b3104675c34868809883f7025b1
[INFO] running `Command { std: "docker" "start" "cd9b124feea8aa75db4055725a2d65e0d6408b3104675c34868809883f7025b1", kill_on_drop: false }`
[INFO] running `Command { std: "docker" "inspect" "cd9b124feea8aa75db4055725a2d65e0d6408b3104675c34868809883f7025b1", kill_on_drop: false }`
[INFO] running `Command { std: "docker" "exec" "-e" "SOURCE_DIR=/opt/rustwide/workdir" "-e" "CARGO_HOME=/opt/rustwide/cargo-home" "-e" "RUSTUP_HOME=/opt/rustwide/rustup-home" "-e" "CARGO_TARGET_DIR=/opt/rustwide/target" "-w" "/opt/rustwide/workdir" "--user" "0:0" "cd9b124feea8aa75db4055725a2d65e0d6408b3104675c34868809883f7025b1" "/opt/rustwide/cargo-home/bin/cargo" "+1.100.0-beta.1" "metadata" "--no-deps" "--format-version=1", kill_on_drop: false }`
[INFO] running `Command { std: "docker" "inspect" "cd9b124feea8aa75db4055725a2d65e0d6408b3104675c34868809883f7025b1", kill_on_drop: false }`
[INFO] running `Command { std: "docker" "exec" "-e" "SOURCE_DIR=/opt/rustwide/workdir" "-e" "CARGO_HOME=/opt/rustwide/cargo-home" "-e" "RUSTUP_HOME=/opt/rustwide/rustup-home" "-e" "CARGO_TARGET_DIR=/opt/rustwide/target" "-e" "CARGO_INCREMENTAL=0" "-e" "RUST_BACKTRACE=full" "-e" "RUSTFLAGS=--cap-lints=warn" "-e" "RUSTDOCFLAGS=--cap-lints=warn" "-w" "/opt/rustwide/workdir" "--user" "0:0" "cd9b124feea8aa75db4055725a2d65e0d6408b3104675c34868809883f7025b1" "/opt/rustwide/cargo-home/bin/cargo" "+1.100.0-beta.1" "build" "--frozen" "--message-format=json" "--release", kill_on_drop: false }`
[INFO] [stderr]    Compiling proc-macro2 v1.0.104
[INFO] [stderr]    Compiling quote v1.0.42
[INFO] [stderr]    Compiling xxhash-rust v0.8.15
[INFO] [stderr]    Compiling waddling-errors-hash v0.7.3
[INFO] [stderr]    Compiling syn v2.0.111
[INFO] [stderr]    Compiling waddling-errors-macros v0.7.3 (/opt/rustwide/workdir)
[INFO] [stderr]     Finished `release` profile [optimized] target(s) in 22.85s
[INFO] running `Command { std: "docker" "inspect" "cd9b124feea8aa75db4055725a2d65e0d6408b3104675c34868809883f7025b1", kill_on_drop: false }`
[INFO] running `Command { std: "docker" "exec" "-e" "SOURCE_DIR=/opt/rustwide/workdir" "-e" "CARGO_HOME=/opt/rustwide/cargo-home" "-e" "RUSTUP_HOME=/opt/rustwide/rustup-home" "-e" "CARGO_TARGET_DIR=/opt/rustwide/target" "-e" "CARGO_INCREMENTAL=0" "-e" "RUST_BACKTRACE=full" "-e" "RUSTFLAGS=--cap-lints=warn" "-e" "RUSTDOCFLAGS=--cap-lints=warn" "-w" "/opt/rustwide/workdir" "--user" "0:0" "cd9b124feea8aa75db4055725a2d65e0d6408b3104675c34868809883f7025b1" "/opt/rustwide/cargo-home/bin/cargo" "+1.100.0-beta.1" "test" "--frozen" "--no-run" "--message-format=json" "--release", kill_on_drop: false }`
[INFO] [stderr]    Compiling zmij v1.0.2
[INFO] [stderr]    Compiling serde_json v1.0.148
[INFO] [stderr]    Compiling target-triple v1.0.0
[INFO] [stderr]    Compiling dtor-proc-macro v0.0.6
[INFO] [stderr]    Compiling xxhash-rust v0.8.15
[INFO] [stderr]    Compiling ctor-proc-macro v0.0.7
[INFO] [stderr]    Compiling serde_derive v1.0.228
[INFO] [stderr]    Compiling proc-macro2 v1.0.104
[INFO] [stderr]    Compiling memchr v2.7.6
[INFO] [stderr]    Compiling unicode-ident v1.0.22
[INFO] [stderr]    Compiling winnow v0.7.14
[INFO] [stderr]    Compiling itoa v1.0.17
[INFO] [stderr]    Compiling dtor v0.1.1
[INFO] [stderr]    Compiling waddling-errors-hash v0.7.3
[INFO] [stderr]    Compiling serde_spanned v1.0.4
[INFO] [stderr]    Compiling toml_datetime v0.7.5+spec-1.1.0
[INFO] [stderr]    Compiling waddling-errors-macros v0.7.2
[INFO] [stderr]    Compiling quote v1.0.42
[INFO] [stderr]    Compiling toml_writer v1.0.6+spec-1.1.0
[INFO] [stderr]    Compiling waddling-errors-macros v0.7.3 (/opt/rustwide/workdir)
[INFO] [stderr]    Compiling ctor v0.6.3
[INFO] [stderr]    Compiling critical-section v1.2.0
[INFO] [stderr]    Compiling glob v0.3.3
[INFO] [stderr]    Compiling toml_parser v1.0.6+spec-1.1.0
[INFO] [stderr]    Compiling linked_list_allocator v0.10.5
[INFO] [stderr]    Compiling embedded-alloc v0.5.1
[INFO] [stderr]    Compiling syn v2.0.111
[INFO] [stderr]    Compiling serde_core v1.0.228
[INFO] [stderr]    Compiling toml v0.9.10+spec-1.1.0
[INFO] [stderr]    Compiling serde v1.0.228
[INFO] [stderr]    Compiling trybuild v1.0.114
[INFO] [stderr]    Compiling waddling-errors v0.7.2
[INFO] [stdout] error: 
[INFO] [stdout]        
[INFO] [stdout]        ❌ This example requires the 'metadata' feature!
[INFO] [stdout]        
[INFO] [stdout]        Run with: cargo run --example test_compile_time_hash --features metadata,hash
[INFO] [stdout]        
[INFO] [stdout]   --> examples/test_compile_time_hash.rs:25:1
[INFO] [stdout]    |
[INFO] [stdout] 25 | / compile_error!(
[INFO] [stdout] 26 | |     "\n\n\
[INFO] [stdout] 27 | |     ❌ This example requires the 'metadata' feature!\n\
[INFO] [stdout] 28 | |     \n\
[INFO] [stdout] 29 | |     Run with: cargo run --example test_compile_time_hash --features metadata,hash\n\
[INFO] [stdout] 30 | |     "
[INFO] [stdout] 31 | | );
[INFO] [stdout]    | |_^
[INFO] [stdout] 
[INFO] [stdout] 
[INFO] [stdout] error: 
[INFO] [stdout]        
[INFO] [stdout]        ❌ This example requires the 'metadata' feature!
[INFO] [stdout]        
[INFO] [stdout]        Run with: cargo run --example test_sequence_value --features metadata
[INFO] [stdout]        
[INFO] [stdout]   --> examples/test_sequence_value.rs:22:1
[INFO] [stdout]    |
[INFO] [stdout] 22 | / compile_error!(
[INFO] [stdout] 23 | |     "\n\n\
[INFO] [stdout] 24 | |     ❌ This example requires the 'metadata' feature!\n\
[INFO] [stdout] 25 | |     \n\
[INFO] [stdout] 26 | |     Run with: cargo run --example test_sequence_value --features metadata\n\
[INFO] [stdout] 27 | |     "
[INFO] [stdout] 28 | | );
[INFO] [stdout]    | |_^
[INFO] [stdout] 
[INFO] [stdout] 
[INFO] [stdout] error: 
[INFO] [stdout]        
[INFO] [stdout]        ❌ This example requires the 'metadata' feature!
[INFO] [stdout]        
[INFO] [stdout]        The diag! macro generates DiagnosticRuntime structs that include
[INFO] [stdout]        role-gated fields (hints_runtime_gated, hints_both_gated, etc.)
[INFO] [stdout]        which are only compiled when the 'metadata' feature is enabled.
[INFO] [stdout]        
[INFO] [stdout]        Run this example with:
[INFO] [stdout]        
[INFO] [stdout]        cargo run --example sequence_imports --features metadata
[INFO] [stdout]        
[INFO] [stdout]        Or use --all-features to enable everything:
[INFO] [stdout]        
[INFO] [stdout]        cargo run --example sequence_imports --all-features
[INFO] [stdout]        
[INFO] [stdout]   --> examples/sequence_imports.rs:25:1
[INFO] [stdout]    |
[INFO] [stdout] 25 | / compile_error!(
[INFO] [stdout] 26 | |     "\n\n\
[INFO] [stdout] 27 | |     ❌ This example requires the 'metadata' feature!\n\
[INFO] [stdout] 28 | |     \n\
[INFO] [stdout] ...  |
[INFO] [stdout] 40 | |     "
[INFO] [stdout] 41 | | );
[INFO] [stdout]    | |_^
[INFO] [stdout] 
[INFO] [stdout] 
[INFO] [stdout] error: 
[INFO] [stdout]        
[INFO] [stdout]        ❌ This example requires the 'metadata' feature!
[INFO] [stdout]        
[INFO] [stdout]        The diag! macro generates DiagnosticRuntime structs that include
[INFO] [stdout]        role-gated fields (hints_runtime_gated, hints_both_gated, etc.)
[INFO] [stdout]        which are only compiled when the 'metadata' feature is enabled.
[INFO] [stdout]        
[INFO] [stdout]        Run this example with:
[INFO] [stdout]        
[INFO] [stdout]        cargo run --example component_location_security --features metadata,doc-gen
[INFO] [stdout]        
[INFO] [stdout]        Or use --all-features to enable everything:
[INFO] [stdout]        
[INFO] [stdout]        cargo run --example component_location_security --all-features
[INFO] [stdout]        
[INFO] [stdout]   --> examples/component_location_security.rs:21:1
[INFO] [stdout]    |
[INFO] [stdout] 21 | / compile_error!(
[INFO] [stdout] 22 | |     "\n\n\
[INFO] [stdout] 23 | |     ❌ This example requires the 'metadata' feature!\n\
[INFO] [stdout] 24 | |     \n\
[INFO] [stdout] ...  |
[INFO] [stdout] 36 | |     "
[INFO] [stdout] 37 | | );
[INFO] [stdout]    | |_^
[INFO] [stdout] 
[INFO] [stdout] 
[INFO] [stdout] error: 
[INFO] [stdout]        
[INFO] [stdout]        ❌ This example requires both 'metadata' and 'doc-gen' features!
[INFO] [stdout]        
[INFO] [stdout]        Run with:
[INFO] [stdout]        cargo run --example component_location_standalone --features metadata,doc-gen
[INFO] [stdout]        
[INFO] [stdout]   --> examples/component_location_standalone.rs:20:1
[INFO] [stdout]    |
[INFO] [stdout] 20 | / compile_error!(
[INFO] [stdout] 21 | |     "\n\n\
[INFO] [stdout] 22 | |     ❌ This example requires both 'metadata' and 'doc-gen' features!\n\
[INFO] [stdout] 23 | |     \n\
[INFO] [stdout] ...  |
[INFO] [stdout] 26 | |     "
[INFO] [stdout] 27 | | );
[INFO] [stdout]    | |_^
[INFO] [stdout] 
[INFO] [stdout] 
[INFO] [stdout] error: 
[INFO] [stdout]        
[INFO] [stdout]        ❌ This example requires 'metadata', 'doc-gen', and 'auto-register' features!
[INFO] [stdout]        
[INFO] [stdout]        Run with:
[INFO] [stdout]        cargo run --example custom_xml_renderer --features metadata,doc-gen,auto-register
[INFO] [stdout]        
[INFO] [stdout]        Or use --all-features to enable everything:
[INFO] [stdout]        cargo run --example custom_xml_renderer --all-features
[INFO] [stdout]        
[INFO] [stdout]   --> examples/custom_xml_renderer.rs:25:1
[INFO] [stdout]    |
[INFO] [stdout] 25 | / compile_error!(
[INFO] [stdout] 26 | |     "\n\n\
[INFO] [stdout] 27 | |     ❌ This example requires 'metadata', 'doc-gen', and 'auto-register' features!\n\
[INFO] [stdout] 28 | |     \n\
[INFO] [stdout] ...  |
[INFO] [stdout] 34 | |     "
[INFO] [stdout] 35 | | );
[INFO] [stdout]    | |_^
[INFO] [stdout] 
[INFO] [stdout] 
[INFO] [stdout] error: 
[INFO] [stdout]        
[INFO] [stdout]        ❌ This example requires 'metadata' features!
[INFO] [stdout]        
[INFO] [stdout]        Run with:
[INFO] [stdout]        cargo run --example browser_server_catalog --features metadata
[INFO] [stdout]        
[INFO] [stdout]   --> examples/browser_server_catalog.rs:52:1
[INFO] [stdout]    |
[INFO] [stdout] 52 | / compile_error!(
[INFO] [stdout] 53 | |     "\n\n\
[INFO] [stdout] 54 | |     ❌ This example requires 'metadata' features!\n\
[INFO] [stdout] 55 | |     \n\
[INFO] [stdout] ...  |
[INFO] [stdout] 58 | |     "
[INFO] [stdout] 59 | | );
[INFO] [stdout]    | |_^
[INFO] [stdout] 
[INFO] [stdout] 
[INFO] [stderr] error: could not compile `waddling-errors-macros` (example "component_location_standalone") due to 1 previous error
[INFO] [stderr] warning: build failed, waiting for other jobs to finish...
[INFO] [stderr] error: could not compile `waddling-errors-macros` (example "custom_xml_renderer") due to 1 previous error
[INFO] [stderr] error: could not compile `waddling-errors-macros` (example "component_location_security") due to 1 previous error
[INFO] [stdout] error[E0063]: missing fields `hints_both_gated`, `hints_runtime_gated`, `related_codes_gated` and 1 other field in initializer of `DiagnosticRuntime`
[INFO] [stdout]    --> examples/test_compile_time_hash.rs:102:1
[INFO] [stdout]     |
[INFO] [stdout] 102 | / diag! {
[INFO] [stdout] 103 | |     strict(component, primary, sequence, naming, duplicates, sequence_values, string_values),
[INFO] [stdout] 104 | |     E.Auth.Token.SEQ001: {
[INFO] [stdout] 105 | |         message: "Standard error code",
[INFO] [stdout] 106 | |     }
[INFO] [stdout] 107 | | }
[INFO] [stdout]     | |_^ missing `hints_both_gated`, `hints_runtime_gated`, `related_codes_gated` and 1 other field
[INFO] [stdout]     |
[INFO] [stdout]     = note: this error originates in the macro `diag` (in Nightly builds, run with -Z macro-backtrace for more info)
[INFO] [stdout] 
[INFO] [stdout] 
[INFO] [stderr] error: could not compile `waddling-errors-macros` (example "browser_server_catalog") due to 1 previous error
[INFO] [stdout] error[E0063]: missing fields `hints_both_gated`, `hints_runtime_gated`, `related_codes_gated` and 1 other field in initializer of `DiagnosticRuntime`
[INFO] [stdout]    --> examples/test_compile_time_hash.rs:110:1
[INFO] [stdout]     |
[INFO] [stdout] 110 | / diag! {
[INFO] [stdout] 111 | |     strict(component, primary, sequence, naming, duplicates, sequence_values, string_values),
[INFO] [stdout] 112 | |     W.Database.Connection.SEQ027: {
[INFO] [stdout] 113 | |         message: "Warning with extended components",
[INFO] [stdout] 114 | |     }
[INFO] [stdout] 115 | | }
[INFO] [stdout]     | |_^ missing `hints_both_gated`, `hints_runtime_gated`, `related_codes_gated` and 1 other field
[INFO] [stdout]     |
[INFO] [stdout]     = note: this error originates in the macro `diag` (in Nightly builds, run with -Z macro-backtrace for more info)
[INFO] [stdout] 
[INFO] [stdout] 
[INFO] [stdout] error[E0063]: missing fields `hints_both_gated`, `hints_runtime_gated`, `related_codes_gated` and 1 other field in initializer of `DiagnosticRuntime`
[INFO] [stdout]    --> examples/test_compile_time_hash.rs:118:1
[INFO] [stdout]     |
[INFO] [stdout] 118 | / diag! {
[INFO] [stdout] 119 | |     strict(component, primary, sequence, naming, duplicates, sequence_values, string_values),
[INFO] [stdout] 120 | |     E.A.B.SEQ001: {
[INFO] [stdout] 121 | |         message: "Minimal valid code",
[INFO] [stdout] 122 | |     }
[INFO] [stdout] 123 | | }
[INFO] [stdout]     | |_^ missing `hints_both_gated`, `hints_runtime_gated`, `related_codes_gated` and 1 other field
[INFO] [stdout]     |
[INFO] [stdout]     = note: this error originates in the macro `diag` (in Nightly builds, run with -Z macro-backtrace for more info)
[INFO] [stdout] 
[INFO] [stdout] 
[INFO] [stdout] error[E0063]: missing fields `hints_both_gated`, `hints_runtime_gated`, `related_codes_gated` and 1 other field in initializer of `DiagnosticRuntime`
[INFO] [stdout]    --> examples/test_compile_time_hash.rs:126:1
[INFO] [stdout]     |
[INFO] [stdout] 126 | / diag! {
[INFO] [stdout] 127 | |     strict(component, primary, sequence, naming, duplicates, sequence_values, string_values),
[INFO] [stdout] 128 | |     I.Http.Request.SEQ001: {
[INFO] [stdout] 129 | |         message: "Info severity",
[INFO] [stdout] 130 | |     }
[INFO] [stdout] 131 | | }
[INFO] [stdout]     | |_^ missing `hints_both_gated`, `hints_runtime_gated`, `related_codes_gated` and 1 other field
[INFO] [stdout]     |
[INFO] [stdout]     = note: this error originates in the macro `diag` (in Nightly builds, run with -Z macro-backtrace for more info)
[INFO] [stdout] 
[INFO] [stdout] 
[INFO] [stdout] error[E0063]: missing fields `hints_both_gated`, `hints_runtime_gated`, `related_codes_gated` and 1 other field in initializer of `DiagnosticRuntime`
[INFO] [stdout]    --> examples/test_compile_time_hash.rs:134:1
[INFO] [stdout]     |
[INFO] [stdout] 134 | / diag! {
[INFO] [stdout] 135 | |     strict(component, primary, sequence, naming, duplicates, sequence_values, string_values),
[INFO] [stdout] 136 | |     E.Auth.Token.SEQ002: {
[INFO] [stdout] 137 | |         message: "Sequential codes produce different hashes",
[INFO] [stdout] 138 | |     }
[INFO] [stdout] 139 | | }
[INFO] [stdout]     | |_^ missing `hints_both_gated`, `hints_runtime_gated`, `related_codes_gated` and 1 other field
[INFO] [stdout]     |
[INFO] [stdout]     = note: this error originates in the macro `diag` (in Nightly builds, run with -Z macro-backtrace for more info)
[INFO] [stdout] 
[INFO] [stdout] 
[INFO] [stdout] error[E0063]: missing fields `hints_both_gated`, `hints_runtime_gated`, `related_codes_gated` and 1 other field in initializer of `DiagnosticRuntime`
[INFO] [stdout]    --> examples/test_sequence_value.rs:94:1
[INFO] [stdout]     |
[INFO] [stdout]  94 | / diag! {
[INFO] [stdout]  95 | |     strict(component, primary, sequence, naming, duplicates, sequence_values, string_values),
[INFO] [stdout]  96 | |     E.Auth.Token.TOKEN_EXPIRED: {
[INFO] [stdout]  97 | |         message: "Your session has expired",
[INFO] [stdout] ...   |
[INFO] [stdout] 110 | |     },
[INFO] [stdout] 111 | | }
[INFO] [stdout]     | |_^ missing `hints_both_gated`, `hints_runtime_gated`, `related_codes_gated` and 1 other field
[INFO] [stdout]     |
[INFO] [stdout]     = note: this error originates in the macro `diag` (in Nightly builds, run with -Z macro-backtrace for more info)
[INFO] [stdout] 
[INFO] [stdout] 
[INFO] [stdout] error[E0425]: cannot find function `lookup_sequence_metadata` in this scope
[INFO] [stdout]    --> examples/sequence_imports.rs:163:29
[INFO] [stdout]     |
[INFO] [stdout] 163 |         if let Some(meta) = lookup_sequence_metadata(8) {
[INFO] [stdout]     |                             ^^^^^^^^^^^^^^^^^^^^^^^^ not found in this scope
[INFO] [stdout]     |
[INFO] [stdout] note: similarly named function `lookup_sequence_name` defined here
[INFO] [stdout]    --> examples/sequence_imports.rs:118:5
[INFO] [stdout]     |
[INFO] [stdout] 118 |     sequence! {
[INFO] [stdout]     |     ^^^^^^^^^
[INFO] [stdout]     = note: this error originates in the macro `sequence` (in Nightly builds, run with -Z macro-backtrace for more info)
[INFO] [stdout] help: a function with a similar name exists
[INFO] [stdout]     |
[INFO] [stdout] 163 -         if let Some(meta) = lookup_sequence_metadata(8) {
[INFO] [stdout] 163 +         if let Some(meta) = lookup_sequence_name(8) {
[INFO] [stdout]     |
[INFO] [stdout] 
[INFO] [stdout] 
[INFO] [stdout] warning: unused import: `waddling_errors::registry`
[INFO] [stdout]   --> examples/complete_macro_system/main.rs:40:5
[INFO] [stdout]    |
[INFO] [stdout] 40 | use waddling_errors::registry;
[INFO] [stdout]    |     ^^^^^^^^^^^^^^^^^^^^^^^^^
[INFO] [stdout]    |
[INFO] [stdout]    = note: `#[warn(unused_imports)]` (part of `#[warn(unused)]`) on by default
[INFO] [stdout] 
[INFO] [stdout] 
[INFO] [stdout] For more information about this error, try `rustc --explain E0063`.
[INFO] [stdout] 
[INFO] [stdout] error[E0425]: cannot find function `lookup_sequence_metadata` in this scope
[INFO] [stdout]    --> examples/sequence_imports.rs:327:29
[INFO] [stdout]     |
[INFO] [stdout] 327 |         if let Some(meta) = lookup_sequence_metadata(1) {
[INFO] [stdout]     |                             ^^^^^^^^^^^^^^^^^^^^^^^^ not found in this scope
[INFO] [stdout]     |
[INFO] [stdout] note: similarly named function `lookup_sequence_name` defined here
[INFO] [stdout]    --> examples/sequence_imports.rs:284:5
[INFO] [stdout]     |
[INFO] [stdout] 284 |     sequence! {
[INFO] [stdout]     |     ^^^^^^^^^
[INFO] [stdout]     = note: this error originates in the macro `sequence` (in Nightly builds, run with -Z macro-backtrace for more info)
[INFO] [stdout] help: a function with a similar name exists
[INFO] [stdout]     |
[INFO] [stdout] 327 -         if let Some(meta) = lookup_sequence_metadata(1) {
[INFO] [stdout] 327 +         if let Some(meta) = lookup_sequence_name(1) {
[INFO] [stdout]     |
[INFO] [stdout] 
[INFO] [stdout] 
[INFO] [stdout] error[E0425]: cannot find function `lookup_sequence_metadata` in this scope
[INFO] [stdout]    --> examples/sequence_imports.rs:330:29
[INFO] [stdout]     |
[INFO] [stdout] 330 |         if let Some(meta) = lookup_sequence_metadata(8) {
[INFO] [stdout]     |                             ^^^^^^^^^^^^^^^^^^^^^^^^ not found in this scope
[INFO] [stdout]     |
[INFO] [stdout] note: similarly named function `lookup_sequence_name` defined here
[INFO] [stdout]    --> examples/sequence_imports.rs:284:5
[INFO] [stdout]     |
[INFO] [stdout] 284 |     sequence! {
[INFO] [stdout]     |     ^^^^^^^^^
[INFO] [stdout]     = note: this error originates in the macro `sequence` (in Nightly builds, run with -Z macro-backtrace for more info)
[INFO] [stdout] help: a function with a similar name exists
[INFO] [stdout]     |
[INFO] [stdout] 330 -         if let Some(meta) = lookup_sequence_metadata(8) {
[INFO] [stdout] 330 +         if let Some(meta) = lookup_sequence_name(8) {
[INFO] [stdout]     |
[INFO] [stdout] 
[INFO] [stdout] 
[INFO] [stdout] error[E0425]: cannot find function `lookup_sequence_metadata` in this scope
[INFO] [stdout]    --> examples/sequence_imports.rs:333:29
[INFO] [stdout]     |
[INFO] [stdout] 333 |         if let Some(meta) = lookup_sequence_metadata(25) {
[INFO] [stdout]     |                             ^^^^^^^^^^^^^^^^^^^^^^^^ not found in this scope
[INFO] [stdout]     |
[INFO] [stdout] note: similarly named function `lookup_sequence_name` defined here
[INFO] [stdout]    --> examples/sequence_imports.rs:284:5
[INFO] [stdout]     |
[INFO] [stdout] 284 |     sequence! {
[INFO] [stdout]     |     ^^^^^^^^^
[INFO] [stdout]     = note: this error originates in the macro `sequence` (in Nightly builds, run with -Z macro-backtrace for more info)
[INFO] [stdout] help: a function with a similar name exists
[INFO] [stdout]     |
[INFO] [stdout] 333 -         if let Some(meta) = lookup_sequence_metadata(25) {
[INFO] [stdout] 333 +         if let Some(meta) = lookup_sequence_name(25) {
[INFO] [stdout]     |
[INFO] [stdout] 
[INFO] [stdout] 
[INFO] [stderr] error: could not compile `waddling-errors-macros` (example "test_compile_time_hash") due to 6 previous errors
[INFO] [stdout] For more information about this error, try `rustc --explain E0425`.
[INFO] [stdout] 
[INFO] [stderr] error: could not compile `waddling-errors-macros` (example "sequence_imports") due to 5 previous errors
[INFO] [stdout] For more information about this error, try `rustc --explain E0063`.
[INFO] [stdout] 
[INFO] [stderr] error: could not compile `waddling-errors-macros` (example "test_sequence_value") due to 2 previous errors
[INFO] [stdout] error[E0063]: missing fields `hints_both_gated`, `hints_runtime_gated`, `related_codes_gated` and 1 other field in initializer of `DiagnosticRuntime`
[INFO] [stdout]    --> examples/complete_macro_system/components/api.rs:27:1
[INFO] [stdout]     |
[INFO] [stdout]  27 | / diag! {
[INFO] [stdout]  28 | |     <json, html>,
[INFO] [stdout] ...   |
[INFO] [stdout] 106 | |     },
[INFO] [stdout] 107 | | }
[INFO] [stdout]     | |_^ missing `hints_both_gated`, `hints_runtime_gated`, `related_codes_gated` and 1 other field
[INFO] [stdout]     |
[INFO] [stdout]     = note: this error originates in the macro `diag` (in Nightly builds, run with -Z macro-backtrace for more info)
[INFO] [stdout] 
[INFO] [stdout] 
[INFO] [stdout] error[E0063]: missing fields `hints_both_gated`, `hints_runtime_gated`, `related_codes_gated` and 1 other field in initializer of `DiagnosticRuntime`
[INFO] [stdout]    --> examples/complete_macro_system/components/auth.rs:28:1
[INFO] [stdout]     |
[INFO] [stdout]  28 | / diag! {
[INFO] [stdout]  29 | |     <json, html>,
[INFO] [stdout] ...   |
[INFO] [stdout] 125 | |     },
[INFO] [stdout] 126 | | }
[INFO] [stdout]     | |_^ missing `hints_both_gated`, `hints_runtime_gated`, `related_codes_gated` and 1 other field
[INFO] [stdout]     |
[INFO] [stdout]     = note: this error originates in the macro `diag` (in Nightly builds, run with -Z macro-backtrace for more info)
[INFO] [stdout] 
[INFO] [stdout] 
[INFO] [stdout] error[E0063]: missing fields `hints_both_gated`, `hints_runtime_gated`, `related_codes_gated` and 1 other field in initializer of `DiagnosticRuntime`
[INFO] [stdout]   --> examples/complete_macro_system/components/cache.rs:28:1
[INFO] [stdout]    |
[INFO] [stdout] 28 | / diag! {
[INFO] [stdout] 29 | |     <json, html>,
[INFO] [stdout] ...  |
[INFO] [stdout] 89 | |     },
[INFO] [stdout] 90 | | }
[INFO] [stdout]    | |_^ missing `hints_both_gated`, `hints_runtime_gated`, `related_codes_gated` and 1 other field
[INFO] [stdout]    |
[INFO] [stdout]    = note: this error originates in the macro `diag` (in Nightly builds, run with -Z macro-backtrace for more info)
[INFO] [stdout] 
[INFO] [stdout] 
[INFO] [stdout] error[E0063]: missing fields `hints_both_gated`, `hints_runtime_gated`, `related_codes_gated` and 1 other field in initializer of `DiagnosticRuntime`
[INFO] [stdout]    --> examples/complete_macro_system/components/database.rs:28:1
[INFO] [stdout]     |
[INFO] [stdout]  28 | / diag! {
[INFO] [stdout]  29 | |     <json, html>,
[INFO] [stdout] ...   |
[INFO] [stdout] 130 | |     },
[INFO] [stdout] 131 | | }
[INFO] [stdout]     | |_^ missing `hints_both_gated`, `hints_runtime_gated`, `related_codes_gated` and 1 other field
[INFO] [stdout]     |
[INFO] [stdout]     = note: this error originates in the macro `diag` (in Nightly builds, run with -Z macro-backtrace for more info)
[INFO] [stdout] 
[INFO] [stdout] 
[INFO] [stdout] error[E0063]: missing fields `hints_both_gated`, `hints_runtime_gated`, `related_codes_gated` and 1 other field in initializer of `DiagnosticRuntime`
[INFO] [stdout]    --> examples/complete_macro_system/components/navigation.rs:26:1
[INFO] [stdout]     |
[INFO] [stdout]  26 | / diag! {
[INFO] [stdout]  27 | |     <json, html>,
[INFO] [stdout] ...   |
[INFO] [stdout] 120 | |     },
[INFO] [stdout] 121 | | }
[INFO] [stdout]     | |_^ missing `hints_both_gated`, `hints_runtime_gated`, `related_codes_gated` and 1 other field
[INFO] [stdout]     |
[INFO] [stdout]     = note: this error originates in the macro `diag` (in Nightly builds, run with -Z macro-backtrace for more info)
[INFO] [stdout] 
[INFO] [stdout] 
[INFO] [stdout] error[E0063]: missing fields `hints_both_gated`, `hints_runtime_gated`, `related_codes_gated` and 1 other field in initializer of `DiagnosticRuntime`
[INFO] [stdout]    --> examples/complete_macro_system/components/queue.rs:28:1
[INFO] [stdout]     |
[INFO] [stdout]  28 | / diag! {
[INFO] [stdout]  29 | |     <json, html>,
[INFO] [stdout] ...   |
[INFO] [stdout] 109 | |     },
[INFO] [stdout] 110 | | }
[INFO] [stdout]     | |_^ missing `hints_both_gated`, `hints_runtime_gated`, `related_codes_gated` and 1 other field
[INFO] [stdout]     |
[INFO] [stdout]     = note: this error originates in the macro `diag` (in Nightly builds, run with -Z macro-backtrace for more info)
[INFO] [stdout] 
[INFO] [stdout] 
[INFO] [stdout] error[E0063]: missing fields `hints_both_gated`, `hints_runtime_gated`, `related_codes_gated` and 1 other field in initializer of `DiagnosticRuntime`
[INFO] [stdout]    --> examples/complete_macro_system/components/storage.rs:28:1
[INFO] [stdout]     |
[INFO] [stdout]  28 | / diag! {
[INFO] [stdout]  29 | |     <json, html>,
[INFO] [stdout] ...   |
[INFO] [stdout] 119 | |     },
[INFO] [stdout] 120 | | }
[INFO] [stdout]     | |_^ missing `hints_both_gated`, `hints_runtime_gated`, `related_codes_gated` and 1 other field
[INFO] [stdout]     |
[INFO] [stdout]     = note: this error originates in the macro `diag` (in Nightly builds, run with -Z macro-backtrace for more info)
[INFO] [stdout] 
[INFO] [stdout] 
[INFO] [stdout] For more information about this error, try `rustc --explain E0063`.
[INFO] [stdout] 
[INFO] [stderr] error: could not compile `waddling-errors-macros` (example "complete_macro_system") due to 7 previous errors; 1 warning emitted
[INFO] running `Command { std: "docker" "inspect" "cd9b124feea8aa75db4055725a2d65e0d6408b3104675c34868809883f7025b1", kill_on_drop: false }`
[INFO] running `Command { std: "docker" "rm" "-f" "cd9b124feea8aa75db4055725a2d65e0d6408b3104675c34868809883f7025b1", kill_on_drop: false }`
[INFO] [stdout] cd9b124feea8aa75db4055725a2d65e0d6408b3104675c34868809883f7025b1
