[INFO] fetching crate wactor 0.1.1...
[INFO] testing wactor-0.1.1 against 1.100.0-beta.1+cargoflags=--release for beta-release-1.100-2
[INFO] extracting crate wactor 0.1.1 into /workspace/builds/worker-5-tc2/source
[INFO] started tweaking crates.io crate wactor 0.1.1
[INFO] finished tweaking crates.io crate wactor 0.1.1
[INFO] tweaked toml for crates.io crate wactor 0.1.1 written to /workspace/builds/worker-5-tc2/source/Cargo.toml
[INFO] validating manifest of crates.io crate wactor 0.1.1 on toolchain 1.100.0-beta.1
[INFO] running `Command { std: CARGO_HOME="/workspace/cargo-home" RUSTUP_HOME="/workspace/rustup-home" "/workspace/cargo-home/bin/cargo" "+1.100.0-beta.1" "metadata" "--manifest-path" "Cargo.toml" "--no-deps", kill_on_drop: false }`
[INFO] crate crates.io crate wactor 0.1.1 already has a lockfile, it will not be regenerated
[INFO] running `Command { std: CARGO_HOME="/workspace/cargo-home" RUSTUP_HOME="/workspace/rustup-home" "/workspace/cargo-home/bin/cargo" "+1.100.0-beta.1" "fetch" "--manifest-path" "Cargo.toml", kill_on_drop: false }`
[INFO] running `Command { std: "docker" "create" "-v" "/var/lib/crater-agent-workspace/builds/worker-5-tc2/source:/opt/rustwide/workdir:ro,Z" "-v" "/var/lib/crater-agent-workspace/builds/worker-5-tc2/target:/opt/rustwide/target:rw,Z" "-v" "/var/lib/crater-agent-workspace/cargo-home:/opt/rustwide/cargo-home:ro,Z" "-v" "/var/lib/crater-agent-workspace/rustup-home:/opt/rustwide/rustup-home:ro,Z" "-m" "1610612736" "--network" "none" "ghcr.io/rust-lang/crates-build-env/linux@sha256:77db811e55d90add9212f6832c23229e3de5f1c1f9905e8cb07319ea15df73ac" "sleep" "infinity", kill_on_drop: false }`
[INFO] [stdout] b1676c2847ac716b00420548cf18e02ad523f38344a37a79d1cfe379b272b520
[INFO] running `Command { std: "docker" "start" "b1676c2847ac716b00420548cf18e02ad523f38344a37a79d1cfe379b272b520", kill_on_drop: false }`
[INFO] running `Command { std: "docker" "inspect" "b1676c2847ac716b00420548cf18e02ad523f38344a37a79d1cfe379b272b520", kill_on_drop: false }`
[INFO] running `Command { std: "docker" "exec" "-e" "SOURCE_DIR=/opt/rustwide/workdir" "-e" "CARGO_HOME=/opt/rustwide/cargo-home" "-e" "RUSTUP_HOME=/opt/rustwide/rustup-home" "-e" "CARGO_TARGET_DIR=/opt/rustwide/target" "-w" "/opt/rustwide/workdir" "--user" "0:0" "b1676c2847ac716b00420548cf18e02ad523f38344a37a79d1cfe379b272b520" "/opt/rustwide/cargo-home/bin/cargo" "+1.100.0-beta.1" "metadata" "--no-deps" "--format-version=1", kill_on_drop: false }`
[INFO] running `Command { std: "docker" "inspect" "b1676c2847ac716b00420548cf18e02ad523f38344a37a79d1cfe379b272b520", kill_on_drop: false }`
[INFO] running `Command { std: "docker" "exec" "-e" "SOURCE_DIR=/opt/rustwide/workdir" "-e" "CARGO_HOME=/opt/rustwide/cargo-home" "-e" "RUSTUP_HOME=/opt/rustwide/rustup-home" "-e" "CARGO_TARGET_DIR=/opt/rustwide/target" "-e" "CARGO_INCREMENTAL=0" "-e" "RUST_BACKTRACE=full" "-e" "RUSTFLAGS=--cap-lints=warn" "-e" "RUSTDOCFLAGS=--cap-lints=warn" "-w" "/opt/rustwide/workdir" "--user" "0:0" "b1676c2847ac716b00420548cf18e02ad523f38344a37a79d1cfe379b272b520" "/opt/rustwide/cargo-home/bin/cargo" "+1.100.0-beta.1" "build" "--frozen" "--message-format=json" "--release", kill_on_drop: false }`
[INFO] [stderr]    Compiling syn v1.0.64
[INFO] [stderr]    Compiling serde_derive v1.0.124
[INFO] [stderr]    Compiling byteorder v1.3.4
[INFO] [stderr]    Compiling serde v1.0.124
[INFO] [stderr]    Compiling anyhow v1.0.38
[INFO] [stderr]    Compiling thiserror-impl v1.0.24
[INFO] [stderr]    Compiling thiserror v1.0.24
[INFO] [stderr]    Compiling bincode v1.3.2
[INFO] [stderr]    Compiling lunatic v0.3.10
[INFO] [stderr]    Compiling wactor v0.1.1 (/opt/rustwide/workdir)
[INFO] [stderr]     Finished `release` profile [optimized] target(s) in 10.12s
[INFO] running `Command { std: "docker" "inspect" "b1676c2847ac716b00420548cf18e02ad523f38344a37a79d1cfe379b272b520", kill_on_drop: false }`
[INFO] running `Command { std: "docker" "exec" "-e" "SOURCE_DIR=/opt/rustwide/workdir" "-e" "CARGO_HOME=/opt/rustwide/cargo-home" "-e" "RUSTUP_HOME=/opt/rustwide/rustup-home" "-e" "CARGO_TARGET_DIR=/opt/rustwide/target" "-e" "CARGO_INCREMENTAL=0" "-e" "RUST_BACKTRACE=full" "-e" "RUSTFLAGS=--cap-lints=warn" "-e" "RUSTDOCFLAGS=--cap-lints=warn" "-w" "/opt/rustwide/workdir" "--user" "0:0" "b1676c2847ac716b00420548cf18e02ad523f38344a37a79d1cfe379b272b520" "/opt/rustwide/cargo-home/bin/cargo" "+1.100.0-beta.1" "test" "--frozen" "--no-run" "--message-format=json" "--release", kill_on_drop: false }`
[INFO] [stderr]    Compiling wactor v0.1.1 (/opt/rustwide/workdir)
[INFO] [stdout] error: linking with `cc` failed: exit status: 1
[INFO] [stdout]   |
[INFO] [stdout]   = note:  "cc" "-m64" "/opt/rustwide/target/release/build/wactor/5451cce50eee122f/out/rustc8LmCqP/symbols.o" "<3 object files omitted>" "-Wl,--as-needed" "-Wl,-Bstatic" "/opt/rustwide/target/release/build/wactor/670c096b76a5073f/out/libwactor-670c096b76a5073f.rlib" "/opt/rustwide/target/release/build/lunatic/798e5d50ac92b7b1/out/liblunatic-798e5d50ac92b7b1.rlib" "/opt/rustwide/target/release/build/bincode/3ae8650b0c4d160d/out/libbincode-3ae8650b0c4d160d.rlib" "/opt/rustwide/target/release/build/byteorder/fc740102e801d7f0/out/libbyteorder-fc740102e801d7f0.rlib" "/opt/rustwide/target/release/build/anyhow/e6dc5536d0cd70c6/out/libanyhow-e6dc5536d0cd70c6.rlib" "/opt/rustwide/target/release/build/thiserror/db91087d06f5b3a7/out/libthiserror-db91087d06f5b3a7.rlib" "/opt/rustwide/target/release/build/serde/e1cb81c4e2bf27d1/out/libserde-e1cb81c4e2bf27d1.rlib" "<sysroot>/lib/rustlib/x86_64-unknown-linux-gnu/lib/{libstd-*,libpanic_unwind-*,libobject-*,libmemchr-*,libaddr2line-*,libgimli-*,libcfg_if-*,librustc_demangle-*,libstd_detect-*,libhashbrown-*,librustc_std_workspace_alloc-*,libminiz_oxide-*,libadler2-*,libunwind-*,liblibc-*,librustc_std_workspace_core-*,liballoc-*,libcore-*,libcompiler_builtins-*}.rlib" "-Wl,-Bdynamic" "-lgcc_s" "-lutil" "-lrt" "-lpthread" "-lm" "-ldl" "-lc" "-L" "/opt/rustwide/target/release/build/wactor/5451cce50eee122f/out/rustc8LmCqP/raw-dylibs" "-B<sysroot>/lib/rustlib/x86_64-unknown-linux-gnu/bin/gcc-ld" "-fuse-ld=lld" "-Wl,--eh-frame-hdr" "-Wl,-z,noexecstack" "-L" "<sysroot>/lib/rustlib/x86_64-unknown-linux-gnu/lib" "-o" "/opt/rustwide/target/release/build/wactor/5451cce50eee122f/out/basic" "-Wl,--gc-sections" "-pie" "-Wl,-z,relro,-z,now" "-Wl,-O1" "-Wl,--strip-debug" "-nodefaultlibs"
[INFO] [stdout]   = note: some arguments are omitted. use `--verbose` to show all linker arguments
[INFO] [stdout]   = note: rust-lld: error: undefined symbol: receiver_serialize
[INFO] [stdout]           >>> referenced by basic.2380cbcae705f7f0-cgu.0
[INFO] [stdout]           >>>               /opt/rustwide/target/release/build/wactor/5451cce50eee122f/out/basic.basic.2380cbcae705f7f0-cgu.0.rcgu.o:(<lunatic::process::Process>::spawn_with::<(lunatic::channel::receiver::Receiver<basic::Input>, lunatic::channel::sender::Sender<basic::Output>)>)
[INFO] [stdout]           >>> referenced by basic.2380cbcae705f7f0-cgu.0
[INFO] [stdout]           >>>               /opt/rustwide/target/release/build/wactor/5451cce50eee122f/out/basic.basic.2380cbcae705f7f0-cgu.0.rcgu.o:(<lunatic::process::Process>::spawn_with::<(lunatic::channel::receiver::Receiver<basic::Input>, lunatic::channel::sender::Sender<basic::Output>)>)
[INFO] [stdout]           
[INFO] [stdout]           rust-lld: error: undefined symbol: sender_serialize
[INFO] [stdout]           >>> referenced by basic.2380cbcae705f7f0-cgu.0
[INFO] [stdout]           >>>               /opt/rustwide/target/release/build/wactor/5451cce50eee122f/out/basic.basic.2380cbcae705f7f0-cgu.0.rcgu.o:(<lunatic::process::Process>::spawn_with::<(lunatic::channel::receiver::Receiver<basic::Input>, lunatic::channel::sender::Sender<basic::Output>)>)
[INFO] [stdout]           >>> referenced by basic.2380cbcae705f7f0-cgu.0
[INFO] [stdout]           >>>               /opt/rustwide/target/release/build/wactor/5451cce50eee122f/out/basic.basic.2380cbcae705f7f0-cgu.0.rcgu.o:(<lunatic::process::Process>::spawn_with::<(lunatic::channel::receiver::Receiver<basic::Input>, lunatic::channel::sender::Sender<basic::Output>)>)
[INFO] [stdout]           
[INFO] [stdout]           rust-lld: error: undefined symbol: spawn_with_context
[INFO] [stdout]           >>> referenced by basic.2380cbcae705f7f0-cgu.0
[INFO] [stdout]           >>>               /opt/rustwide/target/release/build/wactor/5451cce50eee122f/out/basic.basic.2380cbcae705f7f0-cgu.0.rcgu.o:(<lunatic::process::Process>::spawn_with::<(lunatic::channel::receiver::Receiver<basic::Input>, lunatic::channel::sender::Sender<basic::Output>)>)
[INFO] [stdout]           
[INFO] [stdout]           rust-lld: error: undefined symbol: channel
[INFO] [stdout]           >>> referenced by basic.2380cbcae705f7f0-cgu.0
[INFO] [stdout]           >>>               /opt/rustwide/target/release/build/wactor/5451cce50eee122f/out/basic.basic.2380cbcae705f7f0-cgu.0.rcgu.o:(lunatic::channel::unbounded::<basic::Input>)
[INFO] [stdout]           
[INFO] [stdout]           rust-lld: error: undefined symbol: channel_send
[INFO] [stdout]           >>> referenced by basic.2380cbcae705f7f0-cgu.0
[INFO] [stdout]           >>>               /opt/rustwide/target/release/build/wactor/5451cce50eee122f/out/basic.basic.2380cbcae705f7f0-cgu.0.rcgu.o:(basic::main)
[INFO] [stdout]           >>> referenced by basic.2380cbcae705f7f0-cgu.1
[INFO] [stdout]           >>>               /opt/rustwide/target/release/build/wactor/5451cce50eee122f/out/basic.basic.2380cbcae705f7f0-cgu.1.rcgu.o:(<wactor::spawn<basic::Counter>::{closure#0} as core::ops::function::FnOnce<((lunatic::channel::receiver::Receiver<basic::Input>, lunatic::channel::sender::Sender<basic::Output>),)>>::call_once (.llvm.7228219979047006641))
[INFO] [stdout]           
[INFO] [stdout]           rust-lld: error: undefined symbol: sender_deserialize
[INFO] [stdout]           >>> referenced by basic.2380cbcae705f7f0-cgu.1
[INFO] [stdout]           >>>               /opt/rustwide/target/release/build/wactor/5451cce50eee122f/out/basic.basic.2380cbcae705f7f0-cgu.1.rcgu.o:(<lunatic::channel::sender::Sender<basic::Output> as serde::de::Deserialize>::deserialize::<&mut bincode::de::Deserializer<bincode::de::read::SliceReader, bincode::config::WithOtherLimit<bincode::config::WithOtherTrailing<bincode::config::WithOtherIntEncoding<bincode::config::DefaultOptions, bincode::config::int::FixintEncoding>, bincode::config::trailing::AllowTrailing>, bincode::config::limit::Infinite>>>)
[INFO] [stdout]           
[INFO] [stdout]           rust-lld: error: undefined symbol: receiver_deserialize
[INFO] [stdout]           >>> referenced by basic.2380cbcae705f7f0-cgu.1
[INFO] [stdout]           >>>               /opt/rustwide/target/release/build/wactor/5451cce50eee122f/out/basic.basic.2380cbcae705f7f0-cgu.1.rcgu.o:(<lunatic::channel::receiver::Receiver<basic::Input> as serde::de::Deserialize>::deserialize::<&mut bincode::de::Deserializer<bincode::de::read::SliceReader, bincode::config::WithOtherLimit<bincode::config::WithOtherTrailing<bincode::config::WithOtherIntEncoding<bincode::config::DefaultOptions, bincode::config::int::FixintEncoding>, bincode::config::trailing::AllowTrailing>, bincode::config::limit::Infinite>>>)
[INFO] [stdout]           
[INFO] [stdout]           rust-lld: error: undefined symbol: channel_receive_prepare
[INFO] [stdout]           >>> referenced by basic.2380cbcae705f7f0-cgu.1
[INFO] [stdout]           >>>               /opt/rustwide/target/release/build/wactor/5451cce50eee122f/out/basic.basic.2380cbcae705f7f0-cgu.1.rcgu.o:(<lunatic::channel::receiver::Receiver<lunatic::process::Context<(lunatic::channel::receiver::Receiver<basic::Input>, lunatic::channel::sender::Sender<basic::Output>)>>>::receive)
[INFO] [stdout]           >>> referenced by basic.2380cbcae705f7f0-cgu.1
[INFO] [stdout]           >>>               /opt/rustwide/target/release/build/wactor/5451cce50eee122f/out/basic.basic.2380cbcae705f7f0-cgu.1.rcgu.o:(<lunatic::channel::receiver::Receiver<basic::Output>>::receive)
[INFO] [stdout]           >>> referenced by basic.2380cbcae705f7f0-cgu.1
[INFO] [stdout]           >>>               /opt/rustwide/target/release/build/wactor/5451cce50eee122f/out/basic.basic.2380cbcae705f7f0-cgu.1.rcgu.o:(<wactor::spawn<basic::Counter>::{closure#0} as core::ops::function::FnOnce<((lunatic::channel::receiver::Receiver<basic::Input>, lunatic::channel::sender::Sender<basic::Output>),)>>::call_once (.llvm.7228219979047006641))
[INFO] [stdout]           >>> referenced 1 more times
[INFO] [stdout]           
[INFO] [stdout]           rust-lld: error: undefined symbol: channel_receive
[INFO] [stdout]           >>> referenced by basic.2380cbcae705f7f0-cgu.1
[INFO] [stdout]           >>>               /opt/rustwide/target/release/build/wactor/5451cce50eee122f/out/basic.basic.2380cbcae705f7f0-cgu.1.rcgu.o:(<lunatic::channel::receiver::Receiver<lunatic::process::Context<(lunatic::channel::receiver::Receiver<basic::Input>, lunatic::channel::sender::Sender<basic::Output>)>>>::receive)
[INFO] [stdout]           >>> referenced by basic.2380cbcae705f7f0-cgu.1
[INFO] [stdout]           >>>               /opt/rustwide/target/release/build/wactor/5451cce50eee122f/out/basic.basic.2380cbcae705f7f0-cgu.1.rcgu.o:(<lunatic::channel::receiver::Receiver<basic::Output>>::receive)
[INFO] [stdout]           >>> referenced by basic.2380cbcae705f7f0-cgu.1
[INFO] [stdout]           >>>               /opt/rustwide/target/release/build/wactor/5451cce50eee122f/out/basic.basic.2380cbcae705f7f0-cgu.1.rcgu.o:(<wactor::spawn<basic::Counter>::{closure#0} as core::ops::function::FnOnce<((lunatic::channel::receiver::Receiver<basic::Input>, lunatic::channel::sender::Sender<basic::Output>),)>>::call_once (.llvm.7228219979047006641))
[INFO] [stdout]           
[INFO] [stdout]           rust-lld: error: undefined symbol: drop_last_message
[INFO] [stdout]           >>> referenced by basic.2380cbcae705f7f0-cgu.1
[INFO] [stdout]           >>>               /opt/rustwide/target/release/build/wactor/5451cce50eee122f/out/basic.basic.2380cbcae705f7f0-cgu.1.rcgu.o:(<lunatic::channel::receiver::Receiver<lunatic::process::Context<(lunatic::channel::receiver::Receiver<basic::Input>, lunatic::channel::sender::Sender<basic::Output>)>>>::receive)
[INFO] [stdout]           >>> referenced by basic.2380cbcae705f7f0-cgu.1
[INFO] [stdout]           >>>               /opt/rustwide/target/release/build/wactor/5451cce50eee122f/out/basic.basic.2380cbcae705f7f0-cgu.1.rcgu.o:(<lunatic::channel::receiver::Receiver<basic::Output>>::receive)
[INFO] [stdout]           >>> referenced by basic.2380cbcae705f7f0-cgu.1
[INFO] [stdout]           >>>               /opt/rustwide/target/release/build/wactor/5451cce50eee122f/out/basic.basic.2380cbcae705f7f0-cgu.1.rcgu.o:(<wactor::spawn<basic::Counter>::{closure#0} as core::ops::function::FnOnce<((lunatic::channel::receiver::Receiver<basic::Input>, lunatic::channel::sender::Sender<basic::Output>),)>>::call_once (.llvm.7228219979047006641))
[INFO] [stdout]           
[INFO] [stdout]           rust-lld: error: undefined symbol: detach_process
[INFO] [stdout]           >>> referenced by lunatic.f1c4c63f1ef9dbea-cgu.0
[INFO] [stdout]           >>>               lunatic-798e5d50ac92b7b1.lunatic.f1c4c63f1ef9dbea-cgu.0.rcgu.o:(<lunatic::process::Process>::detach) in archive /opt/rustwide/target/release/build/lunatic/798e5d50ac92b7b1/out/liblunatic-798e5d50ac92b7b1.rlib
[INFO] [stdout]           
[INFO] [stdout]           rust-lld: error: undefined symbol: close_sender
[INFO] [stdout]           >>> referenced by lunatic.f1c4c63f1ef9dbea-cgu.0
[INFO] [stdout]           >>>               lunatic-798e5d50ac92b7b1.lunatic.f1c4c63f1ef9dbea-cgu.0.rcgu.o:(<lunatic::channel::sender::SenderInner as core::ops::drop::Drop>::drop) in archive /opt/rustwide/target/release/build/lunatic/798e5d50ac92b7b1/out/liblunatic-798e5d50ac92b7b1.rlib
[INFO] [stdout]           
[INFO] [stdout]           rust-lld: error: undefined symbol: close_receiver
[INFO] [stdout]           >>> referenced by lunatic.f1c4c63f1ef9dbea-cgu.0
[INFO] [stdout]           >>>               lunatic-798e5d50ac92b7b1.lunatic.f1c4c63f1ef9dbea-cgu.0.rcgu.o:(<lunatic::channel::receiver::ReceiverInner as core::ops::drop::Drop>::drop) in archive /opt/rustwide/target/release/build/lunatic/798e5d50ac92b7b1/out/liblunatic-798e5d50ac92b7b1.rlib
[INFO] [stdout]           collect2: error: ld returned 1 exit status
[INFO] [stdout]           
[INFO] [stdout] 
[INFO] [stdout] 
[INFO] [stderr] error: could not compile `wactor` (example "basic") due to 1 previous error
[INFO] running `Command { std: "docker" "inspect" "b1676c2847ac716b00420548cf18e02ad523f38344a37a79d1cfe379b272b520", kill_on_drop: false }`
[INFO] running `Command { std: "docker" "rm" "-f" "b1676c2847ac716b00420548cf18e02ad523f38344a37a79d1cfe379b272b520", kill_on_drop: false }`
[INFO] [stdout] b1676c2847ac716b00420548cf18e02ad523f38344a37a79d1cfe379b272b520
