[INFO] fetching crate w32die 0.1.0...
[INFO] testing w32die-0.1.0 against 1.100.0-beta.1+cargoflags=--release for beta-release-1.100-2
[INFO] extracting crate w32die 0.1.0 into /workspace/builds/worker-5-tc2/source
[INFO] started tweaking crates.io crate w32die 0.1.0
[INFO] finished tweaking crates.io crate w32die 0.1.0
[INFO] tweaked toml for crates.io crate w32die 0.1.0 written to /workspace/builds/worker-5-tc2/source/Cargo.toml
[INFO] validating manifest of crates.io crate w32die 0.1.0 on toolchain 1.100.0-beta.1
[INFO] running `Command { std: CARGO_HOME="/workspace/cargo-home" RUSTUP_HOME="/workspace/rustup-home" "/workspace/cargo-home/bin/cargo" "+1.100.0-beta.1" "metadata" "--manifest-path" "Cargo.toml" "--no-deps", kill_on_drop: false }`
[INFO] crate crates.io crate w32die 0.1.0 already has a lockfile, it will not be regenerated
[INFO] running `Command { std: CARGO_HOME="/workspace/cargo-home" RUSTUP_HOME="/workspace/rustup-home" "/workspace/cargo-home/bin/cargo" "+1.100.0-beta.1" "fetch" "--manifest-path" "Cargo.toml", kill_on_drop: false }`
[INFO] [stderr] warning: `package.homepage` is redundant with `package.repository`
[INFO] [stderr]   --> Cargo.toml:11:12
[INFO] [stderr]    |
[INFO] [stderr] 11 | homepage = "https://github.com/bukowa/w32die"
[INFO] [stderr]    |            ^^^^^^^^^^^^^^^^^^^^^^^^^^^^^^^^^^
[INFO] [stderr] ...
[INFO] [stderr] 16 | repository = "https://github.com/bukowa/w32die"
[INFO] [stderr]    |              ----------------------------------
[INFO] [stderr]    |
[INFO] [stderr]    = note: `cargo::redundant_homepage` is set to `warn` by default
[INFO] [stderr] help: consider removing `package.homepage`
[INFO] [stderr] warning: `w32die` (manifest) generated 1 warning
[INFO] running `Command { std: "docker" "create" "-v" "/var/lib/crater-agent-workspace/builds/worker-5-tc2/source:/opt/rustwide/workdir:ro,Z" "-v" "/var/lib/crater-agent-workspace/builds/worker-5-tc2/target:/opt/rustwide/target:rw,Z" "-v" "/var/lib/crater-agent-workspace/cargo-home:/opt/rustwide/cargo-home:ro,Z" "-v" "/var/lib/crater-agent-workspace/rustup-home:/opt/rustwide/rustup-home:ro,Z" "-m" "1610612736" "--network" "none" "ghcr.io/rust-lang/crates-build-env/linux@sha256:77db811e55d90add9212f6832c23229e3de5f1c1f9905e8cb07319ea15df73ac" "sleep" "infinity", kill_on_drop: false }`
[INFO] [stdout] fe7f3ffd37bef79ed2b623429baae68a235292b3f698bc49dbbfedbe8d402bf9
[INFO] running `Command { std: "docker" "start" "fe7f3ffd37bef79ed2b623429baae68a235292b3f698bc49dbbfedbe8d402bf9", kill_on_drop: false }`
[INFO] running `Command { std: "docker" "inspect" "fe7f3ffd37bef79ed2b623429baae68a235292b3f698bc49dbbfedbe8d402bf9", kill_on_drop: false }`
[INFO] running `Command { std: "docker" "exec" "-e" "SOURCE_DIR=/opt/rustwide/workdir" "-e" "CARGO_HOME=/opt/rustwide/cargo-home" "-e" "RUSTUP_HOME=/opt/rustwide/rustup-home" "-e" "CARGO_TARGET_DIR=/opt/rustwide/target" "-w" "/opt/rustwide/workdir" "--user" "0:0" "fe7f3ffd37bef79ed2b623429baae68a235292b3f698bc49dbbfedbe8d402bf9" "/opt/rustwide/cargo-home/bin/cargo" "+1.100.0-beta.1" "metadata" "--no-deps" "--format-version=1", kill_on_drop: false }`
[INFO] running `Command { std: "docker" "inspect" "fe7f3ffd37bef79ed2b623429baae68a235292b3f698bc49dbbfedbe8d402bf9", kill_on_drop: false }`
[INFO] running `Command { std: "docker" "exec" "-e" "SOURCE_DIR=/opt/rustwide/workdir" "-e" "CARGO_HOME=/opt/rustwide/cargo-home" "-e" "RUSTUP_HOME=/opt/rustwide/rustup-home" "-e" "CARGO_TARGET_DIR=/opt/rustwide/target" "-e" "CARGO_INCREMENTAL=0" "-e" "RUST_BACKTRACE=full" "-e" "RUSTFLAGS=--cap-lints=warn" "-e" "RUSTDOCFLAGS=--cap-lints=warn" "-w" "/opt/rustwide/workdir" "--user" "0:0" "fe7f3ffd37bef79ed2b623429baae68a235292b3f698bc49dbbfedbe8d402bf9" "/opt/rustwide/cargo-home/bin/cargo" "+1.100.0-beta.1" "build" "--frozen" "--message-format=json" "--release", kill_on_drop: false }`
[INFO] [stderr] warning: `package.homepage` is redundant with `package.repository`
[INFO] [stderr]   --> Cargo.toml:11:12
[INFO] [stderr]    |
[INFO] [stderr] 11 | homepage = "https://github.com/bukowa/w32die"
[INFO] [stderr]    |            ^^^^^^^^^^^^^^^^^^^^^^^^^^^^^^^^^^
[INFO] [stderr] ...
[INFO] [stderr] 16 | repository = "https://github.com/bukowa/w32die"
[INFO] [stderr]    |              ----------------------------------
[INFO] [stderr]    |
[INFO] [stderr]    = note: `cargo::redundant_homepage` is set to `warn` by default
[INFO] [stderr] help: consider removing `package.homepage`
[INFO] [stderr] warning: `w32die` (manifest) generated 1 warning
[INFO] [stderr]    Compiling proc-macro2 v1.0.86
[INFO] [stderr]    Compiling windows_x86_64_gnu v0.52.5
[INFO] [stderr]    Compiling unicode-ident v1.0.12
[INFO] [stderr]    Compiling thiserror v1.0.61
[INFO] [stderr]    Compiling windows-targets v0.52.5
[INFO] [stderr]    Compiling windows-core v0.52.0
[INFO] [stderr]    Compiling quote v1.0.36
[INFO] [stderr]    Compiling syn v2.0.68
[INFO] [stderr]    Compiling windows v0.52.0
[INFO] [stderr]    Compiling thiserror-impl v1.0.61
[INFO] [stderr]    Compiling win32job v2.0.0
[INFO] [stderr]    Compiling w32die v0.1.0 (/opt/rustwide/workdir)
[INFO] [stdout] error: linking with `cc` failed: exit status: 1
[INFO] [stdout]   |
[INFO] [stdout]   = note:  "cc" "-m64" "/opt/rustwide/target/release/build/w32die/ba71c5280ffb4cb0/out/rustcctA6O7/symbols.o" "<2 object files omitted>" "-Wl,--as-needed" "-Wl,-Bstatic" "/opt/rustwide/target/release/build/win32job/1673874d8debd064/out/libwin32job-1673874d8debd064.rlib" "/opt/rustwide/target/release/build/windows/3a87689c25f1279b/out/libwindows-3a87689c25f1279b.rlib" "/opt/rustwide/target/release/build/windows-core/26f91add857caa94/out/libwindows_core-26f91add857caa94.rlib" "/opt/rustwide/target/release/build/windows-targets/5ced73415dd19125/out/libwindows_targets-5ced73415dd19125.rlib" "/opt/rustwide/target/release/build/thiserror/a42da14016ac78d9/out/libthiserror-a42da14016ac78d9.rlib" "<sysroot>/lib/rustlib/x86_64-unknown-linux-gnu/lib/{libstd-*,libpanic_unwind-*,libobject-*,libmemchr-*,libaddr2line-*,libgimli-*,libcfg_if-*,librustc_demangle-*,libstd_detect-*,libhashbrown-*,librustc_std_workspace_alloc-*,libminiz_oxide-*,libadler2-*,libunwind-*,liblibc-*,librustc_std_workspace_core-*,liballoc-*,libcore-*,libcompiler_builtins-*}.rlib" "-Wl,-Bdynamic" "-lgcc_s" "-lutil" "-lrt" "-lpthread" "-lm" "-ldl" "-lc" "-L" "/opt/rustwide/target/release/build/w32die/ba71c5280ffb4cb0/out/rustcctA6O7/raw-dylibs" "-B<sysroot>/lib/rustlib/x86_64-unknown-linux-gnu/bin/gcc-ld" "-fuse-ld=lld" "-Wl,--eh-frame-hdr" "-Wl,-z,noexecstack" "-L" "/opt/rustwide/cargo-home/registry/src/index.crates.io-1949cf8c6b5b557f/windows_x86_64_gnu-0.52.5/lib" "-L" "<sysroot>/lib/rustlib/x86_64-unknown-linux-gnu/lib" "-o" "/opt/rustwide/target/release/build/w32die/ba71c5280ffb4cb0/out/w32die" "-Wl,--gc-sections" "-pie" "-Wl,-z,relro,-z,now" "-Wl,-O1" "-Wl,--strip-debug" "-nodefaultlibs"
[INFO] [stdout]   = note: some arguments are omitted. use `--verbose` to show all linker arguments
[INFO] [stdout]   = note: rust-lld: error: undefined symbol: GetCurrentProcess
[INFO] [stdout]           >>> referenced by win32job.35715d55097eb3d3-cgu.0
[INFO] [stdout]           >>>               win32job-1673874d8debd064.win32job.35715d55097eb3d3-cgu.0.rcgu.o:(<win32job::job::Job>::assign_current_process) in archive /opt/rustwide/target/release/build/win32job/1673874d8debd064/out/libwin32job-1673874d8debd064.rlib
[INFO] [stdout]           
[INFO] [stdout]           rust-lld: error: undefined symbol: AssignProcessToJobObject
[INFO] [stdout]           >>> referenced by win32job.35715d55097eb3d3-cgu.0
[INFO] [stdout]           >>>               win32job-1673874d8debd064.win32job.35715d55097eb3d3-cgu.0.rcgu.o:(<win32job::job::Job>::assign_current_process) in archive /opt/rustwide/target/release/build/win32job/1673874d8debd064/out/libwin32job-1673874d8debd064.rlib
[INFO] [stdout]           
[INFO] [stdout]           rust-lld: error: undefined symbol: SetInformationJobObject
[INFO] [stdout]           >>> referenced by win32job.35715d55097eb3d3-cgu.0
[INFO] [stdout]           >>>               win32job-1673874d8debd064.win32job.35715d55097eb3d3-cgu.0.rcgu.o:(<win32job::job::Job>::set_extended_limit_info) in archive /opt/rustwide/target/release/build/win32job/1673874d8debd064/out/libwin32job-1673874d8debd064.rlib
[INFO] [stdout]           
[INFO] [stdout]           rust-lld: error: undefined symbol: QueryInformationJobObject
[INFO] [stdout]           >>> referenced by win32job.35715d55097eb3d3-cgu.0
[INFO] [stdout]           >>>               win32job-1673874d8debd064.win32job.35715d55097eb3d3-cgu.0.rcgu.o:(<win32job::job::Job>::query_extended_limit_info) in archive /opt/rustwide/target/release/build/win32job/1673874d8debd064/out/libwin32job-1673874d8debd064.rlib
[INFO] [stdout]           
[INFO] [stdout]           rust-lld: error: undefined symbol: CreateJobObjectW
[INFO] [stdout]           >>> referenced by win32job.35715d55097eb3d3-cgu.0
[INFO] [stdout]           >>>               win32job-1673874d8debd064.win32job.35715d55097eb3d3-cgu.0.rcgu.o:(<win32job::job::Job>::create) in archive /opt/rustwide/target/release/build/win32job/1673874d8debd064/out/libwin32job-1673874d8debd064.rlib
[INFO] [stdout]           
[INFO] [stdout]           rust-lld: error: undefined symbol: CloseHandle
[INFO] [stdout]           >>> referenced by win32job.35715d55097eb3d3-cgu.0
[INFO] [stdout]           >>>               win32job-1673874d8debd064.win32job.35715d55097eb3d3-cgu.0.rcgu.o:(<win32job::job::Job as core::ops::drop::Drop>::drop) in archive /opt/rustwide/target/release/build/win32job/1673874d8debd064/out/libwin32job-1673874d8debd064.rlib
[INFO] [stdout]           
[INFO] [stdout]           rust-lld: error: undefined symbol: GetLastError
[INFO] [stdout]           >>> referenced by windows_core.3ceabd0594c7420f-cgu.1
[INFO] [stdout]           >>>               windows_core-26f91add857caa94.windows_core.3ceabd0594c7420f-cgu.1.rcgu.o:(<windows_core::error::Error>::from_win32) in archive /opt/rustwide/target/release/build/windows-core/26f91add857caa94/out/libwindows_core-26f91add857caa94.rlib
[INFO] [stdout]           collect2: error: ld returned 1 exit status
[INFO] [stdout]           
[INFO] [stdout] 
[INFO] [stdout] 
[INFO] [stderr] error: could not compile `w32die` (bin "w32die") due to 1 previous error
[INFO] running `Command { std: "docker" "inspect" "fe7f3ffd37bef79ed2b623429baae68a235292b3f698bc49dbbfedbe8d402bf9", kill_on_drop: false }`
[INFO] running `Command { std: "docker" "rm" "-f" "fe7f3ffd37bef79ed2b623429baae68a235292b3f698bc49dbbfedbe8d402bf9", kill_on_drop: false }`
[INFO] [stdout] fe7f3ffd37bef79ed2b623429baae68a235292b3f698bc49dbbfedbe8d402bf9
