[INFO] fetching crate vyre-self-substrate 0.7.2...
[INFO] testing vyre-self-substrate-0.7.2 against 1.100.0-beta.1+cargoflags=--release for beta-release-1.100-2
[INFO] extracting crate vyre-self-substrate 0.7.2 into /workspace/builds/worker-2-tc2/source
[INFO] started tweaking crates.io crate vyre-self-substrate 0.7.2
[INFO] removed 0 missing examples
[INFO] removed 0 missing tests
[INFO] finished tweaking crates.io crate vyre-self-substrate 0.7.2
[INFO] tweaked toml for crates.io crate vyre-self-substrate 0.7.2 written to /workspace/builds/worker-2-tc2/source/Cargo.toml
[INFO] validating manifest of crates.io crate vyre-self-substrate 0.7.2 on toolchain 1.100.0-beta.1
[INFO] running `Command { std: CARGO_HOME="/workspace/cargo-home" RUSTUP_HOME="/workspace/rustup-home" "/workspace/cargo-home/bin/cargo" "+1.100.0-beta.1" "metadata" "--manifest-path" "Cargo.toml" "--no-deps", kill_on_drop: false }`
[INFO] crate crates.io crate vyre-self-substrate 0.7.2 already has a lockfile, it will not be regenerated
[INFO] running `Command { std: CARGO_HOME="/workspace/cargo-home" RUSTUP_HOME="/workspace/rustup-home" "/workspace/cargo-home/bin/cargo" "+1.100.0-beta.1" "fetch" "--manifest-path" "Cargo.toml", kill_on_drop: false }`
[INFO] running `Command { std: "docker" "create" "-v" "/var/lib/crater-agent-workspace/builds/worker-2-tc2/source:/opt/rustwide/workdir:ro,Z" "-v" "/var/lib/crater-agent-workspace/builds/worker-2-tc2/target:/opt/rustwide/target:rw,Z" "-v" "/var/lib/crater-agent-workspace/cargo-home:/opt/rustwide/cargo-home:ro,Z" "-v" "/var/lib/crater-agent-workspace/rustup-home:/opt/rustwide/rustup-home:ro,Z" "-m" "1610612736" "--network" "none" "ghcr.io/rust-lang/crates-build-env/linux@sha256:77db811e55d90add9212f6832c23229e3de5f1c1f9905e8cb07319ea15df73ac" "sleep" "infinity", kill_on_drop: false }`
[INFO] [stdout] d2b41ca3717b35bd02e85db6ee1f8fbb25e491280d5c27fe92d18086d3cfaab8
[INFO] running `Command { std: "docker" "start" "d2b41ca3717b35bd02e85db6ee1f8fbb25e491280d5c27fe92d18086d3cfaab8", kill_on_drop: false }`
[INFO] running `Command { std: "docker" "inspect" "d2b41ca3717b35bd02e85db6ee1f8fbb25e491280d5c27fe92d18086d3cfaab8", kill_on_drop: false }`
[INFO] running `Command { std: "docker" "exec" "-e" "SOURCE_DIR=/opt/rustwide/workdir" "-e" "CARGO_HOME=/opt/rustwide/cargo-home" "-e" "RUSTUP_HOME=/opt/rustwide/rustup-home" "-e" "CARGO_TARGET_DIR=/opt/rustwide/target" "-w" "/opt/rustwide/workdir" "--user" "0:0" "d2b41ca3717b35bd02e85db6ee1f8fbb25e491280d5c27fe92d18086d3cfaab8" "/opt/rustwide/cargo-home/bin/cargo" "+1.100.0-beta.1" "metadata" "--no-deps" "--format-version=1", kill_on_drop: false }`
[INFO] running `Command { std: "docker" "inspect" "d2b41ca3717b35bd02e85db6ee1f8fbb25e491280d5c27fe92d18086d3cfaab8", kill_on_drop: false }`
[INFO] running `Command { std: "docker" "exec" "-e" "SOURCE_DIR=/opt/rustwide/workdir" "-e" "CARGO_HOME=/opt/rustwide/cargo-home" "-e" "RUSTUP_HOME=/opt/rustwide/rustup-home" "-e" "CARGO_TARGET_DIR=/opt/rustwide/target" "-e" "CARGO_INCREMENTAL=0" "-e" "RUST_BACKTRACE=full" "-e" "RUSTFLAGS=--cap-lints=warn" "-e" "RUSTDOCFLAGS=--cap-lints=warn" "-w" "/opt/rustwide/workdir" "--user" "0:0" "d2b41ca3717b35bd02e85db6ee1f8fbb25e491280d5c27fe92d18086d3cfaab8" "/opt/rustwide/cargo-home/bin/cargo" "+1.100.0-beta.1" "build" "--frozen" "--message-format=json" "--release", kill_on_drop: false }`
[INFO] [stderr]    Compiling proc-macro2 v1.0.107
[INFO] [stderr]    Compiling unicode-ident v1.0.24
[INFO] [stderr]    Compiling quote v1.0.47
[INFO] [stderr]    Compiling serde_core v1.0.229
[INFO] [stderr]    Compiling serde v1.0.229
[INFO] [stderr]    Compiling find-msvc-tools v0.1.9
[INFO] [stderr]    Compiling zmij v1.0.21
[INFO] [stderr]    Compiling shlex v1.3.0
[INFO] [stderr]    Compiling libc v0.2.186
[INFO] [stderr]    Compiling typenum v1.20.0
[INFO] [stderr]    Compiling parking_lot_core v0.9.12
[INFO] [stderr]    Compiling serde_json v1.0.150
[INFO] [stderr]    Compiling cfg-if v1.0.4
[INFO] [stderr]    Compiling once_cell v1.21.4
[INFO] [stderr]    Compiling version_check v0.9.5
[INFO] [stderr]    Compiling crossbeam-utils v0.8.21
[INFO] [stderr]    Compiling winnow v1.0.3
[INFO] [stderr]    Compiling itoa v1.0.18
[INFO] [stderr]    Compiling cc v1.2.62
[INFO] [stderr]    Compiling scopeguard v1.2.0
[INFO] [stderr]    Compiling libm v0.2.16
[INFO] [stderr]    Compiling thiserror v2.0.19
[INFO] [stderr]    Compiling memchr v2.8.3
[INFO] [stderr]    Compiling rand_core v0.6.4
[INFO] [stderr]    Compiling rand_xoshiro v0.6.0
[INFO] [stderr]    Compiling lock_api v0.4.14
[INFO] [stderr]    Compiling foldhash v0.2.0
[INFO] [stderr]    Compiling im v15.1.0
[INFO] [stderr]    Compiling tracing-core v0.1.36
[INFO] [stderr]    Compiling allocator-api2 v0.2.21
[INFO] [stderr]    Compiling arrayvec v0.7.6
[INFO] [stderr]    Compiling cpufeatures v0.3.0
[INFO] [stderr]    Compiling pin-project-lite v0.2.17
[INFO] [stderr]    Compiling arrayref v0.3.9
[INFO] [stderr]    Compiling equivalent v1.0.2
[INFO] [stderr]    Compiling hashbrown v0.14.5
[INFO] [stderr]    Compiling toml_writer v1.1.2+spec-1.1.0
[INFO] [stderr]    Compiling constant_time_eq v0.4.2
[INFO] [stderr]    Compiling toml_parser v1.1.2+spec-1.1.0
[INFO] [stderr]    Compiling ryu v1.0.23
[INFO] [stderr]    Compiling bumpalo v3.20.3
[INFO] [stderr]    Compiling hashbrown v0.17.1
[INFO] [stderr]    Compiling inventory v0.3.24
[INFO] [stderr]    Compiling rustc-hash v2.1.3
[INFO] [stderr]    Compiling syn v3.0.3
[INFO] [stderr]    Compiling syn v2.0.117
[INFO] [stderr]    Compiling bitmaps v2.1.0
[INFO] [stderr]    Compiling blake3 v1.8.5
[INFO] [stderr]    Compiling sized-chunks v0.6.5
[INFO] [stderr]    Compiling serde_derive v1.0.229
[INFO] [stderr]    Compiling thiserror-impl v2.0.19
[INFO] [stderr]    Compiling serde_spanned v1.1.1
[INFO] [stderr]    Compiling toml_datetime v1.1.1+spec-1.1.0
[INFO] [stderr]    Compiling toml v1.1.3+spec-1.1.0
[INFO] [stderr]    Compiling smallvec v1.15.1
[INFO] [stderr]    Compiling vyre-spec v0.7.2
[INFO] [stderr]    Compiling dashmap v6.2.1
[INFO] [stderr]    Compiling tracing-attributes v0.1.31
[INFO] [stderr]    Compiling bytemuck_derive v1.10.2
[INFO] [stderr]    Compiling vyre-macros v0.7.2
[INFO] [stderr]    Compiling bytemuck v1.25.2
[INFO] [stderr]    Compiling tracing v0.1.44
[INFO] [stderr]    Compiling vyre-foundation v0.7.2
[INFO] [stderr]    Compiling vyre-primitives v0.7.2
[INFO] [stderr]    Compiling vyre-self-substrate v0.7.2 (/opt/rustwide/workdir)
[INFO] [stderr]     Finished `release` profile [optimized] target(s) in 1m 30s
[INFO] running `Command { std: "docker" "inspect" "d2b41ca3717b35bd02e85db6ee1f8fbb25e491280d5c27fe92d18086d3cfaab8", kill_on_drop: false }`
[INFO] running `Command { std: "docker" "exec" "-e" "SOURCE_DIR=/opt/rustwide/workdir" "-e" "CARGO_HOME=/opt/rustwide/cargo-home" "-e" "RUSTUP_HOME=/opt/rustwide/rustup-home" "-e" "CARGO_TARGET_DIR=/opt/rustwide/target" "-e" "CARGO_INCREMENTAL=0" "-e" "RUST_BACKTRACE=full" "-e" "RUSTFLAGS=--cap-lints=warn" "-e" "RUSTDOCFLAGS=--cap-lints=warn" "-w" "/opt/rustwide/workdir" "--user" "0:0" "d2b41ca3717b35bd02e85db6ee1f8fbb25e491280d5c27fe92d18086d3cfaab8" "/opt/rustwide/cargo-home/bin/cargo" "+1.100.0-beta.1" "test" "--frozen" "--no-run" "--message-format=json" "--release", kill_on_drop: false }`
[INFO] [stderr]    Compiling getrandom v0.3.4
[INFO] [stderr]    Compiling rustix v1.1.4
[INFO] [stderr]    Compiling zerocopy v0.8.48
[INFO] [stderr]    Compiling getrandom v0.4.2
[INFO] [stderr]    Compiling bitflags v2.11.1
[INFO] [stderr]    Compiling autocfg v1.5.1
[INFO] [stderr]    Compiling linux-raw-sys v0.12.1
[INFO] [stderr]    Compiling fastrand v2.4.1
[INFO] [stderr]    Compiling wait-timeout v0.2.1
[INFO] [stderr]    Compiling fnv v1.0.7
[INFO] [stderr]    Compiling quick-error v1.2.3
[INFO] [stderr]    Compiling bit-vec v0.8.0
[INFO] [stderr]    Compiling unarray v0.1.4
[INFO] [stderr]    Compiling regex-syntax v0.8.11
[INFO] [stderr]    Compiling rand_core v0.9.5
[INFO] [stderr]    Compiling num-traits v0.2.19
[INFO] [stderr]    Compiling bit-set v0.8.0
[INFO] [stderr]    Compiling rand v0.9.4
[INFO] [stderr]    Compiling rand_xorshift v0.4.0
[INFO] [stderr]    Compiling tempfile v3.27.0
[INFO] [stderr]    Compiling rusty-fork v0.3.1
[INFO] [stderr]    Compiling ppv-lite86 v0.2.21
[INFO] [stderr]    Compiling rand_chacha v0.9.0
[INFO] [stderr]    Compiling proptest v1.11.0
[INFO] [stderr]    Compiling vyre-self-substrate v0.7.2 (/opt/rustwide/workdir)
[INFO] [stdout] error[E0433]: cannot find module or crate `vyre_test_support` in this scope
[INFO] [stdout]  --> tests/consumer_boundary.rs:8:5
[INFO] [stdout]   |
[INFO] [stdout] 8 | use vyre_test_support::consumer_boundary::{
[INFO] [stdout]   |     ^^^^^^^^^^^^^^^^^ use of unresolved module or unlinked crate `vyre_test_support`
[INFO] [stdout]   |
[INFO] [stdout]   = help: if you wanted to use a crate named `vyre_test_support`, use `cargo add vyre_test_support` to add it to your `Cargo.toml`
[INFO] [stdout] 
[INFO] [stdout] 
[INFO] [stdout] For more information about this error, try `rustc --explain E0433`.
[INFO] [stdout] 
[INFO] [stderr] error: could not compile `vyre-self-substrate` (test "consumer_boundary") due to 1 previous error
[INFO] [stderr] warning: build failed, waiting for other jobs to finish...
[INFO] [stdout] error[E0433]: cannot find module or crate `vyre_reference` in this scope
[INFO] [stdout]    --> tests/dce_program_back_edge_contract.rs:456:33
[INFO] [stdout]     |
[INFO] [stdout] 456 | fn pack_words(words: &[u32]) -> vyre_reference::value::Value {
[INFO] [stdout]     |                                 ^^^^^^^^^^^^^^ use of unresolved module or unlinked crate `vyre_reference`
[INFO] [stdout]     |
[INFO] [stdout]     = help: if you wanted to use a crate named `vyre_reference`, use `cargo add vyre_reference` to add it to your `Cargo.toml`
[INFO] [stdout] 
[INFO] [stdout] 
[INFO] [stdout] error[E0433]: cannot find module or crate `vyre_reference` in this scope
[INFO] [stdout]    --> tests/dce_program_back_edge_contract.rs:457:5
[INFO] [stdout]     |
[INFO] [stdout] 457 |     vyre_reference::value::Value::from(vyre_primitives::wire::pack_u32_slice(words))
[INFO] [stdout]     |     ^^^^^^^^^^^^^^ use of unresolved module or unlinked crate `vyre_reference`
[INFO] [stdout]     |
[INFO] [stdout]     = help: if you wanted to use a crate named `vyre_reference`, use `cargo add vyre_reference` to add it to your `Cargo.toml`
[INFO] [stdout] 
[INFO] [stdout] 
[INFO] [stdout] error[E0433]: cannot find module or crate `vyre_reference` in this scope
[INFO] [stdout]    --> tests/dce_program_back_edge_contract.rs:460:25
[INFO] [stdout]     |
[INFO] [stdout] 460 | fn decode_words(value: &vyre_reference::value::Value) -> Vec<u32> {
[INFO] [stdout]     |                         ^^^^^^^^^^^^^^ use of unresolved module or unlinked crate `vyre_reference`
[INFO] [stdout]     |
[INFO] [stdout]     = help: if you wanted to use a crate named `vyre_reference`, use `cargo add vyre_reference` to add it to your `Cargo.toml`
[INFO] [stdout] 
[INFO] [stdout] 
[INFO] [stdout] error[E0433]: cannot find module or crate `vyre_reference` in this scope
[INFO] [stdout]    --> tests/dce_program_back_edge_contract.rs:482:9
[INFO] [stdout]     |
[INFO] [stdout] 482 |         vyre_reference::reference_eval_lane_reversed(&program, &inputs)
[INFO] [stdout]     |         ^^^^^^^^^^^^^^ use of unresolved module or unlinked crate `vyre_reference`
[INFO] [stdout]     |
[INFO] [stdout]     = help: if you wanted to use a crate named `vyre_reference`, use `cargo add vyre_reference` to add it to your `Cargo.toml`
[INFO] [stdout] 
[INFO] [stdout] 
[INFO] [stdout] error[E0433]: cannot find module or crate `vyre_reference` in this scope
[INFO] [stdout]    --> tests/dce_program_back_edge_contract.rs:484:9
[INFO] [stdout]     |
[INFO] [stdout] 484 |         vyre_reference::reference_eval(&program, &inputs)
[INFO] [stdout]     |         ^^^^^^^^^^^^^^ use of unresolved module or unlinked crate `vyre_reference`
[INFO] [stdout]     |
[INFO] [stdout]     = help: if you wanted to use a crate named `vyre_reference`, use `cargo add vyre_reference` to add it to your `Cargo.toml`
[INFO] [stdout] 
[INFO] [stdout] 
[INFO] [stdout] error[E0433]: cannot find module or crate `vyre_reference` in this scope
[INFO] [stdout]    --> tests/dce_program_back_edge_contract.rs:491:25
[INFO] [stdout]     |
[INFO] [stdout] 491 |             let index = vyre_reference::output_index(&program, name)
[INFO] [stdout]     |                         ^^^^^^^^^^^^^^ use of unresolved module or unlinked crate `vyre_reference`
[INFO] [stdout]     |
[INFO] [stdout]     = help: if you wanted to use a crate named `vyre_reference`, use `cargo add vyre_reference` to add it to your `Cargo.toml`
[INFO] [stdout] 
[INFO] [stdout] 
[INFO] [stdout] For more information about this error, try `rustc --explain E0433`.
[INFO] [stdout] 
[INFO] [stderr] error: could not compile `vyre-self-substrate` (test "dce_program_back_edge_contract") due to 6 previous errors
[INFO] [stdout] error[E0432]: unresolved import `vyre_primitives::graph::persistent_bfs::PersistentBfsConvergence`
[INFO] [stdout]    --> src/optimizer/dispatcher.rs:920:13
[INFO] [stdout]     |
[INFO] [stdout] 920 |         use vyre_primitives::graph::persistent_bfs::PersistentBfsConvergence;
[INFO] [stdout]     |             ^^^^^^^^^^^^^^^^^^^^^^^^^^^^^^^^^^^^^^^^------------------------
[INFO] [stdout]     |                                                     |
[INFO] [stdout]     |                                                     no `PersistentBfsConvergence` in `graph::persistent_bfs`
[INFO] [stdout]     |
[INFO] [stdout] note: found an item that was configured out
[INFO] [stdout]    --> /opt/rustwide/cargo-home/registry/src/index.crates.io-1949cf8c6b5b557f/vyre-primitives-0.7.2/src/graph/persistent_bfs.rs:37:5
[INFO] [stdout]     |
[INFO] [stdout]  34 | #[cfg(any(test, feature = "cpu-parity"))]
[INFO] [stdout]     |          ------------------------------ the item is gated here
[INFO] [stdout] ...
[INFO] [stdout]  37 |     PersistentBfsConvergence,
[INFO] [stdout]     |     ^^^^^^^^^^^^^^^^^^^^^^^^
[INFO] [stdout] 
[INFO] [stdout] 
[INFO] [stdout] error[E0425]: cannot find function `try_cpu_ref_converged` in module `vyre_primitives::graph::persistent_bfs`
[INFO] [stdout]    --> src/optimizer/dispatcher.rs:837:53
[INFO] [stdout]     |
[INFO] [stdout] 837 |             vyre_primitives::graph::persistent_bfs::try_cpu_ref_converged(
[INFO] [stdout]     |                                                     ^^^^^^^^^^^^^^^^^^^^^ not found in `vyre_primitives::graph::persistent_bfs`
[INFO] [stdout]     |
[INFO] [stdout] note: found an item that was configured out
[INFO] [stdout]    --> /opt/rustwide/cargo-home/registry/src/index.crates.io-1949cf8c6b5b557f/vyre-primitives-0.7.2/src/graph/persistent_bfs.rs:36:27
[INFO] [stdout]     |
[INFO] [stdout]  34 | #[cfg(any(test, feature = "cpu-parity"))]
[INFO] [stdout]     |          ------------------------------ the item is gated here
[INFO] [stdout]  35 | pub use cpu_ref::{
[INFO] [stdout]  36 |     cpu_ref, try_cpu_ref, try_cpu_ref_converged, try_cpu_ref_density, try_cpu_ref_into,
[INFO] [stdout]     |                           ^^^^^^^^^^^^^^^^^^^^^
[INFO] [stdout] 
[INFO] [stdout] 
[INFO] [stdout] error[E0425]: cannot find type `PersistentBfsConvergence` in module `vyre_primitives::graph::persistent_bfs`
[INFO] [stdout]    --> src/optimizer/dispatcher.rs:898:63
[INFO] [stdout]     |
[INFO] [stdout] 898 |         convergence: &vyre_primitives::graph::persistent_bfs::PersistentBfsConvergence,
[INFO] [stdout]     |                                                               ^^^^^^^^^^^^^^^^^^^^^^^^ not found in `vyre_primitives::graph::persistent_bfs`
[INFO] [stdout]     |
[INFO] [stdout] note: found an item that was configured out
[INFO] [stdout]    --> /opt/rustwide/cargo-home/registry/src/index.crates.io-1949cf8c6b5b557f/vyre-primitives-0.7.2/src/graph/persistent_bfs.rs:37:5
[INFO] [stdout]     |
[INFO] [stdout]  34 | #[cfg(any(test, feature = "cpu-parity"))]
[INFO] [stdout]     |          ------------------------------ the item is gated here
[INFO] [stdout] ...
[INFO] [stdout]  37 |     PersistentBfsConvergence,
[INFO] [stdout]     |     ^^^^^^^^^^^^^^^^^^^^^^^^
[INFO] [stdout] 
[INFO] [stdout] 
[INFO] [stdout] error[E0425]: cannot find function `ifds_program_cache_key_from_program` in module `vyre_primitives::graph::exploded`
[INFO] [stdout]    --> src/optimizer/dispatcher.rs:989:53
[INFO] [stdout]     |
[INFO] [stdout] 989 |         let key = vyre_primitives::graph::exploded::ifds_program_cache_key_from_program(program)
[INFO] [stdout]     |                                                     ^^^^^^^^^^^^^^^^^^^^^^^^^^^^^^^^^^^ not found in `vyre_primitives::graph::exploded`
[INFO] [stdout]     |
[INFO] [stdout] note: found an item that was configured out
[INFO] [stdout]    --> /opt/rustwide/cargo-home/registry/src/index.crates.io-1949cf8c6b5b557f/vyre-primitives-0.7.2/src/graph/exploded.rs:94:22
[INFO] [stdout]     |
[INFO] [stdout]  93 | #[cfg(any(test, feature = "cpu-parity"))]
[INFO] [stdout]     |          ------------------------------ the item is gated here
[INFO] [stdout]  94 | pub use program_key::ifds_program_cache_key_from_program;
[INFO] [stdout]     |                      ^^^^^^^^^^^^^^^^^^^^^^^^^^^^^^^^^^^
[INFO] [stdout] 
[INFO] [stdout] 
[INFO] [stdout] error[E0425]: cannot find function `build_cpu_reference` in module `vyre_primitives::graph::exploded`
[INFO] [stdout]    --> src/optimizer/dispatcher.rs:993:68
[INFO] [stdout]     |
[INFO] [stdout] 993 |         let (row_ptr, col_idx) = vyre_primitives::graph::exploded::build_cpu_reference(
[INFO] [stdout]     |                                                                    ^^^^^^^^^^^^^^^^^^^ not found in `vyre_primitives::graph::exploded`
[INFO] [stdout]     |
[INFO] [stdout] note: found an item that was configured out
[INFO] [stdout]    --> /opt/rustwide/cargo-home/registry/src/index.crates.io-1949cf8c6b5b557f/vyre-primitives-0.7.2/src/graph/exploded.rs:78:5
[INFO] [stdout]     |
[INFO] [stdout]  76 | #[cfg(any(test, feature = "cpu-parity"))]
[INFO] [stdout]     |          ------------------------------ the item is gated here
[INFO] [stdout]  77 | pub use cpu_ref::{
[INFO] [stdout]  78 |     build_cpu_reference, try_build_cpu_reference, try_build_cpu_reference_into,
[INFO] [stdout]     |     ^^^^^^^^^^^^^^^^^^^
[INFO] [stdout] 
[INFO] [stdout] 
[INFO] [stdout] Some errors have detailed explanations: E0425, E0432.
[INFO] [stdout] 
[INFO] [stdout] For more information about an error, try `rustc --explain E0425`.
[INFO] [stdout] 
[INFO] [stderr] error: could not compile `vyre-self-substrate` (lib test) due to 5 previous errors
[INFO] running `Command { std: "docker" "inspect" "d2b41ca3717b35bd02e85db6ee1f8fbb25e491280d5c27fe92d18086d3cfaab8", kill_on_drop: false }`
[INFO] running `Command { std: "docker" "rm" "-f" "d2b41ca3717b35bd02e85db6ee1f8fbb25e491280d5c27fe92d18086d3cfaab8", kill_on_drop: false }`
[INFO] [stdout] d2b41ca3717b35bd02e85db6ee1f8fbb25e491280d5c27fe92d18086d3cfaab8
