[INFO] fetching crate vyre-primitives 0.7.2...
[INFO] testing vyre-primitives-0.7.2 against 1.100.0-beta.1+cargoflags=--release for beta-release-1.100-2
[INFO] extracting crate vyre-primitives 0.7.2 into /workspace/builds/worker-6-tc2/source
[INFO] started tweaking crates.io crate vyre-primitives 0.7.2
[INFO] removed 0 missing examples
[INFO] removed 0 missing tests
[INFO] finished tweaking crates.io crate vyre-primitives 0.7.2
[INFO] tweaked toml for crates.io crate vyre-primitives 0.7.2 written to /workspace/builds/worker-6-tc2/source/Cargo.toml
[INFO] validating manifest of crates.io crate vyre-primitives 0.7.2 on toolchain 1.100.0-beta.1
[INFO] running `Command { std: CARGO_HOME="/workspace/cargo-home" RUSTUP_HOME="/workspace/rustup-home" "/workspace/cargo-home/bin/cargo" "+1.100.0-beta.1" "metadata" "--manifest-path" "Cargo.toml" "--no-deps", kill_on_drop: false }`
[INFO] crate crates.io crate vyre-primitives 0.7.2 already has a lockfile, it will not be regenerated
[INFO] running `Command { std: CARGO_HOME="/workspace/cargo-home" RUSTUP_HOME="/workspace/rustup-home" "/workspace/cargo-home/bin/cargo" "+1.100.0-beta.1" "fetch" "--manifest-path" "Cargo.toml", kill_on_drop: false }`
[INFO] running `Command { std: "docker" "create" "-v" "/var/lib/crater-agent-workspace/builds/worker-6-tc2/source:/opt/rustwide/workdir:ro,Z" "-v" "/var/lib/crater-agent-workspace/builds/worker-6-tc2/target:/opt/rustwide/target:rw,Z" "-v" "/var/lib/crater-agent-workspace/cargo-home:/opt/rustwide/cargo-home:ro,Z" "-v" "/var/lib/crater-agent-workspace/rustup-home:/opt/rustwide/rustup-home:ro,Z" "-m" "1610612736" "--network" "none" "ghcr.io/rust-lang/crates-build-env/linux@sha256:77db811e55d90add9212f6832c23229e3de5f1c1f9905e8cb07319ea15df73ac" "sleep" "infinity", kill_on_drop: false }`
[INFO] [stdout] 9cc8c6aa57b6faaab6c4131b3f388b224fa1e48d029f96efa36251e616e2d992
[INFO] running `Command { std: "docker" "start" "9cc8c6aa57b6faaab6c4131b3f388b224fa1e48d029f96efa36251e616e2d992", kill_on_drop: false }`
[INFO] running `Command { std: "docker" "inspect" "9cc8c6aa57b6faaab6c4131b3f388b224fa1e48d029f96efa36251e616e2d992", kill_on_drop: false }`
[INFO] running `Command { std: "docker" "exec" "-e" "SOURCE_DIR=/opt/rustwide/workdir" "-e" "CARGO_HOME=/opt/rustwide/cargo-home" "-e" "RUSTUP_HOME=/opt/rustwide/rustup-home" "-e" "CARGO_TARGET_DIR=/opt/rustwide/target" "-w" "/opt/rustwide/workdir" "--user" "0:0" "9cc8c6aa57b6faaab6c4131b3f388b224fa1e48d029f96efa36251e616e2d992" "/opt/rustwide/cargo-home/bin/cargo" "+1.100.0-beta.1" "metadata" "--no-deps" "--format-version=1", kill_on_drop: false }`
[INFO] running `Command { std: "docker" "inspect" "9cc8c6aa57b6faaab6c4131b3f388b224fa1e48d029f96efa36251e616e2d992", kill_on_drop: false }`
[INFO] running `Command { std: "docker" "exec" "-e" "SOURCE_DIR=/opt/rustwide/workdir" "-e" "CARGO_HOME=/opt/rustwide/cargo-home" "-e" "RUSTUP_HOME=/opt/rustwide/rustup-home" "-e" "CARGO_TARGET_DIR=/opt/rustwide/target" "-e" "CARGO_INCREMENTAL=0" "-e" "RUST_BACKTRACE=full" "-e" "RUSTFLAGS=--cap-lints=warn" "-e" "RUSTDOCFLAGS=--cap-lints=warn" "-w" "/opt/rustwide/workdir" "--user" "0:0" "9cc8c6aa57b6faaab6c4131b3f388b224fa1e48d029f96efa36251e616e2d992" "/opt/rustwide/cargo-home/bin/cargo" "+1.100.0-beta.1" "build" "--frozen" "--message-format=json" "--release", kill_on_drop: false }`
[INFO] [stderr]    Compiling serde_core v1.0.229
[INFO] [stderr]    Compiling syn v3.0.3
[INFO] [stderr]    Compiling serde v1.0.229
[INFO] [stderr]    Compiling serde_json v1.0.150
[INFO] [stderr]    Compiling syn v2.0.117
[INFO] [stderr]    Compiling serde_derive v1.0.229
[INFO] [stderr]    Compiling bytemuck_derive v1.10.2
[INFO] [stderr]    Compiling bytemuck v1.25.2
[INFO] [stderr]    Compiling smallvec v1.15.1
[INFO] [stderr]    Compiling vyre-spec v0.7.2
[INFO] [stderr]    Compiling vyre-primitives v0.7.2 (/opt/rustwide/workdir)
[INFO] [stderr] warning: unused dependency `vyre-spec`
[INFO] [stderr]   --> Cargo.toml:18:15
[INFO] [stderr]    |
[INFO] [stderr] 18 | [dependencies.vyre-spec]
[INFO] [stderr]    |               ^^^^^^^^^^
[INFO] [stderr]    |
[INFO] [stderr]    = note: `cargo::unused_dependencies` is set to `warn` by default
[INFO] [stderr] help: consider removing the dependency on `vyre-spec`
[INFO] [stderr] warning: `vyre-primitives` (manifest) generated 1 warning
[INFO] [stderr]     Finished `release` profile [optimized] target(s) in 19.23s
[INFO] running `Command { std: "docker" "inspect" "9cc8c6aa57b6faaab6c4131b3f388b224fa1e48d029f96efa36251e616e2d992", kill_on_drop: false }`
[INFO] running `Command { std: "docker" "exec" "-e" "SOURCE_DIR=/opt/rustwide/workdir" "-e" "CARGO_HOME=/opt/rustwide/cargo-home" "-e" "RUSTUP_HOME=/opt/rustwide/rustup-home" "-e" "CARGO_TARGET_DIR=/opt/rustwide/target" "-e" "CARGO_INCREMENTAL=0" "-e" "RUST_BACKTRACE=full" "-e" "RUSTFLAGS=--cap-lints=warn" "-e" "RUSTDOCFLAGS=--cap-lints=warn" "-w" "/opt/rustwide/workdir" "--user" "0:0" "9cc8c6aa57b6faaab6c4131b3f388b224fa1e48d029f96efa36251e616e2d992" "/opt/rustwide/cargo-home/bin/cargo" "+1.100.0-beta.1" "test" "--frozen" "--no-run" "--message-format=json" "--release", kill_on_drop: false }`
[INFO] [stderr]    Compiling serde_core v1.0.229
[INFO] [stderr]    Compiling serde v1.0.229
[INFO] [stderr]    Compiling syn v2.0.117
[INFO] [stderr]    Compiling getrandom v0.3.4
[INFO] [stderr]    Compiling cc v1.2.62
[INFO] [stderr]    Compiling crossbeam-epoch v0.9.20
[INFO] [stderr]    Compiling bitflags v2.11.1
[INFO] [stderr]    Compiling either v1.16.0
[INFO] [stderr]    Compiling rand_core v0.9.5
[INFO] [stderr]    Compiling getrandom v0.4.2
[INFO] [stderr]    Compiling rustix v1.1.4
[INFO] [stderr]    Compiling crossbeam-deque v0.8.6
[INFO] [stderr]    Compiling plotters-backend v0.3.7
[INFO] [stderr]    Compiling fastrand v2.4.1
[INFO] [stderr]    Compiling clap_builder v4.6.2
[INFO] [stderr]    Compiling plotters-svg v0.3.7
[INFO] [stderr]    Compiling rayon-core v1.13.0
[INFO] [stderr]    Compiling itertools v0.13.0
[INFO] [stderr]    Compiling regex-automata v0.4.16
[INFO] [stderr]    Compiling alloca v0.4.0
[INFO] [stderr]    Compiling wait-timeout v0.2.1
[INFO] [stderr]    Compiling tempfile v3.27.0
[INFO] [stderr]    Compiling quick-error v1.2.3
[INFO] [stderr]    Compiling cast v0.3.0
[INFO] [stderr]    Compiling bit-vec v0.8.0
[INFO] [stderr]    Compiling criterion-plot v0.8.2
[INFO] [stderr]    Compiling bit-set v0.8.0
[INFO] [stderr]    Compiling rusty-fork v0.3.1
[INFO] [stderr]    Compiling serde_json v1.0.150
[INFO] [stderr]    Compiling regex v1.13.1
[INFO] [stderr]    Compiling clap v4.6.4
[INFO] [stderr]    Compiling rayon v1.12.0
[INFO] [stderr]    Compiling smallvec v1.15.1
[INFO] [stderr]    Compiling plotters v0.3.7
[INFO] [stderr]    Compiling rand_xorshift v0.4.0
[INFO] [stderr]    Compiling rand v0.9.4
[INFO] [stderr]    Compiling zerocopy-derive v0.8.48
[INFO] [stderr]    Compiling bytemuck_derive v1.10.2
[INFO] [stderr]    Compiling vyre-spec v0.7.2
[INFO] [stderr]    Compiling tinytemplate v1.2.1
[INFO] [stderr]    Compiling zerocopy v0.8.48
[INFO] [stderr]    Compiling bytemuck v1.25.2
[INFO] [stderr]    Compiling page_size v0.6.0
[INFO] [stderr]    Compiling unarray v0.1.4
[INFO] [stderr]    Compiling anes v0.1.6
[INFO] [stderr]    Compiling oorandom v11.1.5
[INFO] [stderr]    Compiling vyre-primitives v0.7.2 (/opt/rustwide/workdir)
[INFO] [stderr]    Compiling half v2.7.1
[INFO] [stderr]    Compiling ppv-lite86 v0.2.21
[INFO] [stderr]    Compiling ciborium-ll v0.2.2
[INFO] [stderr]    Compiling rand_chacha v0.9.0
[INFO] [stderr]    Compiling ciborium v0.2.2
[INFO] [stderr]    Compiling proptest v1.11.0
[INFO] [stderr]    Compiling criterion v0.8.2
[INFO] [stdout] error[E0433]: cannot find `fixpoint` in `vyre_primitives`
[INFO] [stdout]    --> tests/loop_back_edge_audit.rs:43:22
[INFO] [stdout]     |
[INFO] [stdout]  43 | use vyre_primitives::fixpoint::persistent_fixpoint::{
[INFO] [stdout]     |                      ^^^^^^^^ could not find `fixpoint` in `vyre_primitives`
[INFO] [stdout]     |
[INFO] [stdout] note: found an item that was configured out
[INFO] [stdout]    --> src/lib.rs:302:9
[INFO] [stdout]     |
[INFO] [stdout] 301 | #[cfg(feature = "fixpoint")]
[INFO] [stdout]     |       -------------------- the item is gated behind the `fixpoint` feature
[INFO] [stdout] 302 | pub mod fixpoint;
[INFO] [stdout]     |         ^^^^^^^^
[INFO] [stdout] 
[INFO] [stdout] 
[INFO] [stdout] error[E0433]: cannot find `graph` in `vyre_primitives`
[INFO] [stdout]    --> tests/loop_back_edge_audit.rs:46:22
[INFO] [stdout]     |
[INFO] [stdout]  46 | use vyre_primitives::graph::persistent_bfs::{
[INFO] [stdout]     |                      ^^^^^ could not find `graph` in `vyre_primitives`
[INFO] [stdout]     |
[INFO] [stdout] note: found an item that was configured out
[INFO] [stdout]    --> src/lib.rs:217:9
[INFO] [stdout]     |
[INFO] [stdout] 216 | #[cfg(feature = "graph")]
[INFO] [stdout]     |       ----------------- the item is gated behind the `graph` feature
[INFO] [stdout] 217 | pub mod graph;
[INFO] [stdout]     |         ^^^^^
[INFO] [stdout] 
[INFO] [stdout] 
[INFO] [stdout] error[E0433]: cannot find `graph` in `vyre_primitives`
[INFO] [stdout]    --> tests/loop_back_edge_audit.rs:50:22
[INFO] [stdout]     |
[INFO] [stdout]  50 | use vyre_primitives::graph::program_graph::ProgramGraphShape;
[INFO] [stdout]     |                      ^^^^^ could not find `graph` in `vyre_primitives`
[INFO] [stdout]     |
[INFO] [stdout] note: found an item that was configured out
[INFO] [stdout]    --> src/lib.rs:217:9
[INFO] [stdout]     |
[INFO] [stdout] 216 | #[cfg(feature = "graph")]
[INFO] [stdout]     |       ----------------- the item is gated behind the `graph` feature
[INFO] [stdout] 217 | pub mod graph;
[INFO] [stdout]     |         ^^^^^
[INFO] [stdout] 
[INFO] [stdout] 
[INFO] [stdout] error[E0433]: cannot find `parsing` in `vyre_primitives`
[INFO] [stdout]    --> tests/loop_back_edge_audit.rs:51:22
[INFO] [stdout]     |
[INFO] [stdout]  51 | use vyre_primitives::parsing::ast_cse_structural_hash::ast_cse_structural_hash_program;
[INFO] [stdout]     |                      ^^^^^^^ could not find `parsing` in `vyre_primitives`
[INFO] [stdout]     |
[INFO] [stdout] note: found an item that was configured out
[INFO] [stdout]    --> src/lib.rs:207:9
[INFO] [stdout]     |
[INFO] [stdout] 206 | #[cfg(feature = "parsing")]
[INFO] [stdout]     |       ------------------- the item is gated behind the `parsing` feature
[INFO] [stdout] 207 | pub mod parsing;
[INFO] [stdout]     |         ^^^^^^^
[INFO] [stdout] 
[INFO] [stdout] 
[INFO] [stdout] error[E0433]: cannot find `reduce` in `vyre_primitives`
[INFO] [stdout]    --> tests/loop_back_edge_audit.rs:52:22
[INFO] [stdout]     |
[INFO] [stdout]  52 | use vyre_primitives::reduce::workgroup_tree::{
[INFO] [stdout]     |                      ^^^^^^ could not find `reduce` in `vyre_primitives`
[INFO] [stdout]     |
[INFO] [stdout] note: found an item that was configured out
[INFO] [stdout]    --> src/lib.rs:283:9
[INFO] [stdout]     |
[INFO] [stdout] 282 | #[cfg(feature = "reduce")]
[INFO] [stdout]     |       ------------------ the item is gated behind the `reduce` feature
[INFO] [stdout] 283 | pub mod reduce;
[INFO] [stdout]     |         ^^^^^^
[INFO] [stdout] 
[INFO] [stdout] 
[INFO] [stdout] error[E0433]: cannot find module or crate `vyre_foundation` in this scope
[INFO] [stdout]   --> tests/loop_back_edge_audit.rs:42:5
[INFO] [stdout]    |
[INFO] [stdout] 42 | use vyre_foundation::ir::{validate, Expr, Node, Program};
[INFO] [stdout]    |     ^^^^^^^^^^^^^^^ use of unresolved module or unlinked crate `vyre_foundation`
[INFO] [stdout]    |
[INFO] [stdout]    = help: if you wanted to use a crate named `vyre_foundation`, use `cargo add vyre_foundation` to add it to your `Cargo.toml`
[INFO] [stdout] 
[INFO] [stdout] 
[INFO] [stdout] For more information about this error, try `rustc --explain E0433`.
[INFO] [stdout] 
[INFO] [stderr] error: could not compile `vyre-primitives` (test "loop_back_edge_audit") due to 6 previous errors
[INFO] [stderr] warning: build failed, waiting for other jobs to finish...
[INFO] [stderr] warning: unused dependency `vyre-spec`
[INFO] [stderr]   --> Cargo.toml:18:15
[INFO] [stderr]    |
[INFO] [stderr] 18 | [dependencies.vyre-spec]
[INFO] [stderr]    |               ^^^^^^^^^^
[INFO] [stderr]    |
[INFO] [stderr]    = note: `cargo::unused_dependencies` is set to `warn` by default
[INFO] [stderr] help: consider removing the dependency on `vyre-spec`
[INFO] [stderr] warning: `vyre-primitives` (manifest) generated 1 warning
[INFO] running `Command { std: "docker" "inspect" "9cc8c6aa57b6faaab6c4131b3f388b224fa1e48d029f96efa36251e616e2d992", kill_on_drop: false }`
[INFO] running `Command { std: "docker" "rm" "-f" "9cc8c6aa57b6faaab6c4131b3f388b224fa1e48d029f96efa36251e616e2d992", kill_on_drop: false }`
[INFO] [stdout] 9cc8c6aa57b6faaab6c4131b3f388b224fa1e48d029f96efa36251e616e2d992
