[INFO] fetching crate vyre-harness 0.7.1...
[INFO] testing vyre-harness-0.7.1 against 1.99.0-beta.8+cargoflags=--release for beta-release-1.100-2
[INFO] extracting crate vyre-harness 0.7.1 into /workspace/builds/worker-7-tc1/source
[INFO] started tweaking crates.io crate vyre-harness 0.7.1
[INFO] removed 0 missing examples
[INFO] removed 0 missing tests
[INFO] finished tweaking crates.io crate vyre-harness 0.7.1
[INFO] tweaked toml for crates.io crate vyre-harness 0.7.1 written to /workspace/builds/worker-7-tc1/source/Cargo.toml
[INFO] validating manifest of crates.io crate vyre-harness 0.7.1 on toolchain 1.99.0-beta.8
[INFO] running `Command { std: CARGO_HOME="/workspace/cargo-home" RUSTUP_HOME="/workspace/rustup-home" "/workspace/cargo-home/bin/cargo" "+1.99.0-beta.8" "metadata" "--manifest-path" "Cargo.toml" "--no-deps", kill_on_drop: false }`
[INFO] crate crates.io crate vyre-harness 0.7.1 already has a lockfile, it will not be regenerated
[INFO] running `Command { std: CARGO_HOME="/workspace/cargo-home" RUSTUP_HOME="/workspace/rustup-home" "/workspace/cargo-home/bin/cargo" "+1.99.0-beta.8" "fetch" "--manifest-path" "Cargo.toml", kill_on_drop: false }`
[INFO] [stderr]     Updating crates.io index
[INFO] [stderr]  Downloading crates ...
[INFO] [stderr]   Downloaded vyre-macros v0.7.1
[INFO] [stderr]   Downloaded vyre v0.7.1
[INFO] [stderr]   Downloaded lasso v0.7.3
[INFO] [stderr]   Downloaded vyre-spec v0.7.1
[INFO] [stderr]   Downloaded vyre-lower v0.7.1
[INFO] [stderr]   Downloaded vyre-driver v0.7.1
[INFO] [stderr]   Downloaded vyre-foundation v0.7.1
[INFO] running `Command { std: "docker" "create" "-v" "/var/lib/crater-agent-workspace/builds/worker-7-tc1/source:/opt/rustwide/workdir:ro,Z" "-v" "/var/lib/crater-agent-workspace/builds/worker-7-tc1/target:/opt/rustwide/target:rw,Z" "-v" "/var/lib/crater-agent-workspace/cargo-home:/opt/rustwide/cargo-home:ro,Z" "-v" "/var/lib/crater-agent-workspace/rustup-home:/opt/rustwide/rustup-home:ro,Z" "-m" "1610612736" "--network" "none" "ghcr.io/rust-lang/crates-build-env/linux@sha256:77db811e55d90add9212f6832c23229e3de5f1c1f9905e8cb07319ea15df73ac" "sleep" "infinity", kill_on_drop: false }`
[INFO] [stdout] 102dd6c9de5ef06999ddaf3b948c997da6411eef132379516ae6c7594d2abfa9
[INFO] running `Command { std: "docker" "start" "102dd6c9de5ef06999ddaf3b948c997da6411eef132379516ae6c7594d2abfa9", kill_on_drop: false }`
[INFO] running `Command { std: "docker" "inspect" "102dd6c9de5ef06999ddaf3b948c997da6411eef132379516ae6c7594d2abfa9", kill_on_drop: false }`
[INFO] running `Command { std: "docker" "exec" "-e" "SOURCE_DIR=/opt/rustwide/workdir" "-e" "CARGO_HOME=/opt/rustwide/cargo-home" "-e" "RUSTUP_HOME=/opt/rustwide/rustup-home" "-e" "CARGO_TARGET_DIR=/opt/rustwide/target" "-w" "/opt/rustwide/workdir" "--user" "0:0" "102dd6c9de5ef06999ddaf3b948c997da6411eef132379516ae6c7594d2abfa9" "/opt/rustwide/cargo-home/bin/cargo" "+1.99.0-beta.8" "metadata" "--no-deps" "--format-version=1", kill_on_drop: false }`
[INFO] running `Command { std: "docker" "inspect" "102dd6c9de5ef06999ddaf3b948c997da6411eef132379516ae6c7594d2abfa9", kill_on_drop: false }`
[INFO] running `Command { std: "docker" "exec" "-e" "SOURCE_DIR=/opt/rustwide/workdir" "-e" "CARGO_HOME=/opt/rustwide/cargo-home" "-e" "RUSTUP_HOME=/opt/rustwide/rustup-home" "-e" "CARGO_TARGET_DIR=/opt/rustwide/target" "-e" "CARGO_INCREMENTAL=0" "-e" "RUST_BACKTRACE=full" "-e" "RUSTFLAGS=--cap-lints=warn" "-e" "RUSTDOCFLAGS=--cap-lints=warn" "-w" "/opt/rustwide/workdir" "--user" "0:0" "102dd6c9de5ef06999ddaf3b948c997da6411eef132379516ae6c7594d2abfa9" "/opt/rustwide/cargo-home/bin/cargo" "+1.99.0-beta.8" "build" "--frozen" "--message-format=json" "--release", kill_on_drop: false }`
[INFO] [stderr]    Compiling syn v3.0.3
[INFO] [stderr]    Compiling serde v1.0.229
[INFO] [stderr]    Compiling syn v2.0.117
[INFO] [stderr]    Compiling cc v1.2.62
[INFO] [stderr]    Compiling bitmaps v2.1.0
[INFO] [stderr]    Compiling rand_xoshiro v0.6.0
[INFO] [stderr]    Compiling ahash v0.8.12
[INFO] [stderr]    Compiling toml_datetime v1.1.1+spec-1.1.0
[INFO] [stderr]    Compiling serde_spanned v1.1.1
[INFO] [stderr]    Compiling arrayvec v0.7.6
[INFO] [stderr]    Compiling constant_time_eq v0.4.2
[INFO] [stderr]    Compiling serde_json v1.0.150
[INFO] [stderr]    Compiling arc-swap v1.9.1
[INFO] [stderr]    Compiling fs2 v0.4.3
[INFO] [stderr]    Compiling hashbrown v0.14.5
[INFO] [stderr]    Compiling toml v1.1.3+spec-1.1.0
[INFO] [stderr]    Compiling sized-chunks v0.6.5
[INFO] [stderr]    Compiling im v15.1.0
[INFO] [stderr]    Compiling blake3 v1.8.5
[INFO] [stderr]    Compiling serde_derive v1.0.229
[INFO] [stderr]    Compiling thiserror-impl v2.0.19
[INFO] [stderr]    Compiling thiserror v2.0.19
[INFO] [stderr]    Compiling bytemuck_derive v1.10.2
[INFO] [stderr]    Compiling tracing-attributes v0.1.31
[INFO] [stderr]    Compiling vyre-macros v0.7.1
[INFO] [stderr]    Compiling smallvec v1.15.1
[INFO] [stderr]    Compiling tracing v0.1.44
[INFO] [stderr]    Compiling parking_lot_core v0.9.12
[INFO] [stderr]    Compiling vyre-spec v0.7.1
[INFO] [stderr]    Compiling dashmap v6.2.1
[INFO] [stderr]    Compiling bytemuck v1.25.2
[INFO] [stderr]    Compiling lasso v0.7.3
[INFO] [stderr]    Compiling vyre-foundation v0.7.1
[INFO] [stderr]    Compiling vyre-driver v0.7.1
[INFO] [stderr]    Compiling vyre-lower v0.7.1
[INFO] [stderr]    Compiling vyre v0.7.1
[INFO] [stderr]    Compiling vyre-harness v0.7.1 (/opt/rustwide/workdir)
[INFO] [stderr]     Finished `release` profile [optimized] target(s) in 1m 20s
[INFO] running `Command { std: "docker" "inspect" "102dd6c9de5ef06999ddaf3b948c997da6411eef132379516ae6c7594d2abfa9", kill_on_drop: false }`
[INFO] running `Command { std: "docker" "exec" "-e" "SOURCE_DIR=/opt/rustwide/workdir" "-e" "CARGO_HOME=/opt/rustwide/cargo-home" "-e" "RUSTUP_HOME=/opt/rustwide/rustup-home" "-e" "CARGO_TARGET_DIR=/opt/rustwide/target" "-e" "CARGO_INCREMENTAL=0" "-e" "RUST_BACKTRACE=full" "-e" "RUSTFLAGS=--cap-lints=warn" "-e" "RUSTDOCFLAGS=--cap-lints=warn" "-w" "/opt/rustwide/workdir" "--user" "0:0" "102dd6c9de5ef06999ddaf3b948c997da6411eef132379516ae6c7594d2abfa9" "/opt/rustwide/cargo-home/bin/cargo" "+1.99.0-beta.8" "test" "--frozen" "--no-run" "--message-format=json" "--release", kill_on_drop: false }`
[INFO] [stderr]    Compiling ppv-lite86 v0.2.21
[INFO] [stderr]    Compiling tempfile v3.27.0
[INFO] [stderr]    Compiling rusty-fork v0.3.1
[INFO] [stderr]    Compiling rand_chacha v0.9.0
[INFO] [stderr]    Compiling proptest v1.11.0
[INFO] [stderr]    Compiling vyre-harness v0.7.1 (/opt/rustwide/workdir)
[INFO] [stdout] error[E0433]: cannot find module or crate `vyre_primitives` in this scope
[INFO] [stdout]  --> tests/categorical_laws_proptest.rs:3:5
[INFO] [stdout]   |
[INFO] [stdout] 3 | use vyre_primitives::graph::sheaf::sheaf_diffusion_step_cpu;
[INFO] [stdout]   |     ^^^^^^^^^^^^^^^ use of unresolved module or unlinked crate `vyre_primitives`
[INFO] [stdout]   |
[INFO] [stdout]   = help: if you wanted to use a crate named `vyre_primitives`, use `cargo add vyre_primitives` to add it to your `Cargo.toml`
[INFO] [stdout] 
[INFO] [stdout] 
[INFO] [stdout] error[E0433]: cannot find module or crate `vyre_self_substrate` in this scope
[INFO] [stdout]  --> tests/categorical_laws_proptest.rs:4:5
[INFO] [stdout]   |
[INFO] [stdout] 4 | use vyre_self_substrate::functorial_pass_composition::{
[INFO] [stdout]   |     ^^^^^^^^^^^^^^^^^^^ use of unresolved module or unlinked crate `vyre_self_substrate`
[INFO] [stdout]   |
[INFO] [stdout]   = help: if you wanted to use a crate named `vyre_self_substrate`, use `cargo add vyre_self_substrate` to add it to your `Cargo.toml`
[INFO] [stdout] 
[INFO] [stdout] 
[INFO] [stdout] error[E0433]: cannot find module or crate `vyre_self_substrate` in this scope
[INFO] [stdout]  --> tests/categorical_laws_proptest.rs:7:5
[INFO] [stdout]   |
[INFO] [stdout] 7 | use vyre_self_substrate::string_diagram_ir_rewrite::{
[INFO] [stdout]   |     ^^^^^^^^^^^^^^^^^^^ use of unresolved module or unlinked crate `vyre_self_substrate`
[INFO] [stdout]   |
[INFO] [stdout]   = help: if you wanted to use a crate named `vyre_self_substrate`, use `cargo add vyre_self_substrate` to add it to your `Cargo.toml`
[INFO] [stdout] 
[INFO] [stdout] 
[INFO] [stdout] error[E0432]: unresolved import `vyre_self_substrate`
[INFO] [stdout]   --> tests/self_consumer_conform.rs:11:5
[INFO] [stdout]    |
[INFO] [stdout] 11 | use vyre_self_substrate::{scallop_provenance, vsa_fingerprint};
[INFO] [stdout]    |     ^^^^^^^^^^^^^^^^^^^ use of unresolved module or unlinked crate `vyre_self_substrate`
[INFO] [stdout]    |
[INFO] [stdout]    = help: if you wanted to use a crate named `vyre_self_substrate`, use `cargo add vyre_self_substrate` to add it to your `Cargo.toml`
[INFO] [stdout] 
[INFO] [stdout] 
[INFO] [stdout] error[E0432]: unresolved import `vyre_self_substrate`
[INFO] [stdout]  --> tests/provenance_closure.rs:9:5
[INFO] [stdout]   |
[INFO] [stdout] 9 | use vyre_self_substrate::scallop_provenance;
[INFO] [stdout]   |     ^^^^^^^^^^^^^^^^^^^ use of unresolved module or unlinked crate `vyre_self_substrate`
[INFO] [stdout]   |
[INFO] [stdout]   = help: if you wanted to use a crate named `vyre_self_substrate`, use `cargo add vyre_self_substrate` to add it to your `Cargo.toml`
[INFO] [stdout] 
[INFO] [stdout] 
[INFO] [stdout] For more information about this error, try `rustc --explain E0433`.
[INFO] [stdout] 
[INFO] [stderr] error: could not compile `vyre-harness` (test "categorical_laws_proptest") due to 3 previous errors
[INFO] [stderr] warning: build failed, waiting for other jobs to finish...
[INFO] [stdout] For more information about this error, try `rustc --explain E0432`.
[INFO] [stdout] 
[INFO] [stderr] error: could not compile `vyre-harness` (test "self_consumer_conform") due to 1 previous error
[INFO] [stdout] For more information about this error, try `rustc --explain E0432`.
[INFO] [stdout] 
[INFO] [stdout] error[E0432]: unresolved import `vyre_self_substrate`
[INFO] [stdout]  --> tests/primitive_vs_consumer.rs:9:5
[INFO] [stdout]   |
[INFO] [stdout] 9 | use vyre_self_substrate::{dataflow_fixpoint, scallop_provenance, scallop_provenance_wide};
[INFO] [stdout]   |     ^^^^^^^^^^^^^^^^^^^ use of unresolved module or unlinked crate `vyre_self_substrate`
[INFO] [stdout]   |
[INFO] [stdout]   = help: if you wanted to use a crate named `vyre_self_substrate`, use `cargo add vyre_self_substrate` to add it to your `Cargo.toml`
[INFO] [stdout] 
[INFO] [stdout] 
[INFO] [stderr] error: could not compile `vyre-harness` (test "provenance_closure") due to 1 previous error
[INFO] [stdout] For more information about this error, try `rustc --explain E0432`.
[INFO] [stdout] 
[INFO] [stderr] error: could not compile `vyre-harness` (test "primitive_vs_consumer") due to 1 previous error
[INFO] running `Command { std: "docker" "inspect" "102dd6c9de5ef06999ddaf3b948c997da6411eef132379516ae6c7594d2abfa9", kill_on_drop: false }`
[INFO] running `Command { std: "docker" "rm" "-f" "102dd6c9de5ef06999ddaf3b948c997da6411eef132379516ae6c7594d2abfa9", kill_on_drop: false }`
[INFO] [stdout] 102dd6c9de5ef06999ddaf3b948c997da6411eef132379516ae6c7594d2abfa9
