[INFO] fetching crate vyre-foundation 0.7.2...
[INFO] testing vyre-foundation-0.7.2 against 1.99.0-beta.8+cargoflags=--release for beta-release-1.100-2
[INFO] extracting crate vyre-foundation 0.7.2 into /workspace/builds/worker-7-tc1/source
[INFO] started tweaking crates.io crate vyre-foundation 0.7.2
[INFO] removed 0 missing examples
[INFO] removed 0 missing tests
[INFO] finished tweaking crates.io crate vyre-foundation 0.7.2
[INFO] tweaked toml for crates.io crate vyre-foundation 0.7.2 written to /workspace/builds/worker-7-tc1/source/Cargo.toml
[INFO] validating manifest of crates.io crate vyre-foundation 0.7.2 on toolchain 1.99.0-beta.8
[INFO] running `Command { std: CARGO_HOME="/workspace/cargo-home" RUSTUP_HOME="/workspace/rustup-home" "/workspace/cargo-home/bin/cargo" "+1.99.0-beta.8" "metadata" "--manifest-path" "Cargo.toml" "--no-deps", kill_on_drop: false }`
[INFO] crate crates.io crate vyre-foundation 0.7.2 already has a lockfile, it will not be regenerated
[INFO] running `Command { std: CARGO_HOME="/workspace/cargo-home" RUSTUP_HOME="/workspace/rustup-home" "/workspace/cargo-home/bin/cargo" "+1.99.0-beta.8" "fetch" "--manifest-path" "Cargo.toml", kill_on_drop: false }`
[INFO] [stderr]     Updating crates.io index
[INFO] [stderr]  Downloading crates ...
[INFO] [stderr]   Downloaded vyre-macros v0.7.2
[INFO] [stderr]   Downloaded vyre-spec v0.7.2
[INFO] running `Command { std: "docker" "create" "-v" "/var/lib/crater-agent-workspace/builds/worker-7-tc1/source:/opt/rustwide/workdir:ro,Z" "-v" "/var/lib/crater-agent-workspace/builds/worker-7-tc1/target:/opt/rustwide/target:rw,Z" "-v" "/var/lib/crater-agent-workspace/cargo-home:/opt/rustwide/cargo-home:ro,Z" "-v" "/var/lib/crater-agent-workspace/rustup-home:/opt/rustwide/rustup-home:ro,Z" "-m" "1610612736" "--network" "none" "ghcr.io/rust-lang/crates-build-env/linux@sha256:77db811e55d90add9212f6832c23229e3de5f1c1f9905e8cb07319ea15df73ac" "sleep" "infinity", kill_on_drop: false }`
[INFO] [stdout] 7805d28f4a5ee9edb90295770149cfb9b57d01c22913e33e73403d8567d7bbfd
[INFO] running `Command { std: "docker" "start" "7805d28f4a5ee9edb90295770149cfb9b57d01c22913e33e73403d8567d7bbfd", kill_on_drop: false }`
[INFO] running `Command { std: "docker" "inspect" "7805d28f4a5ee9edb90295770149cfb9b57d01c22913e33e73403d8567d7bbfd", kill_on_drop: false }`
[INFO] running `Command { std: "docker" "exec" "-e" "SOURCE_DIR=/opt/rustwide/workdir" "-e" "CARGO_HOME=/opt/rustwide/cargo-home" "-e" "RUSTUP_HOME=/opt/rustwide/rustup-home" "-e" "CARGO_TARGET_DIR=/opt/rustwide/target" "-w" "/opt/rustwide/workdir" "--user" "0:0" "7805d28f4a5ee9edb90295770149cfb9b57d01c22913e33e73403d8567d7bbfd" "/opt/rustwide/cargo-home/bin/cargo" "+1.99.0-beta.8" "metadata" "--no-deps" "--format-version=1", kill_on_drop: false }`
[INFO] running `Command { std: "docker" "inspect" "7805d28f4a5ee9edb90295770149cfb9b57d01c22913e33e73403d8567d7bbfd", kill_on_drop: false }`
[INFO] running `Command { std: "docker" "exec" "-e" "SOURCE_DIR=/opt/rustwide/workdir" "-e" "CARGO_HOME=/opt/rustwide/cargo-home" "-e" "RUSTUP_HOME=/opt/rustwide/rustup-home" "-e" "CARGO_TARGET_DIR=/opt/rustwide/target" "-e" "CARGO_INCREMENTAL=0" "-e" "RUST_BACKTRACE=full" "-e" "RUSTFLAGS=--cap-lints=warn" "-e" "RUSTDOCFLAGS=--cap-lints=warn" "-w" "/opt/rustwide/workdir" "--user" "0:0" "7805d28f4a5ee9edb90295770149cfb9b57d01c22913e33e73403d8567d7bbfd" "/opt/rustwide/cargo-home/bin/cargo" "+1.99.0-beta.8" "build" "--frozen" "--message-format=json" "--release", kill_on_drop: false }`
[INFO] [stderr]    Compiling syn v3.0.3
[INFO] [stderr]    Compiling syn v2.0.117
[INFO] [stderr]    Compiling bitmaps v2.1.0
[INFO] [stderr]    Compiling im v15.1.0
[INFO] [stderr]    Compiling blake3 v1.8.5
[INFO] [stderr]    Compiling rand_xoshiro v0.6.0
[INFO] [stderr]    Compiling serde_json v1.0.150
[INFO] [stderr]    Compiling bumpalo v3.20.3
[INFO] [stderr]    Compiling toml v1.1.3+spec-1.1.0
[INFO] [stderr]    Compiling sized-chunks v0.6.5
[INFO] [stderr]    Compiling serde_derive v1.0.229
[INFO] [stderr]    Compiling thiserror-impl v2.0.19
[INFO] [stderr]    Compiling thiserror v2.0.19
[INFO] [stderr]    Compiling tracing-attributes v0.1.31
[INFO] [stderr]    Compiling bytemuck_derive v1.10.2
[INFO] [stderr]    Compiling vyre-macros v0.7.2
[INFO] [stderr]    Compiling serde v1.0.229
[INFO] [stderr]    Compiling smallvec v1.15.1
[INFO] [stderr]    Compiling parking_lot_core v0.9.12
[INFO] [stderr]    Compiling vyre-spec v0.7.2
[INFO] [stderr]    Compiling tracing v0.1.44
[INFO] [stderr]    Compiling bytemuck v1.25.2
[INFO] [stderr]    Compiling dashmap v6.2.1
[INFO] [stderr]    Compiling vyre-foundation v0.7.2 (/opt/rustwide/workdir)
[INFO] [stderr]     Finished `release` profile [optimized] target(s) in 52.52s
[INFO] running `Command { std: "docker" "inspect" "7805d28f4a5ee9edb90295770149cfb9b57d01c22913e33e73403d8567d7bbfd", kill_on_drop: false }`
[INFO] running `Command { std: "docker" "exec" "-e" "SOURCE_DIR=/opt/rustwide/workdir" "-e" "CARGO_HOME=/opt/rustwide/cargo-home" "-e" "RUSTUP_HOME=/opt/rustwide/rustup-home" "-e" "CARGO_TARGET_DIR=/opt/rustwide/target" "-e" "CARGO_INCREMENTAL=0" "-e" "RUST_BACKTRACE=full" "-e" "RUSTFLAGS=--cap-lints=warn" "-e" "RUSTDOCFLAGS=--cap-lints=warn" "-w" "/opt/rustwide/workdir" "--user" "0:0" "7805d28f4a5ee9edb90295770149cfb9b57d01c22913e33e73403d8567d7bbfd" "/opt/rustwide/cargo-home/bin/cargo" "+1.99.0-beta.8" "test" "--frozen" "--no-run" "--message-format=json" "--release", kill_on_drop: false }`
[INFO] [stderr]    Compiling zerocopy v0.8.48
[INFO] [stderr]    Compiling bitflags v2.11.1
[INFO] [stderr]    Compiling alloca v0.4.0
[INFO] [stderr]    Compiling zerocopy-derive v0.8.48
[INFO] [stderr]    Compiling serde v1.0.229
[INFO] [stderr]    Compiling clap_builder v4.6.2
[INFO] [stderr]    Compiling regex-automata v0.4.16
[INFO] [stderr]    Compiling itertools v0.13.0
[INFO] [stderr]    Compiling page_size v0.6.0
[INFO] [stderr]    Compiling rustix v1.1.4
[INFO] [stderr]    Compiling smallvec v1.15.1
[INFO] [stderr]    Compiling tinytemplate v1.2.1
[INFO] [stderr]    Compiling parking_lot_core v0.9.12
[INFO] [stderr]    Compiling vyre-spec v0.7.2
[INFO] [stderr]    Compiling dashmap v6.2.1
[INFO] [stderr]    Compiling criterion-plot v0.8.2
[INFO] [stderr]    Compiling vyre-foundation v0.7.2 (/opt/rustwide/workdir)
[INFO] [stderr]    Compiling tempfile v3.27.0
[INFO] [stderr]    Compiling regex v1.13.1
[INFO] [stderr]    Compiling clap v4.6.4
[INFO] [stderr]    Compiling rusty-fork v0.3.1
[INFO] [stderr]    Compiling half v2.7.1
[INFO] [stderr]    Compiling ppv-lite86 v0.2.21
[INFO] [stderr]    Compiling rand_chacha v0.9.0
[INFO] [stderr]    Compiling ciborium-ll v0.2.2
[INFO] [stderr]    Compiling proptest v1.11.0
[INFO] [stderr]    Compiling ciborium v0.2.2
[INFO] [stderr]    Compiling criterion v0.8.2
[INFO] [stdout] error[E0433]: cannot find module or crate `vyre` in this scope
[INFO] [stdout]  --> tests/quantized_datatype_wire.rs:3:5
[INFO] [stdout]   |
[INFO] [stdout] 3 | use vyre::ir::{BufferAccess, BufferDecl, DataType, Node, Program};
[INFO] [stdout]   |     ^^^^ use of unresolved module or unlinked crate `vyre`
[INFO] [stdout]   |
[INFO] [stdout]   = help: if you wanted to use a crate named `vyre`, use `cargo add vyre` to add it to your `Cargo.toml`
[INFO] [stdout] 
[INFO] [stdout] 
[INFO] [stdout] error[E0433]: cannot find module or crate `vyre` in this scope
[INFO] [stdout]   --> tests/region_inline_invalidates.rs:10:5
[INFO] [stdout]    |
[INFO] [stdout] 10 | use vyre::ir::{BufferDecl, DataType, Expr, Node, Program};
[INFO] [stdout]    |     ^^^^ use of unresolved module or unlinked crate `vyre`
[INFO] [stdout]    |
[INFO] [stdout]    = help: if you wanted to use a crate named `vyre`, use `cargo add vyre` to add it to your `Cargo.toml`
[INFO] [stdout] 
[INFO] [stdout] 
[INFO] [stdout] For more information about this error, try `rustc --explain E0433`.
[INFO] [stdout] 
[INFO] [stdout] For more information about this error, try `rustc --explain E0433`.
[INFO] [stdout] 
[INFO] [stderr] error: could not compile `vyre-foundation` (test "region_inline_invalidates") due to 1 previous error
[INFO] [stderr] warning: build failed, waiting for other jobs to finish...
[INFO] [stderr] error: could not compile `vyre-foundation` (test "quantized_datatype_wire") due to 1 previous error
[INFO] [stdout] error[E0433]: cannot find module or crate `vyre_reference` in this scope
[INFO] [stdout]   --> tests/store_to_load_forward_value_invalidation.rs:21:5
[INFO] [stdout]    |
[INFO] [stdout] 21 | use vyre_reference::value::Value;
[INFO] [stdout]    |     ^^^^^^^^^^^^^^ use of unresolved module or unlinked crate `vyre_reference`
[INFO] [stdout]    |
[INFO] [stdout]    = help: if you wanted to use a crate named `vyre_reference`, use `cargo add vyre_reference` to add it to your `Cargo.toml`
[INFO] [stdout] 
[INFO] [stdout] 
[INFO] [stdout] error[E0433]: cannot find module or crate `vyre` in this scope
[INFO] [stdout]  --> tests/visitor_walk.rs:7:5
[INFO] [stdout]   |
[INFO] [stdout] 7 | use vyre::ir::{BufferAccess, BufferDecl, DataType, Expr, Node, Program};
[INFO] [stdout]   |     ^^^^ use of unresolved module or unlinked crate `vyre`
[INFO] [stdout]   |
[INFO] [stdout]   = help: if you wanted to use a crate named `vyre`, use `cargo add vyre` to add it to your `Cargo.toml`
[INFO] [stdout] 
[INFO] [stdout] 
[INFO] [stdout] error[E0433]: cannot find module or crate `vyre` in this scope
[INFO] [stdout]  --> tests/validation_edge_cases.rs:7:5
[INFO] [stdout]   |
[INFO] [stdout] 7 | use vyre::ir::{BufferDecl, DataType, Expr, Node, Program};
[INFO] [stdout]   |     ^^^^ use of unresolved module or unlinked crate `vyre`
[INFO] [stdout]   |
[INFO] [stdout]   = help: if you wanted to use a crate named `vyre`, use `cargo add vyre` to add it to your `Cargo.toml`
[INFO] [stdout] 
[INFO] [stdout] 
[INFO] [stdout] error[E0432]: unresolved import `vyre`
[INFO] [stdout]  --> tests/validation_edge_cases.rs:8:5
[INFO] [stdout]   |
[INFO] [stdout] 8 | use vyre::validate;
[INFO] [stdout]   |     ^^^^ use of unresolved module or unlinked crate `vyre`
[INFO] [stdout]   |
[INFO] [stdout]   = help: if you wanted to use a crate named `vyre`, use `cargo add vyre` to add it to your `Cargo.toml`
[INFO] [stdout] 
[INFO] [stdout] 
[INFO] [stdout] error[E0433]: cannot find module or crate `vyre` in this scope
[INFO] [stdout]  --> tests/wire_decode_support.rs:3:5
[INFO] [stdout]   |
[INFO] [stdout] 3 | use vyre::ir::{BufferDecl, DataType, Node, Program};
[INFO] [stdout]   |     ^^^^ use of unresolved module or unlinked crate `vyre`
[INFO] [stdout]   |
[INFO] [stdout]   = help: if you wanted to use a crate named `vyre`, use `cargo add vyre` to add it to your `Cargo.toml`
[INFO] [stdout] 
[INFO] [stdout] 
[INFO] [stdout] Some errors have detailed explanations: E0432, E0433.
[INFO] [stdout] 
[INFO] [stdout] For more information about an error, try `rustc --explain E0432`.
[INFO] [stdout] 
[INFO] [stdout] error[E0433]: cannot find module or crate `vyre_reference` in this scope
[INFO] [stdout]   --> tests/store_to_load_forward_value_invalidation.rs:52:20
[INFO] [stdout]    |
[INFO] [stdout] 52 |     let original = vyre_reference::reference_eval(&program, &inputs)
[INFO] [stdout]    |                    ^^^^^^^^^^^^^^ use of unresolved module or unlinked crate `vyre_reference`
[INFO] [stdout]    |
[INFO] [stdout]    = help: if you wanted to use a crate named `vyre_reference`, use `cargo add vyre_reference` to add it to your `Cargo.toml`
[INFO] [stdout] 
[INFO] [stdout] 
[INFO] [stdout] error[E0433]: cannot find module or crate `vyre_reference` in this scope
[INFO] [stdout]   --> tests/store_to_load_forward_value_invalidation.rs:69:23
[INFO] [stdout]    |
[INFO] [stdout] 69 |     let transformed = vyre_reference::reference_eval(&optimized, &inputs)
[INFO] [stdout]    |                       ^^^^^^^^^^^^^^ use of unresolved module or unlinked crate `vyre_reference`
[INFO] [stdout]    |
[INFO] [stdout]    = help: if you wanted to use a crate named `vyre_reference`, use `cargo add vyre_reference` to add it to your `Cargo.toml`
[INFO] [stdout] 
[INFO] [stdout] 
[INFO] [stdout] For more information about this error, try `rustc --explain E0433`.
[INFO] [stdout] 
[INFO] [stdout] For more information about this error, try `rustc --explain E0433`.
[INFO] [stdout] 
[INFO] [stderr] error: could not compile `vyre-foundation` (test "store_to_load_forward_value_invalidation") due to 3 previous errors
[INFO] [stderr] error: could not compile `vyre-foundation` (test "validation_edge_cases") due to 2 previous errors
[INFO] [stderr] error: could not compile `vyre-foundation` (test "visitor_walk") due to 1 previous error
[INFO] [stdout] For more information about this error, try `rustc --explain E0433`.
[INFO] [stdout] 
[INFO] [stderr] error: could not compile `vyre-foundation` (test "wire_decode_corruption") due to 1 previous error
[INFO] running `Command { std: "docker" "inspect" "7805d28f4a5ee9edb90295770149cfb9b57d01c22913e33e73403d8567d7bbfd", kill_on_drop: false }`
[INFO] running `Command { std: "docker" "rm" "-f" "7805d28f4a5ee9edb90295770149cfb9b57d01c22913e33e73403d8567d7bbfd", kill_on_drop: false }`
[INFO] [stdout] 7805d28f4a5ee9edb90295770149cfb9b57d01c22913e33e73403d8567d7bbfd
