[INFO] fetching crate vyre-emit-spirv 0.7.2...
[INFO] testing vyre-emit-spirv-0.7.2 against 1.99.0-beta.8+cargoflags=--release for beta-release-1.100-2
[INFO] extracting crate vyre-emit-spirv 0.7.2 into /workspace/builds/worker-5-tc1/source
[INFO] started tweaking crates.io crate vyre-emit-spirv 0.7.2
[INFO] removed 0 missing examples
[INFO] removed 0 missing tests
[INFO] finished tweaking crates.io crate vyre-emit-spirv 0.7.2
[INFO] tweaked toml for crates.io crate vyre-emit-spirv 0.7.2 written to /workspace/builds/worker-5-tc1/source/Cargo.toml
[INFO] validating manifest of crates.io crate vyre-emit-spirv 0.7.2 on toolchain 1.99.0-beta.8
[INFO] running `Command { std: CARGO_HOME="/workspace/cargo-home" RUSTUP_HOME="/workspace/rustup-home" "/workspace/cargo-home/bin/cargo" "+1.99.0-beta.8" "metadata" "--manifest-path" "Cargo.toml" "--no-deps", kill_on_drop: false }`
[INFO] crate crates.io crate vyre-emit-spirv 0.7.2 already has a lockfile, it will not be regenerated
[INFO] running `Command { std: CARGO_HOME="/workspace/cargo-home" RUSTUP_HOME="/workspace/rustup-home" "/workspace/cargo-home/bin/cargo" "+1.99.0-beta.8" "fetch" "--manifest-path" "Cargo.toml", kill_on_drop: false }`
[INFO] [stderr]     Updating crates.io index
[INFO] [stderr]  Downloading crates ...
[INFO] [stderr]   Downloaded vyre-macros v0.7.2
[INFO] [stderr]   Downloaded vyre-emit-naga v0.7.2
[INFO] [stderr]   Downloaded vyre-spec v0.7.2
[INFO] [stderr]   Downloaded log v0.4.30
[INFO] [stderr]   Downloaded vyre-lower v0.7.2
[INFO] [stderr]   Downloaded naga v25.0.1
[INFO] [stderr]   Downloaded vyre-foundation v0.7.2
[INFO] running `Command { std: "docker" "create" "-v" "/var/lib/crater-agent-workspace/builds/worker-5-tc1/source:/opt/rustwide/workdir:ro,Z" "-v" "/var/lib/crater-agent-workspace/builds/worker-5-tc1/target:/opt/rustwide/target:rw,Z" "-v" "/var/lib/crater-agent-workspace/cargo-home:/opt/rustwide/cargo-home:ro,Z" "-v" "/var/lib/crater-agent-workspace/rustup-home:/opt/rustwide/rustup-home:ro,Z" "-m" "1610612736" "--network" "none" "ghcr.io/rust-lang/crates-build-env/linux@sha256:77db811e55d90add9212f6832c23229e3de5f1c1f9905e8cb07319ea15df73ac" "sleep" "infinity", kill_on_drop: false }`
[INFO] [stdout] f2450d430e8eeeb12d50bbc2b1129d55c887ced3439bded85d85d852766944ad
[INFO] running `Command { std: "docker" "start" "f2450d430e8eeeb12d50bbc2b1129d55c887ced3439bded85d85d852766944ad", kill_on_drop: false }`
[INFO] running `Command { std: "docker" "inspect" "f2450d430e8eeeb12d50bbc2b1129d55c887ced3439bded85d85d852766944ad", kill_on_drop: false }`
[INFO] running `Command { std: "docker" "exec" "-e" "SOURCE_DIR=/opt/rustwide/workdir" "-e" "CARGO_HOME=/opt/rustwide/cargo-home" "-e" "RUSTUP_HOME=/opt/rustwide/rustup-home" "-e" "CARGO_TARGET_DIR=/opt/rustwide/target" "-w" "/opt/rustwide/workdir" "--user" "0:0" "f2450d430e8eeeb12d50bbc2b1129d55c887ced3439bded85d85d852766944ad" "/opt/rustwide/cargo-home/bin/cargo" "+1.99.0-beta.8" "metadata" "--no-deps" "--format-version=1", kill_on_drop: false }`
[INFO] running `Command { std: "docker" "inspect" "f2450d430e8eeeb12d50bbc2b1129d55c887ced3439bded85d85d852766944ad", kill_on_drop: false }`
[INFO] running `Command { std: "docker" "exec" "-e" "SOURCE_DIR=/opt/rustwide/workdir" "-e" "CARGO_HOME=/opt/rustwide/cargo-home" "-e" "RUSTUP_HOME=/opt/rustwide/rustup-home" "-e" "CARGO_TARGET_DIR=/opt/rustwide/target" "-e" "CARGO_INCREMENTAL=0" "-e" "RUST_BACKTRACE=full" "-e" "RUSTFLAGS=--cap-lints=warn" "-e" "RUSTDOCFLAGS=--cap-lints=warn" "-w" "/opt/rustwide/workdir" "--user" "0:0" "f2450d430e8eeeb12d50bbc2b1129d55c887ced3439bded85d85d852766944ad" "/opt/rustwide/cargo-home/bin/cargo" "+1.99.0-beta.8" "build" "--frozen" "--message-format=json" "--release", kill_on_drop: false }`
[INFO] [stderr]    Compiling proc-macro2 v1.0.107
[INFO] [stderr]    Compiling serde v1.0.229
[INFO] [stderr]    Compiling libc v0.2.186
[INFO] [stderr]    Compiling cc v1.2.62
[INFO] [stderr]    Compiling serde_json v1.0.150
[INFO] [stderr]    Compiling typenum v1.20.0
[INFO] [stderr]    Compiling crossbeam-utils v0.8.21
[INFO] [stderr]    Compiling hashbrown v0.17.1
[INFO] [stderr]    Compiling im v15.1.0
[INFO] [stderr]    Compiling num-traits v0.2.19
[INFO] [stderr]    Compiling zerocopy v0.8.48
[INFO] [stderr]    Compiling arrayvec v0.7.6
[INFO] [stderr]    Compiling rand_core v0.6.4
[INFO] [stderr]    Compiling winnow v1.0.3
[INFO] [stderr]    Compiling rand_xoshiro v0.6.0
[INFO] [stderr]    Compiling quote v1.0.47
[INFO] [stderr]    Compiling bitmaps v2.1.0
[INFO] [stderr]    Compiling toml_parser v1.1.2+spec-1.1.0
[INFO] [stderr]    Compiling syn v2.0.117
[INFO] [stderr]    Compiling syn v3.0.3
[INFO] [stderr]    Compiling hashbrown v0.14.5
[INFO] [stderr]    Compiling sized-chunks v0.6.5
[INFO] [stderr]    Compiling blake3 v1.8.5
[INFO] [stderr]    Compiling cfg_aliases v0.2.1
[INFO] [stderr]    Compiling constant_time_eq v0.4.2
[INFO] [stderr]    Compiling naga v25.0.1
[INFO] [stderr]    Compiling toml v1.1.3+spec-1.1.0
[INFO] [stderr]    Compiling bit-vec v0.8.0
[INFO] [stderr]    Compiling inventory v0.3.24
[INFO] [stderr]    Compiling bitflags v2.11.1
[INFO] [stderr]    Compiling codespan-reporting v0.12.0
[INFO] [stderr]    Compiling spirv v0.3.0+sdk-1.3.268.0
[INFO] [stderr]    Compiling bit-set v0.8.0
[INFO] [stderr]    Compiling hashbrown v0.15.5
[INFO] [stderr]    Compiling indexmap v2.14.0
[INFO] [stderr]    Compiling serde_derive v1.0.229
[INFO] [stderr]    Compiling thiserror-impl v2.0.19
[INFO] [stderr]    Compiling rustc-hash v1.1.0
[INFO] [stderr]    Compiling hexf-parse v0.2.1
[INFO] [stderr]    Compiling log v0.4.30
[INFO] [stderr]    Compiling thiserror v2.0.19
[INFO] [stderr]    Compiling bytemuck_derive v1.10.2
[INFO] [stderr]    Compiling tracing-attributes v0.1.31
[INFO] [stderr]    Compiling zerocopy-derive v0.8.48
[INFO] [stderr]    Compiling strum_macros v0.26.4
[INFO] [stderr]    Compiling vyre-macros v0.7.2
[INFO] [stderr]    Compiling tracing v0.1.44
[INFO] [stderr]    Compiling bytemuck v1.25.2
[INFO] [stderr]    Compiling smallvec v1.15.1
[INFO] [stderr]    Compiling strum v0.26.3
[INFO] [stderr]    Compiling parking_lot_core v0.9.12
[INFO] [stderr]    Compiling vyre-spec v0.7.2
[INFO] [stderr]    Compiling dashmap v6.2.1
[INFO] [stderr]    Compiling vyre-foundation v0.7.2
[INFO] [stderr]    Compiling half v2.7.1
[INFO] [stderr]    Compiling vyre-lower v0.7.2
[INFO] [stderr]    Compiling vyre-emit-naga v0.7.2
[INFO] [stderr]    Compiling vyre-emit-spirv v0.7.2 (/opt/rustwide/workdir)
[INFO] [stderr]     Finished `release` profile [optimized] target(s) in 3m 13s
[INFO] running `Command { std: "docker" "inspect" "f2450d430e8eeeb12d50bbc2b1129d55c887ced3439bded85d85d852766944ad", kill_on_drop: false }`
[INFO] running `Command { std: "docker" "exec" "-e" "SOURCE_DIR=/opt/rustwide/workdir" "-e" "CARGO_HOME=/opt/rustwide/cargo-home" "-e" "RUSTUP_HOME=/opt/rustwide/rustup-home" "-e" "CARGO_TARGET_DIR=/opt/rustwide/target" "-e" "CARGO_INCREMENTAL=0" "-e" "RUST_BACKTRACE=full" "-e" "RUSTFLAGS=--cap-lints=warn" "-e" "RUSTDOCFLAGS=--cap-lints=warn" "-w" "/opt/rustwide/workdir" "--user" "0:0" "f2450d430e8eeeb12d50bbc2b1129d55c887ced3439bded85d85d852766944ad" "/opt/rustwide/cargo-home/bin/cargo" "+1.99.0-beta.8" "test" "--frozen" "--no-run" "--message-format=json" "--release", kill_on_drop: false }`
[INFO] [stderr]    Compiling bitflags v2.11.1
[INFO] [stderr]    Compiling num-traits v0.2.19
[INFO] [stderr]    Compiling getrandom v0.3.4
[INFO] [stderr]    Compiling getrandom v0.4.2
[INFO] [stderr]    Compiling fastrand v2.4.1
[INFO] [stderr]    Compiling vyre-lower v0.7.2
[INFO] [stderr]    Compiling ppv-lite86 v0.2.21
[INFO] [stderr]    Compiling wait-timeout v0.2.1
[INFO] [stderr]    Compiling rand_core v0.9.5
[INFO] [stderr]    Compiling spirv v0.3.0+sdk-1.3.268.0
[INFO] [stderr]    Compiling rustix v1.1.4
[INFO] [stderr]    Compiling rand v0.9.4
[INFO] [stderr]    Compiling rand_chacha v0.9.0
[INFO] [stderr]    Compiling rand_xorshift v0.4.0
[INFO] [stderr]    Compiling half v2.7.1
[INFO] [stderr]    Compiling naga v25.0.1
[INFO] [stderr]    Compiling tempfile v3.27.0
[INFO] [stderr]    Compiling rusty-fork v0.3.1
[INFO] [stderr]    Compiling proptest v1.11.0
[INFO] [stderr]    Compiling vyre-emit-naga v0.7.2
[INFO] [stderr]    Compiling vyre-emit-spirv v0.7.2 (/opt/rustwide/workdir)
[INFO] [stdout] error[E0432]: unresolved import `vyre_emit_ptx`
[INFO] [stdout]    --> tests/cross_emitter_parity.rs:292:9
[INFO] [stdout]     |
[INFO] [stdout] 292 |     use vyre_emit_ptx::ComputeCapability;
[INFO] [stdout]     |         ^^^^^^^^^^^^^ use of unresolved module or unlinked crate `vyre_emit_ptx`
[INFO] [stdout]     |
[INFO] [stdout] help: there is a crate or module with a similar name
[INFO] [stdout]     |
[INFO] [stdout] 292 -     use vyre_emit_ptx::ComputeCapability;
[INFO] [stdout] 292 +     use vyre_emit_naga::ComputeCapability;
[INFO] [stdout]     |
[INFO] [stdout] 
[INFO] [stdout] 
[INFO] [stdout] error[E0432]: unresolved import `vyre_emit_ptx`
[INFO] [stdout]    --> tests/cross_emitter_parity.rs:315:9
[INFO] [stdout]     |
[INFO] [stdout] 315 |     use vyre_emit_ptx::ComputeCapability;
[INFO] [stdout]     |         ^^^^^^^^^^^^^ use of unresolved module or unlinked crate `vyre_emit_ptx`
[INFO] [stdout]     |
[INFO] [stdout] help: there is a crate or module with a similar name
[INFO] [stdout]     |
[INFO] [stdout] 315 -     use vyre_emit_ptx::ComputeCapability;
[INFO] [stdout] 315 +     use vyre_emit_naga::ComputeCapability;
[INFO] [stdout]     |
[INFO] [stdout] 
[INFO] [stdout] 
[INFO] [stdout] error[E0432]: unresolved import `vyre_emit_ptx`
[INFO] [stdout]    --> tests/cross_emitter_parity.rs:370:9
[INFO] [stdout]     |
[INFO] [stdout] 370 |     use vyre_emit_ptx::ComputeCapability;
[INFO] [stdout]     |         ^^^^^^^^^^^^^ use of unresolved module or unlinked crate `vyre_emit_ptx`
[INFO] [stdout]     |
[INFO] [stdout] help: there is a crate or module with a similar name
[INFO] [stdout]     |
[INFO] [stdout] 370 -     use vyre_emit_ptx::ComputeCapability;
[INFO] [stdout] 370 +     use vyre_emit_naga::ComputeCapability;
[INFO] [stdout]     |
[INFO] [stdout] 
[INFO] [stdout] 
[INFO] [stdout] error[E0433]: cannot find module or crate `vyre_emit_ptx` in this scope
[INFO] [stdout]    --> tests/cross_emitter_parity.rs:303:26
[INFO] [stdout]     |
[INFO] [stdout] 303 |         let ptx_report = vyre_emit_ptx::patterns::audit(&desc, ComputeCapability::SM_80);
[INFO] [stdout]     |                          ^^^^^^^^^^^^^ use of unresolved module or unlinked crate `vyre_emit_ptx`
[INFO] [stdout]     |
[INFO] [stdout] help: there is a crate or module with a similar name
[INFO] [stdout]     |
[INFO] [stdout] 303 -         let ptx_report = vyre_emit_ptx::patterns::audit(&desc, ComputeCapability::SM_80);
[INFO] [stdout] 303 +         let ptx_report = vyre_emit_naga::patterns::audit(&desc, ComputeCapability::SM_80);
[INFO] [stdout]     |
[INFO] [stdout] 
[INFO] [stdout] 
[INFO] [stdout] error[E0433]: cannot find module or crate `vyre_emit_ptx` in this scope
[INFO] [stdout]    --> tests/cross_emitter_parity.rs:331:19
[INFO] [stdout]     |
[INFO] [stdout] 331 |         let ptx = vyre_emit_ptx::patterns::audit(&verified, ComputeCapability::SM_80);
[INFO] [stdout]     |                   ^^^^^^^^^^^^^ use of unresolved module or unlinked crate `vyre_emit_ptx`
[INFO] [stdout]     |
[INFO] [stdout] help: there is a crate or module with a similar name
[INFO] [stdout]     |
[INFO] [stdout] 331 -         let ptx = vyre_emit_ptx::patterns::audit(&verified, ComputeCapability::SM_80);
[INFO] [stdout] 331 +         let ptx = vyre_emit_naga::patterns::audit(&verified, ComputeCapability::SM_80);
[INFO] [stdout]     |
[INFO] [stdout] 
[INFO] [stdout] 
[INFO] [stdout] error[E0433]: cannot find module or crate `vyre_emit_ptx` in this scope
[INFO] [stdout]    --> tests/cross_emitter_parity.rs:377:9
[INFO] [stdout]     |
[INFO] [stdout] 377 |         vyre_emit_ptx::patterns::audit(&desc, ComputeCapability::SM_70).kernel_id,
[INFO] [stdout]     |         ^^^^^^^^^^^^^ use of unresolved module or unlinked crate `vyre_emit_ptx`
[INFO] [stdout]     |
[INFO] [stdout] help: there is a crate or module with a similar name
[INFO] [stdout]     |
[INFO] [stdout] 377 -         vyre_emit_ptx::patterns::audit(&desc, ComputeCapability::SM_70).kernel_id,
[INFO] [stdout] 377 +         vyre_emit_naga::patterns::audit(&desc, ComputeCapability::SM_70).kernel_id,
[INFO] [stdout]     |
[INFO] [stdout] 
[INFO] [stdout] 
[INFO] [stdout] error[E0433]: cannot find module or crate `vyre_emit_ptx` in this scope
[INFO] [stdout]    --> tests/cross_emitter_parity.rs:208:19
[INFO] [stdout]     |
[INFO] [stdout] 208 |         let ptx = vyre_emit_ptx::emit(&verified)
[INFO] [stdout]     |                   ^^^^^^^^^^^^^ use of unresolved module or unlinked crate `vyre_emit_ptx`
[INFO] [stdout]     |
[INFO] [stdout] help: there is a crate or module with a similar name
[INFO] [stdout]     |
[INFO] [stdout] 208 -         let ptx = vyre_emit_ptx::emit(&verified)
[INFO] [stdout] 208 +         let ptx = vyre_emit_naga::emit(&verified)
[INFO] [stdout]     |
[INFO] [stdout] 
[INFO] [stdout] 
[INFO] [stdout] error[E0433]: cannot find module or crate `vyre_emit_ptx` in this scope
[INFO] [stdout]    --> tests/cross_emitter_parity.rs:256:19
[INFO] [stdout]     |
[INFO] [stdout] 256 |         let ptx = vyre_emit_ptx::emit(
[INFO] [stdout]     |                   ^^^^^^^^^^^^^ use of unresolved module or unlinked crate `vyre_emit_ptx`
[INFO] [stdout]     |
[INFO] [stdout] help: there is a crate or module with a similar name
[INFO] [stdout]     |
[INFO] [stdout] 256 -         let ptx = vyre_emit_ptx::emit(
[INFO] [stdout] 256 +         let ptx = vyre_emit_naga::emit(
[INFO] [stdout]     |
[INFO] [stdout] 
[INFO] [stdout] 
[INFO] [stdout] Some errors have detailed explanations: E0432, E0433.
[INFO] [stdout] 
[INFO] [stdout] For more information about an error, try `rustc --explain E0432`.
[INFO] [stdout] 
[INFO] [stderr] error: could not compile `vyre-emit-spirv` (test "cross_emitter_parity") due to 8 previous errors
[INFO] [stderr] warning: build failed, waiting for other jobs to finish...
[INFO] running `Command { std: "docker" "inspect" "f2450d430e8eeeb12d50bbc2b1129d55c887ced3439bded85d85d852766944ad", kill_on_drop: false }`
[INFO] running `Command { std: "docker" "rm" "-f" "f2450d430e8eeeb12d50bbc2b1129d55c887ced3439bded85d85d852766944ad", kill_on_drop: false }`
[INFO] [stdout] f2450d430e8eeeb12d50bbc2b1129d55c887ced3439bded85d85d852766944ad
