[INFO] fetching crate vsag 0.1.1...
[INFO] testing vsag-0.1.1 against 1.99.0-beta.8+cargoflags=--release for beta-release-1.100-2
[INFO] extracting crate vsag 0.1.1 into /workspace/builds/worker-7-tc1/source
[INFO] started tweaking crates.io crate vsag 0.1.1
[INFO] finished tweaking crates.io crate vsag 0.1.1
[INFO] tweaked toml for crates.io crate vsag 0.1.1 written to /workspace/builds/worker-7-tc1/source/Cargo.toml
[INFO] validating manifest of crates.io crate vsag 0.1.1 on toolchain 1.99.0-beta.8
[INFO] running `Command { std: CARGO_HOME="/workspace/cargo-home" RUSTUP_HOME="/workspace/rustup-home" "/workspace/cargo-home/bin/cargo" "+1.99.0-beta.8" "metadata" "--manifest-path" "Cargo.toml" "--no-deps", kill_on_drop: false }`
[INFO] running `Command { std: CARGO_HOME="/workspace/cargo-home" RUSTUP_HOME="/workspace/rustup-home" "/workspace/cargo-home/bin/cargo" "+1.99.0-beta.8" "generate-lockfile" "--manifest-path" "Cargo.toml", kill_on_drop: false }`
[INFO] [stderr]     Updating crates.io index
[INFO] [stderr]     Blocking waiting for file lock on package cache
[INFO] [stderr]      Locking 35 packages to highest compatible versions
[INFO] [stderr]       Adding rand v0.8.8 (available: v0.10.3)
[INFO] [stderr]       Adding simsimd v4.4.0 (available: v6.5.16)
[INFO] running `Command { std: CARGO_HOME="/workspace/cargo-home" RUSTUP_HOME="/workspace/rustup-home" "/workspace/cargo-home/bin/cargo" "+1.99.0-beta.8" "fetch" "--manifest-path" "Cargo.toml", kill_on_drop: false }`
[INFO] [stderr]     Blocking waiting for file lock on package cache
[INFO] [stderr]  Downloading crates ...
[INFO] [stderr]   Downloaded simsimd v4.4.0
[INFO] [stderr]   Downloaded distances v1.8.0
[INFO] running `Command { std: "docker" "create" "-v" "/var/lib/crater-agent-workspace/builds/worker-7-tc1/source:/opt/rustwide/workdir:ro,Z" "-v" "/var/lib/crater-agent-workspace/builds/worker-7-tc1/target:/opt/rustwide/target:rw,Z" "-v" "/var/lib/crater-agent-workspace/cargo-home:/opt/rustwide/cargo-home:ro,Z" "-v" "/var/lib/crater-agent-workspace/rustup-home:/opt/rustwide/rustup-home:ro,Z" "-m" "1610612736" "--network" "none" "ghcr.io/rust-lang/crates-build-env/linux@sha256:77db811e55d90add9212f6832c23229e3de5f1c1f9905e8cb07319ea15df73ac" "sleep" "infinity", kill_on_drop: false }`
[INFO] [stdout] 32c2ff8e3e8e88618de6cea462127e8882c74a91a0dd7b5ec85b93ae656c869a
[INFO] running `Command { std: "docker" "start" "32c2ff8e3e8e88618de6cea462127e8882c74a91a0dd7b5ec85b93ae656c869a", kill_on_drop: false }`
[INFO] running `Command { std: "docker" "inspect" "32c2ff8e3e8e88618de6cea462127e8882c74a91a0dd7b5ec85b93ae656c869a", kill_on_drop: false }`
[INFO] running `Command { std: "docker" "exec" "-e" "SOURCE_DIR=/opt/rustwide/workdir" "-e" "CARGO_HOME=/opt/rustwide/cargo-home" "-e" "RUSTUP_HOME=/opt/rustwide/rustup-home" "-e" "CARGO_TARGET_DIR=/opt/rustwide/target" "-w" "/opt/rustwide/workdir" "--user" "0:0" "32c2ff8e3e8e88618de6cea462127e8882c74a91a0dd7b5ec85b93ae656c869a" "/opt/rustwide/cargo-home/bin/cargo" "+1.99.0-beta.8" "metadata" "--no-deps" "--format-version=1", kill_on_drop: false }`
[INFO] running `Command { std: "docker" "inspect" "32c2ff8e3e8e88618de6cea462127e8882c74a91a0dd7b5ec85b93ae656c869a", kill_on_drop: false }`
[INFO] running `Command { std: "docker" "exec" "-e" "SOURCE_DIR=/opt/rustwide/workdir" "-e" "CARGO_HOME=/opt/rustwide/cargo-home" "-e" "RUSTUP_HOME=/opt/rustwide/rustup-home" "-e" "CARGO_TARGET_DIR=/opt/rustwide/target" "-e" "CARGO_INCREMENTAL=0" "-e" "RUST_BACKTRACE=full" "-e" "RUSTFLAGS=--cap-lints=warn" "-e" "RUSTDOCFLAGS=--cap-lints=warn" "-w" "/opt/rustwide/workdir" "--user" "0:0" "32c2ff8e3e8e88618de6cea462127e8882c74a91a0dd7b5ec85b93ae656c869a" "/opt/rustwide/cargo-home/bin/cargo" "+1.99.0-beta.8" "build" "--frozen" "--message-format=json" "--release", kill_on_drop: false }`
[INFO] [stderr]    Compiling cmake v0.1.58
[INFO] [stderr]    Compiling vsag v0.1.1 (/opt/rustwide/workdir)
[INFO] [stderr] error: failed to run custom build command for `vsag v0.1.1 (/opt/rustwide/workdir)`
[INFO] [stderr] note: To improve backtraces for build dependencies, set the CARGO_PROFILE_RELEASE_BUILD_OVERRIDE_DEBUG=true environment variable to enable debug information generation.
[INFO] [stderr] 
[INFO] [stderr] Caused by:
[INFO] [stderr]   process didn't exit successfully: `/opt/rustwide/target/release/build/vsag-246364cedad2417e/build-script-build` (exit status: 101)
[INFO] [stderr]   --- stdout
[INFO] [stderr]   cargo:rerun-if-env-changed=VSAG_LIB_PATH
[INFO] [stderr]   cargo:rerun-if-changed=build.rs
[INFO] [stderr]   cargo:rustc-link-lib=dylib=vsag
[INFO] [stderr]   CMAKE_TOOLCHAIN_FILE_x86_64-unknown-linux-gnu = None
[INFO] [stderr]   CMAKE_TOOLCHAIN_FILE_x86_64_unknown_linux_gnu = None
[INFO] [stderr]   HOST_CMAKE_TOOLCHAIN_FILE = None
[INFO] [stderr]   CMAKE_TOOLCHAIN_FILE = None
[INFO] [stderr]   CMAKE_GENERATOR_x86_64-unknown-linux-gnu = None
[INFO] [stderr]   CMAKE_GENERATOR_x86_64_unknown_linux_gnu = None
[INFO] [stderr]   HOST_CMAKE_GENERATOR = None
[INFO] [stderr]   CMAKE_GENERATOR = None
[INFO] [stderr]   CMAKE_PREFIX_PATH_x86_64-unknown-linux-gnu = None
[INFO] [stderr]   CMAKE_PREFIX_PATH_x86_64_unknown_linux_gnu = None
[INFO] [stderr]   HOST_CMAKE_PREFIX_PATH = None
[INFO] [stderr]   CMAKE_PREFIX_PATH = None
[INFO] [stderr]   CMAKE_x86_64-unknown-linux-gnu = None
[INFO] [stderr]   CMAKE_x86_64_unknown_linux_gnu = None
[INFO] [stderr]   HOST_CMAKE = None
[INFO] [stderr]   CMAKE = None
[INFO] [stderr]   -- The C compiler identification is GNU 15.2.0
[INFO] [stderr]   -- The CXX compiler identification is GNU 15.2.0
[INFO] [stderr]   -- Detecting C compiler ABI info
[INFO] [stderr]   -- Detecting C compiler ABI info - done
[INFO] [stderr]   -- Check for working C compiler: /usr/bin/cc - skipped
[INFO] [stderr]   -- Detecting C compile features
[INFO] [stderr]   -- Detecting C compile features - done
[INFO] [stderr]   -- Detecting CXX compiler ABI info
[INFO] [stderr]   -- Detecting CXX compiler ABI info - done
[INFO] [stderr]   -- Check for working CXX compiler: /usr/bin/c++ - skipped
[INFO] [stderr]   -- Detecting CXX compile features
[INFO] [stderr]   -- Detecting CXX compile features - done
[INFO] [stderr]   -- Using libstdc++ with C++11 ABI
[INFO] [stderr]   -- Configuring incomplete, errors occurred!
[INFO] [stderr] 
[INFO] [stderr]   --- stderr
[INFO] [stderr]   running: cd "/opt/rustwide/target/release/build/vsag-0df102963e4d91fc/out/build" && CMAKE_PREFIX_PATH="" LC_ALL="C" TARGET="" "cmake" "/opt/rustwide/workdir/vsag-sys" "-B" "/opt/rustwide/target/release/build/vsag-0df102963e4d91fc/out/build" "-DENABLE_INTEL_MKL=OFF" "-DENABLE_LIBCXX=OFF" "-DENABLE_CXX11_ABI=ON" "-DCMAKE_INSTALL_PREFIX=/opt/rustwide/target/release/build/vsag-0df102963e4d91fc/out" "-DCMAKE_C_FLAGS= -ffunction-sections -fdata-sections -fPIC -m64 -w" "-DCMAKE_C_COMPILER=/usr/bin/cc" "-DCMAKE_CXX_FLAGS= -ffunction-sections -fdata-sections -fPIC -m64 -w" "-DCMAKE_CXX_COMPILER=/usr/bin/c++" "-DCMAKE_ASM_FLAGS= -ffunction-sections -fdata-sections -fPIC -m64 -w" "-DCMAKE_ASM_COMPILER=/usr/bin/cc" "-DCMAKE_BUILD_TYPE=Release"
[INFO] [stderr]   CPU ARCH: x86_64
[INFO] [stderr]   compiler support instructions:  SSE AVX AVX2 AVX512
[INFO] [stderr]   runtime support instructions:  SSE AVX AVX2
[INFO] [stderr]   distribution contain instructions:  SSE AVX AVX2 AVX512
[INFO] [stderr]   [ 11%] Creating directories for 'nlohmann_json-populate'
[INFO] [stderr]   [ 22%] Performing download step (download, verify and extract) for 'nlohmann_json-populate'
[INFO] [stderr]   -- Downloading...
[INFO] [stderr]      dst='/opt/rustwide/target/release/build/vsag-0df102963e4d91fc/out/build/_deps/nlohmann_json-subbuild/nlohmann_json-populate-prefix/src/v3.11.3.tar.gz'
[INFO] [stderr]      timeout='30 seconds'
[INFO] [stderr]      inactivity timeout='5 seconds'
[INFO] [stderr]   -- Using src='https://github.com/nlohmann/json/archive/refs/tags/v3.11.3.tar.gz'
[INFO] [stderr]   -- Using src='http://vsagcache.oss-rg-china-mainland.aliyuncs.com/nlohmann_json/v3.11.3.tar.gz'
[INFO] [stderr]   -- Retrying...
[INFO] [stderr]   -- Using src='https://github.com/nlohmann/json/archive/refs/tags/v3.11.3.tar.gz'
[INFO] [stderr]   -- Using src='http://vsagcache.oss-rg-china-mainland.aliyuncs.com/nlohmann_json/v3.11.3.tar.gz'
[INFO] [stderr]   -- Retry after 5 seconds (attempt #2) ...
[INFO] [stderr]   -- Using src='https://github.com/nlohmann/json/archive/refs/tags/v3.11.3.tar.gz'
[INFO] [stderr]   -- Using src='http://vsagcache.oss-rg-china-mainland.aliyuncs.com/nlohmann_json/v3.11.3.tar.gz'
[INFO] [stderr]   -- Retry after 5 seconds (attempt #3) ...
[INFO] [stderr]   -- Using src='https://github.com/nlohmann/json/archive/refs/tags/v3.11.3.tar.gz'
[INFO] [stderr]   -- Using src='http://vsagcache.oss-rg-china-mainland.aliyuncs.com/nlohmann_json/v3.11.3.tar.gz'
[INFO] [stderr]   -- Retry after 15 seconds (attempt #4) ...
[INFO] [stderr]   -- Using src='https://github.com/nlohmann/json/archive/refs/tags/v3.11.3.tar.gz'
[INFO] [stderr]   -- Using src='http://vsagcache.oss-rg-china-mainland.aliyuncs.com/nlohmann_json/v3.11.3.tar.gz'
[INFO] [stderr]   -- Retry after 60 seconds (attempt #5) ...
[INFO] [stderr]   -- Using src='https://github.com/nlohmann/json/archive/refs/tags/v3.11.3.tar.gz'
[INFO] [stderr]   -- Using src='http://vsagcache.oss-rg-china-mainland.aliyuncs.com/nlohmann_json/v3.11.3.tar.gz'
[INFO] [stderr]   CMake Error at nlohmann_json-subbuild/nlohmann_json-populate-prefix/src/nlohmann_json-populate-stamp/download-nlohmann_json-populate.cmake:163 (message):
[INFO] [stderr]     Each download failed!
[INFO] [stderr] 
[INFO] [stderr]       error: downloading 'https://github.com/nlohmann/json/archive/refs/tags/v3.11.3.tar.gz' failed
[INFO] [stderr]             status_code: 6
[INFO] [stderr]             status_string: "Could not resolve hostname"
[INFO] [stderr]             log:
[INFO] [stderr]             --- LOG BEGIN ---
[INFO] [stderr]             Could not resolve host: github.com
[INFO] [stderr] 
[INFO] [stderr]     Store negative name resolve for github.com:443
[INFO] [stderr] 
[INFO] [stderr]     shutting down connection #0
[INFO] [stderr] 
[INFO] [stderr] 
[INFO] [stderr] 
[INFO] [stderr]             --- LOG END ---
[INFO] [stderr]             error: downloading 'http://vsagcache.oss-rg-china-mainland.aliyuncs.com/nlohmann_json/v3.11.3.tar.gz' failed
[INFO] [stderr]             status_code: 6
[INFO] [stderr]             status_string: "Could not resolve hostname"
[INFO] [stderr]             log:
[INFO] [stderr]             --- LOG BEGIN ---
[INFO] [stderr]             Could not resolve host: vsagcache.oss-rg-china-mainland.aliyuncs.com
[INFO] [stderr] 
[INFO] [stderr]     Store negative name resolve for
[INFO] [stderr]     vsagcache.oss-rg-china-mainland.aliyuncs.com:80
[INFO] [stderr] 
[INFO] [stderr]     shutting down connection #0
[INFO] [stderr] 
[INFO] [stderr] 
[INFO] [stderr] 
[INFO] [stderr]             --- LOG END ---
[INFO] [stderr]             error: downloading 'https://github.com/nlohmann/json/archive/refs/tags/v3.11.3.tar.gz' failed
[INFO] [stderr]             status_code: 6
[INFO] [stderr]             status_string: "Could not resolve hostname"
[INFO] [stderr]             log:
[INFO] [stderr]             --- LOG BEGIN ---
[INFO] [stderr]             Could not resolve host: github.com
[INFO] [stderr] 
[INFO] [stderr]     Store negative name resolve for github.com:443
[INFO] [stderr] 
[INFO] [stderr]     shutting down connection #0
[INFO] [stderr] 
[INFO] [stderr] 
[INFO] [stderr] 
[INFO] [stderr]             --- LOG END ---
[INFO] [stderr]             error: downloading 'http://vsagcache.oss-rg-china-mainland.aliyuncs.com/nlohmann_json/v3.11.3.tar.gz' failed
[INFO] [stderr]             status_code: 6
[INFO] [stderr]             status_string: "Could not resolve hostname"
[INFO] [stderr]             log:
[INFO] [stderr]             --- LOG BEGIN ---
[INFO] [stderr]             Could not resolve host: vsagcache.oss-rg-china-mainland.aliyuncs.com
[INFO] [stderr] 
[INFO] [stderr]     Store negative name resolve for
[INFO] [stderr]     vsagcache.oss-rg-china-mainland.aliyuncs.com:80
[INFO] [stderr] 
[INFO] [stderr]     shutting down connection #0
[INFO] [stderr] 
[INFO] [stderr] 
[INFO] [stderr] 
[INFO] [stderr]             --- LOG END ---
[INFO] [stderr]             error: downloading 'https://github.com/nlohmann/json/archive/refs/tags/v3.11.3.tar.gz' failed
[INFO] [stderr]             status_code: 6
[INFO] [stderr]             status_string: "Could not resolve hostname"
[INFO] [stderr]             log:
[INFO] [stderr]             --- LOG BEGIN ---
[INFO] [stderr]             Could not resolve host: github.com
[INFO] [stderr] 
[INFO] [stderr]     Store negative name resolve for github.com:443
[INFO] [stderr] 
[INFO] [stderr]     shutting down connection #0
[INFO] [stderr] 
[INFO] [stderr] 
[INFO] [stderr] 
[INFO] [stderr]             --- LOG END ---
[INFO] [stderr]             error: downloading 'http://vsagcache.oss-rg-china-mainland.aliyuncs.com/nlohmann_json/v3.11.3.tar.gz' failed
[INFO] [stderr]             status_code: 6
[INFO] [stderr]             status_string: "Could not resolve hostname"
[INFO] [stderr]             log:
[INFO] [stderr]             --- LOG BEGIN ---
[INFO] [stderr]             Could not resolve host: vsagcache.oss-rg-china-mainland.aliyuncs.com
[INFO] [stderr] 
[INFO] [stderr]     Store negative name resolve for
[INFO] [stderr]     vsagcache.oss-rg-china-mainland.aliyuncs.com:80
[INFO] [stderr] 
[INFO] [stderr]     shutting down connection #0
[INFO] [stderr] 
[INFO] [stderr] 
[INFO] [stderr] 
[INFO] [stderr]             --- LOG END ---
[INFO] [stderr]             error: downloading 'https://github.com/nlohmann/json/archive/refs/tags/v3.11.3.tar.gz' failed
[INFO] [stderr]             status_code: 6
[INFO] [stderr]             status_string: "Could not resolve hostname"
[INFO] [stderr]             log:
[INFO] [stderr]             --- LOG BEGIN ---
[INFO] [stderr]             Could not resolve host: github.com
[INFO] [stderr] 
[INFO] [stderr]     Store negative name resolve for github.com:443
[INFO] [stderr] 
[INFO] [stderr]     shutting down connection #0
[INFO] [stderr] 
[INFO] [stderr] 
[INFO] [stderr] 
[INFO] [stderr]             --- LOG END ---
[INFO] [stderr]             error: downloading 'http://vsagcache.oss-rg-china-mainland.aliyuncs.com/nlohmann_json/v3.11.3.tar.gz' failed
[INFO] [stderr]             status_code: 6
[INFO] [stderr]             status_string: "Could not resolve hostname"
[INFO] [stderr]             log:
[INFO] [stderr]             --- LOG BEGIN ---
[INFO] [stderr]             Could not resolve host: vsagcache.oss-rg-china-mainland.aliyuncs.com
[INFO] [stderr] 
[INFO] [stderr]     Store negative name resolve for
[INFO] [stderr]     vsagcache.oss-rg-china-mainland.aliyuncs.com:80
[INFO] [stderr] 
[INFO] [stderr]     shutting down connection #0
[INFO] [stderr] 
[INFO] [stderr] 
[INFO] [stderr] 
[INFO] [stderr]             --- LOG END ---
[INFO] [stderr]             error: downloading 'https://github.com/nlohmann/json/archive/refs/tags/v3.11.3.tar.gz' failed
[INFO] [stderr]             status_code: 6
[INFO] [stderr]             status_string: "Could not resolve hostname"
[INFO] [stderr]             log:
[INFO] [stderr]             --- LOG BEGIN ---
[INFO] [stderr]             Could not resolve host: github.com
[INFO] [stderr] 
[INFO] [stderr]     Store negative name resolve for github.com:443
[INFO] [stderr] 
[INFO] [stderr]     shutting down connection #0
[INFO] [stderr] 
[INFO] [stderr] 
[INFO] [stderr] 
[INFO] [stderr]             --- LOG END ---
[INFO] [stderr]             error: downloading 'http://vsagcache.oss-rg-china-mainland.aliyuncs.com/nlohmann_json/v3.11.3.tar.gz' failed
[INFO] [stderr]             status_code: 6
[INFO] [stderr]             status_string: "Could not resolve hostname"
[INFO] [stderr]             log:
[INFO] [stderr]             --- LOG BEGIN ---
[INFO] [stderr]             Could not resolve host: vsagcache.oss-rg-china-mainland.aliyuncs.com
[INFO] [stderr] 
[INFO] [stderr]     Store negative name resolve for
[INFO] [stderr]     vsagcache.oss-rg-china-mainland.aliyuncs.com:80
[INFO] [stderr] 
[INFO] [stderr]     shutting down connection #0
[INFO] [stderr] 
[INFO] [stderr] 
[INFO] [stderr] 
[INFO] [stderr]             --- LOG END ---
[INFO] [stderr]             error: downloading 'https://github.com/nlohmann/json/archive/refs/tags/v3.11.3.tar.gz' failed
[INFO] [stderr]             status_code: 6
[INFO] [stderr]             status_string: "Could not resolve hostname"
[INFO] [stderr]             log:
[INFO] [stderr]             --- LOG BEGIN ---
[INFO] [stderr]             Could not resolve host: github.com
[INFO] [stderr] 
[INFO] [stderr]     Store negative name resolve for github.com:443
[INFO] [stderr] 
[INFO] [stderr]     shutting down connection #0
[INFO] [stderr] 
[INFO] [stderr] 
[INFO] [stderr] 
[INFO] [stderr]             --- LOG END ---
[INFO] [stderr]             error: downloading 'http://vsagcache.oss-rg-china-mainland.aliyuncs.com/nlohmann_json/v3.11.3.tar.gz' failed
[INFO] [stderr]             status_code: 6
[INFO] [stderr]             status_string: "Could not resolve hostname"
[INFO] [stderr]             log:
[INFO] [stderr]             --- LOG BEGIN ---
[INFO] [stderr]             Could not resolve host: vsagcache.oss-rg-china-mainland.aliyuncs.com
[INFO] [stderr] 
[INFO] [stderr]     Store negative name resolve for
[INFO] [stderr]     vsagcache.oss-rg-china-mainland.aliyuncs.com:80
[INFO] [stderr] 
[INFO] [stderr]     shutting down connection #0
[INFO] [stderr] 
[INFO] [stderr] 
[INFO] [stderr] 
[INFO] [stderr]             --- LOG END ---
[INFO] [stderr]             
[INFO] [stderr]       
[INFO] [stderr] 
[INFO] [stderr] 
[INFO] [stderr]   gmake[2]: *** [CMakeFiles/nlohmann_json-populate.dir/build.make:100: nlohmann_json-populate-prefix/src/nlohmann_json-populate-stamp/nlohmann_json-populate-download] Error 1
[INFO] [stderr]   gmake[1]: *** [CMakeFiles/Makefile2:87: CMakeFiles/nlohmann_json-populate.dir/all] Error 2
[INFO] [stderr]   gmake: *** [Makefile:91: all] Error 2
[INFO] [stderr] 
[INFO] [stderr]   CMake Error at /usr/share/cmake-4.2/Modules/FetchContent.cmake:1928 (message):
[INFO] [stderr]     Build step for nlohmann_json failed: 2
[INFO] [stderr]   Call Stack (most recent call first):
[INFO] [stderr]     /usr/share/cmake-4.2/Modules/FetchContent.cmake:1619 (__FetchContent_populateSubbuild)
[INFO] [stderr]     /usr/share/cmake-4.2/Modules/FetchContent.cmake:2155:EVAL:2 (__FetchContent_doPopulation)
[INFO] [stderr]     /usr/share/cmake-4.2/Modules/FetchContent.cmake:2155 (cmake_language)
[INFO] [stderr]     /usr/share/cmake-4.2/Modules/FetchContent.cmake:2394 (__FetchContent_Populate)
[INFO] [stderr]     extern/json/json.cmake:16 (FetchContent_MakeAvailable)
[INFO] [stderr]     CMakeLists.txt:174 (include)
[INFO] [stderr] 
[INFO] [stderr] 
[INFO] [stderr] 
[INFO] [stderr]   thread 'main' (83) panicked at /opt/rustwide/cargo-home/registry/src/index.crates.io-1949cf8c6b5b557f/cmake-0.1.58/src/lib.rs:1132:5:
[INFO] [stderr] 
[INFO] [stderr]   command did not execute successfully, got: exit status: 1
[INFO] [stderr] 
[INFO] [stderr]   build script failed, must exit now
[INFO] [stderr]   stack backtrace:
[INFO] [stderr]      0:     0x5db4cd64ea11 - <<std[70759c8f55707aa4]::sys::backtrace::BacktraceLock>::print::DisplayBacktrace as core[df12db4294e9bfd3]::fmt::Display>::fmt
[INFO] [stderr]      1:     0x5db4cd662b8a - core[df12db4294e9bfd3]::fmt::write
[INFO] [stderr]      2:     0x5db4cd65457c - <std[70759c8f55707aa4]::sys::stdio::unix::Stderr as core[df12db4294e9bfd3]::io::write::Write>::write_fmt
[INFO] [stderr]      3:     0x5db4cd62d3a6 - std[70759c8f55707aa4]::panicking::default_hook::{closure#0}
[INFO] [stderr]      4:     0x5db4cd649831 - std[70759c8f55707aa4]::panicking::default_hook
[INFO] [stderr]      5:     0x5db4cd6499eb - std[70759c8f55707aa4]::panicking::panic_with_hook
[INFO] [stderr]      6:     0x5db4cd62d452 - std[70759c8f55707aa4]::panicking::panic_handler::{closure#0}
[INFO] [stderr]      7:     0x5db4cd626119 - std[70759c8f55707aa4]::sys::backtrace::__rust_end_short_backtrace::<std[70759c8f55707aa4]::panicking::panic_handler::{closure#0}, !>
[INFO] [stderr]      8:     0x5db4cd62dc6d - __rustc[8fa7c3cbc660c2b3]::rust_begin_unwind
[INFO] [stderr]      9:     0x5db4cd6632fc - core[df12db4294e9bfd3]::panicking::panic_fmt
[INFO] [stderr]     10:     0x5db4cd5a0ca7 - cmake[7e771a39bb3c34a8]::fail
[INFO] [stderr]     11:     0x5db4cd5a0933 - cmake[7e771a39bb3c34a8]::run
[INFO] [stderr]     12:     0x5db4cd5a61f2 - <cmake[7e771a39bb3c34a8]::Config>::build
[INFO] [stderr]     13:     0x5db4cd597f9e - build_script_build[8a12d27c87e0bf0b]::vsag_lib_path
[INFO] [stderr]     14:     0x5db4cd5983e8 - build_script_build[8a12d27c87e0bf0b]::main
[INFO] [stderr]     15:     0x5db4cd598fc3 - <fn() as core[df12db4294e9bfd3]::ops::function::FnOnce<()>>::call_once
[INFO] [stderr]     16:     0x5db4cd597b96 - std[70759c8f55707aa4]::sys::backtrace::__rust_begin_short_backtrace::<fn(), ()>
[INFO] [stderr]     17:     0x5db4cd597ba9 - std[70759c8f55707aa4]::rt::lang_start::<()>::{closure#0}
[INFO] [stderr]     18:     0x5db4cd648759 - std[70759c8f55707aa4]::rt::lang_start_internal
[INFO] [stderr]     19:     0x5db4cd597711 - std[70759c8f55707aa4]::rt::lang_start::<()>
[INFO] [stderr]     20:     0x5db4cd599035 - main
[INFO] [stderr]     21:     0x78b788c00601 - <unknown>
[INFO] [stderr]     22:     0x78b788c00718 - __libc_start_main
[INFO] [stderr]     23:     0x5db4cd596715 - _start
[INFO] [stderr]     24:                0x0 - <unknown>
[INFO] running `Command { std: "docker" "inspect" "32c2ff8e3e8e88618de6cea462127e8882c74a91a0dd7b5ec85b93ae656c869a", kill_on_drop: false }`
[INFO] running `Command { std: "docker" "rm" "-f" "32c2ff8e3e8e88618de6cea462127e8882c74a91a0dd7b5ec85b93ae656c869a", kill_on_drop: false }`
[INFO] [stdout] 32c2ff8e3e8e88618de6cea462127e8882c74a91a0dd7b5ec85b93ae656c869a
