[INFO] fetching crate vox-codegen 0.10.0-rc.7...
[INFO] testing vox-codegen-0.10.0-rc.7 against 1.100.0-beta.1+cargoflags=--release for beta-release-1.100-2
[INFO] extracting crate vox-codegen 0.10.0-rc.7 into /workspace/builds/worker-6-tc2/source
[INFO] started tweaking crates.io crate vox-codegen 0.10.0-rc.7
[INFO] removed 0 missing tests
[INFO] finished tweaking crates.io crate vox-codegen 0.10.0-rc.7
[INFO] tweaked toml for crates.io crate vox-codegen 0.10.0-rc.7 written to /workspace/builds/worker-6-tc2/source/Cargo.toml
[INFO] validating manifest of crates.io crate vox-codegen 0.10.0-rc.7 on toolchain 1.100.0-beta.1
[INFO] running `Command { std: CARGO_HOME="/workspace/cargo-home" RUSTUP_HOME="/workspace/rustup-home" "/workspace/cargo-home/bin/cargo" "+1.100.0-beta.1" "metadata" "--manifest-path" "Cargo.toml" "--no-deps", kill_on_drop: false }`
[INFO] crate crates.io crate vox-codegen 0.10.0-rc.7 already has a lockfile, it will not be regenerated
[INFO] running `Command { std: CARGO_HOME="/workspace/cargo-home" RUSTUP_HOME="/workspace/rustup-home" "/workspace/cargo-home/bin/cargo" "+1.100.0-beta.1" "fetch" "--manifest-path" "Cargo.toml", kill_on_drop: false }`
[INFO] [stderr] warning: `package.homepage` is redundant with `package.repository`
[INFO] [stderr]   --> Cargo.toml:57:12
[INFO] [stderr]    |
[INFO] [stderr] 57 | homepage = "https://github.com/bearcove/vox"
[INFO] [stderr]    |            ^^^^^^^^^^^^^^^^^^^^^^^^^^^^^^^^^
[INFO] [stderr] ...
[INFO] [stderr] 62 | repository = "https://github.com/bearcove/vox"
[INFO] [stderr]    |              ---------------------------------
[INFO] [stderr]    |
[INFO] [stderr]    = note: `cargo::redundant_homepage` is set to `warn` by default
[INFO] [stderr] help: consider removing `package.homepage`
[INFO] [stderr] warning: `vox-codegen` (manifest) generated 1 warning
[INFO] running `Command { std: "docker" "create" "-v" "/var/lib/crater-agent-workspace/builds/worker-6-tc2/source:/opt/rustwide/workdir:ro,Z" "-v" "/var/lib/crater-agent-workspace/builds/worker-6-tc2/target:/opt/rustwide/target:rw,Z" "-v" "/var/lib/crater-agent-workspace/cargo-home:/opt/rustwide/cargo-home:ro,Z" "-v" "/var/lib/crater-agent-workspace/rustup-home:/opt/rustwide/rustup-home:ro,Z" "-m" "1610612736" "--network" "none" "ghcr.io/rust-lang/crates-build-env/linux@sha256:77db811e55d90add9212f6832c23229e3de5f1c1f9905e8cb07319ea15df73ac" "sleep" "infinity", kill_on_drop: false }`
[INFO] [stdout] 33d94d0a8e60f59518a5ba003e61f9315216618281b052157e83a055cd607010
[INFO] running `Command { std: "docker" "start" "33d94d0a8e60f59518a5ba003e61f9315216618281b052157e83a055cd607010", kill_on_drop: false }`
[INFO] running `Command { std: "docker" "inspect" "33d94d0a8e60f59518a5ba003e61f9315216618281b052157e83a055cd607010", kill_on_drop: false }`
[INFO] running `Command { std: "docker" "exec" "-e" "SOURCE_DIR=/opt/rustwide/workdir" "-e" "CARGO_HOME=/opt/rustwide/cargo-home" "-e" "RUSTUP_HOME=/opt/rustwide/rustup-home" "-e" "CARGO_TARGET_DIR=/opt/rustwide/target" "-w" "/opt/rustwide/workdir" "--user" "0:0" "33d94d0a8e60f59518a5ba003e61f9315216618281b052157e83a055cd607010" "/opt/rustwide/cargo-home/bin/cargo" "+1.100.0-beta.1" "metadata" "--no-deps" "--format-version=1", kill_on_drop: false }`
[INFO] running `Command { std: "docker" "inspect" "33d94d0a8e60f59518a5ba003e61f9315216618281b052157e83a055cd607010", kill_on_drop: false }`
[INFO] running `Command { std: "docker" "exec" "-e" "SOURCE_DIR=/opt/rustwide/workdir" "-e" "CARGO_HOME=/opt/rustwide/cargo-home" "-e" "RUSTUP_HOME=/opt/rustwide/rustup-home" "-e" "CARGO_TARGET_DIR=/opt/rustwide/target" "-e" "CARGO_INCREMENTAL=0" "-e" "RUST_BACKTRACE=full" "-e" "RUSTFLAGS=--cap-lints=warn" "-e" "RUSTDOCFLAGS=--cap-lints=warn" "-w" "/opt/rustwide/workdir" "--user" "0:0" "33d94d0a8e60f59518a5ba003e61f9315216618281b052157e83a055cd607010" "/opt/rustwide/cargo-home/bin/cargo" "+1.100.0-beta.1" "build" "--frozen" "--message-format=json" "--release", kill_on_drop: false }`
[INFO] [stderr] warning: `package.homepage` is redundant with `package.repository`
[INFO] [stderr]   --> Cargo.toml:57:12
[INFO] [stderr]    |
[INFO] [stderr] 57 | homepage = "https://github.com/bearcove/vox"
[INFO] [stderr]    |            ^^^^^^^^^^^^^^^^^^^^^^^^^^^^^^^^^
[INFO] [stderr] ...
[INFO] [stderr] 62 | repository = "https://github.com/bearcove/vox"
[INFO] [stderr]    |              ---------------------------------
[INFO] [stderr]    |
[INFO] [stderr]    = note: `cargo::redundant_homepage` is set to `warn` by default
[INFO] [stderr] help: consider removing `package.homepage`
[INFO] [stderr] warning: `vox-codegen` (manifest) generated 1 warning
[INFO] [stderr]    Compiling cc v1.4.3
[INFO] [stderr]    Compiling proc-macro2 v1.0.107
[INFO] [stderr]    Compiling camino v1.2.5
[INFO] [stderr]    Compiling impls v1.0.3
[INFO] [stderr]    Compiling const-fnv1a-hash v1.1.0
[INFO] [stderr]    Compiling facet-core v0.50.0-rc.7
[INFO] [stderr]    Compiling smallvec v2.0.0-alpha.12
[INFO] [stderr]    Compiling simd-adler32 v0.3.10
[INFO] [stderr]    Compiling adler2 v2.0.1
[INFO] [stderr]    Compiling mutants v0.0.3
[INFO] [stderr]    Compiling rustc-hash v2.1.3
[INFO] [stderr]    Compiling crc32fast v1.5.0
[INFO] [stderr]    Compiling twox-hash v2.1.3
[INFO] [stderr]    Compiling object v0.39.1
[INFO] [stderr]    Compiling weavy v0.2.2
[INFO] [stderr]    Compiling facet v0.50.0-rc.7
[INFO] [stderr]    Compiling smallvec v1.15.2
[INFO] [stderr]    Compiling vox-rt-macros v0.10.0-rc.7
[INFO] [stderr]    Compiling ruzstd v0.8.3
[INFO] [stderr]    Compiling miniz_oxide v0.8.9
[INFO] [stderr]    Compiling parking_lot_core v0.9.12
[INFO] [stderr]    Compiling quote v1.0.47
[INFO] [stderr]    Compiling unsynn v0.3.0
[INFO] [stderr]    Compiling parking_lot v0.12.5
[INFO] [stderr]    Compiling syn v3.0.3
[INFO] [stderr]    Compiling venial v0.5.0
[INFO] [stderr]    Compiling flate2 v1.1.9
[INFO] [stderr]    Compiling facet-macro-types v0.50.0-rc.7
[INFO] [stderr]    Compiling blake3 v1.8.7
[INFO] [stderr]    Compiling structstruck v0.5.1
[INFO] [stderr]    Compiling facet-macro-parse v0.50.0-rc.7
[INFO] [stderr]    Compiling facet-macros-impl v0.50.0-rc.7
[INFO] [stderr]    Compiling taxon v0.2.0-rc.5
[INFO] [stderr]    Compiling tokio-macros v2.7.2
[INFO] [stderr]    Compiling tokio v1.53.1
[INFO] [stderr]    Compiling copypatch v0.2.0-rc.5
[INFO] [stderr]    Compiling facet-path v0.50.0-rc.7
[INFO] [stderr]    Compiling phon-jit v0.2.0-rc.6
[INFO] [stderr]    Compiling facet-reflect v0.50.0-rc.7
[INFO] [stderr]    Compiling facet-solver v0.50.0-rc.7
[INFO] [stderr]    Compiling facet-dessert v0.50.0-rc.7
[INFO] [stderr]    Compiling facet-macros v0.50.0-rc.7
[INFO] [stderr]    Compiling facet-format v0.50.0-rc.7
[INFO] [stderr]    Compiling vox-schema v0.10.0-rc.7
[INFO] [stderr]    Compiling facet-value v0.50.0-rc.7
[INFO] [stderr]    Compiling vox-rt v0.10.0-rc.7
[INFO] [stderr]    Compiling phon-schema v0.2.0-rc.6
[INFO] [stderr]    Compiling phon-ir v0.2.0-rc.6
[INFO] [stderr]    Compiling phon-engine v0.2.0-rc.6
[INFO] [stderr]    Compiling phon v0.2.0-rc.6
[INFO] [stderr]    Compiling vox-phon v0.10.0-rc.7
[INFO] [stderr]    Compiling phon-codegen v0.2.0-rc.6
[INFO] [stderr]    Compiling vox-types v0.10.0-rc.7
[INFO] [stderr]    Compiling vox-codegen v0.10.0-rc.7 (/opt/rustwide/workdir)
[INFO] [stderr]     Finished `release` profile [optimized] target(s) in 55.70s
[INFO] running `Command { std: "docker" "inspect" "33d94d0a8e60f59518a5ba003e61f9315216618281b052157e83a055cd607010", kill_on_drop: false }`
[INFO] running `Command { std: "docker" "exec" "-e" "SOURCE_DIR=/opt/rustwide/workdir" "-e" "CARGO_HOME=/opt/rustwide/cargo-home" "-e" "RUSTUP_HOME=/opt/rustwide/rustup-home" "-e" "CARGO_TARGET_DIR=/opt/rustwide/target" "-e" "CARGO_INCREMENTAL=0" "-e" "RUST_BACKTRACE=full" "-e" "RUSTFLAGS=--cap-lints=warn" "-e" "RUSTDOCFLAGS=--cap-lints=warn" "-w" "/opt/rustwide/workdir" "--user" "0:0" "33d94d0a8e60f59518a5ba003e61f9315216618281b052157e83a055cd607010" "/opt/rustwide/cargo-home/bin/cargo" "+1.100.0-beta.1" "test" "--frozen" "--no-run" "--message-format=json" "--release", kill_on_drop: false }`
[INFO] [stderr] warning: `package.homepage` is redundant with `package.repository`
[INFO] [stderr]   --> Cargo.toml:57:12
[INFO] [stderr]    |
[INFO] [stderr] 57 | homepage = "https://github.com/bearcove/vox"
[INFO] [stderr]    |            ^^^^^^^^^^^^^^^^^^^^^^^^^^^^^^^^^
[INFO] [stderr] ...
[INFO] [stderr] 62 | repository = "https://github.com/bearcove/vox"
[INFO] [stderr]    |              ---------------------------------
[INFO] [stderr]    |
[INFO] [stderr]    = note: `cargo::redundant_homepage` is set to `warn` by default
[INFO] [stderr] help: consider removing `package.homepage`
[INFO] [stderr] warning: `vox-codegen` (manifest) generated 1 warning
[INFO] [stderr]    Compiling vox-codegen v0.10.0-rc.7 (/opt/rustwide/workdir)
[INFO] [stdout] error[E0433]: cannot find module or crate `spec_proto` in this scope
[INFO] [stdout]    --> src/schema_compat.rs:525:33
[INFO] [stdout]     |
[INFO] [stdout] 525 |         let evolved_services = [spec_proto::evolved::testbed_service_descriptor()];
[INFO] [stdout]     |                                 ^^^^^^^^^^ use of unresolved module or unlinked crate `spec_proto`
[INFO] [stdout]     |
[INFO] [stdout]     = help: if you wanted to use a crate named `spec_proto`, use `cargo add spec_proto` to add it to your `Cargo.toml`
[INFO] [stdout] 
[INFO] [stdout] 
[INFO] [stdout] error[E0433]: cannot find module or crate `spec_proto` in this scope
[INFO] [stdout]    --> src/schema_compat.rs:523:28
[INFO] [stdout]     |
[INFO] [stdout] 523 |         let old_services = spec_proto::all_services();
[INFO] [stdout]     |                            ^^^^^^^^^^ use of unresolved module or unlinked crate `spec_proto`
[INFO] [stdout]     |
[INFO] [stdout]     = help: if you wanted to use a crate named `spec_proto`, use `cargo add spec_proto` to add it to your `Cargo.toml`
[INFO] [stdout] 
[INFO] [stdout] 
[INFO] [stdout] error[E0433]: cannot find module or crate `spec_proto` in this scope
[INFO] [stdout]    --> src/schema_compat.rs:556:24
[INFO] [stdout]     |
[INFO] [stdout] 556 |         let services = spec_proto::all_services();
[INFO] [stdout]     |                        ^^^^^^^^^^ use of unresolved module or unlinked crate `spec_proto`
[INFO] [stdout]     |
[INFO] [stdout]     = help: if you wanted to use a crate named `spec_proto`, use `cargo add spec_proto` to add it to your `Cargo.toml`
[INFO] [stdout] 
[INFO] [stdout] 
[INFO] [stdout] error[E0433]: cannot find module or crate `spec_proto` in this scope
[INFO] [stdout]    --> src/schema_compat.rs:609:24
[INFO] [stdout]     |
[INFO] [stdout] 609 |         let services = spec_proto::all_services();
[INFO] [stdout]     |                        ^^^^^^^^^^ use of unresolved module or unlinked crate `spec_proto`
[INFO] [stdout]     |
[INFO] [stdout]     = help: if you wanted to use a crate named `spec_proto`, use `cargo add spec_proto` to add it to your `Cargo.toml`
[INFO] [stdout] 
[INFO] [stdout] 
[INFO] [stdout] error[E0433]: cannot find module or crate `spec_proto` in this scope
[INFO] [stdout]    --> src/schema_compat.rs:630:24
[INFO] [stdout]     |
[INFO] [stdout] 630 |         let services = spec_proto::all_services();
[INFO] [stdout]     |                        ^^^^^^^^^^ use of unresolved module or unlinked crate `spec_proto`
[INFO] [stdout]     |
[INFO] [stdout]     = help: if you wanted to use a crate named `spec_proto`, use `cargo add spec_proto` to add it to your `Cargo.toml`
[INFO] [stdout] 
[INFO] [stdout] 
[INFO] [stdout] error[E0433]: cannot find module or crate `spec_proto` in this scope
[INFO] [stdout]    --> src/targets/swift/phon_descriptor.rs:721:23
[INFO] [stdout]     |
[INFO] [stdout] 721 |         let service = spec_proto::all_services()
[INFO] [stdout]     |                       ^^^^^^^^^^ use of unresolved module or unlinked crate `spec_proto`
[INFO] [stdout]     |
[INFO] [stdout]     = help: if you wanted to use a crate named `spec_proto`, use `cargo add spec_proto` to add it to your `Cargo.toml`
[INFO] [stdout] 
[INFO] [stdout] 
[INFO] [stdout] error[E0433]: cannot find module or crate `spec_proto` in this scope
[INFO] [stdout]    --> src/targets/typescript/mod.rs:684:23
[INFO] [stdout]     |
[INFO] [stdout] 684 |         let service = spec_proto::all_services()
[INFO] [stdout]     |                       ^^^^^^^^^^ use of unresolved module or unlinked crate `spec_proto`
[INFO] [stdout]     |
[INFO] [stdout]     = help: if you wanted to use a crate named `spec_proto`, use `cargo add spec_proto` to add it to your `Cargo.toml`
[INFO] [stdout] 
[INFO] [stdout] 
[INFO] [stdout] For more information about this error, try `rustc --explain E0433`.
[INFO] [stdout] 
[INFO] [stderr] error: could not compile `vox-codegen` (lib test) due to 7 previous errors
[INFO] running `Command { std: "docker" "inspect" "33d94d0a8e60f59518a5ba003e61f9315216618281b052157e83a055cd607010", kill_on_drop: false }`
[INFO] running `Command { std: "docker" "rm" "-f" "33d94d0a8e60f59518a5ba003e61f9315216618281b052157e83a055cd607010", kill_on_drop: false }`
[INFO] [stdout] 33d94d0a8e60f59518a5ba003e61f9315216618281b052157e83a055cd607010
