[INFO] fetching crate vortex-serde 0.16.0...
[INFO] testing vortex-serde-0.16.0 against 1.99.0-beta.8+cargoflags=--release for beta-release-1.100-2
[INFO] extracting crate vortex-serde 0.16.0 into /workspace/builds/worker-7-tc1/source
[INFO] started tweaking crates.io crate vortex-serde 0.16.0
[INFO] finished tweaking crates.io crate vortex-serde 0.16.0
[INFO] tweaked toml for crates.io crate vortex-serde 0.16.0 written to /workspace/builds/worker-7-tc1/source/Cargo.toml
[INFO] validating manifest of crates.io crate vortex-serde 0.16.0 on toolchain 1.99.0-beta.8
[INFO] running `Command { std: CARGO_HOME="/workspace/cargo-home" RUSTUP_HOME="/workspace/rustup-home" "/workspace/cargo-home/bin/cargo" "+1.99.0-beta.8" "metadata" "--manifest-path" "Cargo.toml" "--no-deps", kill_on_drop: false }`
[INFO] running `Command { std: CARGO_HOME="/workspace/cargo-home" RUSTUP_HOME="/workspace/rustup-home" "/workspace/cargo-home/bin/cargo" "+1.99.0-beta.8" "generate-lockfile" "--manifest-path" "Cargo.toml", kill_on_drop: false }`
[INFO] [stderr]     Updating crates.io index
[INFO] [stderr]      Locking 269 packages to highest compatible versions
[INFO] [stderr]       Adding arrow-array v53.4.1 (available: v60.0.0)
[INFO] [stderr]       Adding arrow-buffer v53.4.1 (available: v60.0.0)
[INFO] [stderr]       Adding arrow-ipc v53.4.1 (available: v60.0.0)
[INFO] [stderr]       Adding arrow-schema v53.4.1 (available: v60.0.0)
[INFO] [stderr]       Adding arrow-select v53.4.1 (available: v60.0.0)
[INFO] [stderr]       Adding chrono v0.4.39 (available: v0.4.45)
[INFO] [stderr]       Adding criterion v0.5.1 (available: v0.8.2)
[INFO] [stderr]       Adding flatbuffers v24.12.23 (available: v25.12.19)
[INFO] [stderr]       Adding itertools v0.13.0 (available: v0.15.0)
[INFO] [stderr]       Adding object_store v0.11.2 (available: v0.14.2)
[INFO] [stderr]       Adding rstest v0.23.0 (available: v0.28.0)
[INFO] [stderr]       Adding vortex-array v0.16.0 (available: v0.88.0)
[INFO] [stderr]       Adding vortex-buffer v0.16.0 (available: v0.88.0)
[INFO] [stderr]       Adding vortex-dtype v0.16.0 (available: v0.59.4)
[INFO] [stderr]       Adding vortex-error v0.16.0 (available: v0.88.0)
[INFO] [stderr]       Adding vortex-expr v0.16.0 (available: v0.54.0)
[INFO] [stderr]       Adding vortex-flatbuffers v0.16.0 (available: v0.86.1)
[INFO] [stderr]       Adding vortex-scalar v0.16.0 (available: v0.58.0)
[INFO] [stderr]       Adding vortex-schema v0.16.0 (available: v0.19.0)
[INFO] running `Command { std: CARGO_HOME="/workspace/cargo-home" RUSTUP_HOME="/workspace/rustup-home" "/workspace/cargo-home/bin/cargo" "+1.99.0-beta.8" "fetch" "--manifest-path" "Cargo.toml", kill_on_drop: false }`
[INFO] [stderr]  Downloading crates ...
[INFO] [stderr]   Downloaded vortex-error v0.16.0
[INFO] [stderr]   Downloaded flexbuffers v2.0.0
[INFO] [stderr]   Downloaded vortex-schema v0.16.0
[INFO] [stderr]   Downloaded vortex-datetime-dtype v0.16.0
[INFO] [stderr]   Downloaded vortex-buffer v0.16.0
[INFO] [stderr]   Downloaded vortex-expr v0.16.0
[INFO] [stderr]   Downloaded vortex-dtype v0.16.0
[INFO] [stderr]   Downloaded vortex-flatbuffers v0.16.0
[INFO] [stderr]   Downloaded vortex-scalar v0.16.0
[INFO] [stderr]   Downloaded vortex-array v0.16.0
[INFO] [stderr]   Downloaded arrow-ord v53.4.1
[INFO] [stderr]   Downloaded monoio-macros v0.1.0
[INFO] [stderr]   Downloaded jiff v0.1.29
[INFO] [stderr]   Downloaded croaring v2.8.0
[INFO] [stderr]   Downloaded io-uring v0.6.4
[INFO] [stderr]   Downloaded arrow-arith v53.4.1
[INFO] [stderr]   Downloaded allocator-api2 v0.4.0
[INFO] [stderr]   Downloaded croaring-sys v5.2.2
[INFO] [stderr]   Downloaded auto-const-array v0.2.2
[INFO] [stderr]   Downloaded monoio v0.2.4
[INFO] running `Command { std: "docker" "create" "-v" "/var/lib/crater-agent-workspace/builds/worker-7-tc1/source:/opt/rustwide/workdir:ro,Z" "-v" "/var/lib/crater-agent-workspace/builds/worker-7-tc1/target:/opt/rustwide/target:rw,Z" "-v" "/var/lib/crater-agent-workspace/cargo-home:/opt/rustwide/cargo-home:ro,Z" "-v" "/var/lib/crater-agent-workspace/rustup-home:/opt/rustwide/rustup-home:ro,Z" "-m" "1610612736" "--network" "none" "ghcr.io/rust-lang/crates-build-env/linux@sha256:77db811e55d90add9212f6832c23229e3de5f1c1f9905e8cb07319ea15df73ac" "sleep" "infinity", kill_on_drop: false }`
[INFO] [stdout] 86ec6301ea2dc182200557afaf65c6ec177d3aaaa2dbf34311ee2e416887421e
[INFO] running `Command { std: "docker" "start" "86ec6301ea2dc182200557afaf65c6ec177d3aaaa2dbf34311ee2e416887421e", kill_on_drop: false }`
[INFO] running `Command { std: "docker" "inspect" "86ec6301ea2dc182200557afaf65c6ec177d3aaaa2dbf34311ee2e416887421e", kill_on_drop: false }`
[INFO] running `Command { std: "docker" "exec" "-e" "SOURCE_DIR=/opt/rustwide/workdir" "-e" "CARGO_HOME=/opt/rustwide/cargo-home" "-e" "RUSTUP_HOME=/opt/rustwide/rustup-home" "-e" "CARGO_TARGET_DIR=/opt/rustwide/target" "-w" "/opt/rustwide/workdir" "--user" "0:0" "86ec6301ea2dc182200557afaf65c6ec177d3aaaa2dbf34311ee2e416887421e" "/opt/rustwide/cargo-home/bin/cargo" "+1.99.0-beta.8" "metadata" "--no-deps" "--format-version=1", kill_on_drop: false }`
[INFO] running `Command { std: "docker" "inspect" "86ec6301ea2dc182200557afaf65c6ec177d3aaaa2dbf34311ee2e416887421e", kill_on_drop: false }`
[INFO] running `Command { std: "docker" "exec" "-e" "SOURCE_DIR=/opt/rustwide/workdir" "-e" "CARGO_HOME=/opt/rustwide/cargo-home" "-e" "RUSTUP_HOME=/opt/rustwide/rustup-home" "-e" "CARGO_TARGET_DIR=/opt/rustwide/target" "-e" "CARGO_INCREMENTAL=0" "-e" "RUST_BACKTRACE=full" "-e" "RUSTFLAGS=--cap-lints=warn" "-e" "RUSTDOCFLAGS=--cap-lints=warn" "-w" "/opt/rustwide/workdir" "--user" "0:0" "86ec6301ea2dc182200557afaf65c6ec177d3aaaa2dbf34311ee2e416887421e" "/opt/rustwide/cargo-home/bin/cargo" "+1.99.0-beta.8" "build" "--frozen" "--message-format=json" "--release", kill_on_drop: false }`
[INFO] [stderr]    Compiling syn v3.0.9
[INFO] [stderr]    Compiling syn v2.0.119
[INFO] [stderr]    Compiling libc v0.2.191
[INFO] [stderr]    Compiling zerocopy v0.8.63
[INFO] [stderr]    Compiling equivalent v1.0.3
[INFO] [stderr]    Compiling syn v1.0.109
[INFO] [stderr]    Compiling num-traits v0.2.19
[INFO] [stderr]    Compiling arrow-schema v53.4.1
[INFO] [stderr]    Compiling once_cell v1.21.4
[INFO] [stderr]    Compiling smallvec v1.16.3
[INFO] [stderr]    Compiling getrandom v0.3.4
[INFO] [stderr]    Compiling flatbuffers v24.12.23
[INFO] [stderr]    Compiling ahash v0.8.12
[INFO] [stderr]    Compiling thiserror v2.0.21
[INFO] [stderr]    Compiling toml_parser v1.1.5+spec-1.1.0
[INFO] [stderr]    Compiling indexmap v2.14.2
[INFO] [stderr]    Compiling hashbrown v0.15.5
[INFO] [stderr]    Compiling lexical-util v1.0.7
[INFO] [stderr]    Compiling toml_datetime v1.1.2+spec-1.1.0
[INFO] [stderr]    Compiling jiff v0.1.29
[INFO] [stderr]    Compiling either v1.19.0
[INFO] [stderr]    Compiling futures-sink v0.3.34
[INFO] [stderr]    Compiling memoffset v0.7.1
[INFO] [stderr]    Compiling croaring-sys v5.2.2
[INFO] [stderr]    Compiling io-uring v0.6.4
[INFO] [stderr]    Compiling humansize v2.1.3
[INFO] [stderr]    Compiling pin-utils v0.1.1
[INFO] [stderr]    Compiling futures-channel v0.3.34
[INFO] [stderr]    Compiling allocator-api2 v0.4.0
[INFO] [stderr]    Compiling itertools v0.13.0
[INFO] [stderr]    Compiling tokio v1.53.3
[INFO] [stderr]    Compiling vortex-flatbuffers v0.16.0
[INFO] [stderr]    Compiling lexical-write-integer v1.0.6
[INFO] [stderr]    Compiling lexical-parse-integer v1.0.6
[INFO] [stderr]    Compiling toml_edit v0.19.15
[INFO] [stderr]    Compiling toml_edit v0.25.17+spec-1.1.0
[INFO] [stderr]    Compiling lexical-write-float v1.0.6
[INFO] [stderr]    Compiling lexical-parse-float v1.0.6
[INFO] [stderr]    Compiling num-integer v0.1.47
[INFO] [stderr]    Compiling num-complex v0.4.6
[INFO] [stderr]    Compiling chrono v0.4.39
[INFO] [stderr]    Compiling lexical-core v1.0.6
[INFO] [stderr]    Compiling atoi v2.0.0
[INFO] [stderr]    Compiling num-bigint v0.4.8
[INFO] [stderr]    Compiling num-iter v0.1.46
[INFO] [stderr]    Compiling proc-macro-crate v3.5.0
[INFO] [stderr]    Compiling getrandom v0.2.17
[INFO] [stderr]    Compiling socket2 v0.5.10
[INFO] [stderr]    Compiling nix v0.26.4
[INFO] [stderr]    Compiling mio v0.8.11
[INFO] [stderr]    Compiling rand_core v0.6.4
[INFO] [stderr]    Compiling num-rational v0.4.2
[INFO] [stderr]    Compiling proc-macro-crate v1.3.1
[INFO] [stderr]    Compiling num v0.4.3
[INFO] [stderr]    Compiling num_enum_derive v0.5.11
[INFO] [stderr]    Compiling zerocopy-derive v0.8.63
[INFO] [stderr]    Compiling num_enum_derive v0.7.6
[INFO] [stderr]    Compiling enum-iterator-derive v1.5.0
[INFO] [stderr]    Compiling pin-project-internal v1.1.13
[INFO] [stderr]    Compiling monoio-macros v0.1.0
[INFO] [stderr]    Compiling auto-const-array v0.2.2
[INFO] [stderr]    Compiling synstructure v0.14.0
[INFO] [stderr]    Compiling num_enum v0.5.11
[INFO] [stderr]    Compiling enum-iterator v2.3.0
[INFO] [stderr]    Compiling zerofrom-derive v0.1.8
[INFO] [stderr]    Compiling yoke-derive v0.8.4
[INFO] [stderr]    Compiling zerovec-derive v0.11.6
[INFO] [stderr]    Compiling displaydoc v0.2.7
[INFO] [stderr]    Compiling serde_derive v1.0.229
[INFO] [stderr]    Compiling thiserror-impl v2.0.21
[INFO] [stderr]    Compiling futures-macro v0.3.34
[INFO] [stderr]    Compiling num_enum v0.7.6
[INFO] [stderr]    Compiling pin-project v1.1.13
[INFO] [stderr]    Compiling futures-util v0.3.34
[INFO] [stderr]    Compiling zerofrom v0.1.8
[INFO] [stderr]    Compiling yoke v0.8.3
[INFO] [stderr]    Compiling monoio v0.2.4
[INFO] [stderr]    Compiling zerovec v0.11.8
[INFO] [stderr]    Compiling zerotrie v0.2.5
[INFO] [stderr]    Compiling tinystr v0.8.4
[INFO] [stderr]    Compiling potential_utf v0.1.6
[INFO] [stderr]    Compiling icu_collections v2.3.0
[INFO] [stderr]    Compiling icu_locale_core v2.3.0
[INFO] [stderr]    Compiling serde v1.0.229
[INFO] [stderr]    Compiling icu_provider v2.3.1
[INFO] [stderr]    Compiling flexbuffers v2.0.0
[INFO] [stderr]    Compiling icu_properties v2.3.0
[INFO] [stderr]    Compiling icu_normalizer v2.3.0
[INFO] [stderr]    Compiling futures-executor v0.3.34
[INFO] [stderr]    Compiling futures v0.3.34
[INFO] [stderr]    Compiling idna_adapter v1.2.2
[INFO] [stderr]    Compiling idna v1.1.0
[INFO] [stderr]    Compiling url v2.5.8
[INFO] [stderr]    Compiling vortex-error v0.16.0
[INFO] [stdout] error[E0432]: unresolved import `thiserror`
[INFO] [stdout]   --> /opt/rustwide/cargo-home/registry/src/index.crates.io-1949cf8c6b5b557f/vortex-error-0.16.0/src/lib.rs:56:10
[INFO] [stdout]    |
[INFO] [stdout] 56 | #[derive(thiserror::Error)]
[INFO] [stdout]    |          ^^^^^^^^^^^^^^^^ no `ThiserrorProvide` in `__private21`
[INFO] [stdout]    |
[INFO] [stdout]    = note: this error originates in the derive macro `thiserror::Error` (in Nightly builds, run with -Z macro-backtrace for more info)
[INFO] [stdout] 
[INFO] [stdout] 
[INFO] [stdout] error[E0554]: `#![feature]` may not be used on the beta release channel
[INFO] [stdout]  --> /opt/rustwide/cargo-home/registry/src/index.crates.io-1949cf8c6b5b557f/vortex-error-0.16.0/src/lib.rs:1:1
[INFO] [stdout]   |
[INFO] [stdout] 1 | #![feature(error_generic_member_access)]
[INFO] [stdout]   | ^^^^^^^^^^^^^^^^^^^^^^^^^^^^^^^^^^^^^^^^
[INFO] [stdout] 
[INFO] [stdout] 
[INFO] [stdout] error[E0599]: no method named `thiserror_provide` found for reference `&ArrowError` in the current scope
[INFO] [stdout]   --> /opt/rustwide/cargo-home/registry/src/index.crates.io-1949cf8c6b5b557f/vortex-error-0.16.0/src/lib.rs:56:10
[INFO] [stdout]    |
[INFO] [stdout] 56 | #[derive(thiserror::Error)]
[INFO] [stdout]    |          ^^^^^^^^^^^^^^^^ method not found in `&ArrowError`
[INFO] [stdout]    |
[INFO] [stdout]    = note: this error originates in the derive macro `thiserror::Error` (in Nightly builds, run with -Z macro-backtrace for more info)
[INFO] [stdout] 
[INFO] [stdout] 
[INFO] [stdout] error[E0599]: no method named `thiserror_provide` found for reference `&InvalidFlatbuffer` in the current scope
[INFO] [stdout]   --> /opt/rustwide/cargo-home/registry/src/index.crates.io-1949cf8c6b5b557f/vortex-error-0.16.0/src/lib.rs:56:10
[INFO] [stdout]    |
[INFO] [stdout] 56 | #[derive(thiserror::Error)]
[INFO] [stdout]    |          ^^^^^^^^^^^^^^^^ method not found in `&InvalidFlatbuffer`
[INFO] [stdout]    |
[INFO] [stdout]    = note: this error originates in the derive macro `thiserror::Error` (in Nightly builds, run with -Z macro-backtrace for more info)
[INFO] [stdout] 
[INFO] [stdout] 
[INFO] [stdout] error[E0599]: no method named `thiserror_provide` found for reference `&ReaderError` in the current scope
[INFO] [stdout]   --> /opt/rustwide/cargo-home/registry/src/index.crates.io-1949cf8c6b5b557f/vortex-error-0.16.0/src/lib.rs:56:10
[INFO] [stdout]    |
[INFO] [stdout] 56 | #[derive(thiserror::Error)]
[INFO] [stdout]    |          ^^^^^^^^^^^^^^^^ method not found in `&ReaderError`
[INFO] [stdout]    |
[INFO] [stdout]    = note: this error originates in the derive macro `thiserror::Error` (in Nightly builds, run with -Z macro-backtrace for more info)
[INFO] [stdout] 
[INFO] [stdout] 
[INFO] [stdout] error[E0599]: no method named `thiserror_provide` found for reference `&DeserializationError` in the current scope
[INFO] [stdout]   --> /opt/rustwide/cargo-home/registry/src/index.crates.io-1949cf8c6b5b557f/vortex-error-0.16.0/src/lib.rs:56:10
[INFO] [stdout]    |
[INFO] [stdout] 56 | #[derive(thiserror::Error)]
[INFO] [stdout]    |          ^^^^^^^^^^^^^^^^ method not found in `&DeserializationError`
[INFO] [stdout]    |
[INFO] [stdout]    = note: this error originates in the derive macro `thiserror::Error` (in Nightly builds, run with -Z macro-backtrace for more info)
[INFO] [stdout] 
[INFO] [stdout] 
[INFO] [stdout] error[E0599]: no method named `thiserror_provide` found for reference `&SerializationError` in the current scope
[INFO] [stdout]   --> /opt/rustwide/cargo-home/registry/src/index.crates.io-1949cf8c6b5b557f/vortex-error-0.16.0/src/lib.rs:56:10
[INFO] [stdout]    |
[INFO] [stdout] 56 | #[derive(thiserror::Error)]
[INFO] [stdout]    |          ^^^^^^^^^^^^^^^^ method not found in `&SerializationError`
[INFO] [stdout]    |
[INFO] [stdout]    = note: this error originates in the derive macro `thiserror::Error` (in Nightly builds, run with -Z macro-backtrace for more info)
[INFO] [stdout] 
[INFO] [stdout] 
[INFO] [stdout] error[E0599]: no method named `thiserror_provide` found for reference `&std::fmt::Error` in the current scope
[INFO] [stdout]   --> /opt/rustwide/cargo-home/registry/src/index.crates.io-1949cf8c6b5b557f/vortex-error-0.16.0/src/lib.rs:56:10
[INFO] [stdout]    |
[INFO] [stdout] 56 | #[derive(thiserror::Error)]
[INFO] [stdout]    |          ^^^^^^^^^^^^^^^^ method not found in `&std::fmt::Error`
[INFO] [stdout]    |
[INFO] [stdout]    = note: this error originates in the derive macro `thiserror::Error` (in Nightly builds, run with -Z macro-backtrace for more info)
[INFO] [stdout] 
[INFO] [stdout] 
[INFO] [stdout] error[E0599]: no method named `thiserror_provide` found for reference `&std::io::Error` in the current scope
[INFO] [stdout]   --> /opt/rustwide/cargo-home/registry/src/index.crates.io-1949cf8c6b5b557f/vortex-error-0.16.0/src/lib.rs:56:10
[INFO] [stdout]    |
[INFO] [stdout] 56 | #[derive(thiserror::Error)]
[INFO] [stdout]    |          ^^^^^^^^^^^^^^^^ method not found in `&std::io::Error`
[INFO] [stdout]    |
[INFO] [stdout]    = note: this error originates in the derive macro `thiserror::Error` (in Nightly builds, run with -Z macro-backtrace for more info)
[INFO] [stdout] 
[INFO] [stdout] 
[INFO] [stdout] error[E0599]: no method named `thiserror_provide` found for reference `&std::str::Utf8Error` in the current scope
[INFO] [stdout]   --> /opt/rustwide/cargo-home/registry/src/index.crates.io-1949cf8c6b5b557f/vortex-error-0.16.0/src/lib.rs:56:10
[INFO] [stdout]    |
[INFO] [stdout] 56 | #[derive(thiserror::Error)]
[INFO] [stdout]    |          ^^^^^^^^^^^^^^^^ method not found in `&std::str::Utf8Error`
[INFO] [stdout]    |
[INFO] [stdout]    = note: this error originates in the derive macro `thiserror::Error` (in Nightly builds, run with -Z macro-backtrace for more info)
[INFO] [stdout] 
[INFO] [stdout] 
[INFO] [stdout] error[E0599]: no method named `thiserror_provide` found for reference `&TryFromSliceError` in the current scope
[INFO] [stdout]   --> /opt/rustwide/cargo-home/registry/src/index.crates.io-1949cf8c6b5b557f/vortex-error-0.16.0/src/lib.rs:56:10
[INFO] [stdout]    |
[INFO] [stdout] 56 | #[derive(thiserror::Error)]
[INFO] [stdout]    |          ^^^^^^^^^^^^^^^^ method not found in `&TryFromSliceError`
[INFO] [stdout]    |
[INFO] [stdout]    = note: this error originates in the derive macro `thiserror::Error` (in Nightly builds, run with -Z macro-backtrace for more info)
[INFO] [stdout] 
[INFO] [stdout] 
[INFO] [stdout] error[E0599]: no method named `thiserror_provide` found for reference `&jiff::Error` in the current scope
[INFO] [stdout]   --> /opt/rustwide/cargo-home/registry/src/index.crates.io-1949cf8c6b5b557f/vortex-error-0.16.0/src/lib.rs:56:10
[INFO] [stdout]    |
[INFO] [stdout] 56 | #[derive(thiserror::Error)]
[INFO] [stdout]    |          ^^^^^^^^^^^^^^^^ method not found in `&jiff::Error`
[INFO] [stdout]    |
[INFO] [stdout]    = note: this error originates in the derive macro `thiserror::Error` (in Nightly builds, run with -Z macro-backtrace for more info)
[INFO] [stdout] 
[INFO] [stdout] 
[INFO] [stdout] error[E0599]: no method named `thiserror_provide` found for reference `&url::ParseError` in the current scope
[INFO] [stdout]   --> /opt/rustwide/cargo-home/registry/src/index.crates.io-1949cf8c6b5b557f/vortex-error-0.16.0/src/lib.rs:56:10
[INFO] [stdout]    |
[INFO] [stdout] 56 | #[derive(thiserror::Error)]
[INFO] [stdout]    |          ^^^^^^^^^^^^^^^^ method not found in `&url::ParseError`
[INFO] [stdout]    |
[INFO] [stdout]    = note: this error originates in the derive macro `thiserror::Error` (in Nightly builds, run with -Z macro-backtrace for more info)
[INFO] [stdout] 
[INFO] [stdout] 
[INFO] [stdout] Some errors have detailed explanations: E0432, E0554, E0599.
[INFO] [stdout] 
[INFO] [stdout] For more information about an error, try `rustc --explain E0432`.
[INFO] [stdout] 
[INFO] [stderr] error: could not compile `vortex-error` (lib) due to 13 previous errors
[INFO] [stderr] warning: build failed, waiting for other jobs to finish...
[INFO] running `Command { std: "docker" "inspect" "86ec6301ea2dc182200557afaf65c6ec177d3aaaa2dbf34311ee2e416887421e", kill_on_drop: false }`
[INFO] running `Command { std: "docker" "rm" "-f" "86ec6301ea2dc182200557afaf65c6ec177d3aaaa2dbf34311ee2e416887421e", kill_on_drop: false }`
[INFO] [stdout] 86ec6301ea2dc182200557afaf65c6ec177d3aaaa2dbf34311ee2e416887421e
