[INFO] fetching crate vortex-schema 0.19.0...
[INFO] testing vortex-schema-0.19.0 against 1.99.0-beta.8+cargoflags=--release for beta-release-1.100-2
[INFO] extracting crate vortex-schema 0.19.0 into /workspace/builds/worker-5-tc1/source
[INFO] started tweaking crates.io crate vortex-schema 0.19.0
[INFO] finished tweaking crates.io crate vortex-schema 0.19.0
[INFO] tweaked toml for crates.io crate vortex-schema 0.19.0 written to /workspace/builds/worker-5-tc1/source/Cargo.toml
[INFO] validating manifest of crates.io crate vortex-schema 0.19.0 on toolchain 1.99.0-beta.8
[INFO] running `Command { std: CARGO_HOME="/workspace/cargo-home" RUSTUP_HOME="/workspace/rustup-home" "/workspace/cargo-home/bin/cargo" "+1.99.0-beta.8" "metadata" "--manifest-path" "Cargo.toml" "--no-deps", kill_on_drop: false }`
[INFO] running `Command { std: CARGO_HOME="/workspace/cargo-home" RUSTUP_HOME="/workspace/rustup-home" "/workspace/cargo-home/bin/cargo" "+1.99.0-beta.8" "generate-lockfile" "--manifest-path" "Cargo.toml", kill_on_drop: false }`
[INFO] [stderr]     Updating crates.io index
[INFO] [stderr]      Locking 67 packages to highest compatible versions
[INFO] [stderr]       Adding vortex-dtype v0.19.0 (available: v0.59.4)
[INFO] [stderr]       Adding vortex-error v0.19.0 (available: v0.88.0)
[INFO] running `Command { std: CARGO_HOME="/workspace/cargo-home" RUSTUP_HOME="/workspace/rustup-home" "/workspace/cargo-home/bin/cargo" "+1.99.0-beta.8" "fetch" "--manifest-path" "Cargo.toml", kill_on_drop: false }`
[INFO] [stderr]  Downloading crates ...
[INFO] [stderr]   Downloaded vortex-dtype v0.19.0
[INFO] [stderr]   Downloaded vortex-error v0.19.0
[INFO] [stderr]   Downloaded jiff v0.1.29
[INFO] running `Command { std: "docker" "create" "-v" "/var/lib/crater-agent-workspace/builds/worker-5-tc1/source:/opt/rustwide/workdir:ro,Z" "-v" "/var/lib/crater-agent-workspace/builds/worker-5-tc1/target:/opt/rustwide/target:rw,Z" "-v" "/var/lib/crater-agent-workspace/cargo-home:/opt/rustwide/cargo-home:ro,Z" "-v" "/var/lib/crater-agent-workspace/rustup-home:/opt/rustwide/rustup-home:ro,Z" "-m" "1610612736" "--network" "none" "ghcr.io/rust-lang/crates-build-env/linux@sha256:77db811e55d90add9212f6832c23229e3de5f1c1f9905e8cb07319ea15df73ac" "sleep" "infinity", kill_on_drop: false }`
[INFO] [stdout] 10eed2e3ef11e11614aaf3e371297393bb62e744c0b3581c5801dd161c0b2a27
[INFO] running `Command { std: "docker" "start" "10eed2e3ef11e11614aaf3e371297393bb62e744c0b3581c5801dd161c0b2a27", kill_on_drop: false }`
[INFO] running `Command { std: "docker" "inspect" "10eed2e3ef11e11614aaf3e371297393bb62e744c0b3581c5801dd161c0b2a27", kill_on_drop: false }`
[INFO] running `Command { std: "docker" "exec" "-e" "SOURCE_DIR=/opt/rustwide/workdir" "-e" "CARGO_HOME=/opt/rustwide/cargo-home" "-e" "RUSTUP_HOME=/opt/rustwide/rustup-home" "-e" "CARGO_TARGET_DIR=/opt/rustwide/target" "-w" "/opt/rustwide/workdir" "--user" "0:0" "10eed2e3ef11e11614aaf3e371297393bb62e744c0b3581c5801dd161c0b2a27" "/opt/rustwide/cargo-home/bin/cargo" "+1.99.0-beta.8" "metadata" "--no-deps" "--format-version=1", kill_on_drop: false }`
[INFO] running `Command { std: "docker" "inspect" "10eed2e3ef11e11614aaf3e371297393bb62e744c0b3581c5801dd161c0b2a27", kill_on_drop: false }`
[INFO] running `Command { std: "docker" "exec" "-e" "SOURCE_DIR=/opt/rustwide/workdir" "-e" "CARGO_HOME=/opt/rustwide/cargo-home" "-e" "RUSTUP_HOME=/opt/rustwide/rustup-home" "-e" "CARGO_TARGET_DIR=/opt/rustwide/target" "-e" "CARGO_INCREMENTAL=0" "-e" "RUST_BACKTRACE=full" "-e" "RUSTFLAGS=--cap-lints=warn" "-e" "RUSTDOCFLAGS=--cap-lints=warn" "-w" "/opt/rustwide/workdir" "--user" "0:0" "10eed2e3ef11e11614aaf3e371297393bb62e744c0b3581c5801dd161c0b2a27" "/opt/rustwide/cargo-home/bin/cargo" "+1.99.0-beta.8" "build" "--frozen" "--message-format=json" "--release", kill_on_drop: false }`
[INFO] [stderr]    Compiling arrow-schema v53.4.1
[INFO] [stderr]    Compiling either v1.19.0
[INFO] [stderr]    Compiling num-traits v0.2.19
[INFO] [stderr]    Compiling jiff v0.1.29
[INFO] [stderr]    Compiling thiserror-impl v2.0.21
[INFO] [stderr]    Compiling url v2.5.8
[INFO] [stderr]    Compiling itertools v0.13.0
[INFO] [stderr]    Compiling thiserror v2.0.21
[INFO] [stderr]    Compiling half v2.7.1
[INFO] [stderr]    Compiling vortex-error v0.19.0
[INFO] [stdout] error[E0432]: unresolved import `thiserror`
[INFO] [stdout]   --> /opt/rustwide/cargo-home/registry/src/index.crates.io-1949cf8c6b5b557f/vortex-error-0.19.0/src/lib.rs:56:10
[INFO] [stdout]    |
[INFO] [stdout] 56 | #[derive(thiserror::Error)]
[INFO] [stdout]    |          ^^^^^^^^^^^^^^^^ no `ThiserrorProvide` in `__private21`
[INFO] [stdout]    |
[INFO] [stdout]    = note: this error originates in the derive macro `thiserror::Error` (in Nightly builds, run with -Z macro-backtrace for more info)
[INFO] [stdout] 
[INFO] [stdout] 
[INFO] [stdout] error[E0554]: `#![feature]` may not be used on the beta release channel
[INFO] [stdout]  --> /opt/rustwide/cargo-home/registry/src/index.crates.io-1949cf8c6b5b557f/vortex-error-0.19.0/src/lib.rs:1:1
[INFO] [stdout]   |
[INFO] [stdout] 1 | #![feature(error_generic_member_access)]
[INFO] [stdout]   | ^^^^^^^^^^^^^^^^^^^^^^^^^^^^^^^^^^^^^^^^
[INFO] [stdout] 
[INFO] [stdout] 
[INFO] [stdout] error[E0599]: no method named `thiserror_provide` found for reference `&ArrowError` in the current scope
[INFO] [stdout]   --> /opt/rustwide/cargo-home/registry/src/index.crates.io-1949cf8c6b5b557f/vortex-error-0.19.0/src/lib.rs:56:10
[INFO] [stdout]    |
[INFO] [stdout] 56 | #[derive(thiserror::Error)]
[INFO] [stdout]    |          ^^^^^^^^^^^^^^^^ method not found in `&ArrowError`
[INFO] [stdout]    |
[INFO] [stdout]    = note: this error originates in the derive macro `thiserror::Error` (in Nightly builds, run with -Z macro-backtrace for more info)
[INFO] [stdout] 
[INFO] [stdout] 
[INFO] [stdout] error[E0599]: no method named `thiserror_provide` found for reference `&std::fmt::Error` in the current scope
[INFO] [stdout]   --> /opt/rustwide/cargo-home/registry/src/index.crates.io-1949cf8c6b5b557f/vortex-error-0.19.0/src/lib.rs:56:10
[INFO] [stdout]    |
[INFO] [stdout] 56 | #[derive(thiserror::Error)]
[INFO] [stdout]    |          ^^^^^^^^^^^^^^^^ method not found in `&std::fmt::Error`
[INFO] [stdout]    |
[INFO] [stdout]    = note: this error originates in the derive macro `thiserror::Error` (in Nightly builds, run with -Z macro-backtrace for more info)
[INFO] [stdout] 
[INFO] [stdout] 
[INFO] [stdout] error[E0599]: no method named `thiserror_provide` found for reference `&std::io::Error` in the current scope
[INFO] [stdout]   --> /opt/rustwide/cargo-home/registry/src/index.crates.io-1949cf8c6b5b557f/vortex-error-0.19.0/src/lib.rs:56:10
[INFO] [stdout]    |
[INFO] [stdout] 56 | #[derive(thiserror::Error)]
[INFO] [stdout]    |          ^^^^^^^^^^^^^^^^ method not found in `&std::io::Error`
[INFO] [stdout]    |
[INFO] [stdout]    = note: this error originates in the derive macro `thiserror::Error` (in Nightly builds, run with -Z macro-backtrace for more info)
[INFO] [stdout] 
[INFO] [stdout] 
[INFO] [stdout] error[E0599]: no method named `thiserror_provide` found for reference `&Utf8Error` in the current scope
[INFO] [stdout]   --> /opt/rustwide/cargo-home/registry/src/index.crates.io-1949cf8c6b5b557f/vortex-error-0.19.0/src/lib.rs:56:10
[INFO] [stdout]    |
[INFO] [stdout] 56 | #[derive(thiserror::Error)]
[INFO] [stdout]    |          ^^^^^^^^^^^^^^^^ method not found in `&Utf8Error`
[INFO] [stdout]    |
[INFO] [stdout]    = note: this error originates in the derive macro `thiserror::Error` (in Nightly builds, run with -Z macro-backtrace for more info)
[INFO] [stdout] 
[INFO] [stdout] 
[INFO] [stdout] error[E0599]: no method named `thiserror_provide` found for reference `&TryFromSliceError` in the current scope
[INFO] [stdout]   --> /opt/rustwide/cargo-home/registry/src/index.crates.io-1949cf8c6b5b557f/vortex-error-0.19.0/src/lib.rs:56:10
[INFO] [stdout]    |
[INFO] [stdout] 56 | #[derive(thiserror::Error)]
[INFO] [stdout]    |          ^^^^^^^^^^^^^^^^ method not found in `&TryFromSliceError`
[INFO] [stdout]    |
[INFO] [stdout]    = note: this error originates in the derive macro `thiserror::Error` (in Nightly builds, run with -Z macro-backtrace for more info)
[INFO] [stdout] 
[INFO] [stdout] 
[INFO] [stdout] error[E0599]: no method named `thiserror_provide` found for reference `&jiff::Error` in the current scope
[INFO] [stdout]   --> /opt/rustwide/cargo-home/registry/src/index.crates.io-1949cf8c6b5b557f/vortex-error-0.19.0/src/lib.rs:56:10
[INFO] [stdout]    |
[INFO] [stdout] 56 | #[derive(thiserror::Error)]
[INFO] [stdout]    |          ^^^^^^^^^^^^^^^^ method not found in `&jiff::Error`
[INFO] [stdout]    |
[INFO] [stdout]    = note: this error originates in the derive macro `thiserror::Error` (in Nightly builds, run with -Z macro-backtrace for more info)
[INFO] [stdout] 
[INFO] [stdout] 
[INFO] [stdout] error[E0599]: no method named `thiserror_provide` found for reference `&url::ParseError` in the current scope
[INFO] [stdout]   --> /opt/rustwide/cargo-home/registry/src/index.crates.io-1949cf8c6b5b557f/vortex-error-0.19.0/src/lib.rs:56:10
[INFO] [stdout]    |
[INFO] [stdout] 56 | #[derive(thiserror::Error)]
[INFO] [stdout]    |          ^^^^^^^^^^^^^^^^ method not found in `&url::ParseError`
[INFO] [stdout]    |
[INFO] [stdout]    = note: this error originates in the derive macro `thiserror::Error` (in Nightly builds, run with -Z macro-backtrace for more info)
[INFO] [stdout] 
[INFO] [stdout] 
[INFO] [stdout] Some errors have detailed explanations: E0432, E0554, E0599.
[INFO] [stdout] 
[INFO] [stdout] For more information about an error, try `rustc --explain E0432`.
[INFO] [stdout] 
[INFO] [stderr] error: could not compile `vortex-error` (lib) due to 9 previous errors
[INFO] [stderr] warning: build failed, waiting for other jobs to finish...
[INFO] running `Command { std: "docker" "inspect" "10eed2e3ef11e11614aaf3e371297393bb62e744c0b3581c5801dd161c0b2a27", kill_on_drop: false }`
[INFO] running `Command { std: "docker" "rm" "-f" "10eed2e3ef11e11614aaf3e371297393bb62e744c0b3581c5801dd161c0b2a27", kill_on_drop: false }`
[INFO] [stdout] 10eed2e3ef11e11614aaf3e371297393bb62e744c0b3581c5801dd161c0b2a27
