[INFO] fetching crate voli-core 0.7.1...
[INFO] testing voli-core-0.7.1 against 1.99.0-beta.8+cargoflags=--release for beta-release-1.100-2
[INFO] extracting crate voli-core 0.7.1 into /workspace/builds/worker-3-tc1/source
[INFO] started tweaking crates.io crate voli-core 0.7.1
[INFO] removed 0 missing tests
[INFO] finished tweaking crates.io crate voli-core 0.7.1
[INFO] tweaked toml for crates.io crate voli-core 0.7.1 written to /workspace/builds/worker-3-tc1/source/Cargo.toml
[INFO] validating manifest of crates.io crate voli-core 0.7.1 on toolchain 1.99.0-beta.8
[INFO] running `Command { std: CARGO_HOME="/workspace/cargo-home" RUSTUP_HOME="/workspace/rustup-home" "/workspace/cargo-home/bin/cargo" "+1.99.0-beta.8" "metadata" "--manifest-path" "Cargo.toml" "--no-deps", kill_on_drop: false }`
[INFO] crate crates.io crate voli-core 0.7.1 already has a lockfile, it will not be regenerated
[INFO] running `Command { std: CARGO_HOME="/workspace/cargo-home" RUSTUP_HOME="/workspace/rustup-home" "/workspace/cargo-home/bin/cargo" "+1.99.0-beta.8" "fetch" "--manifest-path" "Cargo.toml", kill_on_drop: false }`
[INFO] [stderr]     Updating crates.io index
[INFO] [stderr]  Downloading crates ...
[INFO] [stderr]   Downloaded junction v1.4.2
[INFO] [stderr]   Downloaded ureq v2.8.0
[INFO] [stderr]   Downloaded granit-parser v0.0.7
[INFO] [stderr]   Downloaded serde-saphyr v0.0.29
[INFO] [stderr]   Downloaded sevenz-rust2 v0.21.3
[INFO] running `Command { std: "docker" "create" "-v" "/var/lib/crater-agent-workspace/builds/worker-3-tc1/source:/opt/rustwide/workdir:ro,Z" "-v" "/var/lib/crater-agent-workspace/builds/worker-3-tc1/target:/opt/rustwide/target:rw,Z" "-v" "/var/lib/crater-agent-workspace/cargo-home:/opt/rustwide/cargo-home:ro,Z" "-v" "/var/lib/crater-agent-workspace/rustup-home:/opt/rustwide/rustup-home:ro,Z" "-m" "1610612736" "--network" "none" "ghcr.io/rust-lang/crates-build-env/linux@sha256:77db811e55d90add9212f6832c23229e3de5f1c1f9905e8cb07319ea15df73ac" "sleep" "infinity", kill_on_drop: false }`
[INFO] [stdout] c6e55bcff854bd67e0d16e2eb437300ef290b566e2716cbb46656161b3f90168
[INFO] running `Command { std: "docker" "start" "c6e55bcff854bd67e0d16e2eb437300ef290b566e2716cbb46656161b3f90168", kill_on_drop: false }`
[INFO] running `Command { std: "docker" "inspect" "c6e55bcff854bd67e0d16e2eb437300ef290b566e2716cbb46656161b3f90168", kill_on_drop: false }`
[INFO] running `Command { std: "docker" "exec" "-e" "SOURCE_DIR=/opt/rustwide/workdir" "-e" "CARGO_HOME=/opt/rustwide/cargo-home" "-e" "RUSTUP_HOME=/opt/rustwide/rustup-home" "-e" "CARGO_TARGET_DIR=/opt/rustwide/target" "-w" "/opt/rustwide/workdir" "--user" "0:0" "c6e55bcff854bd67e0d16e2eb437300ef290b566e2716cbb46656161b3f90168" "/opt/rustwide/cargo-home/bin/cargo" "+1.99.0-beta.8" "metadata" "--no-deps" "--format-version=1", kill_on_drop: false }`
[INFO] running `Command { std: "docker" "inspect" "c6e55bcff854bd67e0d16e2eb437300ef290b566e2716cbb46656161b3f90168", kill_on_drop: false }`
[INFO] running `Command { std: "docker" "exec" "-e" "SOURCE_DIR=/opt/rustwide/workdir" "-e" "CARGO_HOME=/opt/rustwide/cargo-home" "-e" "RUSTUP_HOME=/opt/rustwide/rustup-home" "-e" "CARGO_TARGET_DIR=/opt/rustwide/target" "-e" "CARGO_INCREMENTAL=0" "-e" "RUST_BACKTRACE=full" "-e" "RUSTFLAGS=--cap-lints=warn" "-e" "RUSTDOCFLAGS=--cap-lints=warn" "-w" "/opt/rustwide/workdir" "--user" "0:0" "c6e55bcff854bd67e0d16e2eb437300ef290b566e2716cbb46656161b3f90168" "/opt/rustwide/cargo-home/bin/cargo" "+1.99.0-beta.8" "build" "--frozen" "--message-format=json" "--release", kill_on_drop: false }`
[INFO] [stderr]    Compiling hybrid-array v0.4.13
[INFO] [stderr]    Compiling smallvec v1.15.2
[INFO] [stderr]    Compiling syn v2.0.119
[INFO] [stderr]    Compiling ring v0.17.14
[INFO] [stderr]    Compiling getrandom v0.3.4
[INFO] [stderr]    Compiling serde_derive v1.0.229
[INFO] [stderr]    Compiling simd-adler32 v0.3.10
[INFO] [stderr]    Compiling crypto-common v0.1.7
[INFO] [stderr]    Compiling block-buffer v0.10.4
[INFO] [stderr]    Compiling ahash v0.8.12
[INFO] [stderr]    Compiling miniz_oxide v0.8.9
[INFO] [stderr]    Compiling libsqlite3-sys v0.30.1
[INFO] [stderr]    Compiling digest v0.10.7
[INFO] [stderr]    Compiling rustls v0.21.12
[INFO] [stderr]    Compiling percent-encoding v2.3.2
[INFO] [stderr]    Compiling hashbrown v0.14.5
[INFO] [stderr]    Compiling form_urlencoded v1.2.2
[INFO] [stderr]    Compiling crypto-common v0.2.2
[INFO] [stderr]    Compiling block-padding v0.4.2
[INFO] [stderr]    Compiling inout v0.2.2
[INFO] [stderr]    Compiling block-buffer v0.12.1
[INFO] [stderr]    Compiling flate2 v1.1.9
[INFO] [stderr]    Compiling zeroize v1.9.0
[INFO] [stderr]    Compiling cpubits v0.1.1
[INFO] [stderr]    Compiling arraydeque v0.5.1
[INFO] [stderr]    Compiling cipher v0.5.2
[INFO] [stderr]    Compiling digest v0.11.3
[INFO] [stderr]    Compiling anstyle v1.0.14
[INFO] [stderr]    Compiling bumpalo v3.20.3
[INFO] [stderr]    Compiling libbz2-rs-sys v0.2.5
[INFO] [stderr]    Compiling zip v2.4.2
[INFO] [stderr]    Compiling annotate-snippets v0.12.16
[INFO] [stderr]    Compiling zopfli v0.8.3
[INFO] [stderr]    Compiling cbc v0.2.1
[INFO] [stderr]    Compiling aes v0.9.1
[INFO] [stderr]    Compiling serde v1.0.229
[INFO] [stderr]    Compiling bzip2 v0.6.1
[INFO] [stderr]    Compiling synstructure v0.13.2
[INFO] [stderr]    Compiling toml_datetime v0.6.11
[INFO] [stderr]    Compiling serde_spanned v0.6.9
[INFO] [stderr]    Compiling toml_edit v0.22.27
[INFO] [stderr]    Compiling sha2 v0.11.0
[INFO] [stderr]    Compiling granit-parser v0.0.7
[INFO] [stderr]    Compiling encoding_rs_io v0.1.7
[INFO] [stderr]    Compiling hashlink v0.9.1
[INFO] [stderr]    Compiling zerofrom-derive v0.1.7
[INFO] [stderr]    Compiling yoke-derive v0.8.2
[INFO] [stderr]    Compiling zerovec-derive v0.11.3
[INFO] [stderr]    Compiling displaydoc v0.2.6
[INFO] [stderr]    Compiling zerofrom v0.1.8
[INFO] [stderr]    Compiling curve25519-dalek-derive v0.1.1
[INFO] [stderr]    Compiling yoke v0.8.3
[INFO] [stderr]    Compiling sha2 v0.10.9
[INFO] [stderr]    Compiling zerovec v0.11.6
[INFO] [stderr]    Compiling zerotrie v0.2.4
[INFO] [stderr]    Compiling curve25519-dalek v4.1.3
[INFO] [stderr]    Compiling xattr v1.6.1
[INFO] [stderr]    Compiling tinystr v0.8.3
[INFO] [stderr]    Compiling icu_locale_core v2.2.0
[INFO] [stderr]    Compiling potential_utf v0.1.5
[INFO] [stderr]    Compiling icu_collections v2.2.0
[INFO] [stderr]    Compiling filetime v0.2.29
[INFO] [stderr]    Compiling ppmd-rust v1.4.0
[INFO] [stderr]    Compiling lzma-rust2 v0.16.5
[INFO] [stderr]    Compiling serde_json v1.0.151
[INFO] [stderr]    Compiling icu_provider v2.2.0
[INFO] [stderr]    Compiling icu_properties v2.2.0
[INFO] [stderr]    Compiling icu_normalizer v2.2.0
[INFO] [stderr]    Compiling idna_adapter v1.2.2
[INFO] [stderr]    Compiling idna v1.1.0
[INFO] [stderr]    Compiling url v2.5.8
[INFO] [stderr]    Compiling tempfile v3.27.0
[INFO] [stderr]    Compiling tar v0.4.46
[INFO] [stderr]    Compiling sevenz-rust2 v0.21.3
[INFO] [stderr]    Compiling sct v0.7.1
[INFO] [stderr]    Compiling rustls-webpki v0.101.7
[INFO] [stderr]    Compiling ed25519-dalek v2.2.0
[INFO] [stderr]    Compiling serde-saphyr v0.0.29
[INFO] [stderr]    Compiling toml v0.8.23
[INFO] [stderr]    Compiling ureq v2.8.0
[INFO] [stderr]    Compiling rusqlite v0.32.1
[INFO] [stderr]    Compiling voli-core v0.7.1 (/opt/rustwide/workdir)
[INFO] [stdout] warning: fields `size` and `cache_hit` are never read
[INFO] [stdout]   --> src/fetch.rs:51:9
[INFO] [stdout]    |
[INFO] [stdout] 49 | pub(crate) struct DownloadOutcome {
[INFO] [stdout]    |                   --------------- fields in this struct
[INFO] [stdout] 50 |     pub path: PathBuf,
[INFO] [stdout] 51 |     pub size: u64,
[INFO] [stdout]    |         ^^^^
[INFO] [stdout] 52 |     pub cache_hit: bool,
[INFO] [stdout]    |         ^^^^^^^^^
[INFO] [stdout]    |
[INFO] [stdout]    = note: `#[warn(dead_code)]` (part of `#[warn(unused)]`) on by default
[INFO] [stdout] 
[INFO] [stdout] 
[INFO] [stderr]     Finished `release` profile [optimized] target(s) in 3m 55s
[INFO] running `Command { std: "docker" "inspect" "c6e55bcff854bd67e0d16e2eb437300ef290b566e2716cbb46656161b3f90168", kill_on_drop: false }`
[INFO] running `Command { std: "docker" "exec" "-e" "SOURCE_DIR=/opt/rustwide/workdir" "-e" "CARGO_HOME=/opt/rustwide/cargo-home" "-e" "RUSTUP_HOME=/opt/rustwide/rustup-home" "-e" "CARGO_TARGET_DIR=/opt/rustwide/target" "-e" "CARGO_INCREMENTAL=0" "-e" "RUST_BACKTRACE=full" "-e" "RUSTFLAGS=--cap-lints=warn" "-e" "RUSTDOCFLAGS=--cap-lints=warn" "-w" "/opt/rustwide/workdir" "--user" "0:0" "c6e55bcff854bd67e0d16e2eb437300ef290b566e2716cbb46656161b3f90168" "/opt/rustwide/cargo-home/bin/cargo" "+1.99.0-beta.8" "test" "--frozen" "--no-run" "--message-format=json" "--release", kill_on_drop: false }`
[INFO] [stderr]    Compiling tiny_http v0.12.0
[INFO] [stdout] warning: fields `size` and `cache_hit` are never read
[INFO] [stdout]   --> src/fetch.rs:51:9
[INFO] [stdout]    |
[INFO] [stdout] 49 | pub(crate) struct DownloadOutcome {
[INFO] [stdout]    |                   --------------- fields in this struct
[INFO] [stdout] 50 |     pub path: PathBuf,
[INFO] [stdout] 51 |     pub size: u64,
[INFO] [stdout]    |         ^^^^
[INFO] [stdout] 52 |     pub cache_hit: bool,
[INFO] [stdout]    |         ^^^^^^^^^
[INFO] [stdout]    |
[INFO] [stdout]    = note: `#[warn(dead_code)]` (part of `#[warn(unused)]`) on by default
[INFO] [stdout] 
[INFO] [stdout] 
[INFO] [stderr]    Compiling voli-core v0.7.1 (/opt/rustwide/workdir)
[INFO] [stdout] error[E0432]: unresolved imports `voli_core::InstallError`, `voli_core::State`, `voli_core::install_local`, `voli_core::uninstall`
[INFO] [stdout]   --> tests/install.rs:16:17
[INFO] [stdout]    |
[INFO] [stdout] 16 | use voli_core::{InstallError, State, install_local, uninstall};
[INFO] [stdout]    |                 ^^^^^^^^^^^^  ^^^^^  ^^^^^^^^^^^^^  ^^^^^^^^^ no `uninstall` in the root
[INFO] [stdout]    |                 |             |      |
[INFO] [stdout]    |                 |             |      no `install_local` in the root
[INFO] [stdout]    |                 |             no `State` in the root
[INFO] [stdout]    |                 no `InstallError` in the root
[INFO] [stdout]    |
[INFO] [stdout] note: found an item that was configured out
[INFO] [stdout]   --> src/lib.rs:30:34
[INFO] [stdout]    |
[INFO] [stdout] 28 | #[cfg(windows)]
[INFO] [stdout]    |       ------- the item is gated here
[INFO] [stdout] 29 | pub use install::{
[INFO] [stdout] 30 |     Action, DirRole, EnvConsent, InstallError, InstallReport, UninstallReport, UpgradeReport,
[INFO] [stdout]    |                                  ^^^^^^^^^^^^
[INFO] [stdout] note: found an item that was configured out
[INFO] [stdout]   --> src/lib.rs:53:60
[INFO] [stdout]    |
[INFO] [stdout] 52 | #[cfg(windows)]
[INFO] [stdout]    |       ------- the item is gated here
[INFO] [stdout] 53 | pub use state::{InstalledPkg, InstalledSkill, SkillAction, State};
[INFO] [stdout]    |                                                            ^^^^^
[INFO] [stdout] note: found an item that was configured out
[INFO] [stdout]   --> src/lib.rs:31:33
[INFO] [stdout]    |
[INFO] [stdout] 28 | #[cfg(windows)]
[INFO] [stdout]    |       ------- the item is gated here
[INFO] [stdout] ...
[INFO] [stdout] 31 |     cleanup_versions, dir_size, install_local, install_manifest, skip_env, uninstall,
[INFO] [stdout]    |                                 ^^^^^^^^^^^^^
[INFO] [stdout] note: found an item that was configured out
[INFO] [stdout]   --> src/lib.rs:31:76
[INFO] [stdout]    |
[INFO] [stdout] 28 | #[cfg(windows)]
[INFO] [stdout]    |       ------- the item is gated here
[INFO] [stdout] ...
[INFO] [stdout] 31 |     cleanup_versions, dir_size, install_local, install_manifest, skip_env, uninstall,
[INFO] [stdout]    |                                                                            ^^^^^^^^^
[INFO] [stdout] 
[INFO] [stdout] 
[INFO] [stdout] error[E0432]: unresolved import `voli_core::uninstall_reg`
[INFO] [stdout]    --> tests/install.rs:528:9
[INFO] [stdout]     |
[INFO] [stdout] 528 |     use voli_core::uninstall_reg;
[INFO] [stdout]     |         ^^^^^^^^^^^-------------
[INFO] [stdout]     |                    |
[INFO] [stdout]     |                    no `uninstall_reg` in the root
[INFO] [stdout]     |
[INFO] [stdout] note: found an item that was configured out
[INFO] [stdout]    --> src/lib.rs:24:9
[INFO] [stdout]     |
[INFO] [stdout]  23 | #[cfg(windows)]
[INFO] [stdout]     |       ------- the item is gated here
[INFO] [stdout]  24 | pub mod uninstall_reg;
[INFO] [stdout]     |         ^^^^^^^^^^^^^
[INFO] [stdout] 
[INFO] [stdout] 
[INFO] [stdout] error[E0432]: unresolved imports `voli_core::State`, `voli_core::env`, `voli_core::self_install`
[INFO] [stdout]   --> tests/selfinstall.rs:8:17
[INFO] [stdout]    |
[INFO] [stdout]  8 | use voli_core::{State, env, self_install};
[INFO] [stdout]    |                 ^^^^^  ^^^  ^^^^^^^^^^^^ no `self_install` in the root
[INFO] [stdout]    |                 |      |
[INFO] [stdout]    |                 |      no `env` in the root
[INFO] [stdout]    |                 no `State` in the root
[INFO] [stdout]    |
[INFO] [stdout] note: found an item that was configured out
[INFO] [stdout]   --> src/lib.rs:53:60
[INFO] [stdout]    |
[INFO] [stdout] 52 | #[cfg(windows)]
[INFO] [stdout]    |       ------- the item is gated here
[INFO] [stdout] 53 | pub use state::{InstalledPkg, InstalledSkill, SkillAction, State};
[INFO] [stdout]    |                                                            ^^^^^
[INFO] [stdout]    = help: consider importing this module instead:
[INFO] [stdout]            std::env
[INFO] [stdout] note: found an item that was configured out
[INFO] [stdout]   --> src/lib.rs:8:9
[INFO] [stdout]    |
[INFO] [stdout]  7 | #[cfg(windows)]
[INFO] [stdout]    |       ------- the item is gated here
[INFO] [stdout]  8 | pub mod env;
[INFO] [stdout]    |         ^^^
[INFO] [stdout] note: found an item that was configured out
[INFO] [stdout]   --> src/lib.rs:45:60
[INFO] [stdout]    |
[INFO] [stdout] 44 | #[cfg(windows)]
[INFO] [stdout]    |       ------- the item is gated here
[INFO] [stdout] 45 | pub use selfinstall::{SelfInstallError, SelfInstallReport, self_install};
[INFO] [stdout]    |                                                            ^^^^^^^^^^^^
[INFO] [stdout] 
[INFO] [stdout] 
[INFO] [stdout] For more information about this error, try `rustc --explain E0432`.
[INFO] [stdout] 
[INFO] [stderr] error: could not compile `voli-core` (test "selfinstall") due to 1 previous error
[INFO] [stderr] warning: build failed, waiting for other jobs to finish...
[INFO] [stdout] error[E0433]: cannot find module or crate `winreg` in this scope
[INFO] [stdout]    --> tests/install.rs:553:19
[INFO] [stdout]     |
[INFO] [stdout] 553 |         let key = winreg::RegKey::predef(winreg::enums::HKEY_CURRENT_USER)
[INFO] [stdout]     |                   ^^^^^^ use of unresolved module or unlinked crate `winreg`
[INFO] [stdout]     |
[INFO] [stdout]     = help: if you wanted to use a crate named `winreg`, use `cargo add winreg` to add it to your `Cargo.toml`
[INFO] [stdout] 
[INFO] [stdout] 
[INFO] [stdout] error[E0433]: cannot find module or crate `winreg` in this scope
[INFO] [stdout]    --> tests/install.rs:553:42
[INFO] [stdout]     |
[INFO] [stdout] 553 |         let key = winreg::RegKey::predef(winreg::enums::HKEY_CURRENT_USER)
[INFO] [stdout]     |                                          ^^^^^^ use of unresolved module or unlinked crate `winreg`
[INFO] [stdout]     |
[INFO] [stdout]     = help: if you wanted to use a crate named `winreg`, use `cargo add winreg` to add it to your `Cargo.toml`
[INFO] [stdout] 
[INFO] [stdout] 
[INFO] [stdout] error[E0433]: cannot find module or crate `winreg` in this scope
[INFO] [stdout]    --> tests/install.rs:603:19
[INFO] [stdout]     |
[INFO] [stdout] 603 |         let key = winreg::RegKey::predef(winreg::enums::HKEY_CURRENT_USER)
[INFO] [stdout]     |                   ^^^^^^ use of unresolved module or unlinked crate `winreg`
[INFO] [stdout]     |
[INFO] [stdout]     = help: if you wanted to use a crate named `winreg`, use `cargo add winreg` to add it to your `Cargo.toml`
[INFO] [stdout] 
[INFO] [stdout] 
[INFO] [stdout] error[E0433]: cannot find module or crate `winreg` in this scope
[INFO] [stdout]    --> tests/install.rs:603:42
[INFO] [stdout]     |
[INFO] [stdout] 603 |         let key = winreg::RegKey::predef(winreg::enums::HKEY_CURRENT_USER)
[INFO] [stdout]     |                                          ^^^^^^ use of unresolved module or unlinked crate `winreg`
[INFO] [stdout]     |
[INFO] [stdout]     = help: if you wanted to use a crate named `winreg`, use `cargo add winreg` to add it to your `Cargo.toml`
[INFO] [stdout] 
[INFO] [stdout] 
[INFO] [stdout] error[E0425]: cannot find function `upgrade_install` in crate `voli_core`
[INFO] [stdout]    --> tests/install.rs:598:16
[INFO] [stdout]     |
[INFO] [stdout] 598 |     voli_core::upgrade_install(&m2, &archive2, &[], root).unwrap();
[INFO] [stdout]     |                ^^^^^^^^^^^^^^^ not found in `voli_core`
[INFO] [stdout]     |
[INFO] [stdout] note: found an item that was configured out
[INFO] [stdout]    --> src/lib.rs:32:20
[INFO] [stdout]     |
[INFO] [stdout]  28 | #[cfg(windows)]
[INFO] [stdout]     |       ------- the item is gated here
[INFO] [stdout] ...
[INFO] [stdout]  32 |     uninstall_env, upgrade_install,
[INFO] [stdout]     |                    ^^^^^^^^^^^^^^^
[INFO] [stdout] 
[INFO] [stdout] 
[INFO] [stdout] error[E0433]: cannot find module or crate `junction` in this scope
[INFO] [stdout]    --> tests/install.rs:231:13
[INFO] [stdout]     |
[INFO] [stdout] 231 |     assert!(junction::exists(&current).unwrap());
[INFO] [stdout]     |             ^^^^^^^^ use of unresolved module or unlinked crate `junction`
[INFO] [stdout]     |
[INFO] [stdout]     = help: if you wanted to use a crate named `junction`, use `cargo add junction` to add it to your `Cargo.toml`
[INFO] [stdout] 
[INFO] [stdout] 
[INFO] [stdout] error[E0433]: cannot find module or crate `junction` in this scope
[INFO] [stdout]    --> tests/install.rs:249:13
[INFO] [stdout]     |
[INFO] [stdout] 249 |     assert!(junction::exists(vdir.join("config")).unwrap());
[INFO] [stdout]     |             ^^^^^^^^ use of unresolved module or unlinked crate `junction`
[INFO] [stdout]     |
[INFO] [stdout]     = help: if you wanted to use a crate named `junction`, use `cargo add junction` to add it to your `Cargo.toml`
[INFO] [stdout] 
[INFO] [stdout] 
[INFO] [stdout] error[E0433]: cannot find module or crate `junction` in this scope
[INFO] [stdout]    --> tests/install.rs:426:13
[INFO] [stdout]     |
[INFO] [stdout] 426 |     assert!(junction::exists(&current).unwrap());
[INFO] [stdout]     |             ^^^^^^^^ use of unresolved module or unlinked crate `junction`
[INFO] [stdout]     |
[INFO] [stdout]     = help: if you wanted to use a crate named `junction`, use `cargo add junction` to add it to your `Cargo.toml`
[INFO] [stdout] 
[INFO] [stdout] 
[INFO] [stdout] error[E0433]: cannot find module or crate `junction` in this scope
[INFO] [stdout]    --> tests/install.rs:442:13
[INFO] [stdout]     |
[INFO] [stdout] 442 |     assert!(junction::exists(vdir.join("config")).unwrap());
[INFO] [stdout]     |             ^^^^^^^^ use of unresolved module or unlinked crate `junction`
[INFO] [stdout]     |
[INFO] [stdout]     = help: if you wanted to use a crate named `junction`, use `cargo add junction` to add it to your `Cargo.toml`
[INFO] [stdout] 
[INFO] [stdout] 
[INFO] [stdout] Some errors have detailed explanations: E0425, E0432, E0433.
[INFO] [stdout] 
[INFO] [stdout] For more information about an error, try `rustc --explain E0425`.
[INFO] [stdout] 
[INFO] [stderr] error: could not compile `voli-core` (test "install") due to 11 previous errors
[INFO] [stdout] warning: fields `size` and `cache_hit` are never read
[INFO] [stdout]   --> src/fetch.rs:51:9
[INFO] [stdout]    |
[INFO] [stdout] 49 | pub(crate) struct DownloadOutcome {
[INFO] [stdout]    |                   --------------- fields in this struct
[INFO] [stdout] 50 |     pub path: PathBuf,
[INFO] [stdout] 51 |     pub size: u64,
[INFO] [stdout]    |         ^^^^
[INFO] [stdout] 52 |     pub cache_hit: bool,
[INFO] [stdout]    |         ^^^^^^^^^
[INFO] [stdout]    |
[INFO] [stdout]    = note: `#[warn(dead_code)]` (part of `#[warn(unused)]`) on by default
[INFO] [stdout] 
[INFO] [stdout] 
[INFO] running `Command { std: "docker" "inspect" "c6e55bcff854bd67e0d16e2eb437300ef290b566e2716cbb46656161b3f90168", kill_on_drop: false }`
[INFO] running `Command { std: "docker" "rm" "-f" "c6e55bcff854bd67e0d16e2eb437300ef290b566e2716cbb46656161b3f90168", kill_on_drop: false }`
[INFO] [stdout] c6e55bcff854bd67e0d16e2eb437300ef290b566e2716cbb46656161b3f90168
