[INFO] fetching crate volga-oauth-client 0.13.3...
[INFO] testing volga-oauth-client-0.13.3 against 1.100.0-beta.1+cargoflags=--release for beta-release-1.100-2
[INFO] extracting crate volga-oauth-client 0.13.3 into /workspace/builds/worker-4-tc2/source
[INFO] started tweaking crates.io crate volga-oauth-client 0.13.3
[INFO] removed 0 missing tests
[INFO] finished tweaking crates.io crate volga-oauth-client 0.13.3
[INFO] tweaked toml for crates.io crate volga-oauth-client 0.13.3 written to /workspace/builds/worker-4-tc2/source/Cargo.toml
[INFO] validating manifest of crates.io crate volga-oauth-client 0.13.3 on toolchain 1.100.0-beta.1
[INFO] running `Command { std: CARGO_HOME="/workspace/cargo-home" RUSTUP_HOME="/workspace/rustup-home" "/workspace/cargo-home/bin/cargo" "+1.100.0-beta.1" "metadata" "--manifest-path" "Cargo.toml" "--no-deps", kill_on_drop: false }`
[INFO] crate crates.io crate volga-oauth-client 0.13.3 already has a lockfile, it will not be regenerated
[INFO] running `Command { std: CARGO_HOME="/workspace/cargo-home" RUSTUP_HOME="/workspace/rustup-home" "/workspace/cargo-home/bin/cargo" "+1.100.0-beta.1" "fetch" "--manifest-path" "Cargo.toml", kill_on_drop: false }`
[INFO] running `Command { std: "docker" "create" "-v" "/var/lib/crater-agent-workspace/builds/worker-4-tc2/source:/opt/rustwide/workdir:ro,Z" "-v" "/var/lib/crater-agent-workspace/builds/worker-4-tc2/target:/opt/rustwide/target:rw,Z" "-v" "/var/lib/crater-agent-workspace/cargo-home:/opt/rustwide/cargo-home:ro,Z" "-v" "/var/lib/crater-agent-workspace/rustup-home:/opt/rustwide/rustup-home:ro,Z" "-m" "1610612736" "--network" "none" "ghcr.io/rust-lang/crates-build-env/linux@sha256:77db811e55d90add9212f6832c23229e3de5f1c1f9905e8cb07319ea15df73ac" "sleep" "infinity", kill_on_drop: false }`
[INFO] [stdout] 0ea278add9d0442642ffa6dde47fb4e0e97d2c3b52d81bb0153250c185622de5
[INFO] running `Command { std: "docker" "start" "0ea278add9d0442642ffa6dde47fb4e0e97d2c3b52d81bb0153250c185622de5", kill_on_drop: false }`
[INFO] running `Command { std: "docker" "inspect" "0ea278add9d0442642ffa6dde47fb4e0e97d2c3b52d81bb0153250c185622de5", kill_on_drop: false }`
[INFO] running `Command { std: "docker" "exec" "-e" "SOURCE_DIR=/opt/rustwide/workdir" "-e" "CARGO_HOME=/opt/rustwide/cargo-home" "-e" "RUSTUP_HOME=/opt/rustwide/rustup-home" "-e" "CARGO_TARGET_DIR=/opt/rustwide/target" "-w" "/opt/rustwide/workdir" "--user" "0:0" "0ea278add9d0442642ffa6dde47fb4e0e97d2c3b52d81bb0153250c185622de5" "/opt/rustwide/cargo-home/bin/cargo" "+1.100.0-beta.1" "metadata" "--no-deps" "--format-version=1", kill_on_drop: false }`
[INFO] running `Command { std: "docker" "inspect" "0ea278add9d0442642ffa6dde47fb4e0e97d2c3b52d81bb0153250c185622de5", kill_on_drop: false }`
[INFO] running `Command { std: "docker" "exec" "-e" "SOURCE_DIR=/opt/rustwide/workdir" "-e" "CARGO_HOME=/opt/rustwide/cargo-home" "-e" "RUSTUP_HOME=/opt/rustwide/rustup-home" "-e" "CARGO_TARGET_DIR=/opt/rustwide/target" "-e" "CARGO_INCREMENTAL=0" "-e" "RUST_BACKTRACE=full" "-e" "RUSTFLAGS=--cap-lints=warn" "-e" "RUSTDOCFLAGS=--cap-lints=warn" "-w" "/opt/rustwide/workdir" "--user" "0:0" "0ea278add9d0442642ffa6dde47fb4e0e97d2c3b52d81bb0153250c185622de5" "/opt/rustwide/cargo-home/bin/cargo" "+1.100.0-beta.1" "build" "--frozen" "--message-format=json" "--release", kill_on_drop: false }`
[INFO] [stderr]    Compiling aws-lc-rs v1.18.2
[INFO] [stderr]    Compiling cc v1.2.63
[INFO] [stderr]    Compiling rustls-pki-types v1.14.1
[INFO] [stderr]    Compiling rustls v0.23.45
[INFO] [stderr]    Compiling mio v1.2.1
[INFO] [stderr]    Compiling socket2 v0.6.4
[INFO] [stderr]    Compiling http-body v1.0.1
[INFO] [stderr]    Compiling syn v3.0.9
[INFO] [stderr]    Compiling futures-channel v0.3.32
[INFO] [stderr]    Compiling serde_json v1.0.154
[INFO] [stderr]    Compiling form_urlencoded v1.2.2
[INFO] [stderr]    Compiling http-body-util v0.1.5
[INFO] [stderr]    Compiling tokio v1.53.3
[INFO] [stderr]    Compiling webpki-roots v1.0.8
[INFO] [stderr]    Compiling cmake v0.1.58
[INFO] [stderr]    Compiling aws-lc-sys v0.46.0
[INFO] [stderr]    Compiling serde_derive v1.0.229
[INFO] [stderr]    Compiling serde v1.0.229
[INFO] [stderr]    Compiling hyper v1.12.0
[INFO] [stderr]    Compiling volga-oauth-core v0.13.3
[INFO] [stderr]    Compiling hyper-util v0.1.21
[INFO] [stderr]    Compiling rustls-webpki v0.103.15
[INFO] [stderr]    Compiling tokio-rustls v0.26.6
[INFO] [stderr]    Compiling hyper-rustls v0.27.10
[INFO] [stderr]    Compiling volga-oauth-client v0.13.3 (/opt/rustwide/workdir)
[INFO] [stderr]     Finished `release` profile [optimized] target(s) in 1m 19s
[INFO] running `Command { std: "docker" "inspect" "0ea278add9d0442642ffa6dde47fb4e0e97d2c3b52d81bb0153250c185622de5", kill_on_drop: false }`
[INFO] running `Command { std: "docker" "exec" "-e" "SOURCE_DIR=/opt/rustwide/workdir" "-e" "CARGO_HOME=/opt/rustwide/cargo-home" "-e" "RUSTUP_HOME=/opt/rustwide/rustup-home" "-e" "CARGO_TARGET_DIR=/opt/rustwide/target" "-e" "CARGO_INCREMENTAL=0" "-e" "RUST_BACKTRACE=full" "-e" "RUSTFLAGS=--cap-lints=warn" "-e" "RUSTDOCFLAGS=--cap-lints=warn" "-w" "/opt/rustwide/workdir" "--user" "0:0" "0ea278add9d0442642ffa6dde47fb4e0e97d2c3b52d81bb0153250c185622de5" "/opt/rustwide/cargo-home/bin/cargo" "+1.100.0-beta.1" "test" "--frozen" "--no-run" "--message-format=json" "--release", kill_on_drop: false }`
[INFO] [stderr]    Compiling syn v2.0.118
[INFO] [stderr]    Compiling syn v3.0.9
[INFO] [stderr]    Compiling serde_derive v1.0.229
[INFO] [stderr]    Compiling tokio-macros v2.7.0
[INFO] [stderr]    Compiling tokio v1.53.3
[INFO] [stderr]    Compiling serde v1.0.229
[INFO] [stderr]    Compiling volga-oauth-core v0.13.3
[INFO] [stderr]    Compiling hyper v1.12.0
[INFO] [stderr]    Compiling tokio-rustls v0.26.6
[INFO] [stderr]    Compiling hyper-util v0.1.21
[INFO] [stderr]    Compiling hyper-rustls v0.27.10
[INFO] [stderr]    Compiling volga-oauth-client v0.13.3 (/opt/rustwide/workdir)
[INFO] [stdout] error[E0432]: unresolved import `volga`
[INFO] [stdout]  --> tests/common/mod.rs:5:5
[INFO] [stdout]   |
[INFO] [stdout] 5 | use volga::App;
[INFO] [stdout]   |     ^^^^^ use of unresolved module or unlinked crate `volga`
[INFO] [stdout]   |
[INFO] [stdout]   = help: if you wanted to use a crate named `volga`, use `cargo add volga` to add it to your `Cargo.toml`
[INFO] [stdout] 
[INFO] [stdout] 
[INFO] [stdout] error[E0432]: unresolved import `volga`
[INFO] [stdout]   --> tests/token_flow_tests.rs:16:5
[INFO] [stdout]    |
[INFO] [stdout] 16 | use volga::{App, Form, HttpRequest};
[INFO] [stdout]    |     ^^^^^ use of unresolved module or unlinked crate `volga`
[INFO] [stdout]    |
[INFO] [stdout]    = help: if you wanted to use a crate named `volga`, use `cargo add volga` to add it to your `Cargo.toml`
[INFO] [stdout] 
[INFO] [stdout] 
[INFO] [stdout] error[E0433]: cannot find module or crate `volga` in this scope
[INFO] [stdout]    --> tests/token_flow_tests.rs:204:18
[INFO] [stdout]     |
[INFO] [stdout] 204 |             _ => volga::status!(400, { "error": "invalid_grant" }),
[INFO] [stdout]     |                  ^^^^^ use of unresolved module or unlinked crate `volga`
[INFO] [stdout] 
[INFO] [stdout] 
[INFO] [stdout] error[E0433]: cannot find module or crate `volga` in this scope
[INFO] [stdout]    --> tests/token_flow_tests.rs:199:31
[INFO] [stdout]     |
[INFO] [stdout] 199 |             Some("r-keep") => volga::ok!({
[INFO] [stdout]     |                               ^^^^^ use of unresolved module or unlinked crate `volga`
[INFO] [stdout] 
[INFO] [stdout] 
[INFO] [stdout] error[E0433]: cannot find module or crate `volga` in this scope
[INFO] [stdout]    --> tests/token_flow_tests.rs:192:27
[INFO] [stdout]     |
[INFO] [stdout] 192 |             Some("r1") => volga::ok!({
[INFO] [stdout]     |                           ^^^^^ use of unresolved module or unlinked crate `volga`
[INFO] [stdout] 
[INFO] [stdout] 
[INFO] [stdout] error[E0433]: cannot find module or crate `volga` in this scope
[INFO] [stdout]    --> tests/token_flow_tests.rs:161:18
[INFO] [stdout]     |
[INFO] [stdout] 161 |             _ => volga::status!(400, { "error": "invalid_grant" }),
[INFO] [stdout]     |                  ^^^^^ use of unresolved module or unlinked crate `volga`
[INFO] [stdout] 
[INFO] [stdout] 
[INFO] [stdout] error[E0433]: cannot find module or crate `volga` in this scope
[INFO] [stdout]    --> tests/token_flow_tests.rs:156:27
[INFO] [stdout]     |
[INFO] [stdout] 156 |             Some("r1") => volga::ok!({
[INFO] [stdout]     |                           ^^^^^ use of unresolved module or unlinked crate `volga`
[INFO] [stdout] 
[INFO] [stdout] 
[INFO] [stdout] error[E0433]: cannot find module or crate `volga` in this scope
[INFO] [stdout]    --> tests/token_flow_tests.rs:153:20
[INFO] [stdout]     |
[INFO] [stdout] 153 |             return volga::status!(400, { "error": "unsupported_grant_type" });
[INFO] [stdout]     |                    ^^^^^ use of unresolved module or unlinked crate `volga`
[INFO] [stdout] 
[INFO] [stdout] 
[INFO] [stdout] error[E0433]: cannot find module or crate `volga` in this scope
[INFO] [stdout]    --> tests/token_flow_tests.rs:117:18
[INFO] [stdout]     |
[INFO] [stdout] 117 |             _ => volga::status!(401, { "error": "invalid_client" }),
[INFO] [stdout]     |                  ^^^^^ use of unresolved module or unlinked crate `volga`
[INFO] [stdout] 
[INFO] [stdout] 
[INFO] [stdout] error[E0433]: cannot find module or crate `volga` in this scope
[INFO] [stdout]    --> tests/token_flow_tests.rs:115:17
[INFO] [stdout]     |
[INFO] [stdout] 115 |                 volga::ok!({ "access_token": "at", "token_type": "Bearer" })
[INFO] [stdout]     |                 ^^^^^ use of unresolved module or unlinked crate `volga`
[INFO] [stdout] 
[INFO] [stdout] 
[INFO] [stdout] error[E0433]: cannot find module or crate `volga` in this scope
[INFO] [stdout]   --> tests/token_flow_tests.rs:74:9
[INFO] [stdout]    |
[INFO] [stdout] 74 |         volga::ok!({
[INFO] [stdout]    |         ^^^^^ use of unresolved module or unlinked crate `volga`
[INFO] [stdout] 
[INFO] [stdout] 
[INFO] [stdout] error[E0433]: cannot find module or crate `volga` in this scope
[INFO] [stdout]   --> tests/token_flow_tests.rs:72:20
[INFO] [stdout]    |
[INFO] [stdout] 72 |             return volga::status!(400, { "error": "invalid_request" });
[INFO] [stdout]    |                    ^^^^^ use of unresolved module or unlinked crate `volga`
[INFO] [stdout] 
[INFO] [stdout] 
[INFO] [stdout] Some errors have detailed explanations: E0432, E0433.
[INFO] [stdout] 
[INFO] [stdout] For more information about an error, try `rustc --explain E0432`.
[INFO] [stdout] 
[INFO] [stderr] error: could not compile `volga-oauth-client` (test "token_flow_tests") due to 12 previous errors
[INFO] [stderr] warning: build failed, waiting for other jobs to finish...
[INFO] [stdout] error[E0432]: unresolved import `volga`
[INFO] [stdout]  --> tests/common/mod.rs:5:5
[INFO] [stdout]   |
[INFO] [stdout] 5 | use volga::App;
[INFO] [stdout]   |     ^^^^^ use of unresolved module or unlinked crate `volga`
[INFO] [stdout]   |
[INFO] [stdout]   = help: if you wanted to use a crate named `volga`, use `cargo add volga` to add it to your `Cargo.toml`
[INFO] [stdout] 
[INFO] [stdout] 
[INFO] [stdout] error[E0433]: cannot find module or crate `volga` in this scope
[INFO] [stdout]   --> tests/grant_tests.rs:22:5
[INFO] [stdout]    |
[INFO] [stdout] 22 | use volga::{
[INFO] [stdout]    |     ^^^^^ use of unresolved module or unlinked crate `volga`
[INFO] [stdout]    |
[INFO] [stdout]    = help: if you wanted to use a crate named `volga`, use `cargo add volga` to add it to your `Cargo.toml`
[INFO] [stdout] 
[INFO] [stdout] 
[INFO] [stdout] error[E0432]: unresolved import `volga`
[INFO] [stdout]   --> tests/grant_tests.rs:22:5
[INFO] [stdout]    |
[INFO] [stdout] 22 | use volga::{
[INFO] [stdout]    |     ^^^^^ use of unresolved module or unlinked crate `volga`
[INFO] [stdout]    |
[INFO] [stdout]    = help: if you wanted to use a crate named `volga`, use `cargo add volga` to add it to your `Cargo.toml`
[INFO] [stdout] 
[INFO] [stdout] 
[INFO] [stdout] error[E0433]: cannot find module or crate `volga` in this scope
[INFO] [stdout]    --> tests/grant_tests.rs:443:18
[INFO] [stdout]     |
[INFO] [stdout] 443 |             _ => volga::ok!({ "access_token": "at", "token_type": "Bearer" }),
[INFO] [stdout]     |                  ^^^^^ use of unresolved module or unlinked crate `volga`
[INFO] [stdout] 
[INFO] [stdout] 
[INFO] [stdout] error[E0433]: cannot find module or crate `volga` in this scope
[INFO] [stdout]    --> tests/grant_tests.rs:442:36
[INFO] [stdout]     |
[INFO] [stdout] 442 |             Some("wrong-grant") => volga::status!(400, { "error": "unauthorized_client" }),
[INFO] [stdout]     |                                    ^^^^^ use of unresolved module or unlinked crate `volga`
[INFO] [stdout] 
[INFO] [stdout] 
[INFO] [stdout] error[E0433]: cannot find module or crate `volga` in this scope
[INFO] [stdout]    --> tests/grant_tests.rs:438:34
[INFO] [stdout]     |
[INFO] [stdout] 438 |             Some("forbidden") => volga::status!(400, {
[INFO] [stdout]     |                                  ^^^^^ use of unresolved module or unlinked crate `volga`
[INFO] [stdout] 
[INFO] [stdout] 
[INFO] [stdout] error[E0433]: cannot find module or crate `volga` in this scope
[INFO] [stdout]    --> tests/grant_tests.rs:397:9
[INFO] [stdout]     |
[INFO] [stdout] 397 |         volga::ok!({ "access_token": "at", "token_type": "Bearer", "expires_in": 3600 })
[INFO] [stdout]     |         ^^^^^ use of unresolved module or unlinked crate `volga`
[INFO] [stdout] 
[INFO] [stdout] 
[INFO] [stdout] error[E0433]: cannot find module or crate `volga` in this scope
[INFO] [stdout]    --> tests/grant_tests.rs:395:20
[INFO] [stdout]     |
[INFO] [stdout] 395 |             return volga::status!(400, { "error": "invalid_grant" });
[INFO] [stdout]     |                    ^^^^^ use of unresolved module or unlinked crate `volga`
[INFO] [stdout] 
[INFO] [stdout] 
[INFO] [stdout] error[E0433]: cannot find module or crate `volga` in this scope
[INFO] [stdout]    --> tests/grant_tests.rs:383:9
[INFO] [stdout]     |
[INFO] [stdout] 383 |         volga::ok!({
[INFO] [stdout]     |         ^^^^^ use of unresolved module or unlinked crate `volga`
[INFO] [stdout] 
[INFO] [stdout] 
[INFO] [stdout] error[E0433]: cannot find module or crate `volga` in this scope
[INFO] [stdout]    --> tests/grant_tests.rs:381:20
[INFO] [stdout]     |
[INFO] [stdout] 381 |             return volga::status!(400, { "error": "invalid_request" });
[INFO] [stdout]     |                    ^^^^^ use of unresolved module or unlinked crate `volga`
[INFO] [stdout] 
[INFO] [stdout] 
[INFO] [stdout] error[E0433]: cannot find module or crate `volga` in this scope
[INFO] [stdout]    --> tests/grant_tests.rs:332:18
[INFO] [stdout]     |
[INFO] [stdout] 332 |             _ => volga::status!(400, { "error": "invalid_grant" }),
[INFO] [stdout]     |                  ^^^^^ use of unresolved module or unlinked crate `volga`
[INFO] [stdout] 
[INFO] [stdout] 
[INFO] [stdout] error[E0433]: cannot find module or crate `volga` in this scope
[INFO] [stdout]    --> tests/grant_tests.rs:327:41
[INFO] [stdout]     |
[INFO] [stdout] 327 |             Some("the.workload.jwt") => volga::ok!({
[INFO] [stdout]     |                                         ^^^^^ use of unresolved module or unlinked crate `volga`
[INFO] [stdout] 
[INFO] [stdout] 
[INFO] [stdout] error[E0433]: cannot find module or crate `volga` in this scope
[INFO] [stdout]    --> tests/grant_tests.rs:324:20
[INFO] [stdout]     |
[INFO] [stdout] 324 |             return volga::status!(400, { "error": "invalid_request" });
[INFO] [stdout]     |                    ^^^^^ use of unresolved module or unlinked crate `volga`
[INFO] [stdout] 
[INFO] [stdout] 
[INFO] [stdout] error[E0433]: cannot find module or crate `volga` in this scope
[INFO] [stdout]    --> tests/grant_tests.rs:319:20
[INFO] [stdout]     |
[INFO] [stdout] 319 |             return volga::status!(400, { "error": "unsupported_grant_type" });
[INFO] [stdout]     |                    ^^^^^ use of unresolved module or unlinked crate `volga`
[INFO] [stdout] 
[INFO] [stdout] 
[INFO] [stdout] error[E0433]: cannot find module or crate `volga` in this scope
[INFO] [stdout]    --> tests/grant_tests.rs:184:13
[INFO] [stdout]     |
[INFO] [stdout] 184 |             volga::ok!({
[INFO] [stdout]     |             ^^^^^ use of unresolved module or unlinked crate `volga`
[INFO] [stdout] 
[INFO] [stdout] 
[INFO] [stdout] error[E0433]: cannot find module or crate `volga` in this scope
[INFO] [stdout]    --> tests/grant_tests.rs:181:24
[INFO] [stdout]     |
[INFO] [stdout] 181 |                 return volga::status!(400, { "error": "unsupported_grant_type" });
[INFO] [stdout]     |                        ^^^^^ use of unresolved module or unlinked crate `volga`
[INFO] [stdout] 
[INFO] [stdout] 
[INFO] [stdout] error[E0433]: cannot find module or crate `volga` in this scope
[INFO] [stdout]    --> tests/grant_tests.rs:140:22
[INFO] [stdout]     |
[INFO] [stdout] 140 |                 _ => volga::status!(401, { "error": "invalid_client" }),
[INFO] [stdout]     |                      ^^^^^ use of unresolved module or unlinked crate `volga`
[INFO] [stdout] 
[INFO] [stdout] 
[INFO] [stdout] error[E0433]: cannot find module or crate `volga` in this scope
[INFO] [stdout]    --> tests/grant_tests.rs:129:57
[INFO] [stdout]     |
[INFO] [stdout] 129 |                 Ok("Basic bXktc2VydmljZTpzM2NyZXQ=") => volga::ok!({
[INFO] [stdout]     |                                                         ^^^^^ use of unresolved module or unlinked crate `volga`
[INFO] [stdout] 
[INFO] [stdout] 
[INFO] [stdout] error[E0433]: cannot find module or crate `volga` in this scope
[INFO] [stdout]    --> tests/grant_tests.rs:126:24
[INFO] [stdout]     |
[INFO] [stdout] 126 |                 return volga::status!(400, { "error": "unsupported_grant_type" });
[INFO] [stdout]     |                        ^^^^^ use of unresolved module or unlinked crate `volga`
[INFO] [stdout] 
[INFO] [stdout] 
[INFO] [stdout] error[E0432]: unresolved import `volga`
[INFO] [stdout]  --> tests/common/mod.rs:5:5
[INFO] [stdout]   |
[INFO] [stdout] 5 | use volga::App;
[INFO] [stdout]   |     ^^^^^ use of unresolved module or unlinked crate `volga`
[INFO] [stdout]   |
[INFO] [stdout]   = help: if you wanted to use a crate named `volga`, use `cargo add volga` to add it to your `Cargo.toml`
[INFO] [stdout] 
[INFO] [stdout] 
[INFO] [stdout] error[E0432]: unresolved import `volga`
[INFO] [stdout]   --> tests/registration_tests.rs:10:5
[INFO] [stdout]    |
[INFO] [stdout] 10 | use volga::{App, HttpRequest, Json};
[INFO] [stdout]    |     ^^^^^ use of unresolved module or unlinked crate `volga`
[INFO] [stdout]    |
[INFO] [stdout]    = help: if you wanted to use a crate named `volga`, use `cargo add volga` to add it to your `Cargo.toml`
[INFO] [stdout] 
[INFO] [stdout] 
[INFO] [stdout] error[E0433]: cannot find module or crate `volga` in this scope
[INFO] [stdout]    --> tests/registration_tests.rs:129:9
[INFO] [stdout]     |
[INFO] [stdout] 129 |         volga::status!(400, {
[INFO] [stdout]     |         ^^^^^ use of unresolved module or unlinked crate `volga`
[INFO] [stdout] 
[INFO] [stdout] 
[INFO] [stdout] error[E0433]: cannot find module or crate `volga` in this scope
[INFO] [stdout]   --> tests/registration_tests.rs:92:18
[INFO] [stdout]    |
[INFO] [stdout] 92 |             _ => volga::status!(401, { "error": "invalid_token" }),
[INFO] [stdout]    |                  ^^^^^ use of unresolved module or unlinked crate `volga`
[INFO] [stdout] 
[INFO] [stdout] 
[INFO] [stdout] error[E0433]: cannot find module or crate `volga` in this scope
[INFO] [stdout]   --> tests/registration_tests.rs:90:17
[INFO] [stdout]    |
[INFO] [stdout] 90 |                 volga::status!(201, { "client_id": "generated-id" })
[INFO] [stdout]    |                 ^^^^^ use of unresolved module or unlinked crate `volga`
[INFO] [stdout] 
[INFO] [stdout] 
[INFO] [stdout] error[E0433]: cannot find module or crate `volga` in this scope
[INFO] [stdout]   --> tests/registration_tests.rs:43:9
[INFO] [stdout]    |
[INFO] [stdout] 43 |         volga::status!(201, body)
[INFO] [stdout]    |         ^^^^^ use of unresolved module or unlinked crate `volga`
[INFO] [stdout] 
[INFO] [stdout] 
[INFO] [stdout] error[E0433]: cannot find module or crate `volga` in this scope
[INFO] [stdout]   --> tests/registration_tests.rs:36:20
[INFO] [stdout]    |
[INFO] [stdout] 36 |             return volga::status!(400, { "error": "invalid_redirect_uri" });
[INFO] [stdout]    |                    ^^^^^ use of unresolved module or unlinked crate `volga`
[INFO] [stdout] 
[INFO] [stdout] 
[INFO] [stdout] error[E0432]: unresolved import `volga`
[INFO] [stdout]  --> tests/common/mod.rs:5:5
[INFO] [stdout]   |
[INFO] [stdout] 5 | use volga::App;
[INFO] [stdout]   |     ^^^^^ use of unresolved module or unlinked crate `volga`
[INFO] [stdout]   |
[INFO] [stdout]   = help: if you wanted to use a crate named `volga`, use `cargo add volga` to add it to your `Cargo.toml`
[INFO] [stdout] 
[INFO] [stdout] 
[INFO] [stdout] error[E0432]: unresolved import `volga`
[INFO] [stdout]   --> tests/discovery_tests.rs:21:5
[INFO] [stdout]    |
[INFO] [stdout] 21 | use volga::App;
[INFO] [stdout]    |     ^^^^^ use of unresolved module or unlinked crate `volga`
[INFO] [stdout]    |
[INFO] [stdout]    = help: if you wanted to use a crate named `volga`, use `cargo add volga` to add it to your `Cargo.toml`
[INFO] [stdout] 
[INFO] [stdout] 
[INFO] [stdout] error[E0433]: cannot find module or crate `volga` in this scope
[INFO] [stdout]    --> tests/discovery_tests.rs:356:9
[INFO] [stdout]     |
[INFO] [stdout] 356 |         volga::ok!({ "keys": [{ "kty": "RSA", "kid": "key-1", "n": "abc", "e": "AQAB" }] })
[INFO] [stdout]     |         ^^^^^ use of unresolved module or unlinked crate `volga`
[INFO] [stdout] 
[INFO] [stdout] 
[INFO] [stdout] error[E0433]: cannot find module or crate `volga` in this scope
[INFO] [stdout]    --> tests/discovery_tests.rs:330:9
[INFO] [stdout]     |
[INFO] [stdout] 330 |         volga::ok!({ "hello": "world" })
[INFO] [stdout]     |         ^^^^^ use of unresolved module or unlinked crate `volga`
[INFO] [stdout] 
[INFO] [stdout] 
[INFO] [stdout] error[E0433]: cannot find module or crate `volga` in this scope
[INFO] [stdout]    --> tests/discovery_tests.rs:323:9
[INFO] [stdout]     |
[INFO] [stdout] 323 |         volga::ok!({
[INFO] [stdout]     |         ^^^^^ use of unresolved module or unlinked crate `volga`
[INFO] [stdout] 
[INFO] [stdout] 
[INFO] [stdout] error[E0433]: cannot find module or crate `volga` in this scope
[INFO] [stdout]    --> tests/discovery_tests.rs:275:9
[INFO] [stdout]     |
[INFO] [stdout] 275 |         volga::status!(302; [("Location", "/loop")])
[INFO] [stdout]     |         ^^^^^ use of unresolved module or unlinked crate `volga`
[INFO] [stdout] 
[INFO] [stdout] 
[INFO] [stdout] error[E0433]: cannot find module or crate `volga` in this scope
[INFO] [stdout]    --> tests/discovery_tests.rs:241:9
[INFO] [stdout]     |
[INFO] [stdout] 241 |         volga::status!(302; [("Location", "/.well-known/oauth-protected-resource")])
[INFO] [stdout]     |         ^^^^^ use of unresolved module or unlinked crate `volga`
[INFO] [stdout] 
[INFO] [stdout] 
[INFO] [stdout] error[E0433]: cannot find module or crate `volga` in this scope
[INFO] [stdout]    --> tests/discovery_tests.rs:205:9
[INFO] [stdout]     |
[INFO] [stdout] 205 |         volga::status!(503, {
[INFO] [stdout]     |         ^^^^^ use of unresolved module or unlinked crate `volga`
[INFO] [stdout] 
[INFO] [stdout] 
[INFO] [stdout] error[E0433]: cannot find module or crate `volga` in this scope
[INFO] [stdout]    --> tests/discovery_tests.rs:167:9
[INFO] [stdout]     |
[INFO] [stdout] 167 |         volga::ok!({
[INFO] [stdout]     |         ^^^^^ use of unresolved module or unlinked crate `volga`
[INFO] [stdout] 
[INFO] [stdout] 
[INFO] [stdout] error[E0433]: cannot find module or crate `volga` in this scope
[INFO] [stdout]    --> tests/discovery_tests.rs:145:9
[INFO] [stdout]     |
[INFO] [stdout] 145 |         volga::status!(404, { "error": "not_found" })
[INFO] [stdout]     |         ^^^^^ use of unresolved module or unlinked crate `volga`
[INFO] [stdout] 
[INFO] [stdout] 
[INFO] [stdout] Some errors have detailed explanations: E0432, E0433.
[INFO] [stdout] 
[INFO] [stdout] For more information about an error, try `rustc --explain E0432`.
[INFO] [stdout] 
[INFO] [stderr] error: could not compile `volga-oauth-client` (test "grant_tests") due to 19 previous errors
[INFO] [stdout] Some errors have detailed explanations: E0432, E0433.
[INFO] [stdout] 
[INFO] [stdout] For more information about an error, try `rustc --explain E0432`.
[INFO] [stdout] 
[INFO] [stderr] error: could not compile `volga-oauth-client` (test "registration_tests") due to 7 previous errors
[INFO] [stdout] Some errors have detailed explanations: E0432, E0433.
[INFO] [stdout] 
[INFO] [stdout] For more information about an error, try `rustc --explain E0432`.
[INFO] [stdout] 
[INFO] [stderr] error: could not compile `volga-oauth-client` (test "discovery_tests") due to 10 previous errors
[INFO] running `Command { std: "docker" "inspect" "0ea278add9d0442642ffa6dde47fb4e0e97d2c3b52d81bb0153250c185622de5", kill_on_drop: false }`
[INFO] running `Command { std: "docker" "rm" "-f" "0ea278add9d0442642ffa6dde47fb4e0e97d2c3b52d81bb0153250c185622de5", kill_on_drop: false }`
[INFO] [stdout] 0ea278add9d0442642ffa6dde47fb4e0e97d2c3b52d81bb0153250c185622de5
