[INFO] fetching crate voidmerge 0.0.26...
[INFO] testing voidmerge-0.0.26 against 1.100.0-beta.1+cargoflags=--release for beta-release-1.100-2
[INFO] extracting crate voidmerge 0.0.26 into /workspace/builds/worker-3-tc2/source
[INFO] started tweaking crates.io crate voidmerge 0.0.26
[INFO] removed 0 missing tests
[INFO] finished tweaking crates.io crate voidmerge 0.0.26
[INFO] tweaked toml for crates.io crate voidmerge 0.0.26 written to /workspace/builds/worker-3-tc2/source/Cargo.toml
[INFO] validating manifest of crates.io crate voidmerge 0.0.26 on toolchain 1.100.0-beta.1
[INFO] running `Command { std: CARGO_HOME="/workspace/cargo-home" RUSTUP_HOME="/workspace/rustup-home" "/workspace/cargo-home/bin/cargo" "+1.100.0-beta.1" "metadata" "--manifest-path" "Cargo.toml" "--no-deps", kill_on_drop: false }`
[INFO] crate crates.io crate voidmerge 0.0.26 already has a lockfile, it will not be regenerated
[INFO] running `Command { std: CARGO_HOME="/workspace/cargo-home" RUSTUP_HOME="/workspace/rustup-home" "/workspace/cargo-home/bin/cargo" "+1.100.0-beta.1" "fetch" "--manifest-path" "Cargo.toml", kill_on_drop: false }`
[INFO] running `Command { std: "docker" "create" "-v" "/var/lib/crater-agent-workspace/builds/worker-3-tc2/source:/opt/rustwide/workdir:ro,Z" "-v" "/var/lib/crater-agent-workspace/builds/worker-3-tc2/target:/opt/rustwide/target:rw,Z" "-v" "/var/lib/crater-agent-workspace/cargo-home:/opt/rustwide/cargo-home:ro,Z" "-v" "/var/lib/crater-agent-workspace/rustup-home:/opt/rustwide/rustup-home:ro,Z" "-m" "1610612736" "--network" "none" "ghcr.io/rust-lang/crates-build-env/linux@sha256:77db811e55d90add9212f6832c23229e3de5f1c1f9905e8cb07319ea15df73ac" "sleep" "infinity", kill_on_drop: false }`
[INFO] [stdout] 0df4c07688858bedcbe549396807bd0f16d5a5bc7a7aa365005c7091c047efc1
[INFO] running `Command { std: "docker" "start" "0df4c07688858bedcbe549396807bd0f16d5a5bc7a7aa365005c7091c047efc1", kill_on_drop: false }`
[INFO] running `Command { std: "docker" "inspect" "0df4c07688858bedcbe549396807bd0f16d5a5bc7a7aa365005c7091c047efc1", kill_on_drop: false }`
[INFO] running `Command { std: "docker" "exec" "-e" "SOURCE_DIR=/opt/rustwide/workdir" "-e" "CARGO_HOME=/opt/rustwide/cargo-home" "-e" "RUSTUP_HOME=/opt/rustwide/rustup-home" "-e" "CARGO_TARGET_DIR=/opt/rustwide/target" "-w" "/opt/rustwide/workdir" "--user" "0:0" "0df4c07688858bedcbe549396807bd0f16d5a5bc7a7aa365005c7091c047efc1" "/opt/rustwide/cargo-home/bin/cargo" "+1.100.0-beta.1" "metadata" "--no-deps" "--format-version=1", kill_on_drop: false }`
[INFO] running `Command { std: "docker" "inspect" "0df4c07688858bedcbe549396807bd0f16d5a5bc7a7aa365005c7091c047efc1", kill_on_drop: false }`
[INFO] running `Command { std: "docker" "exec" "-e" "SOURCE_DIR=/opt/rustwide/workdir" "-e" "CARGO_HOME=/opt/rustwide/cargo-home" "-e" "RUSTUP_HOME=/opt/rustwide/rustup-home" "-e" "CARGO_TARGET_DIR=/opt/rustwide/target" "-e" "CARGO_INCREMENTAL=0" "-e" "RUST_BACKTRACE=full" "-e" "RUSTFLAGS=--cap-lints=warn" "-e" "RUSTDOCFLAGS=--cap-lints=warn" "-w" "/opt/rustwide/workdir" "--user" "0:0" "0df4c07688858bedcbe549396807bd0f16d5a5bc7a7aa365005c7091c047efc1" "/opt/rustwide/cargo-home/bin/cargo" "+1.100.0-beta.1" "build" "--frozen" "--message-format=json" "--release", kill_on_drop: false }`
[INFO] [stderr]    Compiling proc-macro2 v1.0.107
[INFO] [stderr]    Compiling quote v1.0.47
[INFO] [stderr]    Compiling libc v0.2.189
[INFO] [stderr]    Compiling serde_core v1.0.221
[INFO] [stderr]    Compiling serde v1.0.221
[INFO] [stderr]    Compiling smallvec v1.16.0
[INFO] [stderr]    Compiling memchr v2.8.3
[INFO] [stderr]    Compiling hashbrown v0.17.1
[INFO] [stderr]    Compiling shlex v2.0.1
[INFO] [stderr]    Compiling find-msvc-tools v0.1.11
[INFO] [stderr]    Compiling zmij v1.0.23
[INFO] [stderr]    Compiling log v0.4.34
[INFO] [stderr]    Compiling zerocopy v0.8.56
[INFO] [stderr]    Compiling generic-array v0.14.7
[INFO] [stderr]    Compiling syn v2.0.119
[INFO] [stderr]    Compiling syn v3.0.4
[INFO] [stderr]    Compiling indexmap v2.14.1
[INFO] [stderr]    Compiling jobserver v0.1.35
[INFO] [stderr]    Compiling litemap v0.8.3
[INFO] [stderr]    Compiling cc v1.4.4
[INFO] [stderr]    Compiling writeable v0.6.4
[INFO] [stderr]    Compiling icu_properties_data v2.3.0
[INFO] [stderr]    Compiling serde_json v1.0.151
[INFO] [stderr]    Compiling icu_normalizer_data v2.3.0
[INFO] [stderr]    Compiling getrandom v0.2.17
[INFO] [stderr]    Compiling typenum v1.20.1
[INFO] [stderr]    Compiling rand_core v0.6.4
[INFO] [stderr]    Compiling parking_lot_core v0.9.12
[INFO] [stderr]    Compiling tracing-core v0.1.36
[INFO] [stderr]    Compiling futures-core v0.3.34
[INFO] [stderr]    Compiling errno v0.3.14
[INFO] [stderr]    Compiling signal-hook-registry v1.4.8
[INFO] [stderr]    Compiling parking_lot v0.12.5
[INFO] [stderr]    Compiling socket2 v0.6.5
[INFO] [stderr]    Compiling mio v1.2.2
[INFO] [stderr]    Compiling bitflags v2.13.1
[INFO] [stderr]    Compiling anyhow v1.0.104
[INFO] [stderr]    Compiling futures-sink v0.3.34
[INFO] [stderr]    Compiling pkg-config v0.3.34
[INFO] [stderr]    Compiling const-oid v0.9.6
[INFO] [stderr]    Compiling getrandom v0.4.3
[INFO] [stderr]    Compiling num-integer v0.1.47
[INFO] [stderr]    Compiling thiserror v2.0.20
[INFO] [stderr]    Compiling rustc-hash v2.1.3
[INFO] [stderr]    Compiling data-encoding v2.11.1
[INFO] [stderr]    Compiling radium v0.7.0
[INFO] [stderr]    Compiling futures-channel v0.3.34
[INFO] [stderr]    Compiling tap v1.0.1
[INFO] [stderr]    Compiling synstructure v0.13.2
[INFO] [stderr]    Compiling wyz v0.5.1
[INFO] [stderr]    Compiling uuid v1.26.0
[INFO] [stderr]    Compiling futures-io v0.3.34
[INFO] [stderr]    Compiling vsimd v0.8.0
[INFO] [stderr]    Compiling outref v0.5.2
[INFO] [stderr]    Compiling futures-task v0.3.34
[INFO] [stderr]    Compiling funty v2.0.0
[INFO] [stderr]    Compiling ppv-lite86 v0.2.21
[INFO] [stderr]    Compiling base64-simd v0.8.0
[INFO] [stderr]    Compiling rand_chacha v0.3.1
[INFO] [stderr]    Compiling zerovec-derive v0.11.6
[INFO] [stderr]    Compiling displaydoc v0.2.7
[INFO] [stderr]    Compiling tokio-macros v2.7.2
[INFO] [stderr]    Compiling serde_derive v1.0.221
[INFO] [stderr]    Compiling zeroize_derive v1.5.0
[INFO] [stderr]    Compiling zerofrom-derive v0.1.7
[INFO] [stderr]    Compiling yoke-derive v0.8.2
[INFO] [stderr]    Compiling tracing-attributes v0.1.31
[INFO] [stderr]    Compiling zeroize v1.9.0
[INFO] [stderr]    Compiling rand v0.8.5
[INFO] [stderr]    Compiling futures-macro v0.3.34
[INFO] [stderr]    Compiling thiserror-impl v2.0.20
[INFO] [stderr]    Compiling crypto-common v0.1.7
[INFO] [stderr]    Compiling zerofrom v0.1.8
[INFO] [stderr]    Compiling yoke v0.8.3
[INFO] [stderr]    Compiling block-buffer v0.10.4
[INFO] [stderr]    Compiling tracing v0.1.44
[INFO] [stderr]    Compiling bitvec v1.1.1
[INFO] [stderr]    Compiling zerovec v0.11.8
[INFO] [stderr]    Compiling zerotrie v0.2.5
[INFO] [stderr]    Compiling unicode-id-start v1.4.0
[INFO] [stderr]    Compiling if_chain v1.0.3
[INFO] [stderr]    Compiling allocator-api2 v0.2.21
[INFO] [stderr]    Compiling futures-util v0.3.34
[INFO] [stderr]    Compiling digest v0.10.7
[INFO] [stderr]    Compiling swc_macros_common v1.0.0
[INFO] [stderr]    Compiling ahash v0.8.12
[INFO] [stderr]    Compiling either v1.18.0
[INFO] [stderr]    Compiling hashbrown v0.14.5
[INFO] [stderr]    Compiling tinystr v0.8.4
[INFO] [stderr]    Compiling potential_utf v0.1.6
[INFO] [stderr]    Compiling crc32fast v1.5.1
[INFO] [stderr]    Compiling icu_locale_core v2.3.0
[INFO] [stderr]    Compiling icu_collections v2.3.0
[INFO] [stderr]    Compiling static_assertions v1.1.0
[INFO] [stderr]    Compiling bumpalo v3.20.3
[INFO] [stderr]    Compiling aho-corasick v1.1.5
[INFO] [stderr]    Compiling regex-syntax v0.8.11
[INFO] [stderr]    Compiling phf_shared v0.11.3
[INFO] [stderr]    Compiling glob v0.3.4
[INFO] [stderr]    Compiling scoped-tls v1.0.1
[INFO] [stderr]    Compiling object v0.39.1
[INFO] [stderr]    Compiling phf_generator v0.11.3
[INFO] [stderr]    Compiling better_scoped_tls v1.0.1
[INFO] [stderr]    Compiling clang-sys v1.9.1
[INFO] [stderr]    Compiling icu_provider v2.3.1
[INFO] [stderr]    Compiling bytes v1.12.1
[INFO] [stderr]    Compiling icu_normalizer v2.3.0
[INFO] [stderr]    Compiling icu_properties v2.3.0
[INFO] [stderr]    Compiling num-bigint v0.4.8
[INFO] [stderr]    Compiling tokio v1.53.1
[INFO] [stderr]    Compiling debugid v0.8.0
[INFO] [stderr]    Compiling http v1.5.0
[INFO] [stderr]    Compiling triomphe v0.1.16
[INFO] [stderr]    Compiling idna_adapter v1.2.2
[INFO] [stderr]    Compiling idna v1.1.0
[INFO] [stderr]    Compiling hstr v1.1.6
[INFO] [stderr]    Compiling regex-automata v0.4.18
[INFO] [stderr]    Compiling swc_atoms v5.0.0
[INFO] [stderr]    Compiling url v2.5.8
[INFO] [stderr]    Compiling swc_visit v2.0.0
[INFO] [stderr]    Compiling swc_allocator v4.0.1
[INFO] [stderr]    Compiling ast_node v3.0.0
[INFO] [stderr]    Compiling from_variant v2.0.0
[INFO] [stderr]    Compiling swc_eq_ignore_macros v1.0.0
[INFO] [stderr]    Compiling siphasher v0.3.11
[INFO] [stderr]    Compiling sourcemap v9.3.2
[INFO] [stderr]    Compiling prettyplease v0.2.37
[INFO] [stderr]    Compiling phf_macros v0.11.3
[INFO] [stderr]    Compiling rustix v0.38.44
[INFO] [stderr]    Compiling minimal-lexical v0.2.1
[INFO] [stderr]    Compiling base64ct v1.8.3
[INFO] [stderr]    Compiling nom v7.1.3
[INFO] [stderr]    Compiling swc_common v9.2.0
[INFO] [stderr]    Compiling regex v1.13.1
[INFO] [stderr]    Compiling pem-rfc7468 v0.7.0
[INFO] [stderr]    Compiling phf v0.11.3
[INFO] [stderr]    Compiling http-body v1.1.0
[INFO] [stderr]    Compiling libloading v0.8.9
[INFO] [stderr]    Compiling string_enum v1.0.0
[INFO] [stderr]    Compiling is-macro v0.3.8
[INFO] [stderr]    Compiling deno_error_macro v0.7.0
[INFO] [stderr]    Compiling linux-raw-sys v0.4.15
[INFO] [stderr]    Compiling bindgen v0.71.1
[INFO] [stderr]    Compiling cexpr v0.6.0
[INFO] [stderr]    Compiling der v0.7.10
[INFO] [stderr]    Compiling swc_ecma_ast v9.0.0
[INFO] [stderr]    Compiling ar_archive_writer v0.5.3
[INFO] [stderr]    Compiling deno_error v0.7.0
[INFO] [stderr]    Compiling psm v0.1.32
[INFO] [stderr]    Compiling itertools v0.13.0
[INFO] [stderr]    Compiling pin-project-internal v1.1.13
[INFO] [stderr]    Compiling adler2 v2.0.1
[INFO] [stderr]    Compiling home v0.5.12
[INFO] [stderr]    Compiling which v6.0.3
[INFO] [stderr]    Compiling miniz_oxide v0.8.9
[INFO] [stderr]    Compiling pin-project v1.1.13
[INFO] [stderr]    Compiling spki v0.7.3
[INFO] [stderr]    Compiling gzip-header v1.1.0
[INFO] [stderr]    Compiling futures-executor v0.3.34
[INFO] [stderr]    Compiling hmac v0.12.1
[INFO] [stderr]    Compiling stacker v0.1.25
[INFO] [stderr]    Compiling smartstring v1.0.1
[INFO] [stderr]    Compiling fslock v0.2.1
[INFO] [stderr]    Compiling vcpkg v0.2.15
[INFO] [stderr]    Compiling pkcs8 v0.10.2
[INFO] [stderr]    Compiling capacity_builder_macros v0.3.0
[INFO] [stderr]    Compiling sys_traits_macros v0.1.0
[INFO] [stderr]    Compiling once_cell v1.21.4
[INFO] [stderr]    Compiling proc-macro-rules-macros v0.4.0
[INFO] [stderr]    Compiling openssl-sys v0.9.117
[INFO] [stderr]    Compiling sys_traits v0.1.17
[INFO] [stderr]    Compiling capacity_builder v0.5.0
[INFO] [stderr]    Compiling getrandom v0.3.4
[INFO] [stderr]    Compiling tokio-util v0.7.19
[INFO] [stderr]    Compiling block-padding v0.3.3
[INFO] [stderr]    Compiling strum_macros v0.27.2
[INFO] [stderr]    Compiling sync_wrapper v1.0.2
[INFO] [stderr]    Compiling cmake v0.1.58
[INFO] [stderr]    Compiling typed-arena v2.0.2
[INFO] [stderr]    Compiling fs_extra v1.3.0
[INFO] [stderr]    Compiling base16ct v0.2.0
[INFO] [stderr]    Compiling arrayvec v0.7.8
[INFO] [stderr]    Compiling dunce v1.0.5
[INFO] [stderr]    Compiling serdect v0.2.0
[INFO] [stderr]    Compiling strum v0.27.2
[INFO] [stderr]    Compiling inout v0.1.4
[INFO] [stderr]    Compiling proc-macro-rules v0.4.0
[INFO] [stderr]    Compiling deno_path_util v0.6.1
[INFO] [stderr]    Compiling deno_unsync v0.4.4
[INFO] [stderr]    Compiling http-body-util v0.1.5
[INFO] [stderr]    Compiling sha1 v0.10.7
[INFO] [stderr]    Compiling ff v0.13.1
[INFO] [stderr]    Compiling par-core v1.0.4
[INFO] [stderr]    Compiling stringcase v0.4.0
[INFO] [stderr]    Compiling bit-vec v0.8.0
[INFO] [stderr]    Compiling h2 v0.4.19
[INFO] [stderr]    Compiling bit-set v0.8.0
[INFO] [stderr]    Compiling deno_ops v0.231.0
[INFO] [stderr]    Compiling par-iter v1.0.2
[INFO] [stderr]    Compiling v8 v137.3.0
[INFO] [stderr]    Compiling swc_ecma_lexer v12.0.0
[INFO] [stderr]    Compiling swc_ecma_visit v9.0.0
[INFO] [stderr] error: could not compile `deno_ops` (lib)
[INFO] [stderr] 
[INFO] [stderr] Caused by:
[INFO] [stderr]   process didn't exit successfully: `/opt/rustwide/rustup-home/toolchains/1.100.0-beta.1-x86_64-unknown-linux-gnu/bin/rustc --crate-name deno_ops --edition=2024 /opt/rustwide/cargo-home/registry/src/index.crates.io-1949cf8c6b5b557f/deno_ops-0.231.0/lib.rs --error-format=json --json=diagnostic-rendered-ansi,artifacts,future-incompat,unused-externs-silent --crate-type proc-macro --emit=dep-info,link -C prefer-dynamic -C embed-bitcode=no -C debug-assertions=off --check-cfg 'cfg(docsrs,test)' --check-cfg 'cfg(feature, values())' -C metadata=f6dd1084a475426d -C extra-filename=-5d74f42cbcad343e --out-dir /opt/rustwide/target/release/build/deno_ops/5d74f42cbcad343e/out -C strip=debuginfo -L dependency=/opt/rustwide/target/release/build/equivalent/b7be8d56fcdb6d9b/out -L dependency=/opt/rustwide/target/release/build/hashbrown/83c0fe6e52e5bc92/out -L dependency=/opt/rustwide/target/release/build/proc-macro-rules-macros/82a423bfffebd311/out -L dependency=/opt/rustwide/target/release/build/proc-macro2/58bd5a67493b0c92/out -L dependency=/opt/rustwide/target/release/build/quote/bb159eae73371f0d/out -L dependency=/opt/rustwide/target/release/build/strum_macros/ced0261c3b1af060/out -L dependency=/opt/rustwide/target/release/build/syn/11e8de9af56786ed/out -L dependency=/opt/rustwide/target/release/build/thiserror-impl/dc67ed57bf2b9df1/out -L dependency=/opt/rustwide/target/release/build/unicode-ident/3d1450b03eaa80c7/out --extern indexmap=/opt/rustwide/target/release/build/indexmap/c8da7cbc4495c16a/out/libindexmap-c8da7cbc4495c16a.rlib --extern proc_macro_rules=/opt/rustwide/target/release/build/proc-macro-rules/bffc7b08a647fc07/out/libproc_macro_rules-bffc7b08a647fc07.rlib --extern proc_macro2=/opt/rustwide/target/release/build/proc-macro2/58bd5a67493b0c92/out/libproc_macro2-58bd5a67493b0c92.rlib --extern quote=/opt/rustwide/target/release/build/quote/bb159eae73371f0d/out/libquote-bb159eae73371f0d.rlib --extern stringcase=/opt/rustwide/target/release/build/stringcase/9e3f253a9b6659d3/out/libstringcase-9e3f253a9b6659d3.rlib --extern strum=/opt/rustwide/target/release/build/strum/a982f5404563cf44/out/libstrum-a982f5404563cf44.rlib --extern strum_macros=/opt/rustwide/target/release/build/strum_macros/ced0261c3b1af060/out/libstrum_macros-ced0261c3b1af060.so --extern syn=/opt/rustwide/target/release/build/syn/11e8de9af56786ed/out/libsyn-11e8de9af56786ed.rlib --extern thiserror=/opt/rustwide/target/release/build/thiserror/d7d5cc3c1a1b5512/out/libthiserror-d7d5cc3c1a1b5512.rlib --extern proc_macro --cap-lints allow --cap-lints=warn --force-warn=unused_crate_dependencies` (signal: 9, SIGKILL: kill)
[INFO] [stderr] warning: build failed, waiting for other jobs to finish...
[INFO] [stderr] error: could not compile `swc_ecma_ast` (lib)
[INFO] [stderr] 
[INFO] [stderr] Caused by:
[INFO] [stderr]   process didn't exit successfully: `/opt/rustwide/rustup-home/toolchains/1.100.0-beta.1-x86_64-unknown-linux-gnu/bin/rustc --crate-name swc_ecma_ast --edition=2021 /opt/rustwide/cargo-home/registry/src/index.crates.io-1949cf8c6b5b557f/swc_ecma_ast-9.0.0/src/lib.rs --error-format=json --json=diagnostic-rendered-ansi,artifacts,future-incompat,unused-externs-silent --crate-type lib --emit=dep-info,metadata,link -C opt-level=3 -C embed-bitcode=no --cfg 'feature="default"' --cfg 'feature="serde"' --cfg 'feature="serde-impl"' --check-cfg 'cfg(docsrs,test)' --check-cfg 'cfg(feature, values("__rkyv", "arbitrary", "bytecheck", "default", "fuzzing", "rancor", "rkyv", "rkyv-impl", "serde", "serde-impl", "shrink-to-fit"))' -C metadata=40649a87e9affa4c -C extra-filename=-0af8740a8faff2c6 --out-dir /opt/rustwide/target/release/build/swc_ecma_ast/0af8740a8faff2c6/out -C strip=debuginfo -L dependency=/opt/rustwide/target/release/build/ahash/d8dd70d4cc44947f/out -L dependency=/opt/rustwide/target/release/build/allocator-api2/9698f25be5042b88/out -L dependency=/opt/rustwide/target/release/build/anyhow/d9d662e7f67d1b3f/out -L dependency=/opt/rustwide/target/release/build/ast_node/827097a9d08183d5/out -L dependency=/opt/rustwide/target/release/build/base64-simd/d4bbe136e1ae49d4/out -L dependency=/opt/rustwide/target/release/build/better_scoped_tls/4362fd4cac7bd306/out -L dependency=/opt/rustwide/target/release/build/bitvec/b93b5b175625296a/out -L dependency=/opt/rustwide/target/release/build/bumpalo/da61329513e6971c/out -L dependency=/opt/rustwide/target/release/build/cfg-if/6d8dca19095bb388/out -L dependency=/opt/rustwide/target/release/build/data-encoding/91ab409d75f72714/out -L dependency=/opt/rustwide/target/release/build/debugid/78d5fffbf976cca7/out -L dependency=/opt/rustwide/target/release/build/displaydoc/0a7e6ce7d6760337/out -L dependency=/opt/rustwide/target/release/build/either/bd7dedb79b9b74cf/out -L dependency=/opt/rustwide/target/release/build/equivalent/26a0d6a3c1145f1b/out -L dependency=/opt/rustwide/target/release/build/form_urlencoded/70d7eb87b0d10ea7/out -L dependency=/opt/rustwide/target/release/build/from_variant/44a13b73baeaf0d8/out -L dependency=/opt/rustwide/target/release/build/funty/e4403ecf8fc5ac9a/out -L dependency=/opt/rustwide/target/release/build/getrandom/0b5c4eefa370b1f3/out -L dependency=/opt/rustwide/target/release/build/getrandom/56b91f805cb0d759/out -L dependency=/opt/rustwide/target/release/build/hashbrown/8170c18887f7c602/out -L dependency=/opt/rustwide/target/release/build/hashbrown/e584a62dc81c493d/out -L dependency=/opt/rustwide/target/release/build/hstr/a3a6916f3520942f/out -L dependency=/opt/rustwide/target/release/build/icu_collections/90dccc92e4f86974/out -L dependency=/opt/rustwide/target/release/build/icu_locale_core/af10a914fae2bd3a/out -L dependency=/opt/rustwide/target/release/build/icu_normalizer/a0cee63349ad2b1a/out -L dependency=/opt/rustwide/target/release/build/icu_normalizer_data/06150ec4346f7247/out -L dependency=/opt/rustwide/target/release/build/icu_properties/e10fc467c5bd3e63/out -L dependency=/opt/rustwide/target/release/build/icu_properties_data/b6b1c199ccecdf50/out -L dependency=/opt/rustwide/target/release/build/icu_provider/a608c898fc13ad62/out -L dependency=/opt/rustwide/target/release/build/idna/dd2226122a1b5e20/out -L dependency=/opt/rustwide/target/release/build/idna_adapter/f17382644dd33d63/out -L dependency=/opt/rustwide/target/release/build/if_chain/e12307aaac6270ec/out -L dependency=/opt/rustwide/target/release/build/indexmap/4e5a2fee65e00aeb/out -L dependency=/opt/rustwide/target/release/build/itoa/1e9e3b22820c4a15/out -L dependency=/opt/rustwide/target/release/build/libc/ec947b9f6f454936/out -L dependency=/opt/rustwide/target/release/build/libm/e31d014029871662/out -L dependency=/opt/rustwide/target/release/build/litemap/aa6b6067c9f26bcb/out -L dependency=/opt/rustwide/target/release/build/log/7aba4862e76809e0/out -L dependency=/opt/rustwide/target/release/build/memchr/b836402bd6c4c7f1/out -L dependency=/opt/rustwide/target/release/build/new_debug_unreachable/3dece03de6f35855/out -L dependency=/opt/rustwide/target/release/build/num-bigint/c5782290adb3391c/out -L dependency=/opt/rustwide/target/release/build/num-integer/971d0827b602d24f/out -L dependency=/opt/rustwide/target/release/build/num-traits/654375333949363b/out -L dependency=/opt/rustwide/target/release/build/once_cell/a92ce0590bdd2571/out -L dependency=/opt/rustwide/target/release/build/outref/d991bf3a5bb5f300/out -L dependency=/opt/rustwide/target/release/build/percent-encoding/6ee9e8dd7e10ccaa/out -L dependency=/opt/rustwide/target/release/build/phf_macros/a6c054265b86b57d/out -L dependency=/opt/rustwide/target/release/build/phf_shared/886e3db9571c46e7/out -L dependency=/opt/rustwide/target/release/build/pin-project-lite/9a89bb36c0c56875/out -L dependency=/opt/rustwide/target/release/build/potential_utf/a84a2f5617b7e78c/out -L dependency=/opt/rustwide/target/release/build/ppv-lite86/63edd6f2e26e72a2/out -L dependency=/opt/rustwide/target/release/build/radium/fb962fc5ee6323be/out -L dependency=/opt/rustwide/target/release/build/rand/902d6b5fe6182426/out -L dependency=/opt/rustwide/target/release/build/rand_chacha/1abf65cb7698247e/out -L dependency=/opt/rustwide/target/release/build/rand_core/9be014ac2a84a40c/out -L dependency=/opt/rustwide/target/release/build/rustc-hash/682890645aa46447/out -L dependency=/opt/rustwide/target/release/build/scoped-tls/ddd7a6418f92471c/out -L dependency=/opt/rustwide/target/release/build/serde/4a4bb1e44fe60a09/out -L dependency=/opt/rustwide/target/release/build/serde_core/2aaca53bfcb72786/out -L dependency=/opt/rustwide/target/release/build/serde_derive/8347ccf9f66191e2/out -L dependency=/opt/rustwide/target/release/build/serde_json/d5d0c8ec13de3e7a/out -L dependency=/opt/rustwide/target/release/build/siphasher/0fdc4461e3ac1c8a/out -L dependency=/opt/rustwide/target/release/build/siphasher/c7de3e9dcb058a9d/out -L dependency=/opt/rustwide/target/release/build/smallvec/ae7e45f0d532db28/out -L dependency=/opt/rustwide/target/release/build/sourcemap/033bbe759d269693/out -L dependency=/opt/rustwide/target/release/build/stable_deref_trait/1fabeba25560deaf/out -L dependency=/opt/rustwide/target/release/build/swc_allocator/6b02f1f16f0784ab/out -L dependency=/opt/rustwide/target/release/build/swc_atoms/aaa163ea5baeaf04/out -L dependency=/opt/rustwide/target/release/build/swc_eq_ignore_macros/8d7daf15fbaa1f3e/out -L dependency=/opt/rustwide/target/release/build/swc_visit/e1ac38a5d90b3272/out -L dependency=/opt/rustwide/target/release/build/tap/7464eb1882ed8230/out -L dependency=/opt/rustwide/target/release/build/tinystr/587af0782dd3e5da/out -L dependency=/opt/rustwide/target/release/build/tracing-attributes/043ec38d10140cf3/out -L dependency=/opt/rustwide/target/release/build/tracing-core/ce4c42e00c102e36/out -L dependency=/opt/rustwide/target/release/build/tracing/c11885f0cee5387d/out -L dependency=/opt/rustwide/target/release/build/triomphe/32efb5300a092342/out -L dependency=/opt/rustwide/target/release/build/unicode-id-start/d3e9bd45c57571d8/out -L dependency=/opt/rustwide/target/release/build/unicode-width/d4b78c57f51ab2bb/out -L dependency=/opt/rustwide/target/release/build/url/f21a127e7b6a490a/out -L dependency=/opt/rustwide/target/release/build/utf8_iter/050834cd1b25caa4/out -L dependency=/opt/rustwide/target/release/build/uuid/d524b53db7e2b855/out -L dependency=/opt/rustwide/target/release/build/vsimd/1014fc10cd485525/out -L dependency=/opt/rustwide/target/release/build/writeable/52ecc8b37bf6a6a1/out -L dependency=/opt/rustwide/target/release/build/wyz/88645da4d28a2f18/out -L dependency=/opt/rustwide/target/release/build/yoke-derive/e0ecf7fecad3ef42/out -L dependency=/opt/rustwide/target/release/build/yoke/c5909f235f140df3/out -L dependency=/opt/rustwide/target/release/build/zerocopy/6ede9b76069575b1/out -L dependency=/opt/rustwide/target/release/build/zerofrom-derive/fd896820138018bc/out -L dependency=/opt/rustwide/target/release/build/zerofrom/b06aee72d837f3ee/out -L dependency=/opt/rustwide/target/release/build/zerotrie/052b1ba88fe1c82d/out -L dependency=/opt/rustwide/target/release/build/zerovec-derive/0a46d78f06aff79a/out -L dependency=/opt/rustwide/target/release/build/zerovec/908dc2cac718944b/out -L dependency=/opt/rustwide/target/release/build/zmij/586d023c1dba25b5/out --extern bitflags=/opt/rustwide/target/release/build/bitflags/30c9ca0ce64ca3ab/out/libbitflags-30c9ca0ce64ca3ab.rmeta --extern is_macro=/opt/rustwide/target/release/build/is-macro/e9e2ea5aa5d6f219/out/libis_macro-e9e2ea5aa5d6f219.so --extern num_bigint=/opt/rustwide/target/release/build/num-bigint/c5782290adb3391c/out/libnum_bigint-c5782290adb3391c.rmeta --extern once_cell=/opt/rustwide/target/release/build/once_cell/a92ce0590bdd2571/out/libonce_cell-a92ce0590bdd2571.rmeta --extern phf=/opt/rustwide/target/release/build/phf/94b5d81ae1b462f8/out/libphf-94b5d81ae1b462f8.rmeta --extern rustc_hash=/opt/rustwide/target/release/build/rustc-hash/682890645aa46447/out/librustc_hash-682890645aa46447.rmeta --extern scoped_tls=/opt/rustwide/target/release/build/scoped-tls/ddd7a6418f92471c/out/libscoped_tls-ddd7a6418f92471c.rmeta --extern serde=/opt/rustwide/target/release/build/serde/4a4bb1e44fe60a09/out/libserde-4a4bb1e44fe60a09.rmeta --extern string_enum=/opt/rustwide/target/release/build/string_enum/d5901a9f8eff5bd0/out/libstring_enum-d5901a9f8eff5bd0.so --extern swc_atoms=/opt/rustwide/target/release/build/swc_atoms/aaa163ea5baeaf04/out/libswc_atoms-aaa163ea5baeaf04.rmeta --extern swc_common=/opt/rustwide/target/release/build/swc_common/619e3ecf91e81f89/out/libswc_common-619e3ecf91e81f89.rmeta --extern swc_visit=/opt/rustwide/target/release/build/swc_visit/e1ac38a5d90b3272/out/libswc_visit-e1ac38a5d90b3272.rmeta --extern unicode_id_start=/opt/rustwide/target/release/build/unicode-id-start/d3e9bd45c57571d8/out/libunicode_id_start-d3e9bd45c57571d8.rmeta --cap-lints allow --cap-lints=warn --force-warn=unused_crate_dependencies` (signal: 9, SIGKILL: kill)
[INFO] [stderr] error: failed to run custom build command for `v8 v137.3.0`
[INFO] [stderr] note: To improve backtraces for build dependencies, set the CARGO_PROFILE_RELEASE_BUILD_OVERRIDE_DEBUG=true environment variable to enable debug information generation.
[INFO] [stderr] 
[INFO] [stderr] Caused by:
[INFO] [stderr]   process didn't exit successfully: `/opt/rustwide/target/release/build/v8/48df52167cb2f834/out/build_script_build` (exit status: 101)
[INFO] [stderr]   --- stdout
[INFO] [stderr]   cargo:rerun-if-changed=.gn
[INFO] [stderr]   cargo:rerun-if-changed=BUILD.gn
[INFO] [stderr]   cargo:rerun-if-changed=src/binding.cc
[INFO] [stderr]   cargo:rerun-if-env-changed=CCACHE
[INFO] [stderr]   cargo:rerun-if-env-changed=CLANG_BASE_PATH
[INFO] [stderr]   cargo:rerun-if-env-changed=CXXSTDLIB
[INFO] [stderr]   cargo:rerun-if-env-changed=DENO_TRYBUILD
[INFO] [stderr]   cargo:rerun-if-env-changed=DOCS_RS
[INFO] [stderr]   cargo:rerun-if-env-changed=GN
[INFO] [stderr]   cargo:rerun-if-env-changed=GN_ARGS
[INFO] [stderr]   cargo:rerun-if-env-changed=HOST
[INFO] [stderr]   cargo:rerun-if-env-changed=NINJA
[INFO] [stderr]   cargo:rerun-if-env-changed=OUT_DIR
[INFO] [stderr]   cargo:rerun-if-env-changed=RUSTY_V8_ARCHIVE
[INFO] [stderr]   cargo:rerun-if-env-changed=RUSTY_V8_MIRROR
[INFO] [stderr]   cargo:rerun-if-env-changed=RUSTY_V8_SRC_BINDING_PATH
[INFO] [stderr]   cargo:rerun-if-env-changed=SCCACHE
[INFO] [stderr]   cargo:rerun-if-env-changed=V8_FORCE_DEBUG
[INFO] [stderr]   cargo:rerun-if-env-changed=V8_FROM_SOURCE
[INFO] [stderr]   cargo:rerun-if-env-changed=PYTHON
[INFO] [stderr]   cargo:rerun-if-env-changed=DISABLE_CLANG
[INFO] [stderr]   cargo:rerun-if-env-changed=EXTRA_GN_ARGS
[INFO] [stderr]   cargo:rerun-if-env-changed=PRINT_GN_ARGS
[INFO] [stderr]   cargo:rerun-if-env-changed=CARGO_ENCODED_RUSTFLAGS
[INFO] [stderr]   cargo:rustc-link-lib=static=rusty_v8
[INFO] [stderr]   lockfile: "/opt/rustwide/target/release/build/v8/v8.fslock"
[INFO] [stderr]   cargo:rustc-env=RUSTY_V8_SRC_BINDING_PATH=/opt/rustwide/cargo-home/registry/src/index.crates.io-1949cf8c6b5b557f/v8-137.3.0/gen/src_binding_release_x86_64-unknown-linux-gnu.rs
[INFO] [stderr]   static lib URL: https://github.com/denoland/rusty_v8/releases/download/v137.3.0/librusty_v8_release_x86_64-unknown-linux-gnu.a.gz
[INFO] [stderr]   cargo:rustc-link-search=/opt/rustwide/target/release/build/gn_out/obj
[INFO] [stderr]   Looking for download in '"/opt/rustwide/cargo-home/.rusty_v8/https___github_com_denoland_rusty_v8_releases_download_v137_3_0_librusty_v8_release_x86_64_unknown_linux_gnu_a_gz"'
[INFO] [stderr]   Downloading (using Python) https://github.com/denoland/rusty_v8/releases/download/v137.3.0/librusty_v8_release_x86_64-unknown-linux-gnu.a.gz
[INFO] [stderr]   Downloading https://github.com/denoland/rusty_v8/releases/download/v137.3.0/librusty_v8_release_x86_64-unknown-linux-gnu.a.gz...
[INFO] [stderr]   <urlopen error [Errno -3] Temporary failure in name resolution>
[INFO] [stderr]   Retrying in 5 s ...
[INFO] [stderr]   Downloading https://github.com/denoland/rusty_v8/releases/download/v137.3.0/librusty_v8_release_x86_64-unknown-linux-gnu.a.gz...
[INFO] [stderr]   <urlopen error [Errno -3] Temporary failure in name resolution>
[INFO] [stderr]   Retrying in 10 s ...
[INFO] [stderr]   Downloading https://github.com/denoland/rusty_v8/releases/download/v137.3.0/librusty_v8_release_x86_64-unknown-linux-gnu.a.gz...
[INFO] [stderr]   <urlopen error [Errno -3] Temporary failure in name resolution>
[INFO] [stderr]   Retrying in 20 s ...
[INFO] [stderr]   Downloading https://github.com/denoland/rusty_v8/releases/download/v137.3.0/librusty_v8_release_x86_64-unknown-linux-gnu.a.gz...
[INFO] [stderr]   <urlopen error [Errno -3] Temporary failure in name resolution>
[INFO] [stderr]   Python downloader failed, trying with curl.
[INFO] [stderr] 
[INFO] [stderr]   --- stderr
[INFO] [stderr]   Traceback (most recent call last):
[INFO] [stderr]     File "/usr/lib/python3.14/urllib/request.py", line 1321, in do_open
[INFO] [stderr]       h.request(req.get_method(), req.selector, req.data, headers,
[INFO] [stderr]       ~~~~~~~~~^^^^^^^^^^^^^^^^^^^^^^^^^^^^^^^^^^^^^^^^^^^^^^^^^^^
[INFO] [stderr]                 encode_chunked=req.has_header('Transfer-encoding'))
[INFO] [stderr]                 ^^^^^^^^^^^^^^^^^^^^^^^^^^^^^^^^^^^^^^^^^^^^^^^^^^^
[INFO] [stderr]     File "/usr/lib/python3.14/http/client.py", line 1367, in request
[INFO] [stderr]       self._send_request(method, url, body, headers, encode_chunked)
[INFO] [stderr]       ~~~~~~~~~~~~~~~~~~^^^^^^^^^^^^^^^^^^^^^^^^^^^^^^^^^^^^^^^^^^^^
[INFO] [stderr]     File "/usr/lib/python3.14/http/client.py", line 1413, in _send_request
[INFO] [stderr]       self.endheaders(body, encode_chunked=encode_chunked)
[INFO] [stderr]       ~~~~~~~~~~~~~~~^^^^^^^^^^^^^^^^^^^^^^^^^^^^^^^^^^^^^
[INFO] [stderr]     File "/usr/lib/python3.14/http/client.py", line 1362, in endheaders
[INFO] [stderr]       self._send_output(message_body, encode_chunked=encode_chunked)
[INFO] [stderr]       ~~~~~~~~~~~~~~~~~^^^^^^^^^^^^^^^^^^^^^^^^^^^^^^^^^^^^^^^^^^^^^
[INFO] [stderr]     File "/usr/lib/python3.14/http/client.py", line 1122, in _send_output
[INFO] [stderr]       self.send(msg)
[INFO] [stderr]       ~~~~~~~~~^^^^^
[INFO] [stderr]     File "/usr/lib/python3.14/http/client.py", line 1066, in send
[INFO] [stderr]       self.connect()
[INFO] [stderr]       ~~~~~~~~~~~~^^
[INFO] [stderr]     File "/usr/lib/python3.14/http/client.py", line 1501, in connect
[INFO] [stderr]       super().connect()
[INFO] [stderr]       ~~~~~~~~~~~~~~~^^
[INFO] [stderr]     File "/usr/lib/python3.14/http/client.py", line 1032, in connect
[INFO] [stderr]       self.sock = self._create_connection(
[INFO] [stderr]                   ~~~~~~~~~~~~~~~~~~~~~~~^
[INFO] [stderr]           (self.host,self.port), self.timeout, self.source_address)
[INFO] [stderr]           ^^^^^^^^^^^^^^^^^^^^^^^^^^^^^^^^^^^^^^^^^^^^^^^^^^^^^^^^^
[INFO] [stderr]     File "/usr/lib/python3.14/socket.py", line 846, in create_connection
[INFO] [stderr]       for res in getaddrinfo(host, port, 0, SOCK_STREAM):
[INFO] [stderr]                  ~~~~~~~~~~~^^^^^^^^^^^^^^^^^^^^^^^^^^^^
[INFO] [stderr]     File "/usr/lib/python3.14/socket.py", line 983, in getaddrinfo
[INFO] [stderr]       for res in _socket.getaddrinfo(host, port, family, type, proto, flags):
[INFO] [stderr]                  ~~~~~~~~~~~~~~~~~~~^^^^^^^^^^^^^^^^^^^^^^^^^^^^^^^^^^^^^^^^
[INFO] [stderr]   socket.gaierror: [Errno -3] Temporary failure in name resolution
[INFO] [stderr] 
[INFO] [stderr]   During handling of the above exception, another exception occurred:
[INFO] [stderr] 
[INFO] [stderr]   Traceback (most recent call last):
[INFO] [stderr]     File "/opt/rustwide/cargo-home/registry/src/index.crates.io-1949cf8c6b5b557f/v8-137.3.0/./tools/download_file.py", line 64, in <module>
[INFO] [stderr]       sys.exit(main())
[INFO] [stderr]                ~~~~^^
[INFO] [stderr]     File "/opt/rustwide/cargo-home/registry/src/index.crates.io-1949cf8c6b5b557f/v8-137.3.0/./tools/download_file.py", line 59, in main
[INFO] [stderr]       DownloadUrl(args.url, f)
[INFO] [stderr]       ~~~~~~~~~~~^^^^^^^^^^^^^
[INFO] [stderr]     File "/opt/rustwide/cargo-home/registry/src/index.crates.io-1949cf8c6b5b557f/v8-137.3.0/./tools/download_file.py", line 45, in DownloadUrl
[INFO] [stderr]       raise e
[INFO] [stderr]     File "/opt/rustwide/cargo-home/registry/src/index.crates.io-1949cf8c6b5b557f/v8-137.3.0/./tools/download_file.py", line 29, in DownloadUrl
[INFO] [stderr]       response = urlopen(url)
[INFO] [stderr]     File "/usr/lib/python3.14/urllib/request.py", line 187, in urlopen
[INFO] [stderr]       return opener.open(url, data, timeout)
[INFO] [stderr]              ~~~~~~~~~~~^^^^^^^^^^^^^^^^^^^^
[INFO] [stderr]     File "/usr/lib/python3.14/urllib/request.py", line 487, in open
[INFO] [stderr]       response = self._open(req, data)
[INFO] [stderr]     File "/usr/lib/python3.14/urllib/request.py", line 504, in _open
[INFO] [stderr]       result = self._call_chain(self.handle_open, protocol, protocol +
[INFO] [stderr]                                 '_open', req)
[INFO] [stderr]     File "/usr/lib/python3.14/urllib/request.py", line 464, in _call_chain
[INFO] [stderr]       result = func(*args)
[INFO] [stderr]     File "/usr/lib/python3.14/urllib/request.py", line 1369, in https_open
[INFO] [stderr]       return self.do_open(http.client.HTTPSConnection, req,
[INFO] [stderr]              ~~~~~~~~~~~~^^^^^^^^^^^^^^^^^^^^^^^^^^^^^^^^^^
[INFO] [stderr]                           context=self._context)
[INFO] [stderr]                           ^^^^^^^^^^^^^^^^^^^^^^
[INFO] [stderr]     File "/usr/lib/python3.14/urllib/request.py", line 1324, in do_open
[INFO] [stderr]       raise URLError(err)
[INFO] [stderr]   urllib.error.URLError: <urlopen error [Errno -3] Temporary failure in name resolution>
[INFO] [stderr] 
[INFO] [stderr]   thread 'main' (3203) panicked at /opt/rustwide/cargo-home/registry/src/index.crates.io-1949cf8c6b5b557f/v8-137.3.0/build.rs:555:3:
[INFO] [stderr]   assertion failed: status.success()
[INFO] [stderr]   stack backtrace:
[INFO] [stderr]      0:     0x598644277371 - <<std[617be2ca0a6fd877]::sys::backtrace::BacktraceLock>::print::DisplayBacktrace as core[a373ad73a504971]::fmt::Display>::fmt
[INFO] [stderr]      1:     0x59864428da6a - core[a373ad73a504971]::fmt::write
[INFO] [stderr]      2:     0x59864427c49c - <std[617be2ca0a6fd877]::sys::stdio::unix::Stderr as core[a373ad73a504971]::io::write::Write>::write_fmt
[INFO] [stderr]      3:     0x598644251676 - std[617be2ca0a6fd877]::panicking::default_hook::{closure#0}
[INFO] [stderr]      4:     0x59864426e8a1 - std[617be2ca0a6fd877]::panicking::default_hook
[INFO] [stderr]      5:     0x59864426ebcb - std[617be2ca0a6fd877]::panicking::panic_with_hook
[INFO] [stderr]      6:     0x598644251754 - std[617be2ca0a6fd877]::panicking::panic_handler::{closure#0}
[INFO] [stderr]      7:     0x598644249d59 - std[617be2ca0a6fd877]::sys::backtrace::__rust_end_short_backtrace::<std[617be2ca0a6fd877]::panicking::panic_handler::{closure#0}, !>
[INFO] [stderr]      8:     0x5986442524ad - __rustc[ea4f61d10b84890b]::rust_begin_unwind
[INFO] [stderr]      9:     0x59864428e28c - core[a373ad73a504971]::panicking::panic_fmt
[INFO] [stderr]     10:     0x59864428e252 - core[a373ad73a504971]::panicking::panic
[INFO] [stderr]     11:     0x598643c374ad - build_script_build[5b9899031cec9d55]::download_file
[INFO] [stderr]     12:     0x598643c3c142 - build_script_build[5b9899031cec9d55]::download_static_lib_binaries
[INFO] [stderr]     13:     0x598643c3d9e4 - build_script_build[5b9899031cec9d55]::main
[INFO] [stderr]     14:     0x598643c340cb - <fn() as core[a373ad73a504971]::ops::function::FnOnce<()>>::call_once
[INFO] [stderr]     15:     0x598643c2fbee - std[617be2ca0a6fd877]::sys::backtrace::__rust_begin_short_backtrace::<fn(), ()>
[INFO] [stderr]     16:     0x598643c30a89 - std[617be2ca0a6fd877]::rt::lang_start::<()>::{closure#0}
[INFO] [stderr]     17:     0x59864426d9d8 - std[617be2ca0a6fd877]::rt::lang_start_internal
[INFO] [stderr]     18:     0x598643c2f371 - std[617be2ca0a6fd877]::rt::lang_start::<()>
[INFO] [stderr]     19:     0x598643c428f5 - main
[INFO] [stderr]     20:     0x7be4c5271601 - <unknown>
[INFO] [stderr]     21:     0x7be4c5271718 - __libc_start_main
[INFO] [stderr]     22:     0x598643c275d5 - _start
[INFO] [stderr]     23:                0x0 - <unknown>
[INFO] running `Command { std: "docker" "inspect" "0df4c07688858bedcbe549396807bd0f16d5a5bc7a7aa365005c7091c047efc1", kill_on_drop: false }`
[INFO] running `Command { std: "docker" "rm" "-f" "0df4c07688858bedcbe549396807bd0f16d5a5bc7a7aa365005c7091c047efc1", kill_on_drop: false }`
[INFO] [stdout] 0df4c07688858bedcbe549396807bd0f16d5a5bc7a7aa365005c7091c047efc1
