[INFO] fetching crate vmadm 0.5.0...
[INFO] testing vmadm-0.5.0 against 1.99.0-beta.8+cargoflags=--release for beta-release-1.100-2
[INFO] extracting crate vmadm 0.5.0 into /workspace/builds/worker-3-tc1/source
[INFO] started tweaking crates.io crate vmadm 0.5.0
[INFO] finished tweaking crates.io crate vmadm 0.5.0
[INFO] tweaked toml for crates.io crate vmadm 0.5.0 written to /workspace/builds/worker-3-tc1/source/Cargo.toml
[INFO] validating manifest of crates.io crate vmadm 0.5.0 on toolchain 1.99.0-beta.8
[INFO] running `Command { std: CARGO_HOME="/workspace/cargo-home" RUSTUP_HOME="/workspace/rustup-home" "/workspace/cargo-home/bin/cargo" "+1.99.0-beta.8" "metadata" "--manifest-path" "Cargo.toml" "--no-deps", kill_on_drop: false }`
[INFO] crate crates.io crate vmadm 0.5.0 already has a lockfile, it will not be regenerated
[INFO] running `Command { std: CARGO_HOME="/workspace/cargo-home" RUSTUP_HOME="/workspace/rustup-home" "/workspace/cargo-home/bin/cargo" "+1.99.0-beta.8" "fetch" "--manifest-path" "Cargo.toml", kill_on_drop: false }`
[INFO] [stderr]     Updating crates.io index
[INFO] [stderr]  Downloading crates ...
[INFO] [stderr]   Downloaded tempfile v3.8.0
[INFO] [stderr]   Downloaded virt-sys v0.3.0
[INFO] [stderr]   Downloaded thiserror v1.0.48
[INFO] [stderr]   Downloaded env_logger v0.11.5
[INFO] [stderr]   Downloaded errno v0.3.3
[INFO] [stderr]   Downloaded home-dir v0.1.0
[INFO] [stderr]   Downloaded env_filter v0.1.2
[INFO] [stderr]   Downloaded bytesize v1.3.0
[INFO] [stderr]   Downloaded fastrand v2.0.0
[INFO] [stderr]   Downloaded serde_yaml v0.9.25
[INFO] [stderr]   Downloaded unsafe-libyaml v0.2.9
[INFO] [stderr]   Downloaded virt v0.4.1
[INFO] [stderr]   Downloaded thiserror-impl v1.0.48
[INFO] [stderr]   Downloaded aho-corasick v1.0.5
[INFO] [stderr]   Downloaded serde_json v1.0.105
[INFO] [stderr]   Downloaded nix v0.18.0
[INFO] [stderr]   Downloaded regex v1.9.5
[INFO] [stderr]   Downloaded rustix v0.38.11
[INFO] [stderr]   Downloaded regex-automata v0.3.8
[INFO] [stderr]   Downloaded linux-raw-sys v0.4.5
[INFO] running `Command { std: "docker" "create" "-v" "/var/lib/crater-agent-workspace/builds/worker-3-tc1/source:/opt/rustwide/workdir:ro,Z" "-v" "/var/lib/crater-agent-workspace/builds/worker-3-tc1/target:/opt/rustwide/target:rw,Z" "-v" "/var/lib/crater-agent-workspace/cargo-home:/opt/rustwide/cargo-home:ro,Z" "-v" "/var/lib/crater-agent-workspace/rustup-home:/opt/rustwide/rustup-home:ro,Z" "-m" "1610612736" "--network" "none" "ghcr.io/rust-lang/crates-build-env/linux@sha256:77db811e55d90add9212f6832c23229e3de5f1c1f9905e8cb07319ea15df73ac" "sleep" "infinity", kill_on_drop: false }`
[INFO] [stdout] 6e76dde04d223b834d0b5c455f5105b06043e4023038b0e48bf7a63722878d76
[INFO] running `Command { std: "docker" "start" "6e76dde04d223b834d0b5c455f5105b06043e4023038b0e48bf7a63722878d76", kill_on_drop: false }`
[INFO] running `Command { std: "docker" "inspect" "6e76dde04d223b834d0b5c455f5105b06043e4023038b0e48bf7a63722878d76", kill_on_drop: false }`
[INFO] running `Command { std: "docker" "exec" "-e" "SOURCE_DIR=/opt/rustwide/workdir" "-e" "CARGO_HOME=/opt/rustwide/cargo-home" "-e" "RUSTUP_HOME=/opt/rustwide/rustup-home" "-e" "CARGO_TARGET_DIR=/opt/rustwide/target" "-w" "/opt/rustwide/workdir" "--user" "0:0" "6e76dde04d223b834d0b5c455f5105b06043e4023038b0e48bf7a63722878d76" "/opt/rustwide/cargo-home/bin/cargo" "+1.99.0-beta.8" "metadata" "--no-deps" "--format-version=1", kill_on_drop: false }`
[INFO] running `Command { std: "docker" "inspect" "6e76dde04d223b834d0b5c455f5105b06043e4023038b0e48bf7a63722878d76", kill_on_drop: false }`
[INFO] running `Command { std: "docker" "exec" "-e" "SOURCE_DIR=/opt/rustwide/workdir" "-e" "CARGO_HOME=/opt/rustwide/cargo-home" "-e" "RUSTUP_HOME=/opt/rustwide/rustup-home" "-e" "CARGO_TARGET_DIR=/opt/rustwide/target" "-e" "CARGO_INCREMENTAL=0" "-e" "RUST_BACKTRACE=full" "-e" "RUSTFLAGS=--cap-lints=warn" "-e" "RUSTDOCFLAGS=--cap-lints=warn" "-w" "/opt/rustwide/workdir" "--user" "0:0" "6e76dde04d223b834d0b5c455f5105b06043e4023038b0e48bf7a63722878d76" "/opt/rustwide/cargo-home/bin/cargo" "+1.99.0-beta.8" "build" "--frozen" "--message-format=json" "--release", kill_on_drop: false }`
[INFO] [stderr]    Compiling proc-macro2 v1.0.66
[INFO] [stderr]    Compiling unicode-ident v1.0.11
[INFO] [stderr]    Compiling libc v0.2.147
[INFO] [stderr]    Compiling anstyle v1.0.10
[INFO] [stderr]    Compiling memchr v2.6.3
[INFO] [stderr]    Compiling anstyle-parse v0.2.1
[INFO] [stderr]    Compiling pkg-config v0.3.27
[INFO] [stderr]    Compiling serde v1.0.188
[INFO] [stderr]    Compiling regex-syntax v0.7.5
[INFO] [stderr]    Compiling nix v0.18.0
[INFO] [stderr]    Compiling rustix v0.38.11
[INFO] [stderr]    Compiling thiserror v1.0.48
[INFO] [stderr]    Compiling anstream v0.5.0
[INFO] [stderr]    Compiling virt-sys v0.3.0
[INFO] [stderr]    Compiling clap_lex v0.5.1
[INFO] [stderr]    Compiling cfg-if v0.1.10
[INFO] [stderr]    Compiling ryu v1.0.15
[INFO] [stderr]    Compiling quote v1.0.33
[INFO] [stderr]    Compiling aho-corasick v1.0.5
[INFO] [stderr]    Compiling itoa v1.0.9
[INFO] [stderr]    Compiling syn v2.0.31
[INFO] [stderr]    Compiling anyhow v1.0.75
[INFO] [stderr]    Compiling is_terminal_polyfill v1.70.1
[INFO] [stderr]    Compiling bitflags v2.4.0
[INFO] [stderr]    Compiling serde_json v1.0.105
[INFO] [stderr]    Compiling linux-raw-sys v0.4.5
[INFO] [stderr]    Compiling log v0.4.22
[INFO] [stderr]    Compiling anstream v0.6.18
[INFO] [stderr]    Compiling clap_builder v4.4.2
[INFO] [stderr]    Compiling uuid v1.11.0
[INFO] [stderr]    Compiling vmadm v0.5.0 (/opt/rustwide/workdir)
[INFO] [stderr]    Compiling humantime v2.1.0
[INFO] [stderr]    Compiling dirs-sys-next v0.1.2
[INFO] [stderr]    Compiling regex-automata v0.3.8
[INFO] [stderr]    Compiling unsafe-libyaml v0.2.9
[INFO] [stderr]    Compiling serde_derive v1.0.188
[INFO] [stderr]    Compiling thiserror-impl v1.0.48
[INFO] [stderr]    Compiling regex v1.9.5
[INFO] [stderr]    Compiling env_filter v0.1.2
[INFO] [stderr]    Compiling clap_derive v4.4.2
[INFO] [stderr]    Compiling fastrand v2.0.0
[INFO] [stderr]    Compiling env_logger v0.11.5
[INFO] [stderr]    Compiling home-dir v0.1.0
[INFO] [stderr]    Compiling tempfile v3.8.0
[INFO] [stderr]    Compiling virt v0.4.1
[INFO] [stderr]    Compiling directories-next v2.0.0
[INFO] [stderr]    Compiling bytesize v1.3.0
[INFO] [stderr]    Compiling shell-words v1.1.0
[INFO] [stderr]    Compiling clap v4.4.2
[INFO] [stderr]    Compiling serde_yaml v0.9.25
[INFO] [stdout] error: linking with `cc` failed: exit status: 1
[INFO] [stdout]   |
[INFO] [stdout]   = note:  "cc" "-m64" "/opt/rustwide/target/release/deps/rustcQ1saC1/symbols.o" "<7 object files omitted>" "-Wl,--as-needed" "-Wl,-Bstatic" "/opt/rustwide/target/release/deps/{libenv_logger-d1710aa5941f17a6,libanstream-581ea97ede7a2145,libis_terminal_polyfill-b73ba43195072384,libenv_filter-5d4c38022fea8a0e,libhumantime-60be87acc0f5bcf3,libvmadm-3319f4b274d09da6,libserde_json-31dda91f06dfc8c6,libserde_yaml-bbf35fa09e242456,libryu-31f94d2159c8d989,libitoa-53b008147ebd3fff,libindexmap-8c455e3306a33938,libequivalent-189ca3e854a233ff,libhashbrown-70542ca6ae7de9f9,libunsafe_libyaml-ae99cb99c183870d,libregex-d14844caa5673948,libregex_automata-a837dfca30a76607,libaho_corasick-a733e9702249183e,libmemchr-2a948e190463d09b,libregex_syntax-06c869f8d85d24ec,liblazy_static-480433dca0d17907,libhome_dir-41ec261914bfc31c,libthiserror-66a370bf07eb713c,libnix-bcc52a87be61a0ae,libbitflags-68973b8086863992,libcfg_if-6ffcd2bb3ed34b7c,libvirt-e4156774e7cd84f0,libuuid-047712563e163076,libvirt_sys-ad2eea410fe5c1c7,libbytesize-8af55a2cfa80bcb5,libtempfile-701c7672f1f126c4,libfastrand-1254516e5202e44a,librustix-291f258039691c0c,libbitflags-96a14917dcc3571a,liblinux_raw_sys-4e049d9e67dd8dce,libshell_words-01143d9292545303,libserde-959e627d3bce8f3c,liblog-48eebbcbed0a6a28,libdirectories_next-31c1076e6d333474,libdirs_sys_next-dfeba48bf9ee9cf5,liblibc-a3092ac4a432cef6,libcfg_if-193575a6b29a3ab9,libclap-cfeb5a08090ca20f,libclap_builder-e65eb98687b3a5ad,libstrsim-4d90d417acaad1e9,libanstream-cb824bbf53768cf3,libanstyle_query-ce9f75f41b435900,libcolorchoice-fb1ddeb6fb0ed7de,libanstyle_parse-6a633c3e797ab68e,libutf8parse-f82b6f6644c1c2a2,libclap_lex-b1dbef67b5c7bf50,libanstyle-66032ee646ec795a,libanyhow-e0174ee20635ba0d}.rlib" "<sysroot>/lib/rustlib/x86_64-unknown-linux-gnu/lib/{libstd-*,libpanic_unwind-*,libobject-*,libmemchr-*,libaddr2line-*,libgimli-*,libcfg_if-*,librustc_demangle-*,libstd_detect-*,libhashbrown-*,librustc_std_workspace_alloc-*,libminiz_oxide-*,libadler2-*,libunwind-*,liblibc-*,librustc_std_workspace_core-*,liballoc-*,libcore-*,libcompiler_builtins-*}.rlib" "-Wl,-Bdynamic" "-lgcc_s" "-lutil" "-lrt" "-lpthread" "-lm" "-ldl" "-lc" "-L" "/opt/rustwide/target/release/deps/rustcQ1saC1/raw-dylibs" "-B<sysroot>/lib/rustlib/x86_64-unknown-linux-gnu/bin/gcc-ld" "-fuse-ld=lld" "-Wl,--eh-frame-hdr" "-Wl,-z,noexecstack" "-L" "<sysroot>/lib/rustlib/x86_64-unknown-linux-gnu/lib" "-o" "/opt/rustwide/target/release/deps/vmadm-494ba393cbb3c36f" "-Wl,--gc-sections" "-pie" "-Wl,-z,relro,-z,now" "-Wl,-O1" "-Wl,--strip-debug" "-nodefaultlibs"
[INFO] [stdout]   = note: some arguments are omitted. use `--verbose` to show all linker arguments
[INFO] [stdout]   = note: rust-lld: error: undefined symbol: virDomainGetXMLDesc
[INFO] [stdout]           >>> referenced by virt.7407f99c089b7489-cgu.0
[INFO] [stdout]           >>>               virt-e4156774e7cd84f0.virt.7407f99c089b7489-cgu.0.rcgu.o:(<virt::domain::Domain>::get_xml_desc) in archive /opt/rustwide/target/release/deps/libvirt-e4156774e7cd84f0.rlib
[INFO] [stdout]           
[INFO] [stdout]           rust-lld: error: undefined symbol: virDomainSetAutostart
[INFO] [stdout]           >>> referenced by virt.7407f99c089b7489-cgu.0
[INFO] [stdout]           >>>               virt-e4156774e7cd84f0.virt.7407f99c089b7489-cgu.0.rcgu.o:(<virt::domain::Domain>::set_autostart) in archive /opt/rustwide/target/release/deps/libvirt-e4156774e7cd84f0.rlib
[INFO] [stdout]           
[INFO] [stdout]           rust-lld: error: undefined symbol: virDomainDetachDeviceFlags
[INFO] [stdout]           >>> referenced by virt.7407f99c089b7489-cgu.0
[INFO] [stdout]           >>>               virt-e4156774e7cd84f0.virt.7407f99c089b7489-cgu.0.rcgu.o:(<virt::domain::Domain>::detach_device_flags) in archive /opt/rustwide/target/release/deps/libvirt-e4156774e7cd84f0.rlib
[INFO] [stdout]           
[INFO] [stdout]           rust-lld: error: undefined symbol: virDomainCreate
[INFO] [stdout]           >>> referenced by virt.7407f99c089b7489-cgu.0
[INFO] [stdout]           >>>               virt-e4156774e7cd84f0.virt.7407f99c089b7489-cgu.0.rcgu.o:(<virt::domain::Domain>::create) in archive /opt/rustwide/target/release/deps/libvirt-e4156774e7cd84f0.rlib
[INFO] [stdout]           
[INFO] [stdout]           rust-lld: error: undefined symbol: virDomainGetName
[INFO] [stdout]           >>> referenced by virt.7407f99c089b7489-cgu.0
[INFO] [stdout]           >>>               virt-e4156774e7cd84f0.virt.7407f99c089b7489-cgu.0.rcgu.o:(<virt::domain::Domain>::get_name) in archive /opt/rustwide/target/release/deps/libvirt-e4156774e7cd84f0.rlib
[INFO] [stdout]           
[INFO] [stdout]           rust-lld: error: undefined symbol: virDomainShutdown
[INFO] [stdout]           >>> referenced by virt.7407f99c089b7489-cgu.0
[INFO] [stdout]           >>>               virt-e4156774e7cd84f0.virt.7407f99c089b7489-cgu.0.rcgu.o:(<virt::domain::Domain>::shutdown) in archive /opt/rustwide/target/release/deps/libvirt-e4156774e7cd84f0.rlib
[INFO] [stdout]           
[INFO] [stdout]           rust-lld: error: undefined symbol: virDomainUndefine
[INFO] [stdout]           >>> referenced by virt.7407f99c089b7489-cgu.0
[INFO] [stdout]           >>>               virt-e4156774e7cd84f0.virt.7407f99c089b7489-cgu.0.rcgu.o:(<virt::domain::Domain>::undefine) in archive /opt/rustwide/target/release/deps/libvirt-e4156774e7cd84f0.rlib
[INFO] [stdout]           
[INFO] [stdout]           rust-lld: error: undefined symbol: virDomainIsActive
[INFO] [stdout]           >>> referenced by virt.7407f99c089b7489-cgu.0
[INFO] [stdout]           >>>               virt-e4156774e7cd84f0.virt.7407f99c089b7489-cgu.0.rcgu.o:(<virt::domain::Domain>::is_active) in archive /opt/rustwide/target/release/deps/libvirt-e4156774e7cd84f0.rlib
[INFO] [stdout]           
[INFO] [stdout]           rust-lld: error: undefined symbol: virDomainFree
[INFO] [stdout]           >>> referenced by virt.7407f99c089b7489-cgu.0
[INFO] [stdout]           >>>               virt-e4156774e7cd84f0.virt.7407f99c089b7489-cgu.0.rcgu.o:(<virt::domain::Domain as core::ops::drop::Drop>::drop) in archive /opt/rustwide/target/release/deps/libvirt-e4156774e7cd84f0.rlib
[INFO] [stdout]           >>> referenced by virt.7407f99c089b7489-cgu.2
[INFO] [stdout]           >>>               virt-e4156774e7cd84f0.virt.7407f99c089b7489-cgu.2.rcgu.o:(<alloc::vec::Vec<virt::domain::Domain> as core::ops::drop::Drop>::drop) in archive /opt/rustwide/target/release/deps/libvirt-e4156774e7cd84f0.rlib
[INFO] [stdout]           
[INFO] [stdout]           rust-lld: error: undefined symbol: virConnectListAllDomains
[INFO] [stdout]           >>> referenced by virt.7407f99c089b7489-cgu.1
[INFO] [stdout]           >>>               virt-e4156774e7cd84f0.virt.7407f99c089b7489-cgu.1.rcgu.o:(<virt::connect::Connect>::list_all_domains) in archive /opt/rustwide/target/release/deps/libvirt-e4156774e7cd84f0.rlib
[INFO] [stdout]           
[INFO] [stdout]           rust-lld: error: undefined symbol: virConnectOpen
[INFO] [stdout]           >>> referenced by virt.7407f99c089b7489-cgu.1
[INFO] [stdout]           >>>               virt-e4156774e7cd84f0.virt.7407f99c089b7489-cgu.1.rcgu.o:(<virt::connect::Connect>::open) in archive /opt/rustwide/target/release/deps/libvirt-e4156774e7cd84f0.rlib
[INFO] [stdout]           >>> referenced by virt.7407f99c089b7489-cgu.1
[INFO] [stdout]           >>>               virt-e4156774e7cd84f0.virt.7407f99c089b7489-cgu.1.rcgu.o:(<virt::connect::Connect>::open) in archive /opt/rustwide/target/release/deps/libvirt-e4156774e7cd84f0.rlib
[INFO] [stdout]           
[INFO] [stdout]           rust-lld: error: undefined symbol: virGetLastError
[INFO] [stdout]           >>> referenced by virt.7407f99c089b7489-cgu.3
[INFO] [stdout]           >>>               virt-e4156774e7cd84f0.virt.7407f99c089b7489-cgu.3.rcgu.o:(<virt::error::Error>::last_error) in archive /opt/rustwide/target/release/deps/libvirt-e4156774e7cd84f0.rlib
[INFO] [stdout]           collect2: error: ld returned 1 exit status
[INFO] [stdout]           
[INFO] [stdout] 
[INFO] [stdout] 
[INFO] [stderr] error: could not compile `vmadm` (bin "vmadm") due to 1 previous error
[INFO] running `Command { std: "docker" "inspect" "6e76dde04d223b834d0b5c455f5105b06043e4023038b0e48bf7a63722878d76", kill_on_drop: false }`
[INFO] running `Command { std: "docker" "rm" "-f" "6e76dde04d223b834d0b5c455f5105b06043e4023038b0e48bf7a63722878d76", kill_on_drop: false }`
[INFO] [stdout] 6e76dde04d223b834d0b5c455f5105b06043e4023038b0e48bf7a63722878d76
