[INFO] fetching crate vm-sdk 2.0.2...
[INFO] testing vm-sdk-2.0.2 against 1.99.0-beta.8+cargoflags=--release for beta-release-1.100-2
[INFO] extracting crate vm-sdk 2.0.2 into /workspace/builds/worker-6-tc1/source
[INFO] started tweaking crates.io crate vm-sdk 2.0.2
[INFO] finished tweaking crates.io crate vm-sdk 2.0.2
[INFO] tweaked toml for crates.io crate vm-sdk 2.0.2 written to /workspace/builds/worker-6-tc1/source/Cargo.toml
[INFO] validating manifest of crates.io crate vm-sdk 2.0.2 on toolchain 1.99.0-beta.8
[INFO] running `Command { std: CARGO_HOME="/workspace/cargo-home" RUSTUP_HOME="/workspace/rustup-home" "/workspace/cargo-home/bin/cargo" "+1.99.0-beta.8" "metadata" "--manifest-path" "Cargo.toml" "--no-deps", kill_on_drop: false }`
[INFO] crate crates.io crate vm-sdk 2.0.2 already has a lockfile, it will not be regenerated
[INFO] running `Command { std: CARGO_HOME="/workspace/cargo-home" RUSTUP_HOME="/workspace/rustup-home" "/workspace/cargo-home/bin/cargo" "+1.99.0-beta.8" "fetch" "--manifest-path" "Cargo.toml", kill_on_drop: false }`
[INFO] [stderr]     Updating crates.io index
[INFO] [stderr]  Downloading crates ...
[INFO] [stderr]   Downloaded vm-proxy v2.0.2
[INFO] [stderr]   Downloaded tokio-boring v4.19.0
[INFO] [stderr]   Downloaded vm-store v2.0.2
[INFO] [stderr]   Downloaded boring v4.21.2
[INFO] [stderr]   Downloaded deranged v0.5.7
[INFO] [stderr]   Downloaded simple-dns v0.9.3
[INFO] [stderr]   Downloaded vm-proto v2.0.2
[INFO] [stderr]   Downloaded vm-core v2.0.2
[INFO] [stderr]   Downloaded vm-linux v2.0.2
[INFO] [stderr]   Downloaded smoltcp v0.12.0
[INFO] [stderr]   Downloaded objc2-virtualization v0.3.2
[INFO] [stderr]   Downloaded vm-memory v0.15.0
[INFO] [stderr]   Downloaded vm-measure v2.0.2
[INFO] [stderr]   Downloaded vm-fdt v0.3.0
[INFO] [stderr]   Downloaded vm-darwin v2.0.2
[INFO] [stderr]   Downloaded vm-ch v2.0.2
[INFO] [stderr]   Downloaded vmm-sys-util v0.12.1
[INFO] [stderr]   Downloaded vm-memory v0.18.0
[INFO] [stderr]   Downloaded kvm-ioctls v0.18.0
[INFO] [stderr]   Downloaded virtio-queue v0.18.0
[INFO] [stderr]   Downloaded kvm-bindings v0.9.1
[INFO] [stderr]   Downloaded vhost-user-backend v0.23.0
[INFO] [stderr]   Downloaded vmm-sys-util v0.15.0
[INFO] [stderr]   Downloaded virtio-bindings v0.2.7
[INFO] [stderr]   Downloaded vhost v0.17.0
[INFO] [stderr]   Downloaded boring-sys v4.21.2
[INFO] [stderr]   Downloaded linux-loader v0.12.0
[INFO] running `Command { std: "docker" "create" "-v" "/var/lib/crater-agent-workspace/builds/worker-6-tc1/source:/opt/rustwide/workdir:ro,Z" "-v" "/var/lib/crater-agent-workspace/builds/worker-6-tc1/target:/opt/rustwide/target:rw,Z" "-v" "/var/lib/crater-agent-workspace/cargo-home:/opt/rustwide/cargo-home:ro,Z" "-v" "/var/lib/crater-agent-workspace/rustup-home:/opt/rustwide/rustup-home:ro,Z" "-m" "1610612736" "--network" "none" "ghcr.io/rust-lang/crates-build-env/linux@sha256:77db811e55d90add9212f6832c23229e3de5f1c1f9905e8cb07319ea15df73ac" "sleep" "infinity", kill_on_drop: false }`
[INFO] [stdout] b7c3f0a0baa8919739970c62c4136f7f5120f7798dd138c328a4fdad85358f77
[INFO] running `Command { std: "docker" "start" "b7c3f0a0baa8919739970c62c4136f7f5120f7798dd138c328a4fdad85358f77", kill_on_drop: false }`
[INFO] running `Command { std: "docker" "inspect" "b7c3f0a0baa8919739970c62c4136f7f5120f7798dd138c328a4fdad85358f77", kill_on_drop: false }`
[INFO] running `Command { std: "docker" "exec" "-e" "SOURCE_DIR=/opt/rustwide/workdir" "-e" "CARGO_HOME=/opt/rustwide/cargo-home" "-e" "RUSTUP_HOME=/opt/rustwide/rustup-home" "-e" "CARGO_TARGET_DIR=/opt/rustwide/target" "-w" "/opt/rustwide/workdir" "--user" "0:0" "b7c3f0a0baa8919739970c62c4136f7f5120f7798dd138c328a4fdad85358f77" "/opt/rustwide/cargo-home/bin/cargo" "+1.99.0-beta.8" "metadata" "--no-deps" "--format-version=1", kill_on_drop: false }`
[INFO] running `Command { std: "docker" "inspect" "b7c3f0a0baa8919739970c62c4136f7f5120f7798dd138c328a4fdad85358f77", kill_on_drop: false }`
[INFO] running `Command { std: "docker" "exec" "-e" "SOURCE_DIR=/opt/rustwide/workdir" "-e" "CARGO_HOME=/opt/rustwide/cargo-home" "-e" "RUSTUP_HOME=/opt/rustwide/rustup-home" "-e" "CARGO_TARGET_DIR=/opt/rustwide/target" "-e" "CARGO_INCREMENTAL=0" "-e" "RUST_BACKTRACE=full" "-e" "RUSTFLAGS=--cap-lints=warn" "-e" "RUSTDOCFLAGS=--cap-lints=warn" "-w" "/opt/rustwide/workdir" "--user" "0:0" "b7c3f0a0baa8919739970c62c4136f7f5120f7798dd138c328a4fdad85358f77" "/opt/rustwide/cargo-home/bin/cargo" "+1.99.0-beta.8" "build" "--frozen" "--message-format=json" "--release", kill_on_drop: false }`
[INFO] [stderr]    Compiling libc v0.2.182
[INFO] [stderr]    Compiling quote v1.0.44
[INFO] [stderr]    Compiling glob v0.3.3
[INFO] [stderr]    Compiling regex-syntax v0.8.9
[INFO] [stderr]    Compiling minimal-lexical v0.2.1
[INFO] [stderr]    Compiling libloading v0.8.9
[INFO] [stderr]    Compiling bindgen v0.72.1
[INFO] [stderr]    Compiling either v1.15.0
[INFO] [stderr]    Compiling aws-lc-rs v1.16.1
[INFO] [stderr]    Compiling rustc-hash v2.1.2
[INFO] [stderr]    Compiling bitflags v2.11.0
[INFO] [stderr]    Compiling arc-swap v1.9.2
[INFO] [stderr]    Compiling chacha20 v0.10.2
[INFO] [stderr]    Compiling anyhow v1.0.101
[INFO] [stderr]    Compiling deranged v0.5.7
[INFO] [stderr]    Compiling rustls v0.23.36
[INFO] [stderr]    Compiling virtio-bindings v0.2.7
[INFO] [stderr]    Compiling foreign-types-shared v0.3.1
[INFO] [stderr]    Compiling num-conv v0.2.0
[INFO] [stderr]    Compiling itertools v0.13.0
[INFO] [stderr]    Compiling smoltcp v0.12.0
[INFO] [stderr]    Compiling pem v3.0.6
[INFO] [stderr]    Compiling nom v7.1.3
[INFO] [stderr]    Compiling heapless v0.8.0
[INFO] [stderr]    Compiling managed v0.8.0
[INFO] [stderr]    Compiling syn v2.0.116
[INFO] [stderr]    Compiling lru v0.14.0
[INFO] [stderr]    Compiling clang-sys v1.8.1
[INFO] [stderr]    Compiling simple-dns v0.9.3
[INFO] [stderr]    Compiling getrandom v0.4.3
[INFO] [stderr]    Compiling vmm-sys-util v0.15.0
[INFO] [stderr]    Compiling errno v0.3.14
[INFO] [stderr]    Compiling socket2 v0.6.3
[INFO] [stderr]    Compiling mio v1.1.1
[INFO] [stderr]    Compiling getrandom v0.2.17
[INFO] [stderr]    Compiling socket2 v0.5.10
[INFO] [stderr]    Compiling signal-hook-registry v1.4.8
[INFO] [stderr]    Compiling rand v0.10.2
[INFO] [stderr]    Compiling regex-automata v0.4.14
[INFO] [stderr]    Compiling jobserver v0.1.34
[INFO] [stderr]    Compiling fslock v0.2.1
[INFO] [stderr]    Compiling cc v1.2.56
[INFO] [stderr]    Compiling uuid v1.26.0
[INFO] [stderr]    Compiling time v0.3.47
[INFO] [stderr]    Compiling cexpr v0.6.0
[INFO] [stderr]    Compiling cmake v0.1.57
[INFO] [stderr]    Compiling ring v0.17.14
[INFO] [stderr]    Compiling regex v1.12.3
[INFO] [stderr]    Compiling aws-lc-sys v0.38.0
[INFO] [stderr]    Compiling yasna v0.5.2
[INFO] [stderr]    Compiling thiserror-impl v2.0.18
[INFO] [stderr]    Compiling serde_derive v1.0.228
[INFO] [stderr]    Compiling foreign-types-macros v0.2.3
[INFO] [stderr]    Compiling tokio-macros v2.6.1
[INFO] [stderr]    Compiling tracing-attributes v0.1.31
[INFO] [stderr]    Compiling openssl-macros v0.1.1
[INFO] [stderr]    Compiling foreign-types v0.5.0
[INFO] [stderr]    Compiling tokio v1.50.0
[INFO] [stderr]    Compiling tracing v0.1.44
[INFO] [stderr]    Compiling thiserror v2.0.18
[INFO] [stderr]    Compiling vm-memory v0.18.0
[INFO] [stderr]    Compiling vhost v0.17.0
[INFO] [stderr]    Compiling virtio-queue v0.18.0
[INFO] [stderr]    Compiling serde v1.0.228
[INFO] [stderr]    Compiling vhost-user-backend v0.23.0
[INFO] [stderr]    Compiling vm-proto v2.0.2
[INFO] [stderr]    Compiling vm-ch v2.0.2
[INFO] [stderr]    Compiling vm-measure v2.0.2
[INFO] [stderr]    Compiling vm-core v2.0.2
[INFO] [stderr]    Compiling boring-sys v4.21.2
[INFO] [stderr]    Compiling rcgen v0.13.2
[INFO] [stderr] warning: aws-lc-sys@0.38.0: Environment Variable found 'CARGO_ENCODED_RUSTFLAGS': '--cap-lints=warn'
[INFO] [stderr] warning: aws-lc-sys@0.38.0: Emitting configuration: cargo:rustc-cfg=universal
[INFO] [stderr] warning: aws-lc-sys@0.38.0: Building with: CC
[INFO] [stderr] warning: aws-lc-sys@0.38.0: Symbol Prefix: Some("aws_lc_0_38_0")
[INFO] [stderr] warning: aws-lc-sys@0.38.0: Target platform: 'x86_64-unknown-linux-gnu'
[INFO] [stderr] warning: aws-lc-sys@0.38.0: Compilation of 'c11.c' succeeded - Ok(["/opt/rustwide/target/release/build/aws-lc-sys-1da4d9922321cd33/out/out-c11/7dfda64fdf5a526c-c11.o"]).
[INFO] [stderr] warning: aws-lc-sys@0.38.0: Using flag: -ffile-prefix-map=/opt/rustwide/cargo-home/registry/src/index.crates.io-1949cf8c6b5b557f/aws-lc-sys-0.38.0=
[INFO] [stderr] warning: aws-lc-sys@0.38.0: Compilation of 'stdalign_check.c' succeeded - Ok(["/opt/rustwide/target/release/build/aws-lc-sys-1da4d9922321cd33/out/out-stdalign_check/7dfda64fdf5a526c-stdalign_check.o"]).
[INFO] [stderr] warning: aws-lc-sys@0.38.0: Compilation of 'builtin_swap_check.c' succeeded - Ok(["/opt/rustwide/target/release/build/aws-lc-sys-1da4d9922321cd33/out/out-builtin_swap_check/7dfda64fdf5a526c-builtin_swap_check.o"]).
[INFO] [stderr] warning: aws-lc-sys@0.38.0: Compilation of 'linux_random_h.c' succeeded - Ok(["/opt/rustwide/target/release/build/aws-lc-sys-1da4d9922321cd33/out/out-linux_random_h/7dfda64fdf5a526c-linux_random_h.o"]).
[INFO] [stderr] warning: aws-lc-sys@0.38.0: cc: fatal error: Killed signal terminated program cc1
[INFO] [stderr] warning: aws-lc-sys@0.38.0: compilation terminated.
[INFO] [stderr] warning: aws-lc-sys@0.38.0: ToolExecError: command did not execute successfully (status code exit status: 1): LC_ALL="C" "cc" "-O3" "-ffunction-sections" "-fdata-sections" "-fPIC" "-m64" "-std=c11" "-I" "/opt/rustwide/cargo-home/registry/src/index.crates.io-1949cf8c6b5b557f/aws-lc-sys-0.38.0/generated-include" "-I" "/opt/rustwide/cargo-home/registry/src/index.crates.io-1949cf8c6b5b557f/aws-lc-sys-0.38.0/include" "-I" "/opt/rustwide/cargo-home/registry/src/index.crates.io-1949cf8c6b5b557f/aws-lc-sys-0.38.0/aws-lc/include" "-I" "/opt/rustwide/cargo-home/registry/src/index.crates.io-1949cf8c6b5b557f/aws-lc-sys-0.38.0/aws-lc/third_party/s2n-bignum/include" "-I" "/opt/rustwide/cargo-home/registry/src/index.crates.io-1949cf8c6b5b557f/aws-lc-sys-0.38.0/aws-lc/third_party/s2n-bignum/s2n-bignum-imported/include" "-I" "/opt/rustwide/cargo-home/registry/src/index.crates.io-1949cf8c6b5b557f/aws-lc-sys-0.38.0/aws-lc/third_party/jitterentropy/jitterentropy-library" "-Wall" "-Wextra" "-Wno-unused-parameter" "-pthread" "-ffile-prefix-map=/opt/rustwide/cargo-home/registry/src/index.crates.io-1949cf8c6b5b557f/aws-lc-sys-0.38.0=" "-D_XOPEN_SOURCE=700" "-DBORINGSSL_IMPLEMENTATION=1" "-DBORINGSSL_PREFIX=aws_lc_0_38_0" "-DAWS_LC_STDALIGN_AVAILABLE=1" "-DAWS_LC_BUILTIN_SWAP_SUPPORTED=1" "-DHAVE_LINUX_RANDOM_H=1" "-o" "/opt/rustwide/target/release/build/aws-lc-sys-1da4d9922321cd33/out/f8e4fd781484bd36-bcm.o" "-c" "/opt/rustwide/cargo-home/registry/src/index.crates.io-1949cf8c6b5b557f/aws-lc-sys-0.38.0/aws-lc/crypto/fipsmodule/bcm.c"
[INFO] [stderr] error: failed to run custom build command for `aws-lc-sys v0.38.0`
[INFO] [stderr] note: To improve backtraces for build dependencies, set the CARGO_PROFILE_RELEASE_BUILD_OVERRIDE_DEBUG=true environment variable to enable debug information generation.
[INFO] [stderr] 
[INFO] [stderr] Caused by:
[INFO] [stderr]   process didn't exit successfully: `/opt/rustwide/target/release/build/aws-lc-sys-0809f2cf302f1690/build-script-main` (exit status: 1)
[INFO] [stderr]   --- stdout
[INFO] [stderr]   cargo:rerun-if-env-changed=AWS_LC_SYS_NO_PREFIX_x86_64_unknown_linux_gnu
[INFO] [stderr]   cargo:rerun-if-env-changed=AWS_LC_SYS_NO_PREFIX
[INFO] [stderr]   cargo:rerun-if-env-changed=AWS_LC_SYS_PREGENERATING_BINDINGS_x86_64_unknown_linux_gnu
[INFO] [stderr]   cargo:rerun-if-env-changed=AWS_LC_SYS_PREGENERATING_BINDINGS
[INFO] [stderr]   cargo:rerun-if-env-changed=AWS_LC_SYS_EXTERNAL_BINDGEN_x86_64_unknown_linux_gnu
[INFO] [stderr]   cargo:rerun-if-env-changed=AWS_LC_SYS_EXTERNAL_BINDGEN
[INFO] [stderr]   cargo:rerun-if-env-changed=AWS_LC_SYS_NO_ASM_x86_64_unknown_linux_gnu
[INFO] [stderr]   cargo:rerun-if-env-changed=AWS_LC_SYS_NO_ASM
[INFO] [stderr]   cargo:rerun-if-env-changed=AWS_LC_SYS_PREBUILT_NASM_x86_64_unknown_linux_gnu
[INFO] [stderr]   cargo:rerun-if-env-changed=AWS_LC_SYS_PREBUILT_NASM
[INFO] [stderr]   cargo:rerun-if-env-changed=AWS_LC_SYS_C_STD_x86_64_unknown_linux_gnu
[INFO] [stderr]   cargo:rerun-if-env-changed=AWS_LC_SYS_C_STD
[INFO] [stderr]   cargo:rerun-if-env-changed=AWS_LC_SYS_CMAKE_BUILDER_x86_64_unknown_linux_gnu
[INFO] [stderr]   cargo:rerun-if-env-changed=AWS_LC_SYS_CMAKE_BUILDER
[INFO] [stderr]   cargo:rerun-if-env-changed=AWS_LC_SYS_NO_PREGENERATED_SRC_x86_64_unknown_linux_gnu
[INFO] [stderr]   cargo:rerun-if-env-changed=AWS_LC_SYS_NO_PREGENERATED_SRC
[INFO] [stderr]   cargo:rerun-if-env-changed=AWS_LC_SYS_EFFECTIVE_TARGET_x86_64_unknown_linux_gnu
[INFO] [stderr]   cargo:rerun-if-env-changed=AWS_LC_SYS_EFFECTIVE_TARGET
[INFO] [stderr]   cargo:rerun-if-env-changed=AWS_LC_SYS_NO_JITTER_ENTROPY_x86_64_unknown_linux_gnu
[INFO] [stderr]   cargo:rerun-if-env-changed=AWS_LC_SYS_NO_JITTER_ENTROPY
[INFO] [stderr]   cargo:rerun-if-env-changed=AWS_LC_SYS_NO_U1_BINDINGS_x86_64_unknown_linux_gnu
[INFO] [stderr]   cargo:rerun-if-env-changed=AWS_LC_SYS_NO_U1_BINDINGS
[INFO] [stderr]   cargo:rerun-if-env-changed=CARGO_ENCODED_RUSTFLAGS
[INFO] [stderr]   cargo:warning=Environment Variable found 'CARGO_ENCODED_RUSTFLAGS': '--cap-lints=warn'
[INFO] [stderr]   cargo:warning=Emitting configuration: cargo:rustc-cfg=universal
[INFO] [stderr]   cargo:rustc-cfg=universal
[INFO] [stderr]   cargo:rerun-if-env-changed=AWS_LC_SYS_STATIC_x86_64_unknown_linux_gnu
[INFO] [stderr]   cargo:rerun-if-env-changed=AWS_LC_SYS_STATIC
[INFO] [stderr]   cargo:rerun-if-env-changed=CARGO_FEATURE_SSL
[INFO] [stderr]   cargo:warning=Building with: CC
[INFO] [stderr]   cargo:warning=Symbol Prefix: Some("aws_lc_0_38_0")
[INFO] [stderr]   cargo:rerun-if-env-changed=CARGO_FEATURE_SSL
[INFO] [stderr]   cargo:warning=Target platform: 'x86_64-unknown-linux-gnu'
[INFO] [stderr]   cargo:root=/opt/rustwide/target/release/build/aws-lc-sys-1da4d9922321cd33/out
[INFO] [stderr]   cargo:rerun-if-env-changed=AWS_LC_SYS_TARGET_CFLAGS_x86_64_unknown_linux_gnu
[INFO] [stderr]   cargo:rerun-if-env-changed=AWS_LC_SYS_TARGET_CFLAGS
[INFO] [stderr]   cargo:rerun-if-env-changed=TARGET_CFLAGS_x86_64_unknown_linux_gnu
[INFO] [stderr]   cargo:rerun-if-env-changed=TARGET_CFLAGS
[INFO] [stderr]   cargo:rerun-if-env-changed=AWS_LC_SYS_CFLAGS_x86_64_unknown_linux_gnu
[INFO] [stderr]   cargo:rerun-if-env-changed=AWS_LC_SYS_CFLAGS
[INFO] [stderr]   cargo:rerun-if-env-changed=CFLAGS_x86_64_unknown_linux_gnu
[INFO] [stderr]   cargo:rerun-if-env-changed=CFLAGS
[INFO] [stderr]   OPT_LEVEL = Some(3)
[INFO] [stderr]   OUT_DIR = Some(/opt/rustwide/target/release/build/aws-lc-sys-1da4d9922321cd33/out)
[INFO] [stderr]   TARGET = Some(x86_64-unknown-linux-gnu)
[INFO] [stderr]   CARGO_ENCODED_RUSTFLAGS = Some(--cap-lints=warn)
[INFO] [stderr]   HOST = Some(x86_64-unknown-linux-gnu)
[INFO] [stderr]   cargo:rerun-if-env-changed=CC_x86_64-unknown-linux-gnu
[INFO] [stderr]   CC_x86_64-unknown-linux-gnu = None
[INFO] [stderr]   cargo:rerun-if-env-changed=CC_x86_64_unknown_linux_gnu
[INFO] [stderr]   CC_x86_64_unknown_linux_gnu = None
[INFO] [stderr]   cargo:rerun-if-env-changed=HOST_CC
[INFO] [stderr]   HOST_CC = None
[INFO] [stderr]   cargo:rerun-if-env-changed=CC
[INFO] [stderr]   CC = None
[INFO] [stderr]   cargo:rerun-if-env-changed=CC_ENABLE_DEBUG_OUTPUT
[INFO] [stderr]   RUSTC_WRAPPER = None
[INFO] [stderr]   cargo:rerun-if-env-changed=CRATE_CC_NO_DEFAULTS
[INFO] [stderr]   CRATE_CC_NO_DEFAULTS = None
[INFO] [stderr]   DEBUG = Some(false)
[INFO] [stderr]   CARGO_CFG_TARGET_FEATURE = Some(fxsr,sse,sse2)
[INFO] [stderr]   cargo:rerun-if-env-changed=CFLAGS
[INFO] [stderr]   CFLAGS = None
[INFO] [stderr]   cargo:rerun-if-env-changed=HOST_CFLAGS
[INFO] [stderr]   HOST_CFLAGS = None
[INFO] [stderr]   cargo:rerun-if-env-changed=CFLAGS_x86_64_unknown_linux_gnu
[INFO] [stderr]   CFLAGS_x86_64_unknown_linux_gnu = None
[INFO] [stderr]   cargo:rerun-if-env-changed=CFLAGS_x86_64-unknown-linux-gnu
[INFO] [stderr]   CFLAGS_x86_64-unknown-linux-gnu = None
[INFO] [stderr]   OPT_LEVEL = Some(3)
[INFO] [stderr]   TARGET = Some(x86_64-unknown-linux-gnu)
[INFO] [stderr]   CARGO_ENCODED_RUSTFLAGS = Some(--cap-lints=warn)
[INFO] [stderr]   HOST = Some(x86_64-unknown-linux-gnu)
[INFO] [stderr]   cargo:rerun-if-env-changed=CC_x86_64-unknown-linux-gnu
[INFO] [stderr]   CC_x86_64-unknown-linux-gnu = None
[INFO] [stderr]   cargo:rerun-if-env-changed=CC_x86_64_unknown_linux_gnu
[INFO] [stderr]   CC_x86_64_unknown_linux_gnu = None
[INFO] [stderr]   cargo:rerun-if-env-changed=HOST_CC
[INFO] [stderr]   HOST_CC = None
[INFO] [stderr]   cargo:rerun-if-env-changed=CC
[INFO] [stderr]   CC = None
[INFO] [stderr]   cargo:rerun-if-env-changed=CC_ENABLE_DEBUG_OUTPUT
[INFO] [stderr]   RUSTC_WRAPPER = None
[INFO] [stderr]   cargo:rerun-if-env-changed=CRATE_CC_NO_DEFAULTS
[INFO] [stderr]   CRATE_CC_NO_DEFAULTS = None
[INFO] [stderr]   DEBUG = Some(false)
[INFO] [stderr]   CARGO_CFG_TARGET_FEATURE = Some(fxsr,sse,sse2)
[INFO] [stderr]   cargo:rerun-if-env-changed=CFLAGS
[INFO] [stderr]   CFLAGS = None
[INFO] [stderr]   cargo:rerun-if-env-changed=HOST_CFLAGS
[INFO] [stderr]   HOST_CFLAGS = None
[INFO] [stderr]   cargo:rerun-if-env-changed=CFLAGS_x86_64_unknown_linux_gnu
[INFO] [stderr]   CFLAGS_x86_64_unknown_linux_gnu = None
[INFO] [stderr]   cargo:rerun-if-env-changed=CFLAGS_x86_64-unknown-linux-gnu
[INFO] [stderr]   CFLAGS_x86_64-unknown-linux-gnu = None
[INFO] [stderr]   cargo:warning=Compilation of 'c11.c' succeeded - Ok(["/opt/rustwide/target/release/build/aws-lc-sys-1da4d9922321cd33/out/out-c11/7dfda64fdf5a526c-c11.o"]).
[INFO] [stderr]   cargo:rerun-if-env-changed=AWS_LC_SYS_TARGET_CC_x86_64_unknown_linux_gnu
[INFO] [stderr]   cargo:rerun-if-env-changed=AWS_LC_SYS_TARGET_CC
[INFO] [stderr]   cargo:rerun-if-env-changed=TARGET_CC_x86_64_unknown_linux_gnu
[INFO] [stderr]   cargo:rerun-if-env-changed=TARGET_CC
[INFO] [stderr]   cargo:rerun-if-env-changed=AWS_LC_SYS_CC_x86_64_unknown_linux_gnu
[INFO] [stderr]   cargo:rerun-if-env-changed=AWS_LC_SYS_CC
[INFO] [stderr]   cargo:rerun-if-env-changed=CC_x86_64_unknown_linux_gnu
[INFO] [stderr]   cargo:rerun-if-env-changed=CC
[INFO] [stderr]   cargo:rerun-if-env-changed=AWS_LC_SYS_TARGET_CXX_x86_64_unknown_linux_gnu
[INFO] [stderr]   cargo:rerun-if-env-changed=AWS_LC_SYS_TARGET_CXX
[INFO] [stderr]   cargo:rerun-if-env-changed=TARGET_CXX_x86_64_unknown_linux_gnu
[INFO] [stderr]   cargo:rerun-if-env-changed=TARGET_CXX
[INFO] [stderr]   cargo:rerun-if-env-changed=AWS_LC_SYS_CXX_x86_64_unknown_linux_gnu
[INFO] [stderr]   cargo:rerun-if-env-changed=AWS_LC_SYS_CXX
[INFO] [stderr]   cargo:rerun-if-env-changed=CXX_x86_64_unknown_linux_gnu
[INFO] [stderr]   cargo:rerun-if-env-changed=CXX
[INFO] [stderr]   OUT_DIR = Some(/opt/rustwide/target/release/build/aws-lc-sys-1da4d9922321cd33/out)
[INFO] [stderr]   cargo:rerun-if-env-changed=CC_ENABLE_DEBUG_OUTPUT
[INFO] [stderr]   cargo:rerun-if-env-changed=CRATE_CC_NO_DEFAULTS
[INFO] [stderr]   CRATE_CC_NO_DEFAULTS = None
[INFO] [stderr]   TARGET = Some(x86_64-unknown-linux-gnu)
[INFO] [stderr]   CARGO_CFG_TARGET_FEATURE = Some(fxsr,sse,sse2)
[INFO] [stderr]   HOST = Some(x86_64-unknown-linux-gnu)
[INFO] [stderr]   cargo:rerun-if-env-changed=CFLAGS
[INFO] [stderr]   CFLAGS = None
[INFO] [stderr]   cargo:rerun-if-env-changed=HOST_CFLAGS
[INFO] [stderr]   HOST_CFLAGS = None
[INFO] [stderr]   cargo:rerun-if-env-changed=CFLAGS_x86_64_unknown_linux_gnu
[INFO] [stderr]   CFLAGS_x86_64_unknown_linux_gnu = None
[INFO] [stderr]   cargo:rerun-if-env-changed=CFLAGS_x86_64-unknown-linux-gnu
[INFO] [stderr]   CFLAGS_x86_64-unknown-linux-gnu = None
[INFO] [stderr]   cargo:warning=Using flag: -ffile-prefix-map=/opt/rustwide/cargo-home/registry/src/index.crates.io-1949cf8c6b5b557f/aws-lc-sys-0.38.0=
[INFO] [stderr]   OPT_LEVEL = Some(3)
[INFO] [stderr]   TARGET = Some(x86_64-unknown-linux-gnu)
[INFO] [stderr]   CARGO_ENCODED_RUSTFLAGS = Some(--cap-lints=warn)
[INFO] [stderr]   HOST = Some(x86_64-unknown-linux-gnu)
[INFO] [stderr]   cargo:rerun-if-env-changed=CC_x86_64-unknown-linux-gnu
[INFO] [stderr]   CC_x86_64-unknown-linux-gnu = None
[INFO] [stderr]   cargo:rerun-if-env-changed=CC_x86_64_unknown_linux_gnu
[INFO] [stderr]   CC_x86_64_unknown_linux_gnu = None
[INFO] [stderr]   cargo:rerun-if-env-changed=HOST_CC
[INFO] [stderr]   HOST_CC = None
[INFO] [stderr]   cargo:rerun-if-env-changed=CC
[INFO] [stderr]   CC = None
[INFO] [stderr]   cargo:rerun-if-env-changed=CC_ENABLE_DEBUG_OUTPUT
[INFO] [stderr]   RUSTC_WRAPPER = None
[INFO] [stderr]   cargo:rerun-if-env-changed=CRATE_CC_NO_DEFAULTS
[INFO] [stderr]   CRATE_CC_NO_DEFAULTS = None
[INFO] [stderr]   DEBUG = Some(false)
[INFO] [stderr]   CARGO_CFG_TARGET_FEATURE = Some(fxsr,sse,sse2)
[INFO] [stderr]   cargo:rerun-if-env-changed=CFLAGS
[INFO] [stderr]   CFLAGS = None
[INFO] [stderr]   cargo:rerun-if-env-changed=HOST_CFLAGS
[INFO] [stderr]   HOST_CFLAGS = None
[INFO] [stderr]   cargo:rerun-if-env-changed=CFLAGS_x86_64_unknown_linux_gnu
[INFO] [stderr]   CFLAGS_x86_64_unknown_linux_gnu = None
[INFO] [stderr]   cargo:rerun-if-env-changed=CFLAGS_x86_64-unknown-linux-gnu
[INFO] [stderr]   CFLAGS_x86_64-unknown-linux-gnu = None
[INFO] [stderr]   cargo:warning=Compilation of 'stdalign_check.c' succeeded - Ok(["/opt/rustwide/target/release/build/aws-lc-sys-1da4d9922321cd33/out/out-stdalign_check/7dfda64fdf5a526c-stdalign_check.o"]).
[INFO] [stderr]   OPT_LEVEL = Some(3)
[INFO] [stderr]   TARGET = Some(x86_64-unknown-linux-gnu)
[INFO] [stderr]   CARGO_ENCODED_RUSTFLAGS = Some(--cap-lints=warn)
[INFO] [stderr]   HOST = Some(x86_64-unknown-linux-gnu)
[INFO] [stderr]   cargo:rerun-if-env-changed=CC_x86_64-unknown-linux-gnu
[INFO] [stderr]   CC_x86_64-unknown-linux-gnu = None
[INFO] [stderr]   cargo:rerun-if-env-changed=CC_x86_64_unknown_linux_gnu
[INFO] [stderr]   CC_x86_64_unknown_linux_gnu = None
[INFO] [stderr]   cargo:rerun-if-env-changed=HOST_CC
[INFO] [stderr]   HOST_CC = None
[INFO] [stderr]   cargo:rerun-if-env-changed=CC
[INFO] [stderr]   CC = None
[INFO] [stderr]   cargo:rerun-if-env-changed=CC_ENABLE_DEBUG_OUTPUT
[INFO] [stderr]   RUSTC_WRAPPER = None
[INFO] [stderr]   cargo:rerun-if-env-changed=CRATE_CC_NO_DEFAULTS
[INFO] [stderr]   CRATE_CC_NO_DEFAULTS = None
[INFO] [stderr]   DEBUG = Some(false)
[INFO] [stderr]   CARGO_CFG_TARGET_FEATURE = Some(fxsr,sse,sse2)
[INFO] [stderr]   cargo:rerun-if-env-changed=CFLAGS
[INFO] [stderr]   CFLAGS = None
[INFO] [stderr]   cargo:rerun-if-env-changed=HOST_CFLAGS
[INFO] [stderr]   HOST_CFLAGS = None
[INFO] [stderr]   cargo:rerun-if-env-changed=CFLAGS_x86_64_unknown_linux_gnu
[INFO] [stderr]   CFLAGS_x86_64_unknown_linux_gnu = None
[INFO] [stderr]   cargo:rerun-if-env-changed=CFLAGS_x86_64-unknown-linux-gnu
[INFO] [stderr]   CFLAGS_x86_64-unknown-linux-gnu = None
[INFO] [stderr]   cargo:warning=Compilation of 'builtin_swap_check.c' succeeded - Ok(["/opt/rustwide/target/release/build/aws-lc-sys-1da4d9922321cd33/out/out-builtin_swap_check/7dfda64fdf5a526c-builtin_swap_check.o"]).
[INFO] [stderr]   OPT_LEVEL = Some(3)
[INFO] [stderr]   TARGET = Some(x86_64-unknown-linux-gnu)
[INFO] [stderr]   CARGO_ENCODED_RUSTFLAGS = Some(--cap-lints=warn)
[INFO] [stderr]   HOST = Some(x86_64-unknown-linux-gnu)
[INFO] [stderr]   cargo:rerun-if-env-changed=CC_x86_64-unknown-linux-gnu
[INFO] [stderr]   CC_x86_64-unknown-linux-gnu = None
[INFO] [stderr]   cargo:rerun-if-env-changed=CC_x86_64_unknown_linux_gnu
[INFO] [stderr]   CC_x86_64_unknown_linux_gnu = None
[INFO] [stderr]   cargo:rerun-if-env-changed=HOST_CC
[INFO] [stderr]   HOST_CC = None
[INFO] [stderr]   cargo:rerun-if-env-changed=CC
[INFO] [stderr]   CC = None
[INFO] [stderr]   cargo:rerun-if-env-changed=CC_ENABLE_DEBUG_OUTPUT
[INFO] [stderr]   RUSTC_WRAPPER = None
[INFO] [stderr]   cargo:rerun-if-env-changed=CRATE_CC_NO_DEFAULTS
[INFO] [stderr]   CRATE_CC_NO_DEFAULTS = None
[INFO] [stderr]   DEBUG = Some(false)
[INFO] [stderr]   CARGO_CFG_TARGET_FEATURE = Some(fxsr,sse,sse2)
[INFO] [stderr]   cargo:rerun-if-env-changed=CFLAGS
[INFO] [stderr]   CFLAGS = None
[INFO] [stderr]   cargo:rerun-if-env-changed=HOST_CFLAGS
[INFO] [stderr]   HOST_CFLAGS = None
[INFO] [stderr]   cargo:rerun-if-env-changed=CFLAGS_x86_64_unknown_linux_gnu
[INFO] [stderr]   CFLAGS_x86_64_unknown_linux_gnu = None
[INFO] [stderr]   cargo:rerun-if-env-changed=CFLAGS_x86_64-unknown-linux-gnu
[INFO] [stderr]   CFLAGS_x86_64-unknown-linux-gnu = None
[INFO] [stderr]   cargo:warning=Compilation of 'linux_random_h.c' succeeded - Ok(["/opt/rustwide/target/release/build/aws-lc-sys-1da4d9922321cd33/out/out-linux_random_h/7dfda64fdf5a526c-linux_random_h.o"]).
[INFO] [stderr]   OPT_LEVEL = Some(3)
[INFO] [stderr]   OUT_DIR = Some(/opt/rustwide/target/release/build/aws-lc-sys-1da4d9922321cd33/out)
[INFO] [stderr]   TARGET = Some(x86_64-unknown-linux-gnu)
[INFO] [stderr]   CARGO_ENCODED_RUSTFLAGS = Some(--cap-lints=warn)
[INFO] [stderr]   HOST = Some(x86_64-unknown-linux-gnu)
[INFO] [stderr]   cargo:rerun-if-env-changed=CC_x86_64-unknown-linux-gnu
[INFO] [stderr]   CC_x86_64-unknown-linux-gnu = None
[INFO] [stderr]   cargo:rerun-if-env-changed=CC_x86_64_unknown_linux_gnu
[INFO] [stderr]   CC_x86_64_unknown_linux_gnu = None
[INFO] [stderr]   cargo:rerun-if-env-changed=HOST_CC
[INFO] [stderr]   HOST_CC = None
[INFO] [stderr]   cargo:rerun-if-env-changed=CC
[INFO] [stderr]   CC = None
[INFO] [stderr]   cargo:rerun-if-env-changed=CC_ENABLE_DEBUG_OUTPUT
[INFO] [stderr]   RUSTC_WRAPPER = None
[INFO] [stderr]   cargo:rerun-if-env-changed=CRATE_CC_NO_DEFAULTS
[INFO] [stderr]   CRATE_CC_NO_DEFAULTS = None
[INFO] [stderr]   DEBUG = Some(false)
[INFO] [stderr]   CARGO_CFG_TARGET_FEATURE = Some(fxsr,sse,sse2)
[INFO] [stderr]   cargo:rerun-if-env-changed=CFLAGS
[INFO] [stderr]   CFLAGS = None
[INFO] [stderr]   cargo:rerun-if-env-changed=HOST_CFLAGS
[INFO] [stderr]   HOST_CFLAGS = None
[INFO] [stderr]   cargo:rerun-if-env-changed=CFLAGS_x86_64_unknown_linux_gnu
[INFO] [stderr]   CFLAGS_x86_64_unknown_linux_gnu = None
[INFO] [stderr]   cargo:rerun-if-env-changed=CFLAGS_x86_64-unknown-linux-gnu
[INFO] [stderr]   CFLAGS_x86_64-unknown-linux-gnu = None
[INFO] [stderr]   cargo:rerun-if-env-changed=AWS_LC_SYS_TARGET_CFLAGS_x86_64_unknown_linux_gnu
[INFO] [stderr]   cargo:rerun-if-env-changed=AWS_LC_SYS_TARGET_CFLAGS
[INFO] [stderr]   cargo:rerun-if-env-changed=TARGET_CFLAGS_x86_64_unknown_linux_gnu
[INFO] [stderr]   cargo:rerun-if-env-changed=TARGET_CFLAGS
[INFO] [stderr]   cargo:rerun-if-env-changed=AWS_LC_SYS_CFLAGS_x86_64_unknown_linux_gnu
[INFO] [stderr]   cargo:rerun-if-env-changed=AWS_LC_SYS_CFLAGS
[INFO] [stderr]   cargo:rerun-if-env-changed=CFLAGS_x86_64_unknown_linux_gnu
[INFO] [stderr]   cargo:rerun-if-env-changed=CFLAGS
[INFO] [stderr]   exit status: 0
[INFO] [stderr]   exit status: 0
[INFO] [stderr]   exit status: 0
[INFO] [stderr]   exit status: 0
[INFO] [stderr]   exit status: 0
[INFO] [stderr]   exit status: 0
[INFO] [stderr]   exit status: 0
[INFO] [stderr]   exit status: 0
[INFO] [stderr]   exit status: 0
[INFO] [stderr]   exit status: 0
[INFO] [stderr]   exit status: 0
[INFO] [stderr]   exit status: 0
[INFO] [stderr]   exit status: 0
[INFO] [stderr]   exit status: 0
[INFO] [stderr]   exit status: 0
[INFO] [stderr]   exit status: 0
[INFO] [stderr]   exit status: 0
[INFO] [stderr]   exit status: 0
[INFO] [stderr]   exit status: 0
[INFO] [stderr]   exit status: 0
[INFO] [stderr]   exit status: 0
[INFO] [stderr]   exit status: 0
[INFO] [stderr]   exit status: 0
[INFO] [stderr]   exit status: 0
[INFO] [stderr]   exit status: 0
[INFO] [stderr]   exit status: 0
[INFO] [stderr]   exit status: 0
[INFO] [stderr]   exit status: 0
[INFO] [stderr]   exit status: 0
[INFO] [stderr]   exit status: 0
[INFO] [stderr]   exit status: 0
[INFO] [stderr]   exit status: 0
[INFO] [stderr]   exit status: 0
[INFO] [stderr]   exit status: 0
[INFO] [stderr]   exit status: 0
[INFO] [stderr]   exit status: 0
[INFO] [stderr]   exit status: 0
[INFO] [stderr]   exit status: 0
[INFO] [stderr]   exit status: 0
[INFO] [stderr]   exit status: 0
[INFO] [stderr]   exit status: 0
[INFO] [stderr]   exit status: 0
[INFO] [stderr]   exit status: 0
[INFO] [stderr]   exit status: 0
[INFO] [stderr]   exit status: 0
[INFO] [stderr]   exit status: 0
[INFO] [stderr]   exit status: 0
[INFO] [stderr]   exit status: 0
[INFO] [stderr]   exit status: 0
[INFO] [stderr]   exit status: 0
[INFO] [stderr]   exit status: 0
[INFO] [stderr]   OUT_DIR = Some(/opt/rustwide/target/release/build/aws-lc-sys-1da4d9922321cd33/out)
[INFO] [stderr]   OPT_LEVEL = Some(3)
[INFO] [stderr]   TARGET = Some(x86_64-unknown-linux-gnu)
[INFO] [stderr]   CARGO_ENCODED_RUSTFLAGS = Some(--cap-lints=warn)
[INFO] [stderr]   HOST = Some(x86_64-unknown-linux-gnu)
[INFO] [stderr]   cargo:rerun-if-env-changed=CC_x86_64-unknown-linux-gnu
[INFO] [stderr]   CC_x86_64-unknown-linux-gnu = None
[INFO] [stderr]   cargo:rerun-if-env-changed=CC_x86_64_unknown_linux_gnu
[INFO] [stderr]   CC_x86_64_unknown_linux_gnu = None
[INFO] [stderr]   cargo:rerun-if-env-changed=HOST_CC
[INFO] [stderr]   HOST_CC = None
[INFO] [stderr]   cargo:rerun-if-env-changed=CC
[INFO] [stderr]   CC = None
[INFO] [stderr]   cargo:rerun-if-env-changed=CC_ENABLE_DEBUG_OUTPUT
[INFO] [stderr]   RUSTC_WRAPPER = None
[INFO] [stderr]   cargo:rerun-if-env-changed=CRATE_CC_NO_DEFAULTS
[INFO] [stderr]   CRATE_CC_NO_DEFAULTS = None
[INFO] [stderr]   DEBUG = Some(false)
[INFO] [stderr]   CARGO_CFG_TARGET_FEATURE = Some(fxsr,sse,sse2)
[INFO] [stderr]   cargo:rerun-if-env-changed=CFLAGS
[INFO] [stderr]   CFLAGS = None
[INFO] [stderr]   cargo:rerun-if-env-changed=HOST_CFLAGS
[INFO] [stderr]   HOST_CFLAGS = None
[INFO] [stderr]   cargo:rerun-if-env-changed=CFLAGS_x86_64_unknown_linux_gnu
[INFO] [stderr]   CFLAGS_x86_64_unknown_linux_gnu = None
[INFO] [stderr]   cargo:rerun-if-env-changed=CFLAGS_x86_64-unknown-linux-gnu
[INFO] [stderr]   CFLAGS_x86_64-unknown-linux-gnu = None
[INFO] [stderr]   exit status: 0
[INFO] [stderr]   exit status: 0
[INFO] [stderr]   exit status: 0
[INFO] [stderr]   exit status: 0
[INFO] [stderr]   exit status: 0
[INFO] [stderr]   exit status: 0
[INFO] [stderr]   exit status: 0
[INFO] [stderr]   exit status: 0
[INFO] [stderr]   exit status: 0
[INFO] [stderr]   exit status: 0
[INFO] [stderr]   exit status: 0
[INFO] [stderr]   exit status: 0
[INFO] [stderr]   exit status: 0
[INFO] [stderr]   exit status: 0
[INFO] [stderr]   exit status: 0
[INFO] [stderr]   exit status: 0
[INFO] [stderr]   exit status: 0
[INFO] [stderr]   exit status: 0
[INFO] [stderr]   exit status: 0
[INFO] [stderr]   exit status: 0
[INFO] [stderr]   exit status: 0
[INFO] [stderr]   exit status: 0
[INFO] [stderr]   exit status: 0
[INFO] [stderr]   exit status: 0
[INFO] [stderr]   exit status: 0
[INFO] [stderr]   exit status: 0
[INFO] [stderr]   exit status: 0
[INFO] [stderr]   exit status: 0
[INFO] [stderr]   exit status: 0
[INFO] [stderr]   exit status: 0
[INFO] [stderr]   exit status: 0
[INFO] [stderr]   exit status: 0
[INFO] [stderr]   exit status: 0
[INFO] [stderr]   exit status: 0
[INFO] [stderr]   exit status: 0
[INFO] [stderr]   exit status: 0
[INFO] [stderr]   exit status: 0
[INFO] [stderr]   exit status: 0
[INFO] [stderr]   exit status: 0
[INFO] [stderr]   exit status: 0
[INFO] [stderr]   exit status: 0
[INFO] [stderr]   exit status: 0
[INFO] [stderr]   exit status: 0
[INFO] [stderr]   exit status: 0
[INFO] [stderr]   exit status: 0
[INFO] [stderr]   exit status: 0
[INFO] [stderr]   exit status: 0
[INFO] [stderr]   exit status: 0
[INFO] [stderr]   exit status: 0
[INFO] [stderr]   exit status: 0
[INFO] [stderr]   exit status: 0
[INFO] [stderr]   exit status: 0
[INFO] [stderr]   exit status: 0
[INFO] [stderr]   exit status: 0
[INFO] [stderr]   exit status: 0
[INFO] [stderr]   exit status: 0
[INFO] [stderr]   exit status: 0
[INFO] [stderr]   exit status: 0
[INFO] [stderr]   exit status: 0
[INFO] [stderr]   exit status: 0
[INFO] [stderr]   exit status: 0
[INFO] [stderr]   exit status: 0
[INFO] [stderr]   exit status: 0
[INFO] [stderr]   exit status: 0
[INFO] [stderr]   exit status: 0
[INFO] [stderr]   exit status: 0
[INFO] [stderr]   exit status: 0
[INFO] [stderr]   exit status: 0
[INFO] [stderr]   exit status: 0
[INFO] [stderr]   exit status: 0
[INFO] [stderr]   exit status: 0
[INFO] [stderr]   exit status: 0
[INFO] [stderr]   exit status: 0
[INFO] [stderr]   exit status: 0
[INFO] [stderr]   exit status: 0
[INFO] [stderr]   exit status: 0
[INFO] [stderr]   exit status: 0
[INFO] [stderr]   exit status: 0
[INFO] [stderr]   exit status: 0
[INFO] [stderr]   exit status: 0
[INFO] [stderr]   exit status: 0
[INFO] [stderr]   exit status: 0
[INFO] [stderr]   exit status: 0
[INFO] [stderr]   exit status: 0
[INFO] [stderr]   exit status: 0
[INFO] [stderr]   exit status: 0
[INFO] [stderr]   exit status: 0
[INFO] [stderr]   exit status: 0
[INFO] [stderr]   exit status: 0
[INFO] [stderr]   exit status: 0
[INFO] [stderr]   exit status: 0
[INFO] [stderr]   exit status: 0
[INFO] [stderr]   exit status: 0
[INFO] [stderr]   exit status: 0
[INFO] [stderr]   exit status: 0
[INFO] [stderr]   exit status: 0
[INFO] [stderr]   exit status: 0
[INFO] [stderr]   exit status: 0
[INFO] [stderr]   exit status: 0
[INFO] [stderr]   exit status: 0
[INFO] [stderr]   exit status: 0
[INFO] [stderr]   exit status: 0
[INFO] [stderr]   exit status: 0
[INFO] [stderr]   exit status: 0
[INFO] [stderr]   exit status: 0
[INFO] [stderr]   exit status: 0
[INFO] [stderr]   exit status: 0
[INFO] [stderr]   exit status: 0
[INFO] [stderr]   exit status: 0
[INFO] [stderr]   exit status: 0
[INFO] [stderr]   exit status: 0
[INFO] [stderr]   exit status: 0
[INFO] [stderr]   exit status: 0
[INFO] [stderr]   exit status: 0
[INFO] [stderr]   exit status: 0
[INFO] [stderr]   exit status: 0
[INFO] [stderr]   exit status: 0
[INFO] [stderr]   exit status: 0
[INFO] [stderr]   exit status: 0
[INFO] [stderr]   exit status: 0
[INFO] [stderr]   exit status: 0
[INFO] [stderr]   exit status: 0
[INFO] [stderr]   exit status: 0
[INFO] [stderr]   exit status: 0
[INFO] [stderr]   exit status: 0
[INFO] [stderr]   exit status: 0
[INFO] [stderr]   exit status: 0
[INFO] [stderr]   exit status: 0
[INFO] [stderr]   exit status: 0
[INFO] [stderr]   exit status: 0
[INFO] [stderr]   exit status: 0
[INFO] [stderr]   exit status: 0
[INFO] [stderr]   exit status: 0
[INFO] [stderr]   exit status: 0
[INFO] [stderr]   exit status: 0
[INFO] [stderr]   exit status: 0
[INFO] [stderr]   exit status: 0
[INFO] [stderr]   exit status: 0
[INFO] [stderr]   exit status: 0
[INFO] [stderr]   exit status: 0
[INFO] [stderr]   exit status: 0
[INFO] [stderr]   exit status: 0
[INFO] [stderr]   exit status: 0
[INFO] [stderr]   exit status: 0
[INFO] [stderr]   exit status: 0
[INFO] [stderr]   exit status: 0
[INFO] [stderr]   exit status: 0
[INFO] [stderr]   exit status: 0
[INFO] [stderr]   exit status: 0
[INFO] [stderr]   exit status: 0
[INFO] [stderr]   exit status: 0
[INFO] [stderr]   exit status: 0
[INFO] [stderr]   exit status: 0
[INFO] [stderr]   exit status: 0
[INFO] [stderr]   exit status: 0
[INFO] [stderr]   exit status: 0
[INFO] [stderr]   exit status: 0
[INFO] [stderr]   exit status: 0
[INFO] [stderr]   exit status: 0
[INFO] [stderr]   exit status: 0
[INFO] [stderr]   exit status: 0
[INFO] [stderr]   exit status: 0
[INFO] [stderr]   exit status: 0
[INFO] [stderr]   exit status: 0
[INFO] [stderr]   exit status: 0
[INFO] [stderr]   exit status: 0
[INFO] [stderr]   exit status: 0
[INFO] [stderr]   exit status: 0
[INFO] [stderr]   exit status: 0
[INFO] [stderr]   exit status: 0
[INFO] [stderr]   exit status: 0
[INFO] [stderr]   exit status: 0
[INFO] [stderr]   exit status: 0
[INFO] [stderr]   exit status: 0
[INFO] [stderr]   exit status: 0
[INFO] [stderr]   exit status: 0
[INFO] [stderr]   exit status: 0
[INFO] [stderr]   exit status: 0
[INFO] [stderr]   exit status: 0
[INFO] [stderr]   exit status: 0
[INFO] [stderr]   exit status: 0
[INFO] [stderr]   exit status: 0
[INFO] [stderr]   exit status: 0
[INFO] [stderr]   exit status: 0
[INFO] [stderr]   exit status: 0
[INFO] [stderr]   exit status: 0
[INFO] [stderr]   exit status: 0
[INFO] [stderr]   exit status: 0
[INFO] [stderr]   exit status: 0
[INFO] [stderr]   exit status: 0
[INFO] [stderr]   exit status: 0
[INFO] [stderr]   exit status: 0
[INFO] [stderr]   exit status: 0
[INFO] [stderr]   exit status: 0
[INFO] [stderr]   exit status: 0
[INFO] [stderr]   exit status: 0
[INFO] [stderr]   exit status: 0
[INFO] [stderr]   exit status: 0
[INFO] [stderr]   exit status: 0
[INFO] [stderr]   exit status: 0
[INFO] [stderr]   exit status: 0
[INFO] [stderr]   exit status: 0
[INFO] [stderr]   exit status: 0
[INFO] [stderr]   exit status: 0
[INFO] [stderr]   exit status: 0
[INFO] [stderr]   exit status: 0
[INFO] [stderr]   exit status: 0
[INFO] [stderr]   exit status: 0
[INFO] [stderr]   exit status: 0
[INFO] [stderr]   exit status: 0
[INFO] [stderr]   exit status: 0
[INFO] [stderr]   exit status: 0
[INFO] [stderr]   exit status: 0
[INFO] [stderr]   exit status: 0
[INFO] [stderr]   exit status: 0
[INFO] [stderr]   exit status: 0
[INFO] [stderr]   exit status: 0
[INFO] [stderr]   exit status: 0
[INFO] [stderr]   exit status: 0
[INFO] [stderr]   exit status: 0
[INFO] [stderr]   exit status: 0
[INFO] [stderr]   exit status: 0
[INFO] [stderr]   exit status: 0
[INFO] [stderr]   exit status: 0
[INFO] [stderr]   exit status: 0
[INFO] [stderr]   exit status: 0
[INFO] [stderr]   exit status: 0
[INFO] [stderr]   exit status: 0
[INFO] [stderr]   exit status: 0
[INFO] [stderr]   exit status: 0
[INFO] [stderr]   exit status: 0
[INFO] [stderr]   exit status: 0
[INFO] [stderr]   exit status: 0
[INFO] [stderr]   exit status: 0
[INFO] [stderr]   exit status: 0
[INFO] [stderr]   exit status: 0
[INFO] [stderr]   exit status: 0
[INFO] [stderr]   exit status: 0
[INFO] [stderr]   exit status: 0
[INFO] [stderr]   exit status: 0
[INFO] [stderr]   exit status: 0
[INFO] [stderr]   exit status: 0
[INFO] [stderr]   exit status: 0
[INFO] [stderr]   exit status: 0
[INFO] [stderr]   exit status: 0
[INFO] [stderr]   exit status: 0
[INFO] [stderr]   exit status: 0
[INFO] [stderr]   exit status: 0
[INFO] [stderr]   exit status: 0
[INFO] [stderr]   exit status: 0
[INFO] [stderr]   exit status: 0
[INFO] [stderr]   exit status: 0
[INFO] [stderr]   exit status: 0
[INFO] [stderr]   exit status: 0
[INFO] [stderr]   exit status: 0
[INFO] [stderr]   exit status: 0
[INFO] [stderr]   exit status: 0
[INFO] [stderr]   exit status: 0
[INFO] [stderr]   exit status: 0
[INFO] [stderr]   exit status: 0
[INFO] [stderr]   exit status: 0
[INFO] [stderr]   exit status: 0
[INFO] [stderr]   exit status: 0
[INFO] [stderr]   exit status: 0
[INFO] [stderr]   exit status: 0
[INFO] [stderr]   exit status: 0
[INFO] [stderr]   exit status: 0
[INFO] [stderr]   exit status: 0
[INFO] [stderr]   exit status: 0
[INFO] [stderr]   exit status: 0
[INFO] [stderr]   exit status: 0
[INFO] [stderr]   exit status: 0
[INFO] [stderr]   exit status: 0
[INFO] [stderr]   exit status: 0
[INFO] [stderr]   exit status: 0
[INFO] [stderr]   exit status: 0
[INFO] [stderr]   exit status: 0
[INFO] [stderr]   exit status: 0
[INFO] [stderr]   exit status: 0
[INFO] [stderr]   exit status: 0
[INFO] [stderr]   exit status: 0
[INFO] [stderr]   exit status: 0
[INFO] [stderr]   exit status: 0
[INFO] [stderr]   exit status: 0
[INFO] [stderr]   exit status: 0
[INFO] [stderr]   exit status: 0
[INFO] [stderr]   cargo:warning=cc: fatal error: Killed signal terminated program cc1
[INFO] [stderr]   cargo:warning=compilation terminated.
[INFO] [stderr]   exit status: 0
[INFO] [stderr]   exit status: 0
[INFO] [stderr]   exit status: 0
[INFO] [stderr]   exit status: 0
[INFO] [stderr]   exit status: 0
[INFO] [stderr]   exit status: 1
[INFO] [stderr]   cargo:warning=ToolExecError: command did not execute successfully (status code exit status: 1): LC_ALL="C" "cc" "-O3" "-ffunction-sections" "-fdata-sections" "-fPIC" "-m64" "-std=c11" "-I" "/opt/rustwide/cargo-home/registry/src/index.crates.io-1949cf8c6b5b557f/aws-lc-sys-0.38.0/generated-include" "-I" "/opt/rustwide/cargo-home/registry/src/index.crates.io-1949cf8c6b5b557f/aws-lc-sys-0.38.0/include" "-I" "/opt/rustwide/cargo-home/registry/src/index.crates.io-1949cf8c6b5b557f/aws-lc-sys-0.38.0/aws-lc/include" "-I" "/opt/rustwide/cargo-home/registry/src/index.crates.io-1949cf8c6b5b557f/aws-lc-sys-0.38.0/aws-lc/third_party/s2n-bignum/include" "-I" "/opt/rustwide/cargo-home/registry/src/index.crates.io-1949cf8c6b5b557f/aws-lc-sys-0.38.0/aws-lc/third_party/s2n-bignum/s2n-bignum-imported/include" "-I" "/opt/rustwide/cargo-home/registry/src/index.crates.io-1949cf8c6b5b557f/aws-lc-sys-0.38.0/aws-lc/third_party/jitterentropy/jitterentropy-library" "-Wall" "-Wextra" "-Wno-unused-parameter" "-pthread" "-ffile-prefix-map=/opt/rustwide/cargo-home/registry/src/index.crates.io-1949cf8c6b5b557f/aws-lc-sys-0.38.0=" "-D_XOPEN_SOURCE=700" "-DBORINGSSL_IMPLEMENTATION=1" "-DBORINGSSL_PREFIX=aws_lc_0_38_0" "-DAWS_LC_STDALIGN_AVAILABLE=1" "-DAWS_LC_BUILTIN_SWAP_SUPPORTED=1" "-DHAVE_LINUX_RANDOM_H=1" "-o" "/opt/rustwide/target/release/build/aws-lc-sys-1da4d9922321cd33/out/f8e4fd781484bd36-bcm.o" "-c" "/opt/rustwide/cargo-home/registry/src/index.crates.io-1949cf8c6b5b557f/aws-lc-sys-0.38.0/aws-lc/crypto/fipsmodule/bcm.c"
[INFO] [stderr] 
[INFO] [stderr]   --- stderr
[INFO] [stderr] 
[INFO] [stderr] 
[INFO] [stderr]   error occurred in cc-rs: command did not execute successfully (status code exit status: 1): LC_ALL="C" "cc" "-O3" "-ffunction-sections" "-fdata-sections" "-fPIC" "-m64" "-std=c11" "-I" "/opt/rustwide/cargo-home/registry/src/index.crates.io-1949cf8c6b5b557f/aws-lc-sys-0.38.0/generated-include" "-I" "/opt/rustwide/cargo-home/registry/src/index.crates.io-1949cf8c6b5b557f/aws-lc-sys-0.38.0/include" "-I" "/opt/rustwide/cargo-home/registry/src/index.crates.io-1949cf8c6b5b557f/aws-lc-sys-0.38.0/aws-lc/include" "-I" "/opt/rustwide/cargo-home/registry/src/index.crates.io-1949cf8c6b5b557f/aws-lc-sys-0.38.0/aws-lc/third_party/s2n-bignum/include" "-I" "/opt/rustwide/cargo-home/registry/src/index.crates.io-1949cf8c6b5b557f/aws-lc-sys-0.38.0/aws-lc/third_party/s2n-bignum/s2n-bignum-imported/include" "-I" "/opt/rustwide/cargo-home/registry/src/index.crates.io-1949cf8c6b5b557f/aws-lc-sys-0.38.0/aws-lc/third_party/jitterentropy/jitterentropy-library" "-Wall" "-Wextra" "-Wno-unused-parameter" "-pthread" "-ffile-prefix-map=/opt/rustwide/cargo-home/registry/src/index.crates.io-1949cf8c6b5b557f/aws-lc-sys-0.38.0=" "-D_XOPEN_SOURCE=700" "-DBORINGSSL_IMPLEMENTATION=1" "-DBORINGSSL_PREFIX=aws_lc_0_38_0" "-DAWS_LC_STDALIGN_AVAILABLE=1" "-DAWS_LC_BUILTIN_SWAP_SUPPORTED=1" "-DHAVE_LINUX_RANDOM_H=1" "-o" "/opt/rustwide/target/release/build/aws-lc-sys-1da4d9922321cd33/out/f8e4fd781484bd36-bcm.o" "-c" "/opt/rustwide/cargo-home/registry/src/index.crates.io-1949cf8c6b5b557f/aws-lc-sys-0.38.0/aws-lc/crypto/fipsmodule/bcm.c"
[INFO] [stderr] 
[INFO] [stderr] 
[INFO] [stderr] warning: build failed, waiting for other jobs to finish...
[INFO] [stderr] error: failed to run custom build command for `boring-sys v4.21.2`
[INFO] [stderr] note: To improve backtraces for build dependencies, set the CARGO_PROFILE_RELEASE_BUILD_OVERRIDE_DEBUG=true environment variable to enable debug information generation.
[INFO] [stderr] 
[INFO] [stderr] Caused by:
[INFO] [stderr]   process didn't exit successfully: `/opt/rustwide/target/release/build/boring-sys-0c0d66d066dbd382/build-script-main` (exit status: 101)
[INFO] [stderr]   --- stdout
[INFO] [stderr]   cargo:rerun-if-env-changed=BORING_BSSL_PATH_x86_64-unknown-linux-gnu
[INFO] [stderr]   cargo:rerun-if-env-changed=BORING_BSSL_PATH_x86_64_unknown_linux_gnu
[INFO] [stderr]   cargo:rerun-if-env-changed=HOST_BORING_BSSL_PATH
[INFO] [stderr]   cargo:rerun-if-env-changed=BORING_BSSL_PATH
[INFO] [stderr]   cargo:rerun-if-env-changed=BORING_BSSL_INCLUDE_PATH_x86_64-unknown-linux-gnu
[INFO] [stderr]   cargo:rerun-if-env-changed=BORING_BSSL_INCLUDE_PATH_x86_64_unknown_linux_gnu
[INFO] [stderr]   cargo:rerun-if-env-changed=HOST_BORING_BSSL_INCLUDE_PATH
[INFO] [stderr]   cargo:rerun-if-env-changed=BORING_BSSL_INCLUDE_PATH
[INFO] [stderr]   cargo:rerun-if-env-changed=BORING_BSSL_SOURCE_PATH_x86_64-unknown-linux-gnu
[INFO] [stderr]   cargo:rerun-if-env-changed=BORING_BSSL_SOURCE_PATH_x86_64_unknown_linux_gnu
[INFO] [stderr]   cargo:rerun-if-env-changed=HOST_BORING_BSSL_SOURCE_PATH
[INFO] [stderr]   cargo:rerun-if-env-changed=BORING_BSSL_SOURCE_PATH
[INFO] [stderr]   cargo:rerun-if-env-changed=BORING_BSSL_PRECOMPILED_BCM_O_x86_64-unknown-linux-gnu
[INFO] [stderr]   cargo:rerun-if-env-changed=BORING_BSSL_PRECOMPILED_BCM_O_x86_64_unknown_linux_gnu
[INFO] [stderr]   cargo:rerun-if-env-changed=HOST_BORING_BSSL_PRECOMPILED_BCM_O
[INFO] [stderr]   cargo:rerun-if-env-changed=BORING_BSSL_PRECOMPILED_BCM_O
[INFO] [stderr]   cargo:rerun-if-env-changed=BORING_BSSL_ASSUME_PATCHED_x86_64-unknown-linux-gnu
[INFO] [stderr]   cargo:rerun-if-env-changed=BORING_BSSL_ASSUME_PATCHED_x86_64_unknown_linux_gnu
[INFO] [stderr]   cargo:rerun-if-env-changed=HOST_BORING_BSSL_ASSUME_PATCHED
[INFO] [stderr]   cargo:rerun-if-env-changed=BORING_BSSL_ASSUME_PATCHED
[INFO] [stderr]   cargo:rerun-if-env-changed=BORING_BSSL_SYSROOT_x86_64-unknown-linux-gnu
[INFO] [stderr]   cargo:rerun-if-env-changed=BORING_BSSL_SYSROOT_x86_64_unknown_linux_gnu
[INFO] [stderr]   cargo:rerun-if-env-changed=HOST_BORING_BSSL_SYSROOT
[INFO] [stderr]   cargo:rerun-if-env-changed=BORING_BSSL_SYSROOT
[INFO] [stderr]   cargo:rerun-if-env-changed=BORING_BSSL_COMPILER_EXTERNAL_TOOLCHAIN_x86_64-unknown-linux-gnu
[INFO] [stderr]   cargo:rerun-if-env-changed=BORING_BSSL_COMPILER_EXTERNAL_TOOLCHAIN_x86_64_unknown_linux_gnu
[INFO] [stderr]   cargo:rerun-if-env-changed=HOST_BORING_BSSL_COMPILER_EXTERNAL_TOOLCHAIN
[INFO] [stderr]   cargo:rerun-if-env-changed=BORING_BSSL_COMPILER_EXTERNAL_TOOLCHAIN
[INFO] [stderr]   cargo:rerun-if-env-changed=DEBUG_x86_64-unknown-linux-gnu
[INFO] [stderr]   cargo:rerun-if-env-changed=DEBUG_x86_64_unknown_linux_gnu
[INFO] [stderr]   cargo:rerun-if-env-changed=HOST_DEBUG
[INFO] [stderr]   cargo:rerun-if-env-changed=DEBUG
[INFO] [stderr]   cargo:rerun-if-env-changed=OPT_LEVEL_x86_64-unknown-linux-gnu
[INFO] [stderr]   cargo:rerun-if-env-changed=OPT_LEVEL_x86_64_unknown_linux_gnu
[INFO] [stderr]   cargo:rerun-if-env-changed=HOST_OPT_LEVEL
[INFO] [stderr]   cargo:rerun-if-env-changed=OPT_LEVEL
[INFO] [stderr]   cargo:rerun-if-env-changed=ANDROID_NDK_HOME_x86_64-unknown-linux-gnu
[INFO] [stderr]   cargo:rerun-if-env-changed=ANDROID_NDK_HOME_x86_64_unknown_linux_gnu
[INFO] [stderr]   cargo:rerun-if-env-changed=HOST_ANDROID_NDK_HOME
[INFO] [stderr]   cargo:rerun-if-env-changed=ANDROID_NDK_HOME
[INFO] [stderr]   cargo:rerun-if-env-changed=CMAKE_TOOLCHAIN_FILE_x86_64-unknown-linux-gnu
[INFO] [stderr]   cargo:rerun-if-env-changed=CMAKE_TOOLCHAIN_FILE_x86_64_unknown_linux_gnu
[INFO] [stderr]   cargo:rerun-if-env-changed=HOST_CMAKE_TOOLCHAIN_FILE
[INFO] [stderr]   cargo:rerun-if-env-changed=CMAKE_TOOLCHAIN_FILE
[INFO] [stderr]   cargo:rerun-if-env-changed=BORING_BSSL_RUST_CPPLIB_x86_64-unknown-linux-gnu
[INFO] [stderr]   cargo:rerun-if-env-changed=BORING_BSSL_RUST_CPPLIB_x86_64_unknown_linux_gnu
[INFO] [stderr]   cargo:rerun-if-env-changed=HOST_BORING_BSSL_RUST_CPPLIB
[INFO] [stderr]   cargo:rerun-if-env-changed=BORING_BSSL_RUST_CPPLIB
[INFO] [stderr]   cargo:rerun-if-env-changed=CC_x86_64-unknown-linux-gnu
[INFO] [stderr]   cargo:rerun-if-env-changed=CC_x86_64_unknown_linux_gnu
[INFO] [stderr]   cargo:rerun-if-env-changed=HOST_CC
[INFO] [stderr]   cargo:rerun-if-env-changed=CXX_x86_64-unknown-linux-gnu
[INFO] [stderr]   cargo:rerun-if-env-changed=CXX_x86_64_unknown_linux_gnu
[INFO] [stderr]   cargo:rerun-if-env-changed=HOST_CXX
[INFO] [stderr]   cargo:rerun-if-env-changed=DOCS_RS
[INFO] [stderr]   Initialized empty Git repository in /opt/rustwide/target/release/build/boring-sys-a785acaab11cd6b3/out/boringssl/.git/
[INFO] [stderr] 
[INFO] [stderr]   CMAKE_TOOLCHAIN_FILE_x86_64-unknown-linux-gnu = None
[INFO] [stderr]   CMAKE_TOOLCHAIN_FILE_x86_64_unknown_linux_gnu = None
[INFO] [stderr]   HOST_CMAKE_TOOLCHAIN_FILE = None
[INFO] [stderr]   CMAKE_TOOLCHAIN_FILE = None
[INFO] [stderr]   CMAKE_GENERATOR_x86_64-unknown-linux-gnu = None
[INFO] [stderr]   CMAKE_GENERATOR_x86_64_unknown_linux_gnu = None
[INFO] [stderr]   HOST_CMAKE_GENERATOR = None
[INFO] [stderr]   CMAKE_GENERATOR = None
[INFO] [stderr]   CMAKE_PREFIX_PATH_x86_64-unknown-linux-gnu = None
[INFO] [stderr]   CMAKE_PREFIX_PATH_x86_64_unknown_linux_gnu = None
[INFO] [stderr]   HOST_CMAKE_PREFIX_PATH = None
[INFO] [stderr]   CMAKE_PREFIX_PATH = None
[INFO] [stderr]   CMAKE_x86_64-unknown-linux-gnu = None
[INFO] [stderr]   CMAKE_x86_64_unknown_linux_gnu = None
[INFO] [stderr]   HOST_CMAKE = None
[INFO] [stderr]   CMAKE = None
[INFO] [stderr]   -- The C compiler identification is GNU 15.2.0
[INFO] [stderr]   -- The CXX compiler identification is GNU 15.2.0
[INFO] [stderr]   -- Detecting C compiler ABI info
[INFO] [stderr]   -- Detecting C compiler ABI info - done
[INFO] [stderr]   -- Check for working C compiler: /usr/bin/cc - skipped
[INFO] [stderr]   -- Detecting C compile features
[INFO] [stderr]   -- Detecting C compile features - done
[INFO] [stderr]   -- Detecting CXX compiler ABI info
[INFO] [stderr]   -- Detecting CXX compiler ABI info - done
[INFO] [stderr]   -- Check for working CXX compiler: /usr/bin/c++ - skipped
[INFO] [stderr]   -- Detecting CXX compile features
[INFO] [stderr]   -- Detecting CXX compile features - done
[INFO] [stderr]   -- The ASM compiler identification is GNU
[INFO] [stderr]   -- Found assembler: /usr/bin/cc
[INFO] [stderr]   -- Performing Test CMAKE_HAVE_LIBC_PTHREAD
[INFO] [stderr]   -- Performing Test CMAKE_HAVE_LIBC_PTHREAD - Success
[INFO] [stderr]   -- Found Threads: TRUE
[INFO] [stderr]   -- Configuring done (4.8s)
[INFO] [stderr]   -- Generating done (0.6s)
[INFO] [stderr]   -- Build files have been written to: /opt/rustwide/target/release/build/boring-sys-a785acaab11cd6b3/out/build
[INFO] [stderr]   [  0%] Building ASM object CMakeFiles/crypto.dir/apple-aarch64/crypto/chacha/chacha-armv8-apple.S.o
[INFO] [stderr]   [  0%] Building ASM object CMakeFiles/crypto.dir/apple-aarch64/crypto/fipsmodule/aesv8-gcm-armv8-apple.S.o
[INFO] [stderr]   [  0%] Building ASM object CMakeFiles/crypto.dir/apple-aarch64/crypto/fipsmodule/armv8-mont-apple.S.o
[INFO] [stderr]   [  0%] Building ASM object CMakeFiles/crypto.dir/apple-aarch64/crypto/fipsmodule/sha1-armv8-apple.S.o
[INFO] [stderr]   [  0%] Building ASM object CMakeFiles/crypto.dir/apple-aarch64/crypto/fipsmodule/ghashv8-armv8-apple.S.o
[INFO] [stderr]   [  1%] Building ASM object CMakeFiles/crypto.dir/apple-arm/crypto/chacha/chacha-armv4-apple.S.o
[INFO] [stderr]   [  1%] Building ASM object CMakeFiles/crypto.dir/apple-aarch64/crypto/test/trampoline-armv8-apple.S.o
[INFO] [stderr]   [  1%] Building ASM object CMakeFiles/crypto.dir/apple-aarch64/crypto/fipsmodule/p256_beeu-armv8-asm-apple.S.o
[INFO] [stderr]   [  1%] Building ASM object CMakeFiles/crypto.dir/apple-aarch64/crypto/cipher_extra/chacha20_poly1305_armv8-apple.S.o
[INFO] [stderr]   [  2%] Building ASM object CMakeFiles/crypto.dir/apple-aarch64/crypto/fipsmodule/aesv8-armv8-apple.S.o
[INFO] [stderr]   [  2%] Building ASM object CMakeFiles/crypto.dir/apple-aarch64/crypto/fipsmodule/bn-armv8-apple.S.o
[INFO] [stderr]   [  2%] Building ASM object CMakeFiles/crypto.dir/apple-arm/crypto/fipsmodule/aesv8-armv7-apple.S.o
[INFO] [stderr]   [  2%] Building ASM object CMakeFiles/crypto.dir/apple-aarch64/crypto/fipsmodule/p256-armv8-asm-apple.S.o
[INFO] [stderr]   [  3%] Building ASM object CMakeFiles/crypto.dir/apple-aarch64/crypto/fipsmodule/ghash-neon-armv8-apple.S.o
[INFO] [stderr]   [  3%] Building ASM object CMakeFiles/crypto.dir/apple-arm/crypto/fipsmodule/armv4-mont-apple.S.o
[INFO] [stderr]   [  3%] Building ASM object CMakeFiles/crypto.dir/apple-aarch64/crypto/fipsmodule/sha512-armv8-apple.S.o
[INFO] [stderr]   [  4%] Building ASM object CMakeFiles/crypto.dir/apple-aarch64/crypto/fipsmodule/sha256-armv8-apple.S.o
[INFO] [stderr]   [  4%] Building ASM object CMakeFiles/crypto.dir/apple-arm/crypto/fipsmodule/bsaes-armv7-apple.S.o
[INFO] [stderr]   [  4%] Building ASM object CMakeFiles/crypto.dir/apple-aarch64/crypto/fipsmodule/vpaes-armv8-apple.S.o
[INFO] [stderr]   [  5%] Building ASM object CMakeFiles/crypto.dir/apple-arm/crypto/fipsmodule/ghash-armv4-apple.S.o
[INFO] [stderr]   [  5%] Building ASM object CMakeFiles/crypto.dir/apple-arm/crypto/test/trampoline-armv4-apple.S.o
[INFO] [stderr]   [  5%] Building ASM object CMakeFiles/crypto.dir/apple-arm/crypto/fipsmodule/vpaes-armv7-apple.S.o
[INFO] [stderr]   [  5%] Building ASM object CMakeFiles/crypto.dir/apple-x86/crypto/chacha/chacha-x86-apple.S.o
[INFO] [stderr]   [  5%] Building ASM object CMakeFiles/crypto.dir/apple-arm/crypto/fipsmodule/sha256-armv4-apple.S.o
[INFO] [stderr]   [  5%] Building ASM object CMakeFiles/crypto.dir/apple-arm/crypto/fipsmodule/ghashv8-armv7-apple.S.o
[INFO] [stderr]   [  5%] Building ASM object CMakeFiles/crypto.dir/apple-x86/crypto/fipsmodule/co-586-apple.S.o
[INFO] [stderr]   [  6%] Building ASM object CMakeFiles/crypto.dir/apple-x86/crypto/fipsmodule/aesni-x86-apple.S.o
[INFO] [stderr]   [  6%] Building ASM object CMakeFiles/crypto.dir/apple-x86/crypto/fipsmodule/ghash-ssse3-x86-apple.S.o
[INFO] [stderr]   [  7%] Building ASM object CMakeFiles/crypto.dir/apple-arm/crypto/fipsmodule/sha512-armv4-apple.S.o
[INFO] [stderr]   [  7%] Building ASM object CMakeFiles/crypto.dir/apple-x86/crypto/fipsmodule/bn-586-apple.S.o
[INFO] [stderr]   [  7%] Building ASM object CMakeFiles/crypto.dir/apple-x86/crypto/fipsmodule/x86-mont-apple.S.o
[INFO] [stderr]   [  7%] Building ASM object CMakeFiles/crypto.dir/apple-x86/crypto/test/trampoline-x86-apple.S.o
[INFO] [stderr]   [  7%] Building ASM object CMakeFiles/crypto.dir/apple-arm/crypto/fipsmodule/sha1-armv4-large-apple.S.o
[INFO] [stderr]   [  7%] Building ASM object CMakeFiles/crypto.dir/apple-x86/crypto/fipsmodule/md5-586-apple.S.o
[INFO] [stderr]   [  8%] Building ASM object CMakeFiles/crypto.dir/apple-x86/crypto/fipsmodule/ghash-x86-apple.S.o
[INFO] [stderr]   [  8%] Building ASM object CMakeFiles/crypto.dir/apple-x86/crypto/fipsmodule/sha1-586-apple.S.o
[INFO] [stderr]   [  8%] Building ASM object CMakeFiles/crypto.dir/apple-x86/crypto/fipsmodule/vpaes-x86-apple.S.o
[INFO] [stderr]   [  8%] Building ASM object CMakeFiles/crypto.dir/apple-x86/crypto/fipsmodule/sha256-586-apple.S.o
[INFO] [stderr]   [  9%] Building ASM object CMakeFiles/crypto.dir/apple-x86/crypto/fipsmodule/sha512-586-apple.S.o
[INFO] [stderr]   [  9%] Building ASM object CMakeFiles/crypto.dir/apple-x86_64/crypto/chacha/chacha-x86_64-apple.S.o
[INFO] [stderr]   [ 10%] Building ASM object CMakeFiles/crypto.dir/apple-x86_64/crypto/cipher_extra/aes128gcmsiv-x86_64-apple.S.o
[INFO] [stderr]   [ 10%] Building ASM object CMakeFiles/crypto.dir/apple-x86_64/crypto/cipher_extra/chacha20_poly1305_x86_64-apple.S.o
[INFO] [stderr]   [ 11%] Building ASM object CMakeFiles/crypto.dir/apple-x86_64/crypto/fipsmodule/ghash-ssse3-x86_64-apple.S.o
[INFO] [stderr]   [ 11%] Building ASM object CMakeFiles/crypto.dir/apple-x86_64/crypto/fipsmodule/aesni-gcm-x86_64-apple.S.o
[INFO] [stderr]   [ 11%] Building ASM object CMakeFiles/crypto.dir/apple-x86_64/crypto/fipsmodule/aesni-x86_64-apple.S.o
[INFO] [stderr]   [ 11%] Building ASM object CMakeFiles/crypto.dir/apple-x86_64/crypto/fipsmodule/rsaz-avx2-apple.S.o
[INFO] [stderr]   [ 11%] Building ASM object CMakeFiles/crypto.dir/apple-x86_64/crypto/fipsmodule/md5-x86_64-apple.S.o
[INFO] [stderr]   [ 11%] Building ASM object CMakeFiles/crypto.dir/apple-x86_64/crypto/fipsmodule/x86_64-mont-apple.S.o
[INFO] [stderr]   [ 12%] Building ASM object CMakeFiles/crypto.dir/apple-x86_64/crypto/fipsmodule/sha256-x86_64-apple.S.o
[INFO] [stderr]   [ 12%] Building ASM object CMakeFiles/crypto.dir/apple-x86_64/crypto/fipsmodule/vpaes-x86_64-apple.S.o
[INFO] [stderr]   [ 13%] Building ASM object CMakeFiles/crypto.dir/apple-x86_64/crypto/fipsmodule/p256_beeu-x86_64-asm-apple.S.o
[INFO] [stderr]   [ 13%] Building ASM object CMakeFiles/crypto.dir/apple-x86_64/crypto/fipsmodule/rdrand-x86_64-apple.S.o
[INFO] [stderr]   [ 13%] Building ASM object CMakeFiles/crypto.dir/apple-x86_64/crypto/fipsmodule/ghash-x86_64-apple.S.o
[INFO] [stderr]   [ 13%] Building ASM object CMakeFiles/crypto.dir/apple-x86_64/crypto/fipsmodule/sha512-x86_64-apple.S.o
[INFO] [stderr]   [ 13%] Building ASM object CMakeFiles/crypto.dir/apple-x86_64/crypto/fipsmodule/p256-x86_64-asm-apple.S.o
[INFO] [stderr]   [ 14%] Building ASM object CMakeFiles/crypto.dir/apple-x86_64/crypto/fipsmodule/x86_64-mont5-apple.S.o
[INFO] [stderr]   [ 14%] Building ASM object CMakeFiles/crypto.dir/apple-x86_64/crypto/fipsmodule/sha1-x86_64-apple.S.o
[INFO] [stderr]   [ 15%] Building ASM object CMakeFiles/crypto.dir/linux-aarch64/crypto/fipsmodule/aesv8-armv8-linux.S.o
[INFO] [stderr]   [ 15%] Building ASM object CMakeFiles/crypto.dir/linux-aarch64/crypto/fipsmodule/aesv8-gcm-armv8-linux.S.o
[INFO] [stderr]   [ 15%] Building ASM object CMakeFiles/crypto.dir/linux-aarch64/crypto/chacha/chacha-armv8-linux.S.o
[INFO] [stderr]   [ 15%] Building ASM object CMakeFiles/crypto.dir/apple-x86_64/crypto/test/trampoline-x86_64-apple.S.o
[INFO] [stderr]   [ 15%] Building ASM object CMakeFiles/crypto.dir/linux-aarch64/crypto/cipher_extra/chacha20_poly1305_armv8-linux.S.o
[INFO] [stderr]   [ 15%] Building ASM object CMakeFiles/crypto.dir/linux-aarch64/crypto/fipsmodule/armv8-mont-linux.S.o
[INFO] [stderr]   [ 16%] Building ASM object CMakeFiles/crypto.dir/linux-aarch64/crypto/fipsmodule/ghash-neon-armv8-linux.S.o
[INFO] [stderr]   [ 16%] Building ASM object CMakeFiles/crypto.dir/linux-aarch64/crypto/fipsmodule/p256_beeu-armv8-asm-linux.S.o
[INFO] [stderr]   [ 16%] Building ASM object CMakeFiles/crypto.dir/linux-aarch64/crypto/fipsmodule/p256-armv8-asm-linux.S.o
[INFO] [stderr]   [ 16%] Building ASM object CMakeFiles/crypto.dir/linux-aarch64/crypto/fipsmodule/bn-armv8-linux.S.o
[INFO] [stderr]   [ 16%] Building ASM object CMakeFiles/crypto.dir/linux-aarch64/crypto/fipsmodule/ghashv8-armv8-linux.S.o
[INFO] [stderr]   [ 17%] Building ASM object CMakeFiles/crypto.dir/linux-aarch64/crypto/fipsmodule/sha256-armv8-linux.S.o
[INFO] [stderr]   [ 17%] Building ASM object CMakeFiles/crypto.dir/linux-arm/crypto/fipsmodule/aesv8-armv7-linux.S.o
[INFO] [stderr]   [ 17%] Building ASM object CMakeFiles/crypto.dir/linux-aarch64/crypto/fipsmodule/sha512-armv8-linux.S.o
[INFO] [stderr]   [ 17%] Building ASM object CMakeFiles/crypto.dir/linux-aarch64/crypto/fipsmodule/sha1-armv8-linux.S.o
[INFO] [stderr]   [ 17%] Building ASM object CMakeFiles/crypto.dir/linux-aarch64/crypto/fipsmodule/vpaes-armv8-linux.S.o
[INFO] [stderr]   [ 17%] Building ASM object CMakeFiles/crypto.dir/linux-arm/crypto/fipsmodule/bsaes-armv7-linux.S.o
[INFO] [stderr]   [ 18%] Building ASM object CMakeFiles/crypto.dir/linux-arm/crypto/chacha/chacha-armv4-linux.S.o
[INFO] [stderr]   [ 18%] Building ASM object CMakeFiles/crypto.dir/linux-arm/crypto/fipsmodule/sha1-armv4-large-linux.S.o
[INFO] [stderr]   [ 18%] Building ASM object CMakeFiles/crypto.dir/linux-arm/crypto/fipsmodule/armv4-mont-linux.S.o
[INFO] [stderr]   [ 19%] Building ASM object CMakeFiles/crypto.dir/linux-arm/crypto/fipsmodule/ghash-armv4-linux.S.o
[INFO] [stderr]   [ 19%] Building ASM object CMakeFiles/crypto.dir/linux-arm/crypto/fipsmodule/ghashv8-armv7-linux.S.o
[INFO] [stderr]   [ 19%] Building ASM object CMakeFiles/crypto.dir/linux-arm/crypto/fipsmodule/sha256-armv4-linux.S.o
[INFO] [stderr]   [ 20%] Building ASM object CMakeFiles/crypto.dir/linux-arm/crypto/fipsmodule/sha512-armv4-linux.S.o
[INFO] [stderr]   [ 20%] Building ASM object CMakeFiles/crypto.dir/linux-arm/crypto/test/trampoline-armv4-linux.S.o
[INFO] [stderr]   [ 20%] Building ASM object CMakeFiles/crypto.dir/linux-x86/crypto/chacha/chacha-x86-linux.S.o
[INFO] [stderr]   [ 21%] Building ASM object CMakeFiles/crypto.dir/linux-x86/crypto/fipsmodule/aesni-x86-linux.S.o
[INFO] [stderr]   [ 21%] Building ASM object CMakeFiles/crypto.dir/linux-x86/crypto/fipsmodule/bn-586-linux.S.o
[INFO] [stderr]   [ 21%] Building ASM object CMakeFiles/crypto.dir/linux-x86/crypto/fipsmodule/co-586-linux.S.o
[INFO] [stderr]   [ 21%] Building ASM object CMakeFiles/crypto.dir/linux-aarch64/crypto/test/trampoline-armv8-linux.S.o
[INFO] [stderr]   [ 21%] Building ASM object CMakeFiles/crypto.dir/linux-x86/crypto/fipsmodule/md5-586-linux.S.o
[INFO] [stderr]   [ 22%] Building ASM object CMakeFiles/crypto.dir/linux-x86/crypto/fipsmodule/ghash-x86-linux.S.o
[INFO] [stderr]   [ 22%] Building ASM object CMakeFiles/crypto.dir/linux-arm/crypto/fipsmodule/vpaes-armv7-linux.S.o
[INFO] [stderr]   [ 22%] Building ASM object CMakeFiles/crypto.dir/linux-x86/crypto/test/trampoline-x86-linux.S.o
[INFO] [stderr]   [ 22%] Building ASM object CMakeFiles/crypto.dir/linux-x86/crypto/fipsmodule/ghash-ssse3-x86-linux.S.o
[INFO] [stderr]   [ 22%] Building ASM object CMakeFiles/crypto.dir/linux-x86_64/crypto/chacha/chacha-x86_64-linux.S.o
[INFO] [stderr]   [ 23%] Building ASM object CMakeFiles/crypto.dir/linux-x86_64/crypto/cipher_extra/aes128gcmsiv-x86_64-linux.S.o
[INFO] [stderr]   [ 23%] Building ASM object CMakeFiles/crypto.dir/linux-x86/crypto/fipsmodule/x86-mont-linux.S.o
[INFO] [stderr]   [ 23%] Building ASM object CMakeFiles/crypto.dir/linux-x86/crypto/fipsmodule/sha1-586-linux.S.o
[INFO] [stderr]   [ 23%] Building ASM object CMakeFiles/crypto.dir/linux-x86/crypto/fipsmodule/sha512-586-linux.S.o
[INFO] [stderr]   [ 23%] Building ASM object CMakeFiles/crypto.dir/linux-x86/crypto/fipsmodule/sha256-586-linux.S.o
[INFO] [stderr]   [ 25%] Building ASM object CMakeFiles/crypto.dir/linux-x86/crypto/fipsmodule/vpaes-x86-linux.S.o
[INFO] [stderr]   [ 25%] Building ASM object CMakeFiles/crypto.dir/linux-x86_64/crypto/cipher_extra/chacha20_poly1305_x86_64-linux.S.o
[INFO] [stderr]   [ 25%] Building ASM object CMakeFiles/crypto.dir/linux-x86_64/crypto/fipsmodule/aesni-x86_64-linux.S.o
[INFO] [stderr]   [ 25%] Building ASM object CMakeFiles/crypto.dir/linux-x86_64/crypto/fipsmodule/md5-x86_64-linux.S.o
[INFO] [stderr]   [ 25%] Building ASM object CMakeFiles/crypto.dir/linux-x86_64/crypto/fipsmodule/aesni-gcm-x86_64-linux.S.o
[INFO] [stderr]   [ 25%] Building ASM object CMakeFiles/crypto.dir/linux-x86_64/crypto/fipsmodule/ghash-x86_64-linux.S.o
[INFO] [stderr]   [ 26%] Building ASM object CMakeFiles/crypto.dir/linux-x86_64/crypto/fipsmodule/p256_beeu-x86_64-asm-linux.S.o
[INFO] [stderr]   [ 27%] Building ASM object CMakeFiles/crypto.dir/linux-x86_64/crypto/fipsmodule/ghash-ssse3-x86_64-linux.S.o
[INFO] [stderr]   [ 27%] Building ASM object CMakeFiles/crypto.dir/linux-x86_64/crypto/fipsmodule/rdrand-x86_64-linux.S.o
[INFO] [stderr]   [ 27%] Building ASM object CMakeFiles/crypto.dir/linux-x86_64/crypto/fipsmodule/p256-x86_64-asm-linux.S.o
[INFO] [stderr]   [ 27%] Building ASM object CMakeFiles/crypto.dir/linux-x86_64/crypto/fipsmodule/rsaz-avx2-linux.S.o
[INFO] [stderr]   [ 27%] Building ASM object CMakeFiles/crypto.dir/linux-x86_64/crypto/fipsmodule/x86_64-mont-linux.S.o
[INFO] [stderr]   [ 27%] Building ASM object CMakeFiles/crypto.dir/linux-x86_64/crypto/fipsmodule/sha1-x86_64-linux.S.o
[INFO] [stderr]   [ 27%] Building ASM object CMakeFiles/crypto.dir/linux-x86_64/crypto/test/trampoline-x86_64-linux.S.o
[INFO] [stderr]   [ 27%] Building ASM object CMakeFiles/crypto.dir/src/crypto/curve25519/asm/x25519-asm-arm.S.o
[INFO] [stderr]   [ 27%] Building ASM object CMakeFiles/crypto.dir/src/crypto/hrss/asm/poly_rq_mul.S.o
[INFO] [stderr]   [ 28%] Building ASM object CMakeFiles/crypto.dir/linux-x86_64/crypto/fipsmodule/x86_64-mont5-linux.S.o
[INFO] [stderr]   [ 29%] Building ASM object CMakeFiles/crypto.dir/linux-x86_64/crypto/fipsmodule/sha256-x86_64-linux.S.o
[INFO] [stderr]   [ 29%] Building ASM object CMakeFiles/crypto.dir/win-aarch64/crypto/chacha/chacha-armv8-win.S.o
[INFO] [stderr]   [ 29%] Building ASM object CMakeFiles/crypto.dir/win-aarch64/crypto/fipsmodule/aesv8-armv8-win.S.o
[INFO] [stderr]   [ 30%] Building ASM object CMakeFiles/crypto.dir/src/crypto/poly1305/poly1305_arm_asm.S.o
[INFO] [stderr]   [ 30%] Building ASM object CMakeFiles/crypto.dir/win-aarch64/crypto/cipher_extra/chacha20_poly1305_armv8-win.S.o
[INFO] [stderr]   [ 30%] Building ASM object CMakeFiles/crypto.dir/linux-x86_64/crypto/fipsmodule/vpaes-x86_64-linux.S.o
[INFO] [stderr]   [ 30%] Building ASM object CMakeFiles/crypto.dir/linux-x86_64/crypto/fipsmodule/sha512-x86_64-linux.S.o
[INFO] [stderr]   [ 30%] Building ASM object CMakeFiles/crypto.dir/win-aarch64/crypto/fipsmodule/aesv8-gcm-armv8-win.S.o
[INFO] [stderr]   [ 30%] Building ASM object CMakeFiles/crypto.dir/win-aarch64/crypto/fipsmodule/bn-armv8-win.S.o
[INFO] [stderr]   [ 31%] Building ASM object CMakeFiles/crypto.dir/win-aarch64/crypto/fipsmodule/armv8-mont-win.S.o
[INFO] [stderr]   [ 31%] Building ASM object CMakeFiles/crypto.dir/win-aarch64/crypto/fipsmodule/ghash-neon-armv8-win.S.o
[INFO] [stderr]   [ 31%] Building ASM object CMakeFiles/crypto.dir/win-aarch64/crypto/fipsmodule/p256_beeu-armv8-asm-win.S.o
[INFO] [stderr]   [ 32%] Building ASM object CMakeFiles/crypto.dir/win-aarch64/crypto/fipsmodule/p256-armv8-asm-win.S.o
[INFO] [stderr]   [ 32%] Building ASM object CMakeFiles/crypto.dir/win-aarch64/crypto/fipsmodule/sha256-armv8-win.S.o
[INFO] [stderr]   [ 32%] Building ASM object CMakeFiles/crypto.dir/win-aarch64/crypto/fipsmodule/vpaes-armv8-win.S.o
[INFO] [stderr]   [ 32%] Building C object CMakeFiles/crypto.dir/err_data.c.o
[INFO] [stderr]   [ 32%] Building ASM object CMakeFiles/crypto.dir/win-aarch64/crypto/fipsmodule/ghashv8-armv8-win.S.o
[INFO] [stderr]   [ 32%] Building C object CMakeFiles/crypto.dir/src/crypto/asn1/a_bool.c.o
[INFO] [stderr]   [ 33%] Building C object CMakeFiles/crypto.dir/src/crypto/asn1/a_bitstr.c.o
[INFO] [stderr]   [ 33%] Building ASM object CMakeFiles/crypto.dir/win-aarch64/crypto/test/trampoline-armv8-win.S.o
[INFO] [stderr]   [ 33%] Building ASM object CMakeFiles/crypto.dir/win-aarch64/crypto/fipsmodule/sha1-armv8-win.S.o
[INFO] [stderr]   [ 33%] Building C object CMakeFiles/crypto.dir/src/crypto/asn1/a_d2i_fp.c.o
[INFO] [stderr]   [ 34%] Building ASM object CMakeFiles/crypto.dir/win-aarch64/crypto/fipsmodule/sha512-armv8-win.S.o
[INFO] [stderr]   [ 34%] Building C object CMakeFiles/crypto.dir/src/crypto/asn1/a_dup.c.o
[INFO] [stderr]   [ 34%] Building C object CMakeFiles/crypto.dir/src/crypto/asn1/a_mbstr.c.o
[INFO] [stderr]   [ 34%] Building C object CMakeFiles/crypto.dir/src/crypto/asn1/a_strnid.c.o
[INFO] [stderr]   [ 35%] Building C object CMakeFiles/crypto.dir/src/crypto/asn1/a_object.c.o
[INFO] [stderr]   [ 36%] Building C object CMakeFiles/crypto.dir/src/crypto/asn1/a_time.c.o
[INFO] [stderr]   [ 36%] Building C object CMakeFiles/crypto.dir/src/crypto/asn1/a_type.c.o
[INFO] [stderr]   [ 37%] Building C object CMakeFiles/crypto.dir/src/crypto/asn1/a_gentm.c.o
[INFO] [stderr]   [ 37%] Building C object CMakeFiles/crypto.dir/src/crypto/asn1/a_int.c.o
[INFO] [stderr]   [ 37%] Building C object CMakeFiles/crypto.dir/src/crypto/asn1/a_strex.c.o
[INFO] [stderr]   [ 37%] Building C object CMakeFiles/crypto.dir/src/crypto/asn1/a_octet.c.o
[INFO] [stderr]   [ 37%] Building C object CMakeFiles/crypto.dir/src/crypto/asn1/a_utctm.c.o
[INFO] [stderr]   [ 37%] Building C object CMakeFiles/crypto.dir/src/crypto/asn1/asn1_lib.c.o
[INFO] [stderr]   [ 37%] Building C object CMakeFiles/crypto.dir/src/crypto/asn1/a_i2d_fp.c.o
[INFO] [stderr]   [ 37%] Building C object CMakeFiles/crypto.dir/src/crypto/asn1/asn1_par.c.o
[INFO] [stderr]   [ 38%] Building C object CMakeFiles/crypto.dir/src/crypto/asn1/asn_pack.c.o
[INFO] [stderr]   [ 38%] Building C object CMakeFiles/crypto.dir/src/crypto/asn1/f_int.c.o
[INFO] [stderr]   [ 38%] Building C object CMakeFiles/crypto.dir/src/crypto/asn1/f_string.c.o
[INFO] [stderr]   [ 38%] Building C object CMakeFiles/crypto.dir/src/crypto/asn1/posix_time.c.o
[INFO] [stderr]   [ 39%] Building C object CMakeFiles/crypto.dir/src/crypto/asn1/tasn_dec.c.o
[INFO] [stderr]   [ 39%] Building C object CMakeFiles/crypto.dir/src/crypto/asn1/tasn_enc.c.o
[INFO] [stderr]   [ 39%] Building C object CMakeFiles/crypto.dir/src/crypto/asn1/tasn_fre.c.o
[INFO] [stderr]   [ 39%] Building C object CMakeFiles/crypto.dir/src/crypto/asn1/tasn_new.c.o
[INFO] [stderr]   [ 40%] Building C object CMakeFiles/crypto.dir/src/crypto/asn1/tasn_typ.c.o
[INFO] [stderr]   [ 40%] Building C object CMakeFiles/crypto.dir/src/crypto/asn1/tasn_utl.c.o
[INFO] [stderr]   [ 40%] Building C object CMakeFiles/crypto.dir/src/crypto/bio/bio.c.o
[INFO] [stderr]   [ 40%] Building C object CMakeFiles/crypto.dir/src/crypto/base64/base64.c.o
[INFO] [stderr]   [ 41%] Building C object CMakeFiles/crypto.dir/src/crypto/bio/bio_mem.c.o
[INFO] [stderr]   [ 41%] Building C object CMakeFiles/crypto.dir/src/crypto/bio/connect.c.o
[INFO] [stderr]   [ 41%] Building C object CMakeFiles/crypto.dir/src/crypto/bio/fd.c.o
[INFO] [stderr]   [ 41%] Building C object CMakeFiles/crypto.dir/src/crypto/bio/file.c.o
[INFO] [stderr]   [ 42%] Building C object CMakeFiles/crypto.dir/src/crypto/bio/hexdump.c.o
[INFO] [stderr]   [ 42%] Building C object CMakeFiles/crypto.dir/src/crypto/bio/printf.c.o
[INFO] [stderr]   [ 42%] Building C object CMakeFiles/crypto.dir/src/crypto/bio/pair.c.o
[INFO] [stderr]   [ 42%] Building C object CMakeFiles/crypto.dir/src/crypto/blake2/blake2.c.o
[INFO] [stderr]   [ 42%] Building C object CMakeFiles/crypto.dir/src/crypto/bio/socket.c.o
[INFO] [stderr]   [ 43%] Building C object CMakeFiles/crypto.dir/src/crypto/bio/socket_helper.c.o
[INFO] [stderr]   [ 43%] Building C object CMakeFiles/crypto.dir/src/crypto/bn_extra/bn_asn1.c.o
[INFO] [stderr]   [ 43%] Building C object CMakeFiles/crypto.dir/src/crypto/bn_extra/convert.c.o
[INFO] [stderr]   [ 44%] Building C object CMakeFiles/crypto.dir/src/crypto/bytestring/asn1_compat.c.o
[INFO] [stderr]   [ 44%] Building C object CMakeFiles/crypto.dir/src/crypto/buf/buf.c.o
[INFO] [stderr]   [ 44%] Building C object CMakeFiles/crypto.dir/src/crypto/bytestring/ber.c.o
[INFO] [stderr]   [ 44%] Building C object CMakeFiles/crypto.dir/src/crypto/bytestring/cbb.c.o
[INFO] [stderr]   [ 44%] Building C object CMakeFiles/crypto.dir/src/crypto/bytestring/cbs.c.o
[INFO] [stderr]   [ 45%] Building C object CMakeFiles/crypto.dir/src/crypto/bytestring/unicode.c.o
[INFO] [stderr]   [ 45%] Building C object CMakeFiles/crypto.dir/src/crypto/chacha/chacha.c.o
[INFO] [stderr]   [ 45%] Building C object CMakeFiles/crypto.dir/src/crypto/cipher_extra/cipher_extra.c.o
[INFO] [stderr]   [ 45%] Building C object CMakeFiles/crypto.dir/src/crypto/cipher_extra/derive_key.c.o
[INFO] [stderr]   [ 46%] Building C object CMakeFiles/crypto.dir/src/crypto/cipher_extra/e_aesctrhmac.c.o
[INFO] [stderr]   [ 46%] Building C object CMakeFiles/crypto.dir/src/crypto/cipher_extra/e_chacha20poly1305.c.o
[INFO] [stderr]   [ 46%] Building C object CMakeFiles/crypto.dir/src/crypto/cipher_extra/e_des.c.o
[INFO] [stderr]   [ 47%] Building C object CMakeFiles/crypto.dir/src/crypto/cipher_extra/e_null.c.o
[INFO] [stderr]   [ 47%] Building C object CMakeFiles/crypto.dir/src/crypto/cipher_extra/e_aesgcmsiv.c.o
[INFO] [stderr]   [ 47%] Building C object CMakeFiles/crypto.dir/src/crypto/cipher_extra/e_rc2.c.o
[INFO] [stderr]   [ 47%] Building C object CMakeFiles/crypto.dir/src/crypto/cipher_extra/e_rc4.c.o
[INFO] [stderr]   [ 47%] Building C object CMakeFiles/crypto.dir/src/crypto/cipher_extra/e_tls.c.o
[INFO] [stderr]   [ 48%] Building C object CMakeFiles/crypto.dir/src/crypto/cipher_extra/tls_cbc.c.o
[INFO] [stderr]   [ 48%] Building C object CMakeFiles/crypto.dir/src/crypto/conf/conf.c.o
[INFO] [stderr]   [ 48%] Building C object CMakeFiles/crypto.dir/src/crypto/cpu_aarch64_apple.c.o
[INFO] [stderr]   [ 48%] Building C object CMakeFiles/crypto.dir/src/crypto/cpu_aarch64_freebsd.c.o
[INFO] [stderr]   [ 50%] Building C object CMakeFiles/crypto.dir/src/crypto/cpu_aarch64_fuchsia.c.o
[INFO] [stderr]   [ 50%] Building C object CMakeFiles/crypto.dir/src/crypto/cpu_aarch64_win.c.o
[INFO] [stderr]   [ 50%] Building C object CMakeFiles/crypto.dir/src/crypto/cpu_aarch64_linux.c.o
[INFO] [stderr]   [ 50%] Building C object CMakeFiles/crypto.dir/src/crypto/cpu_arm.c.o
[INFO] [stderr]   [ 51%] Building C object CMakeFiles/crypto.dir/src/crypto/cpu_arm_freebsd.c.o
[INFO] [stderr]   [ 51%] Building C object CMakeFiles/crypto.dir/src/crypto/cpu_intel.c.o
[INFO] [stderr]   [ 51%] Building C object CMakeFiles/crypto.dir/src/crypto/cpu_arm_linux.c.o
[INFO] [stderr]   [ 51%] Building C object CMakeFiles/crypto.dir/src/crypto/curve25519/curve25519.c.o
[INFO] [stderr]   [ 51%] Building C object CMakeFiles/crypto.dir/src/crypto/crypto.c.o
[INFO] [stderr]   [ 51%] Building C object CMakeFiles/crypto.dir/src/crypto/des/des.c.o
[INFO] [stderr]   [ 52%] Building C object CMakeFiles/crypto.dir/src/crypto/curve25519/spake25519.c.o
[INFO] [stderr]   [ 52%] Building C object CMakeFiles/crypto.dir/src/crypto/dh_extra/params.c.o
[INFO] [stderr]   [ 52%] Building C object CMakeFiles/crypto.dir/src/crypto/dh_extra/dh_asn1.c.o
[INFO] [stderr]   [ 53%] Building C object CMakeFiles/crypto.dir/src/crypto/digest_extra/digest_extra.c.o
[INFO] [stderr]   [ 53%] Building C object CMakeFiles/crypto.dir/src/crypto/dsa/dsa.c.o
[INFO] [stderr]   [ 53%] Building C object CMakeFiles/crypto.dir/src/crypto/ec_extra/ec_asn1.c.o
[INFO] [stderr]   [ 53%] Building C object CMakeFiles/crypto.dir/src/crypto/dsa/dsa_asn1.c.o
[INFO] [stderr]   [ 54%] Building C object CMakeFiles/crypto.dir/src/crypto/ec_extra/ec_derive.c.o
[INFO] [stderr]   [ 54%] Building C object CMakeFiles/crypto.dir/src/crypto/ec_extra/hash_to_curve.c.o
[INFO] [stderr]   [ 54%] Building C object CMakeFiles/crypto.dir/src/crypto/ecdh_extra/ecdh_extra.c.o
[INFO] [stderr]   [ 54%] Building C object CMakeFiles/crypto.dir/src/crypto/ecdsa_extra/ecdsa_asn1.c.o
[INFO] [stderr]   [ 54%] Building C object CMakeFiles/crypto.dir/src/crypto/err/err.c.o
[INFO] [stderr]   [ 55%] Building C object CMakeFiles/crypto.dir/src/crypto/engine/engine.c.o
[INFO] [stderr]   [ 56%] Building C object CMakeFiles/crypto.dir/src/crypto/evp/evp_ctx.c.o
[INFO] [stderr]   [ 56%] Building C object CMakeFiles/crypto.dir/src/crypto/evp/evp_asn1.c.o
[INFO] [stderr]   [ 56%] Building C object CMakeFiles/crypto.dir/src/crypto/evp/p_dsa_asn1.c.o
[INFO] [stderr]   [ 56%] Building C object CMakeFiles/crypto.dir/src/crypto/evp/evp.c.o
[INFO] [stderr]   [ 56%] Building C object CMakeFiles/crypto.dir/src/crypto/evp/p_ec.c.o
[INFO] [stderr]   [ 56%] Building C object CMakeFiles/crypto.dir/src/crypto/evp/p_ec_asn1.c.o
[INFO] [stderr]   [ 57%] Building C object CMakeFiles/crypto.dir/src/crypto/evp/p_ed25519.c.o
[INFO] [stderr]   [ 57%] Building C object CMakeFiles/crypto.dir/src/crypto/evp/p_ed25519_asn1.c.o
[INFO] [stderr]   [ 58%] Building C object CMakeFiles/crypto.dir/src/crypto/evp/p_hkdf.c.o
[INFO] [stderr]   [ 58%] Building C object CMakeFiles/crypto.dir/src/crypto/evp/p_rsa_asn1.c.o
[INFO] [stderr]   [ 58%] Building C object CMakeFiles/crypto.dir/src/crypto/evp/p_rsa.c.o
[INFO] [stderr]   [ 58%] Building C object CMakeFiles/crypto.dir/src/crypto/evp/p_x25519.c.o
[INFO] [stderr]   [ 58%] Building C object CMakeFiles/crypto.dir/src/crypto/evp/print.c.o
[INFO] [stderr]   [ 58%] Building C object CMakeFiles/crypto.dir/src/crypto/evp/p_x25519_asn1.c.o
[INFO] [stderr]   [ 58%] Building C object CMakeFiles/crypto.dir/src/crypto/evp/pbkdf.c.o
[INFO] [stderr]   [ 59%] Building C object CMakeFiles/crypto.dir/src/crypto/evp/scrypt.c.o
[INFO] [stderr]   [ 59%] Building C object CMakeFiles/crypto.dir/src/crypto/ex_data.c.o
[INFO] [stderr]   [ 59%] Building C object CMakeFiles/crypto.dir/src/crypto/fipsmodule/bcm.c.o
[INFO] [stderr]   [ 59%] Building C object CMakeFiles/crypto.dir/src/crypto/evp/sign.c.o
[INFO] [stderr]   [ 60%] Building C object CMakeFiles/crypto.dir/src/crypto/fipsmodule/fips_shared_support.c.o
[INFO] [stderr]   [ 60%] Building C object CMakeFiles/crypto.dir/src/crypto/hpke/hpke.c.o
[INFO] [stderr]   [ 60%] Building C object CMakeFiles/crypto.dir/src/crypto/kyber/keccak.c.o
[INFO] [stderr]   [ 60%] Building C object CMakeFiles/crypto.dir/src/crypto/hrss/hrss.c.o
[INFO] [stderr]   [ 60%] Building C object CMakeFiles/crypto.dir/src/crypto/lhash/lhash.c.o
[INFO] [stderr]   [ 61%] Building C object CMakeFiles/crypto.dir/src/crypto/kyber/kyber.c.o
[INFO] [stderr]   [ 61%] Building C object CMakeFiles/crypto.dir/src/crypto/mem.c.o
[INFO] [stderr]   [ 62%] Building C object CMakeFiles/crypto.dir/src/crypto/obj/obj_xref.c.o
[INFO] [stderr]   [ 62%] Building C object CMakeFiles/crypto.dir/src/crypto/obj/obj.c.o
[INFO] [stderr]   [ 62%] Building C object CMakeFiles/crypto.dir/src/crypto/pem/pem_info.c.o
[INFO] [stderr]   [ 62%] Building C object CMakeFiles/crypto.dir/src/crypto/pem/pem_all.c.o
[INFO] [stderr]   [ 62%] Building C object CMakeFiles/crypto.dir/src/crypto/pem/pem_lib.c.o
[INFO] [stderr]   [ 63%] Building C object CMakeFiles/crypto.dir/src/crypto/pem/pem_oth.c.o
[INFO] [stderr]   [ 63%] Building C object CMakeFiles/crypto.dir/src/crypto/pem/pem_pk8.c.o
[INFO] [stderr]   [ 63%] Building C object CMakeFiles/crypto.dir/src/crypto/pem/pem_pkey.c.o
[INFO] [stderr]   [ 63%] Building C object CMakeFiles/crypto.dir/src/crypto/pem/pem_x509.c.o
[INFO] [stderr]   [ 64%] Building C object CMakeFiles/crypto.dir/src/crypto/pem/pem_xaux.c.o
[INFO] [stderr]   [ 64%] Building C object CMakeFiles/crypto.dir/src/crypto/pkcs7/pkcs7.c.o
[INFO] [stderr]   [ 64%] Building C object CMakeFiles/crypto.dir/src/crypto/pkcs8/p5_pbev2.c.o
[INFO] [stderr]   [ 64%] Building C object CMakeFiles/crypto.dir/src/crypto/pkcs7/pkcs7_x509.c.o
[INFO] [stderr]   [ 64%] Building C object CMakeFiles/crypto.dir/src/crypto/pkcs8/pkcs8.c.o
[INFO] [stderr]   [ 65%] Building C object CMakeFiles/crypto.dir/src/crypto/pkcs8/pkcs8_x509.c.o
[INFO] [stderr]   [ 65%] Building C object CMakeFiles/crypto.dir/src/crypto/poly1305/poly1305.c.o
[INFO] [stderr]   [ 65%] Building C object CMakeFiles/crypto.dir/src/crypto/poly1305/poly1305_arm.c.o
[INFO] [stderr]   [ 66%] Building C object CMakeFiles/crypto.dir/src/crypto/pool/pool.c.o
[INFO] [stderr]   [ 66%] Building C object CMakeFiles/crypto.dir/src/crypto/rand_extra/deterministic.c.o
[INFO] [stderr]   [ 66%] Building C object CMakeFiles/crypto.dir/src/crypto/poly1305/poly1305_vec.c.o
[INFO] [stderr]   [ 66%] Building C object CMakeFiles/crypto.dir/src/crypto/rand_extra/forkunsafe.c.o
[INFO] [stderr]   [ 66%] Building C object CMakeFiles/crypto.dir/src/crypto/rand_extra/fuchsia.c.o
[INFO] [stderr]   [ 67%] Building C object CMakeFiles/crypto.dir/src/crypto/rand_extra/passive.c.o
[INFO] [stderr]   [ 67%] Building C object CMakeFiles/crypto.dir/src/crypto/rand_extra/rand_extra.c.o
[INFO] [stderr]   [ 67%] Building C object CMakeFiles/crypto.dir/src/crypto/rand_extra/windows.c.o
[INFO] [stderr]   [ 67%] Building C object CMakeFiles/crypto.dir/src/crypto/rc4/rc4.c.o
[INFO] [stderr]   [ 68%] Building C object CMakeFiles/crypto.dir/src/crypto/refcount_c11.c.o
[INFO] [stderr]   [ 68%] Building C object CMakeFiles/crypto.dir/src/crypto/rsa_extra/rsa_asn1.c.o
[INFO] [stderr]   [ 68%] Building C object CMakeFiles/crypto.dir/src/crypto/rsa_extra/rsa_crypt.c.o
[INFO] [stderr]   [ 69%] Building C object CMakeFiles/crypto.dir/src/crypto/rsa_extra/rsa_print.c.o
[INFO] [stderr]   [ 69%] Building C object CMakeFiles/crypto.dir/src/crypto/refcount_lock.c.o
[INFO] [stderr]   [ 69%] Building C object CMakeFiles/crypto.dir/src/crypto/stack/stack.c.o
[INFO] [stderr]   [ 69%] Building C object CMakeFiles/crypto.dir/src/crypto/siphash/siphash.c.o
[INFO] [stderr]   [ 70%] Building C object CMakeFiles/crypto.dir/src/crypto/thread_none.c.o
[INFO] [stderr]   [ 70%] Building C object CMakeFiles/crypto.dir/src/crypto/thread.c.o
[INFO] [stderr]   [ 70%] Building C object CMakeFiles/crypto.dir/src/crypto/thread_pthread.c.o
[INFO] [stderr]   [ 70%] Building C object CMakeFiles/crypto.dir/src/crypto/thread_win.c.o
[INFO] [stderr]   [ 70%] Building C object CMakeFiles/crypto.dir/src/crypto/trust_token/pmbtoken.c.o
[INFO] [stderr]   [ 70%] Building C object CMakeFiles/crypto.dir/src/crypto/x509/a_digest.c.o
[INFO] [stderr]   [ 71%] Building C object CMakeFiles/crypto.dir/src/crypto/trust_token/trust_token.c.o
[INFO] [stderr]   [ 71%] Building C object CMakeFiles/crypto.dir/src/crypto/trust_token/voprf.c.o
[INFO] [stderr]   [ 71%] Building C object CMakeFiles/crypto.dir/src/crypto/x509/a_verify.c.o
[INFO] [stderr]   [ 71%] Building C object CMakeFiles/crypto.dir/src/crypto/x509/a_sign.c.o
[INFO] [stderr]   [ 72%] Building C object CMakeFiles/crypto.dir/src/crypto/x509/algorithm.c.o
[INFO] [stderr]   [ 72%] Building C object CMakeFiles/crypto.dir/src/crypto/x509/asn1_gen.c.o
[INFO] [stderr]   [ 72%] Building C object CMakeFiles/crypto.dir/src/crypto/x509/by_dir.c.o
[INFO] [stderr]   [ 72%] Building C object CMakeFiles/crypto.dir/src/crypto/x509/by_file.c.o
[INFO] [stderr]   [ 73%] Building C object CMakeFiles/crypto.dir/src/crypto/x509/i2d_pr.c.o
[INFO] [stderr]   [ 73%] Building C object CMakeFiles/crypto.dir/src/crypto/x509/name_print.c.o
[INFO] [stderr]   [ 73%] Building C object CMakeFiles/crypto.dir/src/crypto/x509/policy.c.o
[INFO] [stderr]   [ 73%] Building C object CMakeFiles/crypto.dir/src/crypto/x509/rsa_pss.c.o
[INFO] [stderr]   [ 73%] Building C object CMakeFiles/crypto.dir/src/crypto/x509/t_req.c.o
[INFO] [stderr]   [ 75%] Building C object CMakeFiles/crypto.dir/src/crypto/x509/t_crl.c.o
[INFO] [stderr]   [ 75%] Building C object CMakeFiles/crypto.dir/src/crypto/x509/t_x509.c.o
[INFO] [stderr]   [ 75%] Building C object CMakeFiles/crypto.dir/src/crypto/x509/t_x509a.c.o
[INFO] [stderr]   [ 76%] Building C object CMakeFiles/crypto.dir/src/crypto/x509/x509.c.o
[INFO] [stderr]   [ 76%] Building C object CMakeFiles/crypto.dir/src/crypto/x509/x509_att.c.o
[INFO] [stderr]   [ 76%] Building C object CMakeFiles/crypto.dir/src/crypto/x509/x509_cmp.c.o
[INFO] [stderr]   [ 76%] Building C object CMakeFiles/crypto.dir/src/crypto/x509/x509_d2.c.o
[INFO] [stderr]   [ 77%] Building C object CMakeFiles/crypto.dir/src/crypto/x509/x509_def.c.o
[INFO] [stderr]   [ 77%] Building C object CMakeFiles/crypto.dir/src/crypto/x509/x509_ext.c.o
[INFO] [stderr]   [ 77%] Building C object CMakeFiles/crypto.dir/src/crypto/x509/x509_lu.c.o
[INFO] [stderr]   [ 77%] Building C object CMakeFiles/crypto.dir/src/crypto/x509/x509_obj.c.o
[INFO] [stderr]   [ 78%] Building C object CMakeFiles/crypto.dir/src/crypto/x509/x509_req.c.o
[INFO] [stderr]   [ 78%] Building C object CMakeFiles/crypto.dir/src/crypto/x509/x509_set.c.o
[INFO] [stderr]   [ 78%] Building C object CMakeFiles/crypto.dir/src/crypto/x509/x509_trs.c.o
[INFO] [stderr]   [ 78%] Building C object CMakeFiles/crypto.dir/src/crypto/x509/x509_txt.c.o
[INFO] [stderr]   [ 79%] Building C object CMakeFiles/crypto.dir/src/crypto/x509/x509_v3.c.o
[INFO] [stderr]   [ 79%] Building C object CMakeFiles/crypto.dir/src/crypto/x509/x509_vfy.c.o
[INFO] [stderr]   [ 79%] Building C object CMakeFiles/crypto.dir/src/crypto/x509/x509_vpm.c.o
[INFO] [stderr]   [ 79%] Building C object CMakeFiles/crypto.dir/src/crypto/x509/x509cset.c.o
[INFO] [stderr]   [ 79%] Building C object CMakeFiles/crypto.dir/src/crypto/x509/x509name.c.o
[INFO] [stderr]   [ 79%] Building C object CMakeFiles/crypto.dir/src/crypto/x509/x509spki.c.o
[INFO] [stderr]   [ 80%] Building C object CMakeFiles/crypto.dir/src/crypto/x509/x509rset.c.o
[INFO] [stderr]   [ 80%] Building C object CMakeFiles/crypto.dir/src/crypto/x509/x_all.c.o
[INFO] [stderr]   [ 80%] Building C object CMakeFiles/crypto.dir/src/crypto/x509/x_algor.c.o
[INFO] [stderr]   [ 80%] Building C object CMakeFiles/crypto.dir/src/crypto/x509/x_crl.c.o
[INFO] [stderr]   [ 80%] Building C object CMakeFiles/crypto.dir/src/crypto/x509/x_exten.c.o
[INFO] [stderr]   [ 81%] Building C object CMakeFiles/crypto.dir/src/crypto/x509/x_attrib.c.o
[INFO] [stderr]   [ 81%] Building C object CMakeFiles/crypto.dir/src/crypto/x509/x_info.c.o
[INFO] [stderr]   [ 82%] Building C object CMakeFiles/crypto.dir/src/crypto/x509/x_name.c.o
[INFO] [stderr]   [ 82%] Building C object CMakeFiles/crypto.dir/src/crypto/x509/x_pubkey.c.o
[INFO] [stderr]   [ 82%] Building C object CMakeFiles/crypto.dir/src/crypto/x509/x_pkey.c.o
[INFO] [stderr]   [ 82%] Building C object CMakeFiles/crypto.dir/src/crypto/x509/x_req.c.o
[INFO] [stderr]   [ 82%] Building C object CMakeFiles/crypto.dir/src/crypto/x509/x_spki.c.o
[INFO] [stderr]   [ 83%] Building C object CMakeFiles/crypto.dir/src/crypto/x509/x_sig.c.o
[INFO] [stderr]   [ 83%] Building C object CMakeFiles/crypto.dir/src/crypto/x509/x_val.c.o
[INFO] [stderr]   [ 84%] Building C object CMakeFiles/crypto.dir/src/crypto/x509/x_x509a.c.o
[INFO] [stderr]   [ 84%] Building C object CMakeFiles/crypto.dir/src/crypto/x509/x_x509.c.o
[INFO] [stderr]   [ 84%] Building C object CMakeFiles/crypto.dir/src/crypto/x509v3/v3_akeya.c.o
[INFO] [stderr]   [ 84%] Building C object CMakeFiles/crypto.dir/src/crypto/x509v3/v3_akey.c.o
[INFO] [stderr]   [ 84%] Building C object CMakeFiles/crypto.dir/src/crypto/x509v3/v3_alt.c.o
[INFO] [stderr]   [ 85%] Building C object CMakeFiles/crypto.dir/src/crypto/x509v3/v3_bcons.c.o
[INFO] [stderr]   [ 85%] Building C object CMakeFiles/crypto.dir/src/crypto/x509v3/v3_crld.c.o
[INFO] [stderr]   [ 85%] Building C object CMakeFiles/crypto.dir/src/crypto/x509v3/v3_bitst.c.o
[INFO] [stderr]   [ 85%] Building C object CMakeFiles/crypto.dir/src/crypto/x509v3/v3_conf.c.o
[INFO] [stderr]   [ 85%] Building C object CMakeFiles/crypto.dir/src/crypto/x509v3/v3_cpols.c.o
[INFO] [stderr]   [ 86%] Building C object CMakeFiles/crypto.dir/src/crypto/x509v3/v3_enum.c.o
[INFO] [stderr]   [ 86%] Building C object CMakeFiles/crypto.dir/src/crypto/x509v3/v3_extku.c.o
[INFO] [stderr]   [ 86%] Building C object CMakeFiles/crypto.dir/src/crypto/x509v3/v3_genn.c.o
[INFO] [stderr]   [ 86%] Building C object CMakeFiles/crypto.dir/src/crypto/x509v3/v3_ia5.c.o
[INFO] [stderr]   [ 86%] Building C object CMakeFiles/crypto.dir/src/crypto/x509v3/v3_int.c.o
[INFO] [stderr]   [ 87%] Building C object CMakeFiles/crypto.dir/src/crypto/x509v3/v3_info.c.o
[INFO] [stderr]   [ 87%] Building C object CMakeFiles/crypto.dir/src/crypto/x509v3/v3_lib.c.o
[INFO] [stderr]   [ 87%] Building C object CMakeFiles/crypto.dir/src/crypto/x509v3/v3_ncons.c.o
[INFO] [stderr]   [ 88%] Building C object CMakeFiles/crypto.dir/src/crypto/x509v3/v3_ocsp.c.o
[INFO] [stderr]   [ 88%] Building C object CMakeFiles/crypto.dir/src/crypto/x509v3/v3_pcons.c.o
[INFO] [stderr]   [ 88%] Building C object CMakeFiles/crypto.dir/src/crypto/x509v3/v3_prn.c.o
[INFO] [stderr]   [ 88%] Building C object CMakeFiles/crypto.dir/src/crypto/x509v3/v3_pmaps.c.o
[INFO] [stderr]   [ 89%] Building C object CMakeFiles/crypto.dir/src/crypto/x509v3/v3_purp.c.o
[INFO] [stderr]   [ 89%] Building C object CMakeFiles/crypto.dir/src/crypto/x509v3/v3_skey.c.o
[INFO] [stderr]   [ 89%] Building C object CMakeFiles/crypto.dir/src/crypto/x509v3/v3_utl.c.o
[INFO] [stderr]   [ 89%] Linking C static library libcrypto.a
[INFO] [stderr]   [ 89%] Built target crypto
[INFO] [stderr]   [ 89%] Building CXX object CMakeFiles/ssl.dir/src/ssl/d1_both.cc.o
[INFO] [stderr]   [ 89%] Building CXX object CMakeFiles/ssl.dir/src/ssl/encrypted_client_hello.cc.o
[INFO] [stderr]   [ 90%] Building CXX object CMakeFiles/ssl.dir/src/ssl/bio_ssl.cc.o
[INFO] [stderr]   [ 90%] Building CXX object CMakeFiles/ssl.dir/src/ssl/d1_lib.cc.o
[INFO] [stderr]   [ 90%] Building CXX object CMakeFiles/ssl.dir/src/ssl/handshake.cc.o
[INFO] [stderr]   [ 90%] Building CXX object CMakeFiles/ssl.dir/src/ssl/d1_pkt.cc.o
[INFO] [stderr]   [ 90%] Building CXX object CMakeFiles/ssl.dir/src/ssl/handshake_client.cc.o
[INFO] [stderr]   [ 91%] Building CXX object CMakeFiles/ssl.dir/src/ssl/extensions.cc.o
[INFO] [stderr]   [ 90%] Building CXX object CMakeFiles/ssl.dir/src/ssl/dtls_method.cc.o
[INFO] [stderr]   [ 91%] Building CXX object CMakeFiles/ssl.dir/src/ssl/s3_lib.cc.o
[INFO] [stderr]   [ 91%] Building CXX object CMakeFiles/ssl.dir/src/ssl/dtls_record.cc.o
[INFO] [stderr]   [ 91%] Building CXX object CMakeFiles/ssl.dir/src/ssl/s3_pkt.cc.o
[INFO] [stderr]   [ 92%] Building CXX object CMakeFiles/ssl.dir/src/ssl/s3_both.cc.o
[INFO] [stderr]   [ 93%] Building CXX object CMakeFiles/ssl.dir/src/ssl/d1_srtp.cc.o
[INFO] [stderr]   [ 93%] Building CXX object CMakeFiles/ssl.dir/src/ssl/handshake_server.cc.o
[INFO] [stderr]   [ 93%] Building CXX object CMakeFiles/ssl.dir/src/ssl/handoff.cc.o
[INFO] [stderr]   [ 93%] Building CXX object CMakeFiles/ssl.dir/src/ssl/ssl_aead_ctx.cc.o
[INFO] [stderr]   [ 93%] Building CXX object CMakeFiles/ssl.dir/src/ssl/ssl_buffer.cc.o
[INFO] [stderr]   [ 94%] Building CXX object CMakeFiles/ssl.dir/src/ssl/ssl_asn1.cc.o
[INFO] [stderr] 
[INFO] [stderr]   --- stderr
[INFO] [stderr]   hint: Using 'master' as the name for the initial branch. This default branch name
[INFO] [stderr]   hint: will change to "main" in Git 3.0. To configure the initial branch name
[INFO] [stderr]   hint: to use in all of your new repositories, which will suppress this warning,
[INFO] [stderr]   hint: call:
[INFO] [stderr]   hint:
[INFO] [stderr]   hint: 	git config --global init.defaultBranch <name>
[INFO] [stderr]   hint:
[INFO] [stderr]   hint: Names commonly chosen instead of 'master' are 'main', 'trunk' and
[INFO] [stderr]   hint: 'development'. The just-created branch can be renamed via this command:
[INFO] [stderr]   hint:
[INFO] [stderr]   hint: 	git branch -m <name>
[INFO] [stderr]   hint:
[INFO] [stderr]   hint: Disable this message with "git config set advice.defaultBranchName false"
[INFO] [stderr] 
[INFO] [stderr]   running: cd "/opt/rustwide/target/release/build/boring-sys-a785acaab11cd6b3/out/build" && CMAKE_BUILD_PARALLEL_LEVEL="16" CMAKE_PREFIX_PATH="" LC_ALL="C" "cmake" "/opt/rustwide/target/release/build/boring-sys-a785acaab11cd6b3/out/boringssl" "-B" "/opt/rustwide/target/release/build/boring-sys-a785acaab11cd6b3/out/build" "-DCMAKE_INSTALL_PREFIX=/opt/rustwide/target/release/build/boring-sys-a785acaab11cd6b3/out" "-DCMAKE_C_FLAGS= -ffunction-sections -fdata-sections -fPIC -m64 -w" "-DCMAKE_C_COMPILER=/usr/bin/cc" "-DCMAKE_CXX_FLAGS= -ffunction-sections -fdata-sections -fPIC -m64 -w" "-DCMAKE_CXX_COMPILER=/usr/bin/c++" "-DCMAKE_ASM_FLAGS= -ffunction-sections -fdata-sections -fPIC -m64 -w" "-DCMAKE_ASM_COMPILER=/usr/bin/cc" "-DCMAKE_BUILD_TYPE=Release"
[INFO] [stderr]   running: cd "/opt/rustwide/target/release/build/boring-sys-a785acaab11cd6b3/out/build" && CMAKE_BUILD_PARALLEL_LEVEL="16" LC_ALL="C" MAKEFLAGS="-j --jobserver-fds=4,5 --jobserver-auth=4,5" "cmake" "--build" "/opt/rustwide/target/release/build/boring-sys-a785acaab11cd6b3/out/build" "--target" "ssl" "--config" "Release"
[INFO] [stderr]   gmake: warning: -j16 forced in submake: resetting jobserver mode.
[INFO] [stderr]   c++: fatal error: Killed signal terminated program cc1plus
[INFO] [stderr]   compilation terminated.
[INFO] [stderr]   gmake[3]: *** [CMakeFiles/ssl.dir/build.make:247: CMakeFiles/ssl.dir/src/ssl/handshake_server.cc.o] Error 1
[INFO] [stderr]   gmake[3]: *** Waiting for unfinished jobs....
[INFO] [stderr]   gmake[2]: *** [CMakeFiles/Makefile2:125: CMakeFiles/ssl.dir/all] Error 2
[INFO] [stderr]   gmake[1]: *** [CMakeFiles/Makefile2:132: CMakeFiles/ssl.dir/rule] Error 2
[INFO] [stderr]   gmake: *** [Makefile:137: ssl] Error 2
[INFO] [stderr] 
[INFO] [stderr]   thread 'main' (2234) panicked at /opt/rustwide/cargo-home/registry/src/index.crates.io-1949cf8c6b5b557f/cmake-0.1.57/src/lib.rs:1132:5:
[INFO] [stderr] 
[INFO] [stderr]   command did not execute successfully, got: exit status: 2
[INFO] [stderr] 
[INFO] [stderr]   build script failed, must exit now
[INFO] [stderr]   stack backtrace:
[INFO] [stderr]      0:     0x5d81457533b1 - <<std[70759c8f55707aa4]::sys::backtrace::BacktraceLock>::print::DisplayBacktrace as core[df12db4294e9bfd3]::fmt::Display>::fmt
[INFO] [stderr]      1:     0x5d814576b53a - core[df12db4294e9bfd3]::fmt::write
[INFO] [stderr]      2:     0x5d8145759a7c - <std[70759c8f55707aa4]::sys::stdio::unix::Stderr as core[df12db4294e9bfd3]::io::write::Write>::write_fmt
[INFO] [stderr]      3:     0x5d814572c886 - std[70759c8f55707aa4]::panicking::default_hook::{closure#0}
[INFO] [stderr]      4:     0x5d814574a021 - std[70759c8f55707aa4]::panicking::default_hook
[INFO] [stderr]      5:     0x5d814574a34b - std[70759c8f55707aa4]::panicking::panic_with_hook
[INFO] [stderr]      6:     0x5d814572c932 - std[70759c8f55707aa4]::panicking::panic_handler::{closure#0}
[INFO] [stderr]      7:     0x5d81457254c9 - std[70759c8f55707aa4]::sys::backtrace::__rust_end_short_backtrace::<std[70759c8f55707aa4]::panicking::panic_handler::{closure#0}, !>
[INFO] [stderr]      8:     0x5d814572d51d - __rustc[8fa7c3cbc660c2b3]::rust_begin_unwind
[INFO] [stderr]      9:     0x5d814576bd5c - core[df12db4294e9bfd3]::panicking::panic_fmt
[INFO] [stderr]     10:     0x5d81456b46b7 - cmake[b314331036493235]::fail
[INFO] [stderr]     11:     0x5d81456b4343 - cmake[b314331036493235]::run
[INFO] [stderr]     12:     0x5d81456ba3d5 - <cmake[b314331036493235]::Config>::build
[INFO] [stderr]     13:     0x5d814522439a - build_script_main[1bc4f0b9dcea9860]::built_boring_source_path::{closure#0}
[INFO] [stderr]     14:     0x5d8145220db7 - <std[70759c8f55707aa4]::sync::once_lock::OnceLock<std[70759c8f55707aa4]::path::PathBuf>>::get_or_init::<build_script_main[1bc4f0b9dcea9860]::built_boring_source_path::{closure#0}>::{closure#0}
[INFO] [stderr]     15:     0x5d8145220c2a - <std[70759c8f55707aa4]::sync::once_lock::OnceLock<std[70759c8f55707aa4]::path::PathBuf>>::initialize::<<std[70759c8f55707aa4]::sync::once_lock::OnceLock<std[70759c8f55707aa4]::path::PathBuf>>::get_or_init<build_script_main[1bc4f0b9dcea9860]::built_boring_source_path::{closure#0}>::{closure#0}, !>::{closure#0}
[INFO] [stderr]     16:     0x5d814521a8b2 - <std[70759c8f55707aa4]::sync::once::Once>::call_once_force::<<std[70759c8f55707aa4]::sync::once_lock::OnceLock<std[70759c8f55707aa4]::path::PathBuf>>::initialize<<std[70759c8f55707aa4]::sync::once_lock::OnceLock<std[70759c8f55707aa4]::path::PathBuf>>::get_or_init<build_script_main[1bc4f0b9dcea9860]::built_boring_source_path::{closure#0}>::{closure#0}, !>::{closure#0}>::{closure#0}
[INFO] [stderr]     17:     0x5d8145732239 - <std[70759c8f55707aa4]::sys::sync::once::futex::Once>::call
[INFO] [stderr]     18:     0x5d8145215368 - <std[70759c8f55707aa4]::sync::once::Once>::call_once_force::<<std[70759c8f55707aa4]::sync::once_lock::OnceLock<std[70759c8f55707aa4]::path::PathBuf>>::initialize<<std[70759c8f55707aa4]::sync::once_lock::OnceLock<std[70759c8f55707aa4]::path::PathBuf>>::get_or_init<build_script_main[1bc4f0b9dcea9860]::built_boring_source_path::{closure#0}>::{closure#0}, !>::{closure#0}>
[INFO] [stderr]     19:     0x5d814521f52f - <std[70759c8f55707aa4]::sync::once_lock::OnceLock<std[70759c8f55707aa4]::path::PathBuf>>::initialize::<<std[70759c8f55707aa4]::sync::once_lock::OnceLock<std[70759c8f55707aa4]::path::PathBuf>>::get_or_init<build_script_main[1bc4f0b9dcea9860]::built_boring_source_path::{closure#0}>::{closure#0}, !>
[INFO] [stderr]     20:     0x5d814521f5c3 - <std[70759c8f55707aa4]::sync::once_lock::OnceLock<std[70759c8f55707aa4]::path::PathBuf>>::get_or_try_init::<<std[70759c8f55707aa4]::sync::once_lock::OnceLock<std[70759c8f55707aa4]::path::PathBuf>>::get_or_init<build_script_main[1bc4f0b9dcea9860]::built_boring_source_path::{closure#0}>::{closure#0}, !>
[INFO] [stderr]     21:     0x5d814521f56e - <std[70759c8f55707aa4]::sync::once_lock::OnceLock<std[70759c8f55707aa4]::path::PathBuf>>::get_or_init::<build_script_main[1bc4f0b9dcea9860]::built_boring_source_path::{closure#0}>
[INFO] [stderr]     22:     0x5d8145228269 - build_script_main[1bc4f0b9dcea9860]::built_boring_source_path
[INFO] [stderr]     23:     0x5d8145227509 - build_script_main[1bc4f0b9dcea9860]::emit_link_directives
[INFO] [stderr]     24:     0x5d814522c26c - build_script_main[1bc4f0b9dcea9860]::main
[INFO] [stderr]     25:     0x5d814521e303 - <fn() as core[df12db4294e9bfd3]::ops::function::FnOnce<()>>::call_once
[INFO] [stderr]     26:     0x5d81452204ee - std[70759c8f55707aa4]::sys::backtrace::__rust_begin_short_backtrace::<fn(), ()>
[INFO] [stderr]     27:     0x5d814521a9d9 - std[70759c8f55707aa4]::rt::lang_start::<()>::{closure#0}
[INFO] [stderr]     28:     0x5d81457492d9 - std[70759c8f55707aa4]::rt::lang_start_internal
[INFO] [stderr]     29:     0x5d8145219a41 - std[70759c8f55707aa4]::rt::lang_start::<()>
[INFO] [stderr]     30:     0x5d814522c6f5 - main
[INFO] [stderr]     31:     0x79bc71f54601 - <unknown>
[INFO] [stderr]     32:     0x79bc71f54718 - __libc_start_main
[INFO] [stderr]     33:     0x5d81452145f5 - _start
[INFO] [stderr]     34:                0x0 - <unknown>
[INFO] running `Command { std: "docker" "inspect" "b7c3f0a0baa8919739970c62c4136f7f5120f7798dd138c328a4fdad85358f77", kill_on_drop: false }`
[INFO] running `Command { std: "docker" "rm" "-f" "b7c3f0a0baa8919739970c62c4136f7f5120f7798dd138c328a4fdad85358f77", kill_on_drop: false }`
[INFO] [stdout] b7c3f0a0baa8919739970c62c4136f7f5120f7798dd138c328a4fdad85358f77
