[INFO] fetching crate vm-linux 2.0.2...
[INFO] testing vm-linux-2.0.2 against 1.100.0-beta.1+cargoflags=--release for beta-release-1.100-2
[INFO] extracting crate vm-linux 2.0.2 into /workspace/builds/worker-5-tc2/source
[INFO] started tweaking crates.io crate vm-linux 2.0.2
[INFO] finished tweaking crates.io crate vm-linux 2.0.2
[INFO] tweaked toml for crates.io crate vm-linux 2.0.2 written to /workspace/builds/worker-5-tc2/source/Cargo.toml
[INFO] validating manifest of crates.io crate vm-linux 2.0.2 on toolchain 1.100.0-beta.1
[INFO] running `Command { std: CARGO_HOME="/workspace/cargo-home" RUSTUP_HOME="/workspace/rustup-home" "/workspace/cargo-home/bin/cargo" "+1.100.0-beta.1" "metadata" "--manifest-path" "Cargo.toml" "--no-deps", kill_on_drop: false }`
[INFO] crate crates.io crate vm-linux 2.0.2 already has a lockfile, it will not be regenerated
[INFO] running `Command { std: CARGO_HOME="/workspace/cargo-home" RUSTUP_HOME="/workspace/rustup-home" "/workspace/cargo-home/bin/cargo" "+1.100.0-beta.1" "fetch" "--manifest-path" "Cargo.toml", kill_on_drop: false }`
[INFO] running `Command { std: "docker" "create" "-v" "/var/lib/crater-agent-workspace/builds/worker-5-tc2/source:/opt/rustwide/workdir:ro,Z" "-v" "/var/lib/crater-agent-workspace/builds/worker-5-tc2/target:/opt/rustwide/target:rw,Z" "-v" "/var/lib/crater-agent-workspace/cargo-home:/opt/rustwide/cargo-home:ro,Z" "-v" "/var/lib/crater-agent-workspace/rustup-home:/opt/rustwide/rustup-home:ro,Z" "-m" "1610612736" "--network" "none" "ghcr.io/rust-lang/crates-build-env/linux@sha256:77db811e55d90add9212f6832c23229e3de5f1c1f9905e8cb07319ea15df73ac" "sleep" "infinity", kill_on_drop: false }`
[INFO] [stdout] c3f0a78e358ce7c1aeb5858b2e50b8de33774ad1dfe4b25a99e5dd097afaafe6
[INFO] running `Command { std: "docker" "start" "c3f0a78e358ce7c1aeb5858b2e50b8de33774ad1dfe4b25a99e5dd097afaafe6", kill_on_drop: false }`
[INFO] running `Command { std: "docker" "inspect" "c3f0a78e358ce7c1aeb5858b2e50b8de33774ad1dfe4b25a99e5dd097afaafe6", kill_on_drop: false }`
[INFO] running `Command { std: "docker" "exec" "-e" "SOURCE_DIR=/opt/rustwide/workdir" "-e" "CARGO_HOME=/opt/rustwide/cargo-home" "-e" "RUSTUP_HOME=/opt/rustwide/rustup-home" "-e" "CARGO_TARGET_DIR=/opt/rustwide/target" "-w" "/opt/rustwide/workdir" "--user" "0:0" "c3f0a78e358ce7c1aeb5858b2e50b8de33774ad1dfe4b25a99e5dd097afaafe6" "/opt/rustwide/cargo-home/bin/cargo" "+1.100.0-beta.1" "metadata" "--no-deps" "--format-version=1", kill_on_drop: false }`
[INFO] running `Command { std: "docker" "inspect" "c3f0a78e358ce7c1aeb5858b2e50b8de33774ad1dfe4b25a99e5dd097afaafe6", kill_on_drop: false }`
[INFO] running `Command { std: "docker" "exec" "-e" "SOURCE_DIR=/opt/rustwide/workdir" "-e" "CARGO_HOME=/opt/rustwide/cargo-home" "-e" "RUSTUP_HOME=/opt/rustwide/rustup-home" "-e" "CARGO_TARGET_DIR=/opt/rustwide/target" "-e" "CARGO_INCREMENTAL=0" "-e" "RUST_BACKTRACE=full" "-e" "RUSTFLAGS=--cap-lints=warn" "-e" "RUSTDOCFLAGS=--cap-lints=warn" "-w" "/opt/rustwide/workdir" "--user" "0:0" "c3f0a78e358ce7c1aeb5858b2e50b8de33774ad1dfe4b25a99e5dd097afaafe6" "/opt/rustwide/cargo-home/bin/cargo" "+1.100.0-beta.1" "build" "--frozen" "--message-format=json" "--release", kill_on_drop: false }`
[INFO] [stderr]    Compiling kvm-ioctls v0.18.0
[INFO] [stderr]    Compiling vm-fdt v0.3.0
[INFO] [stderr]    Compiling syn v2.0.116
[INFO] [stderr]    Compiling vmm-sys-util v0.12.1
[INFO] [stderr]    Compiling kvm-bindings v0.9.1
[INFO] [stderr]    Compiling thiserror-impl v1.0.69
[INFO] [stderr]    Compiling thiserror v1.0.69
[INFO] [stderr]    Compiling vm-memory v0.15.0
[INFO] [stderr]    Compiling linux-loader v0.12.0
[INFO] [stderr]    Compiling vm-linux v2.0.2 (/opt/rustwide/workdir)
[INFO] [stdout] error[E0432]: unresolved import `linux_loader::loader::pe`
[INFO] [stdout]   --> src/kvm/mod.rs:14:28
[INFO] [stdout]    |
[INFO] [stdout] 14 | use linux_loader::loader::{pe::PE, KernelLoader};
[INFO] [stdout]    |                            ^^ could not find `pe` in `loader`
[INFO] [stdout] 
[INFO] [stdout] 
[INFO] [stdout] error[E0432]: unresolved imports `kvm_bindings::KVM_DEV_ARM_VGIC_GRP_ADDR`, `kvm_bindings::KVM_DEV_ARM_VGIC_GRP_CTRL`
[INFO] [stdout]   --> src/kvm/mod.rs:22:20
[INFO] [stdout]    |
[INFO] [stdout] 22 | use kvm_bindings::{KVM_DEV_ARM_VGIC_GRP_ADDR, KVM_DEV_ARM_VGIC_GRP_CTRL};
[INFO] [stdout]    |                    ^^^^^^^^^^^^^^^^^^^^^^^^^  ^^^^^^^^^^^^^^^^^^^^^^^^^ no `KVM_DEV_ARM_VGIC_GRP_CTRL` in the root
[INFO] [stdout]    |                    |
[INFO] [stdout]    |                    no `KVM_DEV_ARM_VGIC_GRP_ADDR` in the root
[INFO] [stdout] 
[INFO] [stdout] 
[INFO] [stdout] error[E0433]: cannot find `kvm_vcpu_init` in `kvm_bindings`
[INFO] [stdout]    --> src/kvm/mod.rs:369:33
[INFO] [stdout]     |
[INFO] [stdout] 369 |     let mut kvi = kvm_bindings::kvm_vcpu_init::default();
[INFO] [stdout]     |                                 ^^^^^^^^^^^^^ could not find `kvm_vcpu_init` in `kvm_bindings`
[INFO] [stdout] 
[INFO] [stdout] 
[INFO] [stdout] error[E0425]: cannot find value `KVM_VGIC_V3_ADDR_TYPE_DIST` in crate `kvm_bindings`
[INFO] [stdout]    --> src/kvm/mod.rs:323:33
[INFO] [stdout]     |
[INFO] [stdout] 323 |             attr: kvm_bindings::KVM_VGIC_V3_ADDR_TYPE_DIST as u64,
[INFO] [stdout]     |                                 ^^^^^^^^^^^^^^^^^^^^^^^^^^ not found in `kvm_bindings`
[INFO] [stdout] 
[INFO] [stdout] 
[INFO] [stdout] error[E0425]: cannot find value `KVM_VGIC_V3_ADDR_TYPE_REDIST` in crate `kvm_bindings`
[INFO] [stdout]    --> src/kvm/mod.rs:333:33
[INFO] [stdout]     |
[INFO] [stdout] 333 |             attr: kvm_bindings::KVM_VGIC_V3_ADDR_TYPE_REDIST as u64,
[INFO] [stdout]     |                                 ^^^^^^^^^^^^^^^^^^^^^^^^^^^^ not found in `kvm_bindings`
[INFO] [stdout] 
[INFO] [stdout] 
[INFO] [stdout] error[E0425]: cannot find value `KVM_DEV_ARM_VGIC_GRP_NR_IRQS` in crate `kvm_bindings`
[INFO] [stdout]    --> src/kvm/mod.rs:345:34
[INFO] [stdout]     |
[INFO] [stdout] 345 |             group: kvm_bindings::KVM_DEV_ARM_VGIC_GRP_NR_IRQS,
[INFO] [stdout]     |                                  ^^^^^^^^^^^^^^^^^^^^^^^^^^^^ not found in `kvm_bindings`
[INFO] [stdout] 
[INFO] [stdout] 
[INFO] [stdout] error[E0425]: cannot find value `KVM_DEV_ARM_VGIC_CTRL_INIT` in crate `kvm_bindings`
[INFO] [stdout]    --> src/kvm/mod.rs:355:33
[INFO] [stdout]     |
[INFO] [stdout] 355 |             attr: kvm_bindings::KVM_DEV_ARM_VGIC_CTRL_INIT as u64,
[INFO] [stdout]     |                                 ^^^^^^^^^^^^^^^^^^^^^^^^^^ not found in `kvm_bindings`
[INFO] [stdout] 
[INFO] [stdout] 
[INFO] [stdout] error[E0599]: no method named `get_preferred_target` found for reference `&VmFd` in the current scope
[INFO] [stdout]    --> src/kvm/mod.rs:371:10
[INFO] [stdout]     |
[INFO] [stdout] 370 |     vm_fd
[INFO] [stdout] 371 |         .get_preferred_target(&mut kvi)
[INFO] [stdout]     |          ^^^^^^^^^^^^^^^^^^^^ method not found in `&VmFd`
[INFO] [stdout] 
[INFO] [stdout] 
[INFO] [stdout] error[E0599]: no method named `vcpu_init` found for reference `&VcpuFd` in the current scope
[INFO] [stdout]    --> src/kvm/mod.rs:379:10
[INFO] [stdout]     |
[INFO] [stdout] 379 |     vcpu.vcpu_init(&kvi)
[INFO] [stdout]     |          ^^^^^^^^^ method not found in `&VcpuFd`
[INFO] [stdout] 
[INFO] [stdout] 
[INFO] [stdout] error[E0599]: no method named `set_one_reg` found for reference `&VcpuFd` in the current scope
[INFO] [stdout]    --> src/kvm/mod.rs:390:10
[INFO] [stdout]     |
[INFO] [stdout] 390 |     vcpu.set_one_reg(reg_id, &value.to_le_bytes())
[INFO] [stdout]     |          ^^^^^^^^^^^ method not found in `&VcpuFd`
[INFO] [stdout] 
[INFO] [stdout] 
[INFO] [stdout] warning: unused import: `KernelLoader`
[INFO] [stdout]   --> src/kvm/mod.rs:14:36
[INFO] [stdout]    |
[INFO] [stdout] 14 | use linux_loader::loader::{pe::PE, KernelLoader};
[INFO] [stdout]    |                                    ^^^^^^^^^^^^
[INFO] [stdout]    |
[INFO] [stdout]    = note: `#[warn(unused_imports)]` (part of `#[warn(unused)]`) on by default
[INFO] [stdout] 
[INFO] [stdout] 
[INFO] [stdout] Some errors have detailed explanations: E0425, E0432, E0433, E0599.
[INFO] [stdout] 
[INFO] [stdout] For more information about an error, try `rustc --explain E0425`.
[INFO] [stdout] 
[INFO] [stderr] error: could not compile `vm-linux` (lib) due to 10 previous errors; 1 warning emitted
[INFO] running `Command { std: "docker" "inspect" "c3f0a78e358ce7c1aeb5858b2e50b8de33774ad1dfe4b25a99e5dd097afaafe6", kill_on_drop: false }`
[INFO] running `Command { std: "docker" "rm" "-f" "c3f0a78e358ce7c1aeb5858b2e50b8de33774ad1dfe4b25a99e5dd097afaafe6", kill_on_drop: false }`
[INFO] [stdout] c3f0a78e358ce7c1aeb5858b2e50b8de33774ad1dfe4b25a99e5dd097afaafe6
