[INFO] fetching crate vllm-cpp 0.0.1...
[INFO] testing vllm-cpp-0.0.1 against 1.99.0-beta.8+cargoflags=--release for beta-release-1.100-2
[INFO] extracting crate vllm-cpp 0.0.1 into /workspace/builds/worker-1-tc1/source
[INFO] started tweaking crates.io crate vllm-cpp 0.0.1
[INFO] removed 0 missing examples
[INFO] removed 0 missing tests
[INFO] finished tweaking crates.io crate vllm-cpp 0.0.1
[INFO] tweaked toml for crates.io crate vllm-cpp 0.0.1 written to /workspace/builds/worker-1-tc1/source/Cargo.toml
[INFO] validating manifest of crates.io crate vllm-cpp 0.0.1 on toolchain 1.99.0-beta.8
[INFO] running `Command { std: CARGO_HOME="/workspace/cargo-home" RUSTUP_HOME="/workspace/rustup-home" "/workspace/cargo-home/bin/cargo" "+1.99.0-beta.8" "metadata" "--manifest-path" "Cargo.toml" "--no-deps", kill_on_drop: false }`
[INFO] crate crates.io crate vllm-cpp 0.0.1 already has a lockfile, it will not be regenerated
[INFO] running `Command { std: CARGO_HOME="/workspace/cargo-home" RUSTUP_HOME="/workspace/rustup-home" "/workspace/cargo-home/bin/cargo" "+1.99.0-beta.8" "fetch" "--manifest-path" "Cargo.toml", kill_on_drop: false }`
[INFO] [stderr]     Updating crates.io index
[INFO] [stderr]  Downloading crates ...
[INFO] [stderr]   Downloaded ureq-proto v0.6.1
[INFO] [stderr]   Downloaded unit-prefix v0.5.2
[INFO] [stderr]   Downloaded rustls-webpki v0.103.14
[INFO] [stderr]   Downloaded hf-hub v0.5.0
[INFO] [stderr]   Downloaded zerovec-derive v0.11.4
[INFO] [stderr]   Downloaded cookie_store v0.22.0
[INFO] [stderr]   Downloaded zerovec v0.11.7
[INFO] [stderr]   Downloaded ureq v3.4.0
[INFO] [stderr]   Downloaded indicatif v0.18.6
[INFO] [stderr]   Downloaded vllm-cpp-sys v0.0.1
[INFO] running `Command { std: "docker" "create" "-v" "/var/lib/crater-agent-workspace/builds/worker-1-tc1/source:/opt/rustwide/workdir:ro,Z" "-v" "/var/lib/crater-agent-workspace/builds/worker-1-tc1/target:/opt/rustwide/target:rw,Z" "-v" "/var/lib/crater-agent-workspace/cargo-home:/opt/rustwide/cargo-home:ro,Z" "-v" "/var/lib/crater-agent-workspace/rustup-home:/opt/rustwide/rustup-home:ro,Z" "-m" "1610612736" "--network" "none" "ghcr.io/rust-lang/crates-build-env/linux@sha256:77db811e55d90add9212f6832c23229e3de5f1c1f9905e8cb07319ea15df73ac" "sleep" "infinity", kill_on_drop: false }`
[INFO] [stdout] c417a788fc62d166ed4f9e2435952f6f97a6e451853619216d2cccfaba80b314
[INFO] running `Command { std: "docker" "start" "c417a788fc62d166ed4f9e2435952f6f97a6e451853619216d2cccfaba80b314", kill_on_drop: false }`
[INFO] running `Command { std: "docker" "inspect" "c417a788fc62d166ed4f9e2435952f6f97a6e451853619216d2cccfaba80b314", kill_on_drop: false }`
[INFO] running `Command { std: "docker" "exec" "-e" "SOURCE_DIR=/opt/rustwide/workdir" "-e" "CARGO_HOME=/opt/rustwide/cargo-home" "-e" "RUSTUP_HOME=/opt/rustwide/rustup-home" "-e" "CARGO_TARGET_DIR=/opt/rustwide/target" "-w" "/opt/rustwide/workdir" "--user" "0:0" "c417a788fc62d166ed4f9e2435952f6f97a6e451853619216d2cccfaba80b314" "/opt/rustwide/cargo-home/bin/cargo" "+1.99.0-beta.8" "metadata" "--no-deps" "--format-version=1", kill_on_drop: false }`
[INFO] running `Command { std: "docker" "inspect" "c417a788fc62d166ed4f9e2435952f6f97a6e451853619216d2cccfaba80b314", kill_on_drop: false }`
[INFO] running `Command { std: "docker" "exec" "-e" "SOURCE_DIR=/opt/rustwide/workdir" "-e" "CARGO_HOME=/opt/rustwide/cargo-home" "-e" "RUSTUP_HOME=/opt/rustwide/rustup-home" "-e" "CARGO_TARGET_DIR=/opt/rustwide/target" "-e" "CARGO_INCREMENTAL=0" "-e" "RUST_BACKTRACE=full" "-e" "RUSTFLAGS=--cap-lints=warn" "-e" "RUSTDOCFLAGS=--cap-lints=warn" "-w" "/opt/rustwide/workdir" "--user" "0:0" "c417a788fc62d166ed4f9e2435952f6f97a6e451853619216d2cccfaba80b314" "/opt/rustwide/cargo-home/bin/cargo" "+1.99.0-beta.8" "build" "--frozen" "--message-format=json" "--release", kill_on_drop: false }`
[INFO] [stderr]    Compiling cc v1.4.0
[INFO] [stderr]    Compiling zerocopy v0.8.56
[INFO] [stderr]    Compiling serde_core v1.0.229
[INFO] [stderr]    Compiling getrandom v0.2.17
[INFO] [stderr]    Compiling rustls v0.23.43
[INFO] [stderr]    Compiling simd-adler32 v0.3.10
[INFO] [stderr]    Compiling rustls-pki-types v1.15.1
[INFO] [stderr]    Compiling serde v1.0.229
[INFO] [stderr]    Compiling log v0.4.33
[INFO] [stderr]    Compiling portable-atomic v1.15.0
[INFO] [stderr]    Compiling http v1.5.0
[INFO] [stderr]    Compiling option-ext v0.2.0
[INFO] [stderr]    Compiling once_cell v1.21.4
[INFO] [stderr]    Compiling base64 v0.23.1
[INFO] [stderr]    Compiling socks v0.3.4
[INFO] [stderr]    Compiling console v0.16.4
[INFO] [stderr]    Compiling thiserror-impl v2.0.20
[INFO] [stderr]    Compiling dirs-sys v0.5.0
[INFO] [stderr]    Compiling miniz_oxide v0.8.9
[INFO] [stderr]    Compiling unit-prefix v0.5.2
[INFO] [stderr]    Compiling dirs v6.0.0
[INFO] [stderr]    Compiling webpki-roots v1.0.9
[INFO] [stderr]    Compiling cmake v0.1.58
[INFO] [stderr]    Compiling flate2 v1.1.9
[INFO] [stderr]    Compiling ring v0.17.14
[INFO] [stderr]    Compiling vllm-cpp-sys v0.0.1
[INFO] [stderr]    Compiling indicatif v0.18.6
[INFO] [stderr]    Compiling thiserror v2.0.20
[INFO] [stderr]    Compiling ureq-proto v0.6.1
[INFO] [stderr]    Compiling serde_json v1.0.151
[INFO] [stderr] error: could not compile `zerocopy` (lib)
[INFO] [stderr] 
[INFO] [stderr] Caused by:
[INFO] [stderr]   process didn't exit successfully: `/opt/rustwide/rustup-home/toolchains/1.99.0-beta.8-x86_64-unknown-linux-gnu/bin/rustc --crate-name zerocopy --edition=2021 /opt/rustwide/cargo-home/registry/src/index.crates.io-1949cf8c6b5b557f/zerocopy-0.8.56/src/lib.rs --error-format=json --json=diagnostic-rendered-ansi,artifacts,future-incompat --crate-type lib --emit=dep-info,metadata,link -C opt-level=3 -C embed-bitcode=no --cfg 'feature="simd"' --check-cfg 'cfg(docsrs,test)' --check-cfg 'cfg(feature, values("__internal_use_only_features_that_work_on_stable", "alloc", "derive", "float-nightly", "simd", "simd-nightly", "std", "zerocopy-derive"))' -C metadata=a9c73542f06bfb56 -C extra-filename=-6ede9b76069575b1 --out-dir /opt/rustwide/target/release/deps -C strip=debuginfo -L dependency=/opt/rustwide/target/release/deps --cap-lints allow --cap-lints=warn --check-cfg 'cfg(no_zerocopy_simd_x86_avx12_1_89_0)' --check-cfg 'cfg(rust, values("1.89.0"))' --check-cfg 'cfg(no_zerocopy_core_error_1_81_0)' --check-cfg 'cfg(rust, values("1.81.0"))' --check-cfg 'cfg(no_zerocopy_diagnostic_on_unimplemented_1_78_0)' --check-cfg 'cfg(rust, values("1.78.0"))' --check-cfg 'cfg(no_zerocopy_generic_bounds_in_const_fn_1_61_0)' --check-cfg 'cfg(rust, values("1.61.0"))' --check-cfg 'cfg(no_zerocopy_target_has_atomics_1_60_0)' --check-cfg 'cfg(rust, values("1.60.0"))' --check-cfg 'cfg(no_zerocopy_aarch64_simd_1_59_0)' --check-cfg 'cfg(rust, values("1.59.0"))' --check-cfg 'cfg(no_zerocopy_aarch64_simd_be_1_87_0)' --check-cfg 'cfg(rust, values("1.87.0"))' --check-cfg 'cfg(no_zerocopy_panic_in_const_and_vec_try_reserve_1_57_0)' --check-cfg 'cfg(rust, values("1.57.0"))' --check-cfg 'cfg(doc_cfg)' --check-cfg 'cfg(kani)' --check-cfg 'cfg(__ZEROCOPY_INTERNAL_USE_ONLY_NIGHTLY_FEATURES_IN_TESTS)' --check-cfg 'cfg(__ZEROCOPY_INTERNAL_USE_ONLY_DEV_MODE)' --check-cfg 'cfg(coverage_nightly)' --check-cfg 'cfg(zerocopy_inline_always)' --check-cfg 'cfg(zerocopy_unstable_ptr)' --check-cfg 'cfg(zerocopy_unstable_linux)' --check-cfg 'cfg(no_fp_fmt_parse)'` (signal: 9, SIGKILL: kill)
[INFO] [stderr] warning: build failed, waiting for other jobs to finish...
[INFO] [stderr] error: could not compile `serde_json` (lib)
[INFO] [stderr] 
[INFO] [stderr] Caused by:
[INFO] [stderr]   process didn't exit successfully: `/opt/rustwide/rustup-home/toolchains/1.99.0-beta.8-x86_64-unknown-linux-gnu/bin/rustc --crate-name serde_json --edition=2021 /opt/rustwide/cargo-home/registry/src/index.crates.io-1949cf8c6b5b557f/serde_json-1.0.151/src/lib.rs --error-format=json --json=diagnostic-rendered-ansi,artifacts,future-incompat --crate-type lib --emit=dep-info,metadata,link -C opt-level=3 -C embed-bitcode=no --cfg 'feature="default"' --cfg 'feature="std"' --check-cfg 'cfg(docsrs,test)' --check-cfg 'cfg(feature, values("alloc", "arbitrary_precision", "default", "float_roundtrip", "indexmap", "preserve_order", "raw_value", "std", "unbounded_depth"))' -C metadata=da3ccb353593efd2 -C extra-filename=-a0180a4304c4b39b --out-dir /opt/rustwide/target/release/deps -C strip=debuginfo -L dependency=/opt/rustwide/target/release/deps --extern itoa=/opt/rustwide/target/release/deps/libitoa-1e9e3b22820c4a15.rmeta --extern memchr=/opt/rustwide/target/release/deps/libmemchr-b09fcc675b44dbcc.rmeta --extern serde_core=/opt/rustwide/target/release/deps/libserde_core-2831f2261da3e922.rmeta --extern zmij=/opt/rustwide/target/release/deps/libzmij-586d023c1dba25b5.rmeta --cap-lints allow --cap-lints=warn --cfg 'fast_arithmetic="64"' --check-cfg 'cfg(fast_arithmetic, values("32", "64"))'` (signal: 9, SIGKILL: kill)
[INFO] [stderr] error: failed to run custom build command for `vllm-cpp-sys v0.0.1`
[INFO] [stderr] note: To improve backtraces for build dependencies, set the CARGO_PROFILE_RELEASE_BUILD_OVERRIDE_DEBUG=true environment variable to enable debug information generation.
[INFO] [stderr] 
[INFO] [stderr] Caused by:
[INFO] [stderr]   process didn't exit successfully: `/opt/rustwide/target/release/build/vllm-cpp-sys-24a298e7b4dda662/build-script-build` (exit status: 101)
[INFO] [stderr]   --- stdout
[INFO] [stderr]   cargo:rerun-if-changed=build.rs
[INFO] [stderr]   cargo:rerun-if-changed=src/build_config.rs
[INFO] [stderr]   cargo:rerun-if-changed=src/build_support.rs
[INFO] [stderr]   cargo:rerun-if-changed=vllm.cpp/CMakeLists.txt
[INFO] [stderr]   cargo:rerun-if-changed=vllm.cpp/cmake
[INFO] [stderr]   cargo:rerun-if-changed=vllm.cpp/include/vllm.h
[INFO] [stderr]   cargo:rerun-if-changed=vllm.cpp/src
[INFO] [stderr]   cargo:rerun-if-changed=vllm.cpp/triton_kernels
[INFO] [stderr]   cargo:rerun-if-changed=vllm.cpp/scripts/triton-aot-compile.py
[INFO] [stderr]   cargo:rerun-if-changed=vllm.cpp/third_party/blake3
[INFO] [stderr]   cargo:rerun-if-changed=vllm.cpp/third_party/minja
[INFO] [stderr]   cargo:rerun-if-changed=vllm.cpp/third_party/nlohmann
[INFO] [stderr]   cargo:rerun-if-changed=vllm.cpp/third_party/vulkan
[INFO] [stderr]   cargo:rerun-if-env-changed=CMAKE_BUILD_PARALLEL_LEVEL
[INFO] [stderr]   cargo:rerun-if-env-changed=CMAKE_GENERATOR
[INFO] [stderr]   cargo:rerun-if-env-changed=CMAKE_GENERATOR_PLATFORM
[INFO] [stderr]   cargo:rerun-if-env-changed=CMAKE_GENERATOR_TOOLSET
[INFO] [stderr]   cargo:rerun-if-env-changed=CMAKE_PREFIX_PATH
[INFO] [stderr]   cargo:rerun-if-env-changed=VLLM_CPP_ROOT
[INFO] [stderr]   cargo:rerun-if-env-changed=VLLM_CPP_LIB_DIR
[INFO] [stderr]   cargo:rerun-if-env-changed=VLLM_CPP_BLAKE3_LIB_DIR
[INFO] [stderr]   cargo:rerun-if-env-changed=VLLM_CPP_CUDA_ARCHITECTURES
[INFO] [stderr]   cargo:rerun-if-env-changed=VLLM_CPP_CUTLASS_DIR
[INFO] [stderr]   cargo:rerun-if-env-changed=MLX_ROOT
[INFO] [stderr]   cargo:rerun-if-env-changed=VLLM_CPP_SANITIZE
[INFO] [stderr]   cargo:rerun-if-env-changed=CUDA_PATH
[INFO] [stderr]   cargo:rerun-if-env-changed=CUDA_HOME
[INFO] [stderr]   cargo:rerun-if-env-changed=CUDAToolkit_ROOT
[INFO] [stderr]   cargo:rerun-if-env-changed=CC
[INFO] [stderr]   cargo:rerun-if-env-changed=CFLAGS
[INFO] [stderr]   cargo:rerun-if-env-changed=CXX
[INFO] [stderr]   cargo:rerun-if-env-changed=CXXFLAGS
[INFO] [stderr]   CMAKE_TOOLCHAIN_FILE_x86_64-unknown-linux-gnu = None
[INFO] [stderr]   CMAKE_TOOLCHAIN_FILE_x86_64_unknown_linux_gnu = None
[INFO] [stderr]   HOST_CMAKE_TOOLCHAIN_FILE = None
[INFO] [stderr]   CMAKE_TOOLCHAIN_FILE = None
[INFO] [stderr]   CMAKE_GENERATOR_x86_64-unknown-linux-gnu = None
[INFO] [stderr]   CMAKE_GENERATOR_x86_64_unknown_linux_gnu = None
[INFO] [stderr]   HOST_CMAKE_GENERATOR = None
[INFO] [stderr]   CMAKE_GENERATOR = None
[INFO] [stderr]   CMAKE_PREFIX_PATH_x86_64-unknown-linux-gnu = None
[INFO] [stderr]   CMAKE_PREFIX_PATH_x86_64_unknown_linux_gnu = None
[INFO] [stderr]   HOST_CMAKE_PREFIX_PATH = None
[INFO] [stderr]   CMAKE_PREFIX_PATH = None
[INFO] [stderr]   CMAKE_x86_64-unknown-linux-gnu = None
[INFO] [stderr]   CMAKE_x86_64_unknown_linux_gnu = None
[INFO] [stderr]   HOST_CMAKE = None
[INFO] [stderr]   CMAKE = None
[INFO] [stderr]   -- The CXX compiler identification is GNU 15.2.0
[INFO] [stderr]   -- Detecting CXX compiler ABI info
[INFO] [stderr]   -- Detecting CXX compiler ABI info - done
[INFO] [stderr]   -- Check for working CXX compiler: /usr/bin/c++ - skipped
[INFO] [stderr]   -- Detecting CXX compile features
[INFO] [stderr]   -- Detecting CXX compile features - done
[INFO] [stderr]   -- The C compiler identification is GNU 15.2.0
[INFO] [stderr]   -- Detecting C compiler ABI info
[INFO] [stderr]   -- Detecting C compiler ABI info - done
[INFO] [stderr]   -- Check for working C compiler: /usr/bin/cc - skipped
[INFO] [stderr]   -- Detecting C compile features
[INFO] [stderr]   -- Detecting C compile features - done
[INFO] [stderr]   -- Configuring done (2.5s)
[INFO] [stderr]   -- Generating done (0.3s)
[INFO] [stderr]   -- Build files have been written to: /opt/rustwide/target/release/build/vllm-cpp-sys-b6babc90459f9568/out/build
[INFO] [stderr]   [  0%] Building C object CMakeFiles/blake3_vendored.dir/third_party/blake3/blake3.c.o
[INFO] [stderr]   [  0%] Building C object CMakeFiles/blake3_vendored.dir/third_party/blake3/blake3_portable.c.o
[INFO] [stderr]   [  0%] Building C object CMakeFiles/blake3_vendored.dir/third_party/blake3/blake3_dispatch.c.o
[INFO] [stderr]   [  1%] Linking C static library libblake3_vendored.a
[INFO] [stderr]   [  1%] Built target blake3_vendored
[INFO] [stderr]   [  1%] Building CXX object CMakeFiles/vllm.dir/src/vllm/config/scheduler.cpp.o
[INFO] [stderr]   [  1%] Building CXX object CMakeFiles/vllm.dir/src/vllm/sampling_params.cpp.o
[INFO] [stderr]   [  2%] Building CXX object CMakeFiles/vllm.dir/src/vllm/version.cpp.o
[INFO] [stderr]   [  2%] Building CXX object CMakeFiles/vllm.dir/src/vllm/lora/punica_cpu.cpp.o
[INFO] [stderr]   [  3%] Building CXX object CMakeFiles/vllm.dir/src/vllm/config/kv_transfer.cpp.o
[INFO] [stderr]   [  3%] Building CXX object CMakeFiles/vllm.dir/src/vllm/model_executor/model_loader/gguf_reader.cpp.o
[INFO] [stderr]   [  3%] Building CXX object CMakeFiles/vllm.dir/src/vllm/config/speculative.cpp.o
[INFO] [stderr]   [  3%] Building CXX object CMakeFiles/vllm.dir/src/vllm/model_executor/model_loader/gguf_dequant.cpp.o
[INFO] [stderr]   [  3%] Building CXX object CMakeFiles/vllm.dir/src/vllm/outputs.cpp.o
[INFO] [stderr]   [  3%] Building CXX object CMakeFiles/vllm.dir/src/vllm/model_executor/model_loader/safetensors_reader.cpp.o
[INFO] [stderr]   [  4%] Building CXX object CMakeFiles/vllm.dir/src/vllm/transformers_utils/hf_config.cpp.o
[INFO] [stderr]   [  5%] Building CXX object CMakeFiles/vllm.dir/src/vllm/model_executor/model_loader/gguf_keep_quant.cpp.o
[INFO] [stderr]   [  5%] Building CXX object CMakeFiles/vllm.dir/src/vllm/model_executor/model_loader/nvfp4_dequant.cpp.o
[INFO] [stderr]   [  5%] Building CXX object CMakeFiles/vllm.dir/src/vllm/model_executor/model_loader/awq_gptq_dequant.cpp.o
[INFO] [stderr]   [  6%] Building CXX object CMakeFiles/vllm.dir/src/vllm/model_executor/model_loader/mxfp4_dequant.cpp.o
[INFO] [stderr]   [  6%] Building CXX object CMakeFiles/vllm.dir/src/vllm/model_executor/layers/quantization/compressed_tensors/nvfp4_emulation.cpp.o
[INFO] [stderr]   [  6%] Building CXX object CMakeFiles/vllm.dir/src/vllm/model_executor/models/qwen3_5_weights.cpp.o
[INFO] [stderr]   [  6%] Building CXX object CMakeFiles/vllm.dir/src/vllm/model_executor/models/qwen3_5_dense_weights.cpp.o
[INFO] [stderr] 
[INFO] [stderr]   --- stderr
[INFO] [stderr]   running: cd "/opt/rustwide/target/release/build/vllm-cpp-sys-b6babc90459f9568/out/build" && CMAKE_PREFIX_PATH="" LC_ALL="C" "cmake" "/opt/rustwide/cargo-home/registry/src/index.crates.io-1949cf8c6b5b557f/vllm-cpp-sys-0.0.1/vllm.cpp" "-B" "/opt/rustwide/target/release/build/vllm-cpp-sys-b6babc90459f9568/out/build" "-DVLLM_CPP_BUILD_TESTS=OFF" "-DVLLM_CPP_BUILD_EXAMPLES=OFF" "-DVLLM_CPP_SERVER=OFF" "-DVLLM_CPP_CUDA=OFF" "-DVLLM_CPP_METAL=OFF" "-DVLLM_CPP_VULKAN=OFF" "-DVLLM_CPP_MLX=OFF" "-DVLLM_CPP_TRITON=OFF" "-DVLLM_CPP_TRITON_REGEN=OFF" "-DVLLM_CPP_CUTLASS_FETCH=OFF" "-DVLLM_CPP_SANITIZE=OFF" "-DVLLM_CPP_CUTLASS_DIR=/opt/rustwide/target/release/build/vllm-cpp-sys-b6babc90459f9568/out/disabled-cutlass-feature" "-DCMAKE_INSTALL_PREFIX=/opt/rustwide/target/release/build/vllm-cpp-sys-b6babc90459f9568/out" "-DCMAKE_C_FLAGS= -ffunction-sections -fdata-sections -fPIC -m64 -w" "-DCMAKE_C_COMPILER=/usr/bin/cc" "-DCMAKE_CXX_FLAGS= -ffunction-sections -fdata-sections -fPIC -m64 -w" "-DCMAKE_CXX_COMPILER=/usr/bin/c++" "-DCMAKE_ASM_FLAGS= -ffunction-sections -fdata-sections -fPIC -m64 -w" "-DCMAKE_ASM_COMPILER=/usr/bin/cc" "-DCMAKE_BUILD_TYPE=Release"
[INFO] [stderr]   CMake Warning:
[INFO] [stderr]     Manually-specified variables were not used by the project:
[INFO] [stderr] 
[INFO] [stderr]       CMAKE_ASM_COMPILER
[INFO] [stderr]       CMAKE_ASM_FLAGS
[INFO] [stderr]       VLLM_CPP_CUTLASS_DIR
[INFO] [stderr]       VLLM_CPP_CUTLASS_FETCH
[INFO] [stderr] 
[INFO] [stderr] 
[INFO] [stderr]   running: cd "/opt/rustwide/target/release/build/vllm-cpp-sys-b6babc90459f9568/out/build" && LC_ALL="C" MAKEFLAGS="-j --jobserver-fds=4,5 --jobserver-auth=4,5" "cmake" "--build" "/opt/rustwide/target/release/build/vllm-cpp-sys-b6babc90459f9568/out/build" "--target" "install" "--config" "Release"
[INFO] [stderr]   c++: fatal error: Killed signal terminated program cc1plus
[INFO] [stderr]   compilation terminated.
[INFO] [stderr]   gmake[2]: *** [CMakeFiles/vllm.dir/build.make:177: CMakeFiles/vllm.dir/src/vllm/transformers_utils/hf_config.cpp.o] Error 1
[INFO] [stderr]   gmake[2]: *** Waiting for unfinished jobs....
[INFO] [stderr]   c++: fatal error: Killed signal terminated program cc1plus
[INFO] [stderr]   compilation terminated.
[INFO] [stderr]   gmake[2]: *** [CMakeFiles/vllm.dir/build.make:191: CMakeFiles/vllm.dir/src/vllm/model_executor/model_loader/safetensors_reader.cpp.o] Error 1
[INFO] [stderr]   c++: fatal error: Killed signal terminated program cc1plus
[INFO] [stderr]   c++: fatal error: Killed signal terminated program cc1plus
[INFO] [stderr]   compilation terminated.
[INFO] [stderr]   compilation terminated.
[INFO] [stderr]   gmake[2]: *** [CMakeFiles/vllm.dir/build.make:135: CMakeFiles/vllm.dir/src/vllm/config/kv_transfer.cpp.o] Error 1
[INFO] [stderr]   gmake[2]: *** [CMakeFiles/vllm.dir/build.make:149: CMakeFiles/vllm.dir/src/vllm/config/speculative.cpp.o] Error 1
[INFO] [stderr]   gmake[1]: *** [CMakeFiles/Makefile2:159: CMakeFiles/vllm.dir/all] Error 2
[INFO] [stderr]   gmake: *** [Makefile:136: all] Error 2
[INFO] [stderr] 
[INFO] [stderr]   thread 'main' (475) panicked at /opt/rustwide/cargo-home/registry/src/index.crates.io-1949cf8c6b5b557f/cmake-0.1.58/src/lib.rs:1132:5:
[INFO] [stderr] 
[INFO] [stderr]   command did not execute successfully, got: exit status: 2
[INFO] [stderr] 
[INFO] [stderr]   build script failed, must exit now
[INFO] [stderr]   stack backtrace:
[INFO] [stderr]      0:     0x5b3b344d5d51 - <<std[70759c8f55707aa4]::sys::backtrace::BacktraceLock>::print::DisplayBacktrace as core[df12db4294e9bfd3]::fmt::Display>::fmt
[INFO] [stderr]      1:     0x5b3b344ea07a - core[df12db4294e9bfd3]::fmt::write
[INFO] [stderr]      2:     0x5b3b344db92c - <std[70759c8f55707aa4]::sys::stdio::unix::Stderr as core[df12db4294e9bfd3]::io::write::Write>::write_fmt
[INFO] [stderr]      3:     0x5b3b344b4a26 - std[70759c8f55707aa4]::panicking::default_hook::{closure#0}
[INFO] [stderr]      4:     0x5b3b344d05f1 - std[70759c8f55707aa4]::panicking::default_hook
[INFO] [stderr]      5:     0x5b3b344d07ab - std[70759c8f55707aa4]::panicking::panic_with_hook
[INFO] [stderr]      6:     0x5b3b344b4ad2 - std[70759c8f55707aa4]::panicking::panic_handler::{closure#0}
[INFO] [stderr]      7:     0x5b3b344ad539 - std[70759c8f55707aa4]::sys::backtrace::__rust_end_short_backtrace::<std[70759c8f55707aa4]::panicking::panic_handler::{closure#0}, !>
[INFO] [stderr]      8:     0x5b3b344b52ed - __rustc[8fa7c3cbc660c2b3]::rust_begin_unwind
[INFO] [stderr]      9:     0x5b3b344ea7ec - core[df12db4294e9bfd3]::panicking::panic_fmt
[INFO] [stderr]     10:     0x5b3b344419b7 - cmake[754d50a974507250]::fail
[INFO] [stderr]     11:     0x5b3b34441643 - cmake[754d50a974507250]::run
[INFO] [stderr]     12:     0x5b3b34447615 - <cmake[754d50a974507250]::Config>::build
[INFO] [stderr]     13:     0x5b3b3442ff82 - build_script_build[8d24550aed441047]::build_bundled
[INFO] [stderr]     14:     0x5b3b34433052 - build_script_build[8d24550aed441047]::main
[INFO] [stderr]     15:     0x5b3b34425743 - <fn() as core[df12db4294e9bfd3]::ops::function::FnOnce<()>>::call_once
[INFO] [stderr]     16:     0x5b3b34429e8e - std[70759c8f55707aa4]::sys::backtrace::__rust_begin_short_backtrace::<fn(), ()>
[INFO] [stderr]     17:     0x5b3b3442e449 - std[70759c8f55707aa4]::rt::lang_start::<()>::{closure#0}
[INFO] [stderr]     18:     0x5b3b344cf8b9 - std[70759c8f55707aa4]::rt::lang_start_internal
[INFO] [stderr]     19:     0x5b3b3442dcd1 - std[70759c8f55707aa4]::rt::lang_start::<()>
[INFO] [stderr]     20:     0x5b3b344349e5 - main
[INFO] [stderr]     21:     0x7d4e1a6dd601 - <unknown>
[INFO] [stderr]     22:     0x7d4e1a6dd718 - __libc_start_main
[INFO] [stderr]     23:     0x5b3b3441d045 - _start
[INFO] [stderr]     24:                0x0 - <unknown>
[INFO] running `Command { std: "docker" "inspect" "c417a788fc62d166ed4f9e2435952f6f97a6e451853619216d2cccfaba80b314", kill_on_drop: false }`
[INFO] running `Command { std: "docker" "rm" "-f" "c417a788fc62d166ed4f9e2435952f6f97a6e451853619216d2cccfaba80b314", kill_on_drop: false }`
[INFO] [stdout] c417a788fc62d166ed4f9e2435952f6f97a6e451853619216d2cccfaba80b314
